I20260608 09:55:53.384366  8054 raft_consensus.cc:385] T 707f56ef3e4e47e8bb24498d459dc569 P 7364c7f9fd374a28b7ce64010f8b6d56 [term 0 FOLLOWER]: Consensus starting up: Expiring failure detector timer to make a prompt election more likely
I20260608 09:55:53.385246  8054 raft_consensus.cc:740] T 707f56ef3e4e47e8bb24498d459dc569 P 7364c7f9fd374a28b7ce64010f8b6d56 [term 0 FOLLOWER]: Becoming Follower/Learner. State: Replica: 7364c7f9fd374a28b7ce64010f8b6d56, State: Initialized, Role: FOLLOWER
I20260608 09:55:53.385351  7969 leader_election.cc:304] T eccbd885ad4240f5bb2ed764c4fde02c P 7364c7f9fd374a28b7ce64010f8b6d56 [CANDIDATE]: Term 1 pre-election: Election decided. Result: candidate lost. Election summary: received 3 responses out of 3 voters: 1 yes votes; 2 no votes. yes voters: 7364c7f9fd374a28b7ce64010f8b6d56; no voters: 4eb9da889aee4ae09c97ae0d24b11058, 6ea307c0f73a40f883ae20af2b4f7125
I20260608 09:55:53.386104  8053 consensus_queue.cc:237] T 1b4f9b9fc0ac4a728e44b69f5d9e0142 P 4eb9da889aee4ae09c97ae0d24b11058 [LEADER]: Queue going to LEADER mode. State: All replicated index: 0, Majority replicated index: 0, Committed index: 0, Last appended: 0.0, Last appended by leader: 0, Current term: 1, Majority size: 2, State: 0, Mode: LEADER, active raft config: opid_index: -1 OBSOLETE_local: false peers { permanent_uuid: "4eb9da889aee4ae09c97ae0d24b11058" member_type: VOTER last_known_addr { host: "127.7.5.1" port: 39235 } } peers { permanent_uuid: "6ea307c0f73a40f883ae20af2b4f7125" member_type: VOTER last_known_addr { host: "127.7.5.2" port: 37547 } } peers { permanent_uuid: "7364c7f9fd374a28b7ce64010f8b6d56" member_type: VOTER last_known_addr { host: "127.7.5.3" port: 46411 } }
W20260608 09:55:53.387393  7895 outbound_call.cc:321] RPC callback for RPC call kudu.consensus.ConsensusService.RequestConsensusVote -> {remote=127.7.5.1:39235, user_credentials={real_user=slave}} blocked reactor thread for 52906.2us
I20260608 09:55:53.392259  8004 tablet_service.cc:1917] Received RequestConsensusVote() RPC: tablet_id: "390e5938faa24a3b9ddbe6cf14b57fa3" candidate_uuid: "4eb9da889aee4ae09c97ae0d24b11058" candidate_term: 1 candidate_status { last_received { term: 0 index: 0 } } ignore_live_leader: false dest_uuid: "7364c7f9fd374a28b7ce64010f8b6d56" is_pre_election: true
W20260608 09:55:53.393249  7802 auto_rebalancer.cc:259] Could not retrieve cluster info: Service unavailable: Tablet not running
I20260608 09:55:53.393807  8003 tablet_service.cc:1917] Received RequestConsensusVote() RPC: tablet_id: "1b4f9b9fc0ac4a728e44b69f5d9e0142" candidate_uuid: "4eb9da889aee4ae09c97ae0d24b11058" candidate_term: 1 candidate_status { last_received { term: 0 index: 0 } } ignore_live_leader: false dest_uuid: "7364c7f9fd374a28b7ce64010f8b6d56" is_pre_election: true
I20260608 09:55:53.397894  8003 raft_consensus.cc:2468] T 1b4f9b9fc0ac4a728e44b69f5d9e0142 P 7364c7f9fd374a28b7ce64010f8b6d56 [term 0 FOLLOWER]: Leader pre-election vote request: Granting yes vote for candidate 4eb9da889aee4ae09c97ae0d24b11058 in term 0.
I20260608 09:55:53.402877  8083 raft_consensus.cc:2749] T eccbd885ad4240f5bb2ed764c4fde02c P 7364c7f9fd374a28b7ce64010f8b6d56 [term 1 FOLLOWER]: Leader pre-election lost for term 1. Reason: could not achieve majority
I20260608 09:55:53.404368  8002 tablet_service.cc:1917] Received RequestConsensusVote() RPC: tablet_id: "1b4f9b9fc0ac4a728e44b69f5d9e0142" candidate_uuid: "4eb9da889aee4ae09c97ae0d24b11058" candidate_term: 1 candidate_status { last_received { term: 0 index: 0 } } ignore_live_leader: false dest_uuid: "7364c7f9fd374a28b7ce64010f8b6d56"
I20260608 09:55:53.405158  8002 raft_consensus.cc:3060] T 1b4f9b9fc0ac4a728e44b69f5d9e0142 P 7364c7f9fd374a28b7ce64010f8b6d56 [term 0 FOLLOWER]: Advancing to term 1
I20260608 09:55:53.405874  8050 ts_tablet_manager.cc:1434] T 45ae5d47a5804d7b855298eca400377c P 4eb9da889aee4ae09c97ae0d24b11058: Time spent starting tablet: real 0.077s	user 0.031s	sys 0.042s
I20260608 09:55:53.398030  8059 raft_consensus.cc:515] T f031df8b51014be1b70a3da1c7f3f4cf P 7364c7f9fd374a28b7ce64010f8b6d56 [term 1 FOLLOWER]: Starting leader election with config: opid_index: -1 OBSOLETE_local: false peers { permanent_uuid: "6ea307c0f73a40f883ae20af2b4f7125" member_type: VOTER last_known_addr { host: "127.7.5.2" port: 37547 } } peers { permanent_uuid: "7364c7f9fd374a28b7ce64010f8b6d56" member_type: VOTER last_known_addr { host: "127.7.5.3" port: 46411 } } peers { permanent_uuid: "4eb9da889aee4ae09c97ae0d24b11058" member_type: VOTER last_known_addr { host: "127.7.5.1" port: 39235 } }
I20260608 09:55:53.409945  8059 leader_election.cc:290] T f031df8b51014be1b70a3da1c7f3f4cf P 7364c7f9fd374a28b7ce64010f8b6d56 [CANDIDATE]: Term 1 election: Requested vote from peers 6ea307c0f73a40f883ae20af2b4f7125 (127.7.5.2:37547), 4eb9da889aee4ae09c97ae0d24b11058 (127.7.5.1:39235)
I20260608 09:55:53.414278  7807 auto_leader_rebalancer.cc:140] leader rebalance for table test-workload
W20260608 09:55:53.415760  7807 auto_leader_rebalancer.cc:460] the master instance isn't leader: Service unavailable: Tablet not running
I20260608 09:55:53.379976  8057 consensus_queue.cc:237] T eccbd885ad4240f5bb2ed764c4fde02c P 6ea307c0f73a40f883ae20af2b4f7125 [LEADER]: Queue going to LEADER mode. State: All replicated index: 0, Majority replicated index: 0, Committed index: 0, Last appended: 0.0, Last appended by leader: 0, Current term: 1, Majority size: 2, State: 0, Mode: LEADER, active raft config: opid_index: -1 OBSOLETE_local: false peers { permanent_uuid: "4eb9da889aee4ae09c97ae0d24b11058" member_type: VOTER last_known_addr { host: "127.7.5.1" port: 39235 } } peers { permanent_uuid: "6ea307c0f73a40f883ae20af2b4f7125" member_type: VOTER last_known_addr { host: "127.7.5.2" port: 37547 } } peers { permanent_uuid: "7364c7f9fd374a28b7ce64010f8b6d56" member_type: VOTER last_known_addr { host: "127.7.5.3" port: 46411 } }
I20260608 09:55:53.419639  7856 tablet_service.cc:1917] Received RequestConsensusVote() RPC: tablet_id: "f031df8b51014be1b70a3da1c7f3f4cf" candidate_uuid: "7364c7f9fd374a28b7ce64010f8b6d56" candidate_term: 1 candidate_status { last_received { term: 0 index: 0 } } ignore_live_leader: false dest_uuid: "4eb9da889aee4ae09c97ae0d24b11058"
I20260608 09:55:53.420279  7856 raft_consensus.cc:3060] T f031df8b51014be1b70a3da1c7f3f4cf P 4eb9da889aee4ae09c97ae0d24b11058 [term 0 FOLLOWER]: Advancing to term 1
I20260608 09:55:53.423413  8051 tablet_bootstrap.cc:492] T a8dfaff1bdd94267aeb7cdf33f043e30 P 6ea307c0f73a40f883ae20af2b4f7125: No bootstrap required, opened a new log
I20260608 09:55:53.423877  8081 raft_consensus.cc:493] T 707f56ef3e4e47e8bb24498d459dc569 P 4eb9da889aee4ae09c97ae0d24b11058 [term 0 FOLLOWER]: Starting pre-election (no leader contacted us within the election timeout)
I20260608 09:55:53.424121  8051 ts_tablet_manager.cc:1403] T a8dfaff1bdd94267aeb7cdf33f043e30 P 6ea307c0f73a40f883ae20af2b4f7125: Time spent bootstrapping tablet: real 0.102s	user 0.021s	sys 0.018s
I20260608 09:55:53.425535  7931 tablet_service.cc:1917] Received RequestConsensusVote() RPC: tablet_id: "f031df8b51014be1b70a3da1c7f3f4cf" candidate_uuid: "7364c7f9fd374a28b7ce64010f8b6d56" candidate_term: 1 candidate_status { last_received { term: 0 index: 0 } } ignore_live_leader: false dest_uuid: "6ea307c0f73a40f883ae20af2b4f7125"
I20260608 09:55:53.423444  8002 raft_consensus.cc:2468] T 1b4f9b9fc0ac4a728e44b69f5d9e0142 P 7364c7f9fd374a28b7ce64010f8b6d56 [term 1 FOLLOWER]: Leader election vote request: Granting yes vote for candidate 4eb9da889aee4ae09c97ae0d24b11058 in term 1.
I20260608 09:55:53.426285  7931 raft_consensus.cc:3060] T f031df8b51014be1b70a3da1c7f3f4cf P 6ea307c0f73a40f883ae20af2b4f7125 [term 0 FOLLOWER]: Advancing to term 1
I20260608 09:55:53.426841  8081 raft_consensus.cc:515] T 707f56ef3e4e47e8bb24498d459dc569 P 4eb9da889aee4ae09c97ae0d24b11058 [term 0 FOLLOWER]: Starting pre-election with config: opid_index: -1 OBSOLETE_local: false peers { permanent_uuid: "4eb9da889aee4ae09c97ae0d24b11058" member_type: VOTER last_known_addr { host: "127.7.5.1" port: 39235 } } peers { permanent_uuid: "6ea307c0f73a40f883ae20af2b4f7125" member_type: VOTER last_known_addr { host: "127.7.5.2" port: 37547 } } peers { permanent_uuid: "7364c7f9fd374a28b7ce64010f8b6d56" member_type: VOTER last_known_addr { host: "127.7.5.3" port: 46411 } }
I20260608 09:55:53.429325  8081 leader_election.cc:290] T 707f56ef3e4e47e8bb24498d459dc569 P 4eb9da889aee4ae09c97ae0d24b11058 [CANDIDATE]: Term 1 pre-election: Requested pre-vote from peers 6ea307c0f73a40f883ae20af2b4f7125 (127.7.5.2:37547), 7364c7f9fd374a28b7ce64010f8b6d56 (127.7.5.3:46411)
I20260608 09:55:53.431257  7930 tablet_service.cc:1917] Received RequestConsensusVote() RPC: tablet_id: "707f56ef3e4e47e8bb24498d459dc569" candidate_uuid: "4eb9da889aee4ae09c97ae0d24b11058" candidate_term: 1 candidate_status { last_received { term: 0 index: 0 } } ignore_live_leader: false dest_uuid: "6ea307c0f73a40f883ae20af2b4f7125" is_pre_election: true
W20260608 09:55:53.431663  7819 leader_election.cc:343] T 390e5938faa24a3b9ddbe6cf14b57fa3 P 4eb9da889aee4ae09c97ae0d24b11058 [CANDIDATE]: Term 1 pre-election: Tablet error from VoteRequest() call to peer 7364c7f9fd374a28b7ce64010f8b6d56 (127.7.5.3:46411): Illegal state: must be running to vote when last-logged opid is not known
I20260608 09:55:53.432133  7819 leader_election.cc:304] T 390e5938faa24a3b9ddbe6cf14b57fa3 P 4eb9da889aee4ae09c97ae0d24b11058 [CANDIDATE]: Term 1 pre-election: Election decided. Result: candidate lost. Election summary: received 3 responses out of 3 voters: 1 yes votes; 2 no votes. yes voters: 4eb9da889aee4ae09c97ae0d24b11058; no voters: 6ea307c0f73a40f883ae20af2b4f7125, 7364c7f9fd374a28b7ce64010f8b6d56
I20260608 09:55:53.433928  7856 raft_consensus.cc:2468] T f031df8b51014be1b70a3da1c7f3f4cf P 4eb9da889aee4ae09c97ae0d24b11058 [term 1 FOLLOWER]: Leader election vote request: Granting yes vote for candidate 7364c7f9fd374a28b7ce64010f8b6d56 in term 1.
I20260608 09:55:53.435170  7969 leader_election.cc:304] T f031df8b51014be1b70a3da1c7f3f4cf P 7364c7f9fd374a28b7ce64010f8b6d56 [CANDIDATE]: Term 1 election: Election decided. Result: candidate won. Election summary: received 2 responses out of 3 voters: 2 yes votes; 0 no votes. yes voters: 4eb9da889aee4ae09c97ae0d24b11058, 7364c7f9fd374a28b7ce64010f8b6d56; no voters: 
I20260608 09:55:53.436048  8059 raft_consensus.cc:2804] T f031df8b51014be1b70a3da1c7f3f4cf P 7364c7f9fd374a28b7ce64010f8b6d56 [term 1 FOLLOWER]: Leader election won for term 1
I20260608 09:55:53.437327  8059 raft_consensus.cc:697] T f031df8b51014be1b70a3da1c7f3f4cf P 7364c7f9fd374a28b7ce64010f8b6d56 [term 1 LEADER]: Becoming Leader. State: Replica: 7364c7f9fd374a28b7ce64010f8b6d56, State: Running, Role: LEADER
W20260608 09:55:53.437994  7821 leader_election.cc:343] T 707f56ef3e4e47e8bb24498d459dc569 P 4eb9da889aee4ae09c97ae0d24b11058 [CANDIDATE]: Term 1 pre-election: Tablet error from VoteRequest() call to peer 6ea307c0f73a40f883ae20af2b4f7125 (127.7.5.2:37547): Illegal state: must be running to vote when last-logged opid is not known
I20260608 09:55:53.438273  7931 raft_consensus.cc:2468] T f031df8b51014be1b70a3da1c7f3f4cf P 6ea307c0f73a40f883ae20af2b4f7125 [term 1 FOLLOWER]: Leader election vote request: Granting yes vote for candidate 7364c7f9fd374a28b7ce64010f8b6d56 in term 1.
I20260608 09:55:53.438377  8059 consensus_queue.cc:237] T f031df8b51014be1b70a3da1c7f3f4cf P 7364c7f9fd374a28b7ce64010f8b6d56 [LEADER]: Queue going to LEADER mode. State: All replicated index: 0, Majority replicated index: 0, Committed index: 0, Last appended: 0.0, Last appended by leader: 0, Current term: 1, Majority size: 2, State: 0, Mode: LEADER, active raft config: opid_index: -1 OBSOLETE_local: false peers { permanent_uuid: "6ea307c0f73a40f883ae20af2b4f7125" member_type: VOTER last_known_addr { host: "127.7.5.2" port: 37547 } } peers { permanent_uuid: "7364c7f9fd374a28b7ce64010f8b6d56" member_type: VOTER last_known_addr { host: "127.7.5.3" port: 46411 } } peers { permanent_uuid: "4eb9da889aee4ae09c97ae0d24b11058" member_type: VOTER last_known_addr { host: "127.7.5.1" port: 39235 } }
I20260608 09:55:53.430358  8050 tablet_bootstrap.cc:492] T a8dfaff1bdd94267aeb7cdf33f043e30 P 4eb9da889aee4ae09c97ae0d24b11058: Bootstrap starting.
I20260608 09:55:53.441402  8084 raft_consensus.cc:2749] T 390e5938faa24a3b9ddbe6cf14b57fa3 P 4eb9da889aee4ae09c97ae0d24b11058 [term 0 FOLLOWER]: Leader pre-election lost for term 1. Reason: could not achieve majority
I20260608 09:55:53.435550  7754 catalog_manager.cc:5696] T 1b4f9b9fc0ac4a728e44b69f5d9e0142 P 4eb9da889aee4ae09c97ae0d24b11058 reported cstate change: term changed from 0 to 1, leader changed from <none> to 4eb9da889aee4ae09c97ae0d24b11058 (127.7.5.1). New cstate: current_term: 1 leader_uuid: "4eb9da889aee4ae09c97ae0d24b11058" committed_config { opid_index: -1 OBSOLETE_local: false peers { permanent_uuid: "4eb9da889aee4ae09c97ae0d24b11058" member_type: VOTER last_known_addr { host: "127.7.5.1" port: 39235 } health_report { overall_health: HEALTHY } } peers { permanent_uuid: "6ea307c0f73a40f883ae20af2b4f7125" member_type: VOTER last_known_addr { host: "127.7.5.2" port: 37547 } health_report { overall_health: UNKNOWN } } peers { permanent_uuid: "7364c7f9fd374a28b7ce64010f8b6d56" member_type: VOTER last_known_addr { host: "127.7.5.3" port: 46411 } health_report { overall_health: UNKNOWN } } }
I20260608 09:55:53.424340  8054 consensus_queue.cc:260] T 707f56ef3e4e47e8bb24498d459dc569 P 7364c7f9fd374a28b7ce64010f8b6d56 [NON_LEADER]: Queue going to NON_LEADER mode. State: All replicated index: 0, Majority replicated index: 0, Committed index: 0, Last appended: 0.0, Last appended by leader: 0, Current term: 0, Majority size: -1, State: 0, Mode: NON_LEADER, active raft config: opid_index: -1 OBSOLETE_local: false peers { permanent_uuid: "4eb9da889aee4ae09c97ae0d24b11058" member_type: VOTER last_known_addr { host: "127.7.5.1" port: 39235 } } peers { permanent_uuid: "6ea307c0f73a40f883ae20af2b4f7125" member_type: VOTER last_known_addr { host: "127.7.5.2" port: 37547 } } peers { permanent_uuid: "7364c7f9fd374a28b7ce64010f8b6d56" member_type: VOTER last_known_addr { host: "127.7.5.3" port: 46411 } }
I20260608 09:55:53.448210  8050 tablet_bootstrap.cc:654] T a8dfaff1bdd94267aeb7cdf33f043e30 P 4eb9da889aee4ae09c97ae0d24b11058: Neither blocks nor log segments found. Creating new log.
I20260608 09:55:53.448832  8054 ts_tablet_manager.cc:1434] T 707f56ef3e4e47e8bb24498d459dc569 P 7364c7f9fd374a28b7ce64010f8b6d56: Time spent starting tablet: real 0.069s	user 0.006s	sys 0.000s
I20260608 09:55:53.449992  8054 tablet_bootstrap.cc:492] T 390e5938faa24a3b9ddbe6cf14b57fa3 P 7364c7f9fd374a28b7ce64010f8b6d56: Bootstrap starting.
I20260608 09:55:53.454452  7752 catalog_manager.cc:5696] T eccbd885ad4240f5bb2ed764c4fde02c P 6ea307c0f73a40f883ae20af2b4f7125 reported cstate change: term changed from 0 to 1, leader changed from <none> to 6ea307c0f73a40f883ae20af2b4f7125 (127.7.5.2). New cstate: current_term: 1 leader_uuid: "6ea307c0f73a40f883ae20af2b4f7125" committed_config { opid_index: -1 OBSOLETE_local: false peers { permanent_uuid: "4eb9da889aee4ae09c97ae0d24b11058" member_type: VOTER last_known_addr { host: "127.7.5.1" port: 39235 } health_report { overall_health: UNKNOWN } } peers { permanent_uuid: "6ea307c0f73a40f883ae20af2b4f7125" member_type: VOTER last_known_addr { host: "127.7.5.2" port: 37547 } health_report { overall_health: HEALTHY } } peers { permanent_uuid: "7364c7f9fd374a28b7ce64010f8b6d56" member_type: VOTER last_known_addr { host: "127.7.5.3" port: 46411 } health_report { overall_health: UNKNOWN } } }
I20260608 09:55:53.456872  8054 tablet_bootstrap.cc:654] T 390e5938faa24a3b9ddbe6cf14b57fa3 P 7364c7f9fd374a28b7ce64010f8b6d56: Neither blocks nor log segments found. Creating new log.
I20260608 09:55:53.462321  8051 raft_consensus.cc:359] T a8dfaff1bdd94267aeb7cdf33f043e30 P 6ea307c0f73a40f883ae20af2b4f7125 [term 0 FOLLOWER]: Replica starting. Triggering 0 pending ops. Active config: opid_index: -1 OBSOLETE_local: false peers { permanent_uuid: "4eb9da889aee4ae09c97ae0d24b11058" member_type: VOTER last_known_addr { host: "127.7.5.1" port: 39235 } } peers { permanent_uuid: "6ea307c0f73a40f883ae20af2b4f7125" member_type: VOTER last_known_addr { host: "127.7.5.2" port: 37547 } } peers { permanent_uuid: "7364c7f9fd374a28b7ce64010f8b6d56" member_type: VOTER last_known_addr { host: "127.7.5.3" port: 46411 } }
I20260608 09:55:53.463307  8051 raft_consensus.cc:385] T a8dfaff1bdd94267aeb7cdf33f043e30 P 6ea307c0f73a40f883ae20af2b4f7125 [term 0 FOLLOWER]: Consensus starting up: Expiring failure detector timer to make a prompt election more likely
I20260608 09:55:53.463639  8051 raft_consensus.cc:740] T a8dfaff1bdd94267aeb7cdf33f043e30 P 6ea307c0f73a40f883ae20af2b4f7125 [term 0 FOLLOWER]: Becoming Follower/Learner. State: Replica: 6ea307c0f73a40f883ae20af2b4f7125, State: Initialized, Role: FOLLOWER
I20260608 09:55:53.447980  8002 tablet_service.cc:1917] Received RequestConsensusVote() RPC: tablet_id: "707f56ef3e4e47e8bb24498d459dc569" candidate_uuid: "4eb9da889aee4ae09c97ae0d24b11058" candidate_term: 1 candidate_status { last_received { term: 0 index: 0 } } ignore_live_leader: false dest_uuid: "7364c7f9fd374a28b7ce64010f8b6d56" is_pre_election: true
I20260608 09:55:53.465510  8002 raft_consensus.cc:2468] T 707f56ef3e4e47e8bb24498d459dc569 P 7364c7f9fd374a28b7ce64010f8b6d56 [term 0 FOLLOWER]: Leader pre-election vote request: Granting yes vote for candidate 4eb9da889aee4ae09c97ae0d24b11058 in term 0.
I20260608 09:55:53.466864  7819 leader_election.cc:304] T 707f56ef3e4e47e8bb24498d459dc569 P 4eb9da889aee4ae09c97ae0d24b11058 [CANDIDATE]: Term 1 pre-election: Election decided. Result: candidate won. Election summary: received 3 responses out of 3 voters: 2 yes votes; 1 no votes. yes voters: 4eb9da889aee4ae09c97ae0d24b11058, 7364c7f9fd374a28b7ce64010f8b6d56; no voters: 6ea307c0f73a40f883ae20af2b4f7125
I20260608 09:55:53.466626  7753 catalog_manager.cc:5696] T f031df8b51014be1b70a3da1c7f3f4cf P 7364c7f9fd374a28b7ce64010f8b6d56 reported cstate change: term changed from 0 to 1, leader changed from <none> to 7364c7f9fd374a28b7ce64010f8b6d56 (127.7.5.3). New cstate: current_term: 1 leader_uuid: "7364c7f9fd374a28b7ce64010f8b6d56" committed_config { opid_index: -1 OBSOLETE_local: false peers { permanent_uuid: "6ea307c0f73a40f883ae20af2b4f7125" member_type: VOTER last_known_addr { host: "127.7.5.2" port: 37547 } health_report { overall_health: UNKNOWN } } peers { permanent_uuid: "7364c7f9fd374a28b7ce64010f8b6d56" member_type: VOTER last_known_addr { host: "127.7.5.3" port: 46411 } health_report { overall_health: HEALTHY } } peers { permanent_uuid: "4eb9da889aee4ae09c97ae0d24b11058" member_type: VOTER last_known_addr { host: "127.7.5.1" port: 39235 } health_report { overall_health: UNKNOWN } } }
I20260608 09:55:53.468040  8084 raft_consensus.cc:2804] T 707f56ef3e4e47e8bb24498d459dc569 P 4eb9da889aee4ae09c97ae0d24b11058 [term 0 FOLLOWER]: Leader pre-election won for term 1
I20260608 09:55:53.468384  8084 raft_consensus.cc:493] T 707f56ef3e4e47e8bb24498d459dc569 P 4eb9da889aee4ae09c97ae0d24b11058 [term 0 FOLLOWER]: Starting leader election (no leader contacted us within the election timeout)
I20260608 09:55:53.468767  8084 raft_consensus.cc:3060] T 707f56ef3e4e47e8bb24498d459dc569 P 4eb9da889aee4ae09c97ae0d24b11058 [term 0 FOLLOWER]: Advancing to term 1
I20260608 09:55:53.476119  8084 raft_consensus.cc:515] T 707f56ef3e4e47e8bb24498d459dc569 P 4eb9da889aee4ae09c97ae0d24b11058 [term 1 FOLLOWER]: Starting leader election with config: opid_index: -1 OBSOLETE_local: false peers { permanent_uuid: "4eb9da889aee4ae09c97ae0d24b11058" member_type: VOTER last_known_addr { host: "127.7.5.1" port: 39235 } } peers { permanent_uuid: "6ea307c0f73a40f883ae20af2b4f7125" member_type: VOTER last_known_addr { host: "127.7.5.2" port: 37547 } } peers { permanent_uuid: "7364c7f9fd374a28b7ce64010f8b6d56" member_type: VOTER last_known_addr { host: "127.7.5.3" port: 46411 } }
I20260608 09:55:53.479523  7931 tablet_service.cc:1917] Received RequestConsensusVote() RPC: tablet_id: "707f56ef3e4e47e8bb24498d459dc569" candidate_uuid: "4eb9da889aee4ae09c97ae0d24b11058" candidate_term: 1 candidate_status { last_received { term: 0 index: 0 } } ignore_live_leader: false dest_uuid: "6ea307c0f73a40f883ae20af2b4f7125"
I20260608 09:55:53.480849  8003 tablet_service.cc:1917] Received RequestConsensusVote() RPC: tablet_id: "707f56ef3e4e47e8bb24498d459dc569" candidate_uuid: "4eb9da889aee4ae09c97ae0d24b11058" candidate_term: 1 candidate_status { last_received { term: 0 index: 0 } } ignore_live_leader: false dest_uuid: "7364c7f9fd374a28b7ce64010f8b6d56"
I20260608 09:55:53.481562  8003 raft_consensus.cc:3060] T 707f56ef3e4e47e8bb24498d459dc569 P 7364c7f9fd374a28b7ce64010f8b6d56 [term 0 FOLLOWER]: Advancing to term 1
W20260608 09:55:53.481415  7821 leader_election.cc:343] T 707f56ef3e4e47e8bb24498d459dc569 P 4eb9da889aee4ae09c97ae0d24b11058 [CANDIDATE]: Term 1 election: Tablet error from VoteRequest() call to peer 6ea307c0f73a40f883ae20af2b4f7125 (127.7.5.2:37547): Illegal state: must be running to vote when last-logged opid is not known
I20260608 09:55:53.491536  8003 raft_consensus.cc:2468] T 707f56ef3e4e47e8bb24498d459dc569 P 7364c7f9fd374a28b7ce64010f8b6d56 [term 1 FOLLOWER]: Leader election vote request: Granting yes vote for candidate 4eb9da889aee4ae09c97ae0d24b11058 in term 1.
I20260608 09:55:53.492846  7819 leader_election.cc:304] T 707f56ef3e4e47e8bb24498d459dc569 P 4eb9da889aee4ae09c97ae0d24b11058 [CANDIDATE]: Term 1 election: Election decided. Result: candidate won. Election summary: received 3 responses out of 3 voters: 2 yes votes; 1 no votes. yes voters: 4eb9da889aee4ae09c97ae0d24b11058, 7364c7f9fd374a28b7ce64010f8b6d56; no voters: 6ea307c0f73a40f883ae20af2b4f7125
I20260608 09:55:53.493805  8081 raft_consensus.cc:2804] T 707f56ef3e4e47e8bb24498d459dc569 P 4eb9da889aee4ae09c97ae0d24b11058 [term 1 FOLLOWER]: Leader election won for term 1
I20260608 09:55:53.493991  8084 leader_election.cc:290] T 707f56ef3e4e47e8bb24498d459dc569 P 4eb9da889aee4ae09c97ae0d24b11058 [CANDIDATE]: Term 1 election: Requested vote from peers 6ea307c0f73a40f883ae20af2b4f7125 (127.7.5.2:37547), 7364c7f9fd374a28b7ce64010f8b6d56 (127.7.5.3:46411)
I20260608 09:55:53.494468  8081 raft_consensus.cc:697] T 707f56ef3e4e47e8bb24498d459dc569 P 4eb9da889aee4ae09c97ae0d24b11058 [term 1 LEADER]: Becoming Leader. State: Replica: 4eb9da889aee4ae09c97ae0d24b11058, State: Running, Role: LEADER
I20260608 09:55:53.495641  8081 consensus_queue.cc:237] T 707f56ef3e4e47e8bb24498d459dc569 P 4eb9da889aee4ae09c97ae0d24b11058 [LEADER]: Queue going to LEADER mode. State: All replicated index: 0, Majority replicated index: 0, Committed index: 0, Last appended: 0.0, Last appended by leader: 0, Current term: 1, Majority size: 2, State: 0, Mode: LEADER, active raft config: opid_index: -1 OBSOLETE_local: false peers { permanent_uuid: "4eb9da889aee4ae09c97ae0d24b11058" member_type: VOTER last_known_addr { host: "127.7.5.1" port: 39235 } } peers { permanent_uuid: "6ea307c0f73a40f883ae20af2b4f7125" member_type: VOTER last_known_addr { host: "127.7.5.2" port: 37547 } } peers { permanent_uuid: "7364c7f9fd374a28b7ce64010f8b6d56" member_type: VOTER last_known_addr { host: "127.7.5.3" port: 46411 } }
I20260608 09:55:53.464473  8051 consensus_queue.cc:260] T a8dfaff1bdd94267aeb7cdf33f043e30 P 6ea307c0f73a40f883ae20af2b4f7125 [NON_LEADER]: Queue going to NON_LEADER mode. State: All replicated index: 0, Majority replicated index: 0, Committed index: 0, Last appended: 0.0, Last appended by leader: 0, Current term: 0, Majority size: -1, State: 0, Mode: NON_LEADER, active raft config: opid_index: -1 OBSOLETE_local: false peers { permanent_uuid: "4eb9da889aee4ae09c97ae0d24b11058" member_type: VOTER last_known_addr { host: "127.7.5.1" port: 39235 } } peers { permanent_uuid: "6ea307c0f73a40f883ae20af2b4f7125" member_type: VOTER last_known_addr { host: "127.7.5.2" port: 37547 } } peers { permanent_uuid: "7364c7f9fd374a28b7ce64010f8b6d56" member_type: VOTER last_known_addr { host: "127.7.5.3" port: 46411 } }
I20260608 09:55:53.499506  8051 ts_tablet_manager.cc:1434] T a8dfaff1bdd94267aeb7cdf33f043e30 P 6ea307c0f73a40f883ae20af2b4f7125: Time spent starting tablet: real 0.074s	user 0.007s	sys 0.000s
I20260608 09:55:53.500545  8051 tablet_bootstrap.cc:492] T be41f942f0894a03a43907540bbd5b88 P 6ea307c0f73a40f883ae20af2b4f7125: Bootstrap starting.
I20260608 09:55:53.511592  7752 catalog_manager.cc:5696] T 707f56ef3e4e47e8bb24498d459dc569 P 4eb9da889aee4ae09c97ae0d24b11058 reported cstate change: term changed from 0 to 1, leader changed from <none> to 4eb9da889aee4ae09c97ae0d24b11058 (127.7.5.1). New cstate: current_term: 1 leader_uuid: "4eb9da889aee4ae09c97ae0d24b11058" committed_config { opid_index: -1 OBSOLETE_local: false peers { permanent_uuid: "4eb9da889aee4ae09c97ae0d24b11058" member_type: VOTER last_known_addr { host: "127.7.5.1" port: 39235 } health_report { overall_health: HEALTHY } } peers { permanent_uuid: "6ea307c0f73a40f883ae20af2b4f7125" member_type: VOTER last_known_addr { host: "127.7.5.2" port: 37547 } health_report { overall_health: UNKNOWN } } peers { permanent_uuid: "7364c7f9fd374a28b7ce64010f8b6d56" member_type: VOTER last_known_addr { host: "127.7.5.3" port: 46411 } health_report { overall_health: UNKNOWN } } }
I20260608 09:55:53.515300  8050 tablet_bootstrap.cc:492] T a8dfaff1bdd94267aeb7cdf33f043e30 P 4eb9da889aee4ae09c97ae0d24b11058: No bootstrap required, opened a new log
I20260608 09:55:53.515980  8050 ts_tablet_manager.cc:1403] T a8dfaff1bdd94267aeb7cdf33f043e30 P 4eb9da889aee4ae09c97ae0d24b11058: Time spent bootstrapping tablet: real 0.092s	user 0.031s	sys 0.007s
I20260608 09:55:53.519686  8050 raft_consensus.cc:359] T a8dfaff1bdd94267aeb7cdf33f043e30 P 4eb9da889aee4ae09c97ae0d24b11058 [term 0 FOLLOWER]: Replica starting. Triggering 0 pending ops. Active config: opid_index: -1 OBSOLETE_local: false peers { permanent_uuid: "4eb9da889aee4ae09c97ae0d24b11058" member_type: VOTER last_known_addr { host: "127.7.5.1" port: 39235 } } peers { permanent_uuid: "6ea307c0f73a40f883ae20af2b4f7125" member_type: VOTER last_known_addr { host: "127.7.5.2" port: 37547 } } peers { permanent_uuid: "7364c7f9fd374a28b7ce64010f8b6d56" member_type: VOTER last_known_addr { host: "127.7.5.3" port: 46411 } }
I20260608 09:55:53.520684  8050 raft_consensus.cc:385] T a8dfaff1bdd94267aeb7cdf33f043e30 P 4eb9da889aee4ae09c97ae0d24b11058 [term 0 FOLLOWER]: Consensus starting up: Expiring failure detector timer to make a prompt election more likely
I20260608 09:55:53.521576  8050 raft_consensus.cc:740] T a8dfaff1bdd94267aeb7cdf33f043e30 P 4eb9da889aee4ae09c97ae0d24b11058 [term 0 FOLLOWER]: Becoming Follower/Learner. State: Replica: 4eb9da889aee4ae09c97ae0d24b11058, State: Initialized, Role: FOLLOWER
I20260608 09:55:53.522531  8050 consensus_queue.cc:260] T a8dfaff1bdd94267aeb7cdf33f043e30 P 4eb9da889aee4ae09c97ae0d24b11058 [NON_LEADER]: Queue going to NON_LEADER mode. State: All replicated index: 0, Majority replicated index: 0, Committed index: 0, Last appended: 0.0, Last appended by leader: 0, Current term: 0, Majority size: -1, State: 0, Mode: NON_LEADER, active raft config: opid_index: -1 OBSOLETE_local: false peers { permanent_uuid: "4eb9da889aee4ae09c97ae0d24b11058" member_type: VOTER last_known_addr { host: "127.7.5.1" port: 39235 } } peers { permanent_uuid: "6ea307c0f73a40f883ae20af2b4f7125" member_type: VOTER last_known_addr { host: "127.7.5.2" port: 37547 } } peers { permanent_uuid: "7364c7f9fd374a28b7ce64010f8b6d56" member_type: VOTER last_known_addr { host: "127.7.5.3" port: 46411 } }
I20260608 09:55:53.526014  8051 tablet_bootstrap.cc:654] T be41f942f0894a03a43907540bbd5b88 P 6ea307c0f73a40f883ae20af2b4f7125: Neither blocks nor log segments found. Creating new log.
I20260608 09:55:53.528227  8050 ts_tablet_manager.cc:1434] T a8dfaff1bdd94267aeb7cdf33f043e30 P 4eb9da889aee4ae09c97ae0d24b11058: Time spent starting tablet: real 0.012s	user 0.007s	sys 0.003s
I20260608 09:55:53.529102  8054 tablet_bootstrap.cc:492] T 390e5938faa24a3b9ddbe6cf14b57fa3 P 7364c7f9fd374a28b7ce64010f8b6d56: No bootstrap required, opened a new log
I20260608 09:55:53.529551  8054 ts_tablet_manager.cc:1403] T 390e5938faa24a3b9ddbe6cf14b57fa3 P 7364c7f9fd374a28b7ce64010f8b6d56: Time spent bootstrapping tablet: real 0.080s	user 0.030s	sys 0.044s
I20260608 09:55:53.532241  8054 raft_consensus.cc:359] T 390e5938faa24a3b9ddbe6cf14b57fa3 P 7364c7f9fd374a28b7ce64010f8b6d56 [term 0 FOLLOWER]: Replica starting. Triggering 0 pending ops. Active config: opid_index: -1 OBSOLETE_local: false peers { permanent_uuid: "4eb9da889aee4ae09c97ae0d24b11058" member_type: VOTER last_known_addr { host: "127.7.5.1" port: 39235 } } peers { permanent_uuid: "6ea307c0f73a40f883ae20af2b4f7125" member_type: VOTER last_known_addr { host: "127.7.5.2" port: 37547 } } peers { permanent_uuid: "7364c7f9fd374a28b7ce64010f8b6d56" member_type: VOTER last_known_addr { host: "127.7.5.3" port: 46411 } }
I20260608 09:55:53.532809  8054 raft_consensus.cc:385] T 390e5938faa24a3b9ddbe6cf14b57fa3 P 7364c7f9fd374a28b7ce64010f8b6d56 [term 0 FOLLOWER]: Consensus starting up: Expiring failure detector timer to make a prompt election more likely
I20260608 09:55:53.532874  8051 tablet_bootstrap.cc:492] T be41f942f0894a03a43907540bbd5b88 P 6ea307c0f73a40f883ae20af2b4f7125: No bootstrap required, opened a new log
I20260608 09:55:53.533109  8054 raft_consensus.cc:740] T 390e5938faa24a3b9ddbe6cf14b57fa3 P 7364c7f9fd374a28b7ce64010f8b6d56 [term 0 FOLLOWER]: Becoming Follower/Learner. State: Replica: 7364c7f9fd374a28b7ce64010f8b6d56, State: Initialized, Role: FOLLOWER
I20260608 09:55:53.534102  8054 consensus_queue.cc:260] T 390e5938faa24a3b9ddbe6cf14b57fa3 P 7364c7f9fd374a28b7ce64010f8b6d56 [NON_LEADER]: Queue going to NON_LEADER mode. State: All replicated index: 0, Majority replicated index: 0, Committed index: 0, Last appended: 0.0, Last appended by leader: 0, Current term: 0, Majority size: -1, State: 0, Mode: NON_LEADER, active raft config: opid_index: -1 OBSOLETE_local: false peers { permanent_uuid: "4eb9da889aee4ae09c97ae0d24b11058" member_type: VOTER last_known_addr { host: "127.7.5.1" port: 39235 } } peers { permanent_uuid: "6ea307c0f73a40f883ae20af2b4f7125" member_type: VOTER last_known_addr { host: "127.7.5.2" port: 37547 } } peers { permanent_uuid: "7364c7f9fd374a28b7ce64010f8b6d56" member_type: VOTER last_known_addr { host: "127.7.5.3" port: 46411 } }
I20260608 09:55:53.533854  8051 ts_tablet_manager.cc:1403] T be41f942f0894a03a43907540bbd5b88 P 6ea307c0f73a40f883ae20af2b4f7125: Time spent bootstrapping tablet: real 0.034s	user 0.010s	sys 0.001s
I20260608 09:55:53.536214  8054 ts_tablet_manager.cc:1434] T 390e5938faa24a3b9ddbe6cf14b57fa3 P 7364c7f9fd374a28b7ce64010f8b6d56: Time spent starting tablet: real 0.006s	user 0.005s	sys 0.000s
I20260608 09:55:53.537295  8054 tablet_bootstrap.cc:492] T 45ae5d47a5804d7b855298eca400377c P 7364c7f9fd374a28b7ce64010f8b6d56: Bootstrap starting.
I20260608 09:55:53.538272  8051 raft_consensus.cc:359] T be41f942f0894a03a43907540bbd5b88 P 6ea307c0f73a40f883ae20af2b4f7125 [term 0 FOLLOWER]: Replica starting. Triggering 0 pending ops. Active config: opid_index: -1 OBSOLETE_local: false peers { permanent_uuid: "4eb9da889aee4ae09c97ae0d24b11058" member_type: VOTER last_known_addr { host: "127.7.5.1" port: 39235 } } peers { permanent_uuid: "6ea307c0f73a40f883ae20af2b4f7125" member_type: VOTER last_known_addr { host: "127.7.5.2" port: 37547 } } peers { permanent_uuid: "7364c7f9fd374a28b7ce64010f8b6d56" member_type: VOTER last_known_addr { host: "127.7.5.3" port: 46411 } }
I20260608 09:55:53.539006  8051 raft_consensus.cc:385] T be41f942f0894a03a43907540bbd5b88 P 6ea307c0f73a40f883ae20af2b4f7125 [term 0 FOLLOWER]: Consensus starting up: Expiring failure detector timer to make a prompt election more likely
I20260608 09:55:53.539294  8051 raft_consensus.cc:740] T be41f942f0894a03a43907540bbd5b88 P 6ea307c0f73a40f883ae20af2b4f7125 [term 0 FOLLOWER]: Becoming Follower/Learner. State: Replica: 6ea307c0f73a40f883ae20af2b4f7125, State: Initialized, Role: FOLLOWER
I20260608 09:55:53.540068  8051 consensus_queue.cc:260] T be41f942f0894a03a43907540bbd5b88 P 6ea307c0f73a40f883ae20af2b4f7125 [NON_LEADER]: Queue going to NON_LEADER mode. State: All replicated index: 0, Majority replicated index: 0, Committed index: 0, Last appended: 0.0, Last appended by leader: 0, Current term: 0, Majority size: -1, State: 0, Mode: NON_LEADER, active raft config: opid_index: -1 OBSOLETE_local: false peers { permanent_uuid: "4eb9da889aee4ae09c97ae0d24b11058" member_type: VOTER last_known_addr { host: "127.7.5.1" port: 39235 } } peers { permanent_uuid: "6ea307c0f73a40f883ae20af2b4f7125" member_type: VOTER last_known_addr { host: "127.7.5.2" port: 37547 } } peers { permanent_uuid: "7364c7f9fd374a28b7ce64010f8b6d56" member_type: VOTER last_known_addr { host: "127.7.5.3" port: 46411 } }
I20260608 09:55:53.542529  8051 ts_tablet_manager.cc:1434] T be41f942f0894a03a43907540bbd5b88 P 6ea307c0f73a40f883ae20af2b4f7125: Time spent starting tablet: real 0.008s	user 0.006s	sys 0.000s
I20260608 09:55:53.543545  8051 tablet_bootstrap.cc:492] T 45ae5d47a5804d7b855298eca400377c P 6ea307c0f73a40f883ae20af2b4f7125: Bootstrap starting.
I20260608 09:55:53.544729  8054 tablet_bootstrap.cc:654] T 45ae5d47a5804d7b855298eca400377c P 7364c7f9fd374a28b7ce64010f8b6d56: Neither blocks nor log segments found. Creating new log.
I20260608 09:55:53.550076  8051 tablet_bootstrap.cc:654] T 45ae5d47a5804d7b855298eca400377c P 6ea307c0f73a40f883ae20af2b4f7125: Neither blocks nor log segments found. Creating new log.
I20260608 09:55:53.551235  8054 tablet_bootstrap.cc:492] T 45ae5d47a5804d7b855298eca400377c P 7364c7f9fd374a28b7ce64010f8b6d56: No bootstrap required, opened a new log
I20260608 09:55:53.551725  8054 ts_tablet_manager.cc:1403] T 45ae5d47a5804d7b855298eca400377c P 7364c7f9fd374a28b7ce64010f8b6d56: Time spent bootstrapping tablet: real 0.015s	user 0.004s	sys 0.008s
I20260608 09:55:53.554395  8054 raft_consensus.cc:359] T 45ae5d47a5804d7b855298eca400377c P 7364c7f9fd374a28b7ce64010f8b6d56 [term 0 FOLLOWER]: Replica starting. Triggering 0 pending ops. Active config: opid_index: -1 OBSOLETE_local: false peers { permanent_uuid: "4eb9da889aee4ae09c97ae0d24b11058" member_type: VOTER last_known_addr { host: "127.7.5.1" port: 39235 } } peers { permanent_uuid: "6ea307c0f73a40f883ae20af2b4f7125" member_type: VOTER last_known_addr { host: "127.7.5.2" port: 37547 } } peers { permanent_uuid: "7364c7f9fd374a28b7ce64010f8b6d56" member_type: VOTER last_known_addr { host: "127.7.5.3" port: 46411 } }
I20260608 09:55:53.555172  8054 raft_consensus.cc:385] T 45ae5d47a5804d7b855298eca400377c P 7364c7f9fd374a28b7ce64010f8b6d56 [term 0 FOLLOWER]: Consensus starting up: Expiring failure detector timer to make a prompt election more likely
I20260608 09:55:53.555495  8054 raft_consensus.cc:740] T 45ae5d47a5804d7b855298eca400377c P 7364c7f9fd374a28b7ce64010f8b6d56 [term 0 FOLLOWER]: Becoming Follower/Learner. State: Replica: 7364c7f9fd374a28b7ce64010f8b6d56, State: Initialized, Role: FOLLOWER
I20260608 09:55:53.556216  8054 consensus_queue.cc:260] T 45ae5d47a5804d7b855298eca400377c P 7364c7f9fd374a28b7ce64010f8b6d56 [NON_LEADER]: Queue going to NON_LEADER mode. State: All replicated index: 0, Majority replicated index: 0, Committed index: 0, Last appended: 0.0, Last appended by leader: 0, Current term: 0, Majority size: -1, State: 0, Mode: NON_LEADER, active raft config: opid_index: -1 OBSOLETE_local: false peers { permanent_uuid: "4eb9da889aee4ae09c97ae0d24b11058" member_type: VOTER last_known_addr { host: "127.7.5.1" port: 39235 } } peers { permanent_uuid: "6ea307c0f73a40f883ae20af2b4f7125" member_type: VOTER last_known_addr { host: "127.7.5.2" port: 37547 } } peers { permanent_uuid: "7364c7f9fd374a28b7ce64010f8b6d56" member_type: VOTER last_known_addr { host: "127.7.5.3" port: 46411 } }
I20260608 09:55:53.556757  8051 tablet_bootstrap.cc:492] T 45ae5d47a5804d7b855298eca400377c P 6ea307c0f73a40f883ae20af2b4f7125: No bootstrap required, opened a new log
I20260608 09:55:53.557288  8051 ts_tablet_manager.cc:1403] T 45ae5d47a5804d7b855298eca400377c P 6ea307c0f73a40f883ae20af2b4f7125: Time spent bootstrapping tablet: real 0.014s	user 0.013s	sys 0.000s
I20260608 09:55:53.558650  8054 ts_tablet_manager.cc:1434] T 45ae5d47a5804d7b855298eca400377c P 7364c7f9fd374a28b7ce64010f8b6d56: Time spent starting tablet: real 0.007s	user 0.007s	sys 0.000s
I20260608 09:55:53.559768  8054 tablet_bootstrap.cc:492] T be41f942f0894a03a43907540bbd5b88 P 7364c7f9fd374a28b7ce64010f8b6d56: Bootstrap starting.
I20260608 09:55:53.560472  8051 raft_consensus.cc:359] T 45ae5d47a5804d7b855298eca400377c P 6ea307c0f73a40f883ae20af2b4f7125 [term 0 FOLLOWER]: Replica starting. Triggering 0 pending ops. Active config: opid_index: -1 OBSOLETE_local: false peers { permanent_uuid: "4eb9da889aee4ae09c97ae0d24b11058" member_type: VOTER last_known_addr { host: "127.7.5.1" port: 39235 } } peers { permanent_uuid: "6ea307c0f73a40f883ae20af2b4f7125" member_type: VOTER last_known_addr { host: "127.7.5.2" port: 37547 } } peers { permanent_uuid: "7364c7f9fd374a28b7ce64010f8b6d56" member_type: VOTER last_known_addr { host: "127.7.5.3" port: 46411 } }
I20260608 09:55:53.561208  8051 raft_consensus.cc:385] T 45ae5d47a5804d7b855298eca400377c P 6ea307c0f73a40f883ae20af2b4f7125 [term 0 FOLLOWER]: Consensus starting up: Expiring failure detector timer to make a prompt election more likely
I20260608 09:55:53.561482  8051 raft_consensus.cc:740] T 45ae5d47a5804d7b855298eca400377c P 6ea307c0f73a40f883ae20af2b4f7125 [term 0 FOLLOWER]: Becoming Follower/Learner. State: Replica: 6ea307c0f73a40f883ae20af2b4f7125, State: Initialized, Role: FOLLOWER
I20260608 09:55:53.562253  8051 consensus_queue.cc:260] T 45ae5d47a5804d7b855298eca400377c P 6ea307c0f73a40f883ae20af2b4f7125 [NON_LEADER]: Queue going to NON_LEADER mode. State: All replicated index: 0, Majority replicated index: 0, Committed index: 0, Last appended: 0.0, Last appended by leader: 0, Current term: 0, Majority size: -1, State: 0, Mode: NON_LEADER, active raft config: opid_index: -1 OBSOLETE_local: false peers { permanent_uuid: "4eb9da889aee4ae09c97ae0d24b11058" member_type: VOTER last_known_addr { host: "127.7.5.1" port: 39235 } } peers { permanent_uuid: "6ea307c0f73a40f883ae20af2b4f7125" member_type: VOTER last_known_addr { host: "127.7.5.2" port: 37547 } } peers { permanent_uuid: "7364c7f9fd374a28b7ce64010f8b6d56" member_type: VOTER last_known_addr { host: "127.7.5.3" port: 46411 } }
I20260608 09:55:53.564729  8051 ts_tablet_manager.cc:1434] T 45ae5d47a5804d7b855298eca400377c P 6ea307c0f73a40f883ae20af2b4f7125: Time spent starting tablet: real 0.007s	user 0.004s	sys 0.000s
I20260608 09:55:53.565793  8051 tablet_bootstrap.cc:492] T 707f56ef3e4e47e8bb24498d459dc569 P 6ea307c0f73a40f883ae20af2b4f7125: Bootstrap starting.
I20260608 09:55:53.566154  8057 raft_consensus.cc:493] T be41f942f0894a03a43907540bbd5b88 P 6ea307c0f73a40f883ae20af2b4f7125 [term 0 FOLLOWER]: Starting pre-election (no leader contacted us within the election timeout)
I20260608 09:55:53.566845  8054 tablet_bootstrap.cc:654] T be41f942f0894a03a43907540bbd5b88 P 7364c7f9fd374a28b7ce64010f8b6d56: Neither blocks nor log segments found. Creating new log.
I20260608 09:55:53.566642  8057 raft_consensus.cc:515] T be41f942f0894a03a43907540bbd5b88 P 6ea307c0f73a40f883ae20af2b4f7125 [term 0 FOLLOWER]: Starting pre-election with config: opid_index: -1 OBSOLETE_local: false peers { permanent_uuid: "4eb9da889aee4ae09c97ae0d24b11058" member_type: VOTER last_known_addr { host: "127.7.5.1" port: 39235 } } peers { permanent_uuid: "6ea307c0f73a40f883ae20af2b4f7125" member_type: VOTER last_known_addr { host: "127.7.5.2" port: 37547 } } peers { permanent_uuid: "7364c7f9fd374a28b7ce64010f8b6d56" member_type: VOTER last_known_addr { host: "127.7.5.3" port: 46411 } }
I20260608 09:55:53.570873  8002 tablet_service.cc:1917] Received RequestConsensusVote() RPC: tablet_id: "be41f942f0894a03a43907540bbd5b88" candidate_uuid: "6ea307c0f73a40f883ae20af2b4f7125" candidate_term: 1 candidate_status { last_received { term: 0 index: 0 } } ignore_live_leader: false dest_uuid: "7364c7f9fd374a28b7ce64010f8b6d56" is_pre_election: true
I20260608 09:55:53.572057  7856 tablet_service.cc:1917] Received RequestConsensusVote() RPC: tablet_id: "be41f942f0894a03a43907540bbd5b88" candidate_uuid: "6ea307c0f73a40f883ae20af2b4f7125" candidate_term: 1 candidate_status { last_received { term: 0 index: 0 } } ignore_live_leader: false dest_uuid: "4eb9da889aee4ae09c97ae0d24b11058" is_pre_election: true
I20260608 09:55:53.572719  7856 raft_consensus.cc:2468] T be41f942f0894a03a43907540bbd5b88 P 4eb9da889aee4ae09c97ae0d24b11058 [term 0 FOLLOWER]: Leader pre-election vote request: Granting yes vote for candidate 6ea307c0f73a40f883ae20af2b4f7125 in term 0.
I20260608 09:55:53.573565  8059 raft_consensus.cc:493] T 390e5938faa24a3b9ddbe6cf14b57fa3 P 7364c7f9fd374a28b7ce64010f8b6d56 [term 0 FOLLOWER]: Starting pre-election (no leader contacted us within the election timeout)
I20260608 09:55:53.574070  8059 raft_consensus.cc:515] T 390e5938faa24a3b9ddbe6cf14b57fa3 P 7364c7f9fd374a28b7ce64010f8b6d56 [term 0 FOLLOWER]: Starting pre-election with config: opid_index: -1 OBSOLETE_local: false peers { permanent_uuid: "4eb9da889aee4ae09c97ae0d24b11058" member_type: VOTER last_known_addr { host: "127.7.5.1" port: 39235 } } peers { permanent_uuid: "6ea307c0f73a40f883ae20af2b4f7125" member_type: VOTER last_known_addr { host: "127.7.5.2" port: 37547 } } peers { permanent_uuid: "7364c7f9fd374a28b7ce64010f8b6d56" member_type: VOTER last_known_addr { host: "127.7.5.3" port: 46411 } }
I20260608 09:55:53.574842  8051 tablet_bootstrap.cc:654] T 707f56ef3e4e47e8bb24498d459dc569 P 6ea307c0f73a40f883ae20af2b4f7125: Neither blocks nor log segments found. Creating new log.
I20260608 09:55:53.576152  8059 leader_election.cc:290] T 390e5938faa24a3b9ddbe6cf14b57fa3 P 7364c7f9fd374a28b7ce64010f8b6d56 [CANDIDATE]: Term 1 pre-election: Requested pre-vote from peers 4eb9da889aee4ae09c97ae0d24b11058 (127.7.5.1:39235), 6ea307c0f73a40f883ae20af2b4f7125 (127.7.5.2:37547)
I20260608 09:55:53.577356  7931 tablet_service.cc:1917] Received RequestConsensusVote() RPC: tablet_id: "390e5938faa24a3b9ddbe6cf14b57fa3" candidate_uuid: "7364c7f9fd374a28b7ce64010f8b6d56" candidate_term: 1 candidate_status { last_received { term: 0 index: 0 } } ignore_live_leader: false dest_uuid: "6ea307c0f73a40f883ae20af2b4f7125" is_pre_election: true
I20260608 09:55:53.577430  7895 leader_election.cc:304] T be41f942f0894a03a43907540bbd5b88 P 6ea307c0f73a40f883ae20af2b4f7125 [CANDIDATE]: Term 1 pre-election: Election decided. Result: candidate won. Election summary: received 2 responses out of 3 voters: 2 yes votes; 0 no votes. yes voters: 4eb9da889aee4ae09c97ae0d24b11058, 6ea307c0f73a40f883ae20af2b4f7125; no voters: 
I20260608 09:55:53.578115  7931 raft_consensus.cc:2468] T 390e5938faa24a3b9ddbe6cf14b57fa3 P 6ea307c0f73a40f883ae20af2b4f7125 [term 0 FOLLOWER]: Leader pre-election vote request: Granting yes vote for candidate 7364c7f9fd374a28b7ce64010f8b6d56 in term 0.
I20260608 09:55:53.578558  8082 raft_consensus.cc:2804] T be41f942f0894a03a43907540bbd5b88 P 6ea307c0f73a40f883ae20af2b4f7125 [term 0 FOLLOWER]: Leader pre-election won for term 1
I20260608 09:55:53.578977  8082 raft_consensus.cc:493] T be41f942f0894a03a43907540bbd5b88 P 6ea307c0f73a40f883ae20af2b4f7125 [term 0 FOLLOWER]: Starting leader election (no leader contacted us within the election timeout)
I20260608 09:55:53.579348  8082 raft_consensus.cc:3060] T be41f942f0894a03a43907540bbd5b88 P 6ea307c0f73a40f883ae20af2b4f7125 [term 0 FOLLOWER]: Advancing to term 1
I20260608 09:55:53.579480  7970 leader_election.cc:304] T 390e5938faa24a3b9ddbe6cf14b57fa3 P 7364c7f9fd374a28b7ce64010f8b6d56 [CANDIDATE]: Term 1 pre-election: Election decided. Result: candidate won. Election summary: received 2 responses out of 3 voters: 2 yes votes; 0 no votes. yes voters: 6ea307c0f73a40f883ae20af2b4f7125, 7364c7f9fd374a28b7ce64010f8b6d56; no voters: 
W20260608 09:55:53.581563  7894 leader_election.cc:343] T be41f942f0894a03a43907540bbd5b88 P 6ea307c0f73a40f883ae20af2b4f7125 [CANDIDATE]: Term 1 pre-election: Tablet error from VoteRequest() call to peer 7364c7f9fd374a28b7ce64010f8b6d56 (127.7.5.3:46411): Illegal state: must be running to vote when last-logged opid is not known
I20260608 09:55:53.582644  7856 tablet_service.cc:1917] Received RequestConsensusVote() RPC: tablet_id: "390e5938faa24a3b9ddbe6cf14b57fa3" candidate_uuid: "7364c7f9fd374a28b7ce64010f8b6d56" candidate_term: 1 candidate_status { last_received { term: 0 index: 0 } } ignore_live_leader: false dest_uuid: "4eb9da889aee4ae09c97ae0d24b11058" is_pre_election: true
I20260608 09:55:53.583285  7856 raft_consensus.cc:2468] T 390e5938faa24a3b9ddbe6cf14b57fa3 P 4eb9da889aee4ae09c97ae0d24b11058 [term 0 FOLLOWER]: Leader pre-election vote request: Granting yes vote for candidate 7364c7f9fd374a28b7ce64010f8b6d56 in term 0.
I20260608 09:55:53.587322  8082 raft_consensus.cc:515] T be41f942f0894a03a43907540bbd5b88 P 6ea307c0f73a40f883ae20af2b4f7125 [term 1 FOLLOWER]: Starting leader election with config: opid_index: -1 OBSOLETE_local: false peers { permanent_uuid: "4eb9da889aee4ae09c97ae0d24b11058" member_type: VOTER last_known_addr { host: "127.7.5.1" port: 39235 } } peers { permanent_uuid: "6ea307c0f73a40f883ae20af2b4f7125" member_type: VOTER last_known_addr { host: "127.7.5.2" port: 37547 } } peers { permanent_uuid: "7364c7f9fd374a28b7ce64010f8b6d56" member_type: VOTER last_known_addr { host: "127.7.5.3" port: 46411 } }
I20260608 09:55:53.589134  8057 leader_election.cc:290] T be41f942f0894a03a43907540bbd5b88 P 6ea307c0f73a40f883ae20af2b4f7125 [CANDIDATE]: Term 1 pre-election: Requested pre-vote from peers 4eb9da889aee4ae09c97ae0d24b11058 (127.7.5.1:39235), 7364c7f9fd374a28b7ce64010f8b6d56 (127.7.5.3:46411)
I20260608 09:55:53.589983  8059 raft_consensus.cc:2804] T 390e5938faa24a3b9ddbe6cf14b57fa3 P 7364c7f9fd374a28b7ce64010f8b6d56 [term 0 FOLLOWER]: Leader pre-election won for term 1
I20260608 09:55:53.590097  7856 tablet_service.cc:1917] Received RequestConsensusVote() RPC: tablet_id: "be41f942f0894a03a43907540bbd5b88" candidate_uuid: "6ea307c0f73a40f883ae20af2b4f7125" candidate_term: 1 candidate_status { last_received { term: 0 index: 0 } } ignore_live_leader: false dest_uuid: "4eb9da889aee4ae09c97ae0d24b11058"
I20260608 09:55:53.590915  7856 raft_consensus.cc:3060] T be41f942f0894a03a43907540bbd5b88 P 4eb9da889aee4ae09c97ae0d24b11058 [term 0 FOLLOWER]: Advancing to term 1
I20260608 09:55:53.590613  8059 raft_consensus.cc:493] T 390e5938faa24a3b9ddbe6cf14b57fa3 P 7364c7f9fd374a28b7ce64010f8b6d56 [term 0 FOLLOWER]: Starting leader election (no leader contacted us within the election timeout)
I20260608 09:55:53.591565  8059 raft_consensus.cc:3060] T 390e5938faa24a3b9ddbe6cf14b57fa3 P 7364c7f9fd374a28b7ce64010f8b6d56 [term 0 FOLLOWER]: Advancing to term 1
I20260608 09:55:53.597710  7856 raft_consensus.cc:2468] T be41f942f0894a03a43907540bbd5b88 P 4eb9da889aee4ae09c97ae0d24b11058 [term 1 FOLLOWER]: Leader election vote request: Granting yes vote for candidate 6ea307c0f73a40f883ae20af2b4f7125 in term 1.
I20260608 09:55:53.599103  7895 leader_election.cc:304] T be41f942f0894a03a43907540bbd5b88 P 6ea307c0f73a40f883ae20af2b4f7125 [CANDIDATE]: Term 1 election: Election decided. Result: candidate won. Election summary: received 2 responses out of 3 voters: 2 yes votes; 0 no votes. yes voters: 4eb9da889aee4ae09c97ae0d24b11058, 6ea307c0f73a40f883ae20af2b4f7125; no voters: 
I20260608 09:55:53.600490  8057 raft_consensus.cc:2804] T be41f942f0894a03a43907540bbd5b88 P 6ea307c0f73a40f883ae20af2b4f7125 [term 1 FOLLOWER]: Leader election won for term 1
I20260608 09:55:53.603504  8002 tablet_service.cc:1917] Received RequestConsensusVote() RPC: tablet_id: "be41f942f0894a03a43907540bbd5b88" candidate_uuid: "6ea307c0f73a40f883ae20af2b4f7125" candidate_term: 1 candidate_status { last_received { term: 0 index: 0 } } ignore_live_leader: false dest_uuid: "7364c7f9fd374a28b7ce64010f8b6d56"
W20260608 09:55:53.604883  7894 leader_election.cc:343] T be41f942f0894a03a43907540bbd5b88 P 6ea307c0f73a40f883ae20af2b4f7125 [CANDIDATE]: Term 1 election: Tablet error from VoteRequest() call to peer 7364c7f9fd374a28b7ce64010f8b6d56 (127.7.5.3:46411): Illegal state: must be running to vote when last-logged opid is not known
I20260608 09:55:53.605429  8082 leader_election.cc:290] T be41f942f0894a03a43907540bbd5b88 P 6ea307c0f73a40f883ae20af2b4f7125 [CANDIDATE]: Term 1 election: Requested vote from peers 4eb9da889aee4ae09c97ae0d24b11058 (127.7.5.1:39235), 7364c7f9fd374a28b7ce64010f8b6d56 (127.7.5.3:46411)
I20260608 09:55:53.608104  8059 raft_consensus.cc:515] T 390e5938faa24a3b9ddbe6cf14b57fa3 P 7364c7f9fd374a28b7ce64010f8b6d56 [term 1 FOLLOWER]: Starting leader election with config: opid_index: -1 OBSOLETE_local: false peers { permanent_uuid: "4eb9da889aee4ae09c97ae0d24b11058" member_type: VOTER last_known_addr { host: "127.7.5.1" port: 39235 } } peers { permanent_uuid: "6ea307c0f73a40f883ae20af2b4f7125" member_type: VOTER last_known_addr { host: "127.7.5.2" port: 37547 } } peers { permanent_uuid: "7364c7f9fd374a28b7ce64010f8b6d56" member_type: VOTER last_known_addr { host: "127.7.5.3" port: 46411 } }
I20260608 09:55:53.610764  7856 tablet_service.cc:1917] Received RequestConsensusVote() RPC: tablet_id: "390e5938faa24a3b9ddbe6cf14b57fa3" candidate_uuid: "7364c7f9fd374a28b7ce64010f8b6d56" candidate_term: 1 candidate_status { last_received { term: 0 index: 0 } } ignore_live_leader: false dest_uuid: "4eb9da889aee4ae09c97ae0d24b11058"
