I20260608 09:57:47.538463 19671 leader_election.cc:304] T 991976a103524bd9aff56ad003aba417 P 82aa5e3cdb19463ba0356b963e2dee24 [CANDIDATE]: Term 1 pre-election: Election decided. Result: candidate won. Election summary: received 2 responses out of 3 voters: 2 yes votes; 0 no votes. yes voters: 82aa5e3cdb19463ba0356b963e2dee24, 97b69ae57fdc43148432818655816244; no voters: 
I20260608 09:57:47.539244 19757 raft_consensus.cc:2804] T 991976a103524bd9aff56ad003aba417 P 82aa5e3cdb19463ba0356b963e2dee24 [term 0 FOLLOWER]: Leader pre-election won for term 1
I20260608 09:57:47.539624 19757 raft_consensus.cc:493] T 991976a103524bd9aff56ad003aba417 P 82aa5e3cdb19463ba0356b963e2dee24 [term 0 FOLLOWER]: Starting leader election (no leader contacted us within the election timeout)
I20260608 09:57:47.539896 19757 raft_consensus.cc:3060] T 991976a103524bd9aff56ad003aba417 P 82aa5e3cdb19463ba0356b963e2dee24 [term 0 FOLLOWER]: Advancing to term 1
I20260608 09:57:47.544773 19757 raft_consensus.cc:515] T 991976a103524bd9aff56ad003aba417 P 82aa5e3cdb19463ba0356b963e2dee24 [term 1 FOLLOWER]: Starting leader election with config: opid_index: -1 OBSOLETE_local: false peers { permanent_uuid: "97b69ae57fdc43148432818655816244" member_type: VOTER last_known_addr { host: "127.14.180.129" port: 45401 } } peers { permanent_uuid: "cae0cc14f08341818f13afcbb0ef26ae" member_type: VOTER last_known_addr { host: "127.14.180.130" port: 34927 } } peers { permanent_uuid: "82aa5e3cdb19463ba0356b963e2dee24" member_type: VOTER last_known_addr { host: "127.14.180.131" port: 42183 } }
I20260608 09:57:47.546739 19757 leader_election.cc:290] T 991976a103524bd9aff56ad003aba417 P 82aa5e3cdb19463ba0356b963e2dee24 [CANDIDATE]: Term 1 election: Requested vote from peers 97b69ae57fdc43148432818655816244 (127.14.180.129:45401), cae0cc14f08341818f13afcbb0ef26ae (127.14.180.130:34927)
I20260608 09:57:47.547384 19556 tablet_service.cc:1917] Received RequestConsensusVote() RPC: tablet_id: "991976a103524bd9aff56ad003aba417" candidate_uuid: "82aa5e3cdb19463ba0356b963e2dee24" candidate_term: 1 candidate_status { last_received { term: 0 index: 0 } } ignore_live_leader: false dest_uuid: "97b69ae57fdc43148432818655816244"
I20260608 09:57:47.547931 19556 raft_consensus.cc:3060] T 991976a103524bd9aff56ad003aba417 P 97b69ae57fdc43148432818655816244 [term 0 FOLLOWER]: Advancing to term 1
I20260608 09:57:47.547977 19630 tablet_service.cc:1917] Received RequestConsensusVote() RPC: tablet_id: "991976a103524bd9aff56ad003aba417" candidate_uuid: "82aa5e3cdb19463ba0356b963e2dee24" candidate_term: 1 candidate_status { last_received { term: 0 index: 0 } } ignore_live_leader: false dest_uuid: "cae0cc14f08341818f13afcbb0ef26ae"
I20260608 09:57:47.548712 19630 raft_consensus.cc:3060] T 991976a103524bd9aff56ad003aba417 P cae0cc14f08341818f13afcbb0ef26ae [term 0 FOLLOWER]: Advancing to term 1
I20260608 09:57:47.549737 19757 consensus_queue.cc:1048] T 0b995143fd004389998a5b2a6c975b07 P 82aa5e3cdb19463ba0356b963e2dee24 [LEADER]: Connected to new peer: Peer: permanent_uuid: "97b69ae57fdc43148432818655816244" member_type: VOTER last_known_addr { host: "127.14.180.129" port: 45401 }, Status: LMP_MISMATCH, Last received: 0.0, Next index: 1, Last known committed idx: 0, Time since last communication: 0.001s
I20260608 09:57:47.554405 19556 raft_consensus.cc:2468] T 991976a103524bd9aff56ad003aba417 P 97b69ae57fdc43148432818655816244 [term 1 FOLLOWER]: Leader election vote request: Granting yes vote for candidate 82aa5e3cdb19463ba0356b963e2dee24 in term 1.
I20260608 09:57:47.555867 19630 raft_consensus.cc:2468] T 991976a103524bd9aff56ad003aba417 P cae0cc14f08341818f13afcbb0ef26ae [term 1 FOLLOWER]: Leader election vote request: Granting yes vote for candidate 82aa5e3cdb19463ba0356b963e2dee24 in term 1.
I20260608 09:57:47.556066 19671 leader_election.cc:304] T 991976a103524bd9aff56ad003aba417 P 82aa5e3cdb19463ba0356b963e2dee24 [CANDIDATE]: Term 1 election: Election decided. Result: candidate won. Election summary: received 2 responses out of 3 voters: 2 yes votes; 0 no votes. yes voters: 82aa5e3cdb19463ba0356b963e2dee24, 97b69ae57fdc43148432818655816244; no voters: 
I20260608 09:57:47.557061 19757 raft_consensus.cc:2804] T 991976a103524bd9aff56ad003aba417 P 82aa5e3cdb19463ba0356b963e2dee24 [term 1 FOLLOWER]: Leader election won for term 1
I20260608 09:57:47.557548 19757 raft_consensus.cc:697] T 991976a103524bd9aff56ad003aba417 P 82aa5e3cdb19463ba0356b963e2dee24 [term 1 LEADER]: Becoming Leader. State: Replica: 82aa5e3cdb19463ba0356b963e2dee24, State: Running, Role: LEADER
I20260608 09:57:47.558419 19757 consensus_queue.cc:237] T 991976a103524bd9aff56ad003aba417 P 82aa5e3cdb19463ba0356b963e2dee24 [LEADER]: Queue going to LEADER mode. State: All replicated index: 0, Majority replicated index: 0, Committed index: 0, Last appended: 0.0, Last appended by leader: 0, Current term: 1, Majority size: 2, State: 0, Mode: LEADER, active raft config: opid_index: -1 OBSOLETE_local: false peers { permanent_uuid: "97b69ae57fdc43148432818655816244" member_type: VOTER last_known_addr { host: "127.14.180.129" port: 45401 } } peers { permanent_uuid: "cae0cc14f08341818f13afcbb0ef26ae" member_type: VOTER last_known_addr { host: "127.14.180.130" port: 34927 } } peers { permanent_uuid: "82aa5e3cdb19463ba0356b963e2dee24" member_type: VOTER last_known_addr { host: "127.14.180.131" port: 42183 } }
I20260608 09:57:47.567515 19758 raft_consensus.cc:493] T d3617644a35148d3a070a3ba041ee7e9 P 97b69ae57fdc43148432818655816244 [term 0 FOLLOWER]: Starting pre-election (no leader contacted us within the election timeout)
I20260608 09:57:47.568168 19758 raft_consensus.cc:515] T d3617644a35148d3a070a3ba041ee7e9 P 97b69ae57fdc43148432818655816244 [term 0 FOLLOWER]: Starting pre-election with config: opid_index: -1 OBSOLETE_local: false peers { permanent_uuid: "97b69ae57fdc43148432818655816244" member_type: VOTER last_known_addr { host: "127.14.180.129" port: 45401 } } peers { permanent_uuid: "cae0cc14f08341818f13afcbb0ef26ae" member_type: VOTER last_known_addr { host: "127.14.180.130" port: 34927 } } peers { permanent_uuid: "82aa5e3cdb19463ba0356b963e2dee24" member_type: VOTER last_known_addr { host: "127.14.180.131" port: 42183 } }
I20260608 09:57:47.569716 19453 catalog_manager.cc:5696] T 991976a103524bd9aff56ad003aba417 P 82aa5e3cdb19463ba0356b963e2dee24 reported cstate change: term changed from 0 to 1, leader changed from <none> to 82aa5e3cdb19463ba0356b963e2dee24 (127.14.180.131). New cstate: current_term: 1 leader_uuid: "82aa5e3cdb19463ba0356b963e2dee24" committed_config { opid_index: -1 OBSOLETE_local: false peers { permanent_uuid: "97b69ae57fdc43148432818655816244" member_type: VOTER last_known_addr { host: "127.14.180.129" port: 45401 } health_report { overall_health: UNKNOWN } } peers { permanent_uuid: "cae0cc14f08341818f13afcbb0ef26ae" member_type: VOTER last_known_addr { host: "127.14.180.130" port: 34927 } health_report { overall_health: UNKNOWN } } peers { permanent_uuid: "82aa5e3cdb19463ba0356b963e2dee24" member_type: VOTER last_known_addr { host: "127.14.180.131" port: 42183 } health_report { overall_health: HEALTHY } } }
I20260608 09:57:47.571429 19758 leader_election.cc:290] T d3617644a35148d3a070a3ba041ee7e9 P 97b69ae57fdc43148432818655816244 [CANDIDATE]: Term 1 pre-election: Requested pre-vote from peers cae0cc14f08341818f13afcbb0ef26ae (127.14.180.130:34927), 82aa5e3cdb19463ba0356b963e2dee24 (127.14.180.131:42183)
I20260608 09:57:47.572844 19704 tablet_service.cc:1917] Received RequestConsensusVote() RPC: tablet_id: "d3617644a35148d3a070a3ba041ee7e9" candidate_uuid: "97b69ae57fdc43148432818655816244" candidate_term: 1 candidate_status { last_received { term: 0 index: 0 } } ignore_live_leader: false dest_uuid: "82aa5e3cdb19463ba0356b963e2dee24" is_pre_election: true
I20260608 09:57:47.573558 19704 raft_consensus.cc:2468] T d3617644a35148d3a070a3ba041ee7e9 P 82aa5e3cdb19463ba0356b963e2dee24 [term 0 FOLLOWER]: Leader pre-election vote request: Granting yes vote for candidate 97b69ae57fdc43148432818655816244 in term 0.
I20260608 09:57:47.574143 19757 raft_consensus.cc:493] T 57b117a30e3f4087890910b96ce4cb18 P 82aa5e3cdb19463ba0356b963e2dee24 [term 0 FOLLOWER]: Starting pre-election (no leader contacted us within the election timeout)
I20260608 09:57:47.574693 19757 raft_consensus.cc:515] T 57b117a30e3f4087890910b96ce4cb18 P 82aa5e3cdb19463ba0356b963e2dee24 [term 0 FOLLOWER]: Starting pre-election with config: opid_index: -1 OBSOLETE_local: false peers { permanent_uuid: "97b69ae57fdc43148432818655816244" member_type: VOTER last_known_addr { host: "127.14.180.129" port: 45401 } } peers { permanent_uuid: "cae0cc14f08341818f13afcbb0ef26ae" member_type: VOTER last_known_addr { host: "127.14.180.130" port: 34927 } } peers { permanent_uuid: "82aa5e3cdb19463ba0356b963e2dee24" member_type: VOTER last_known_addr { host: "127.14.180.131" port: 42183 } }
I20260608 09:57:47.575169 19630 tablet_service.cc:1917] Received RequestConsensusVote() RPC: tablet_id: "d3617644a35148d3a070a3ba041ee7e9" candidate_uuid: "97b69ae57fdc43148432818655816244" candidate_term: 1 candidate_status { last_received { term: 0 index: 0 } } ignore_live_leader: false dest_uuid: "cae0cc14f08341818f13afcbb0ef26ae" is_pre_election: true
I20260608 09:57:47.575846 19630 raft_consensus.cc:2468] T d3617644a35148d3a070a3ba041ee7e9 P cae0cc14f08341818f13afcbb0ef26ae [term 0 FOLLOWER]: Leader pre-election vote request: Granting yes vote for candidate 97b69ae57fdc43148432818655816244 in term 0.
I20260608 09:57:47.576893 19519 leader_election.cc:304] T d3617644a35148d3a070a3ba041ee7e9 P 97b69ae57fdc43148432818655816244 [CANDIDATE]: Term 1 pre-election: Election decided. Result: candidate won. Election summary: received 2 responses out of 3 voters: 2 yes votes; 0 no votes. yes voters: 82aa5e3cdb19463ba0356b963e2dee24, 97b69ae57fdc43148432818655816244; no voters: 
I20260608 09:57:47.577778 19758 raft_consensus.cc:2804] T d3617644a35148d3a070a3ba041ee7e9 P 97b69ae57fdc43148432818655816244 [term 0 FOLLOWER]: Leader pre-election won for term 1
I20260608 09:57:47.577840 19757 leader_election.cc:290] T 57b117a30e3f4087890910b96ce4cb18 P 82aa5e3cdb19463ba0356b963e2dee24 [CANDIDATE]: Term 1 pre-election: Requested pre-vote from peers 97b69ae57fdc43148432818655816244 (127.14.180.129:45401), cae0cc14f08341818f13afcbb0ef26ae (127.14.180.130:34927)
I20260608 09:57:47.578416 19758 raft_consensus.cc:493] T d3617644a35148d3a070a3ba041ee7e9 P 97b69ae57fdc43148432818655816244 [term 0 FOLLOWER]: Starting leader election (no leader contacted us within the election timeout)
I20260608 09:57:47.578943 19758 raft_consensus.cc:3060] T d3617644a35148d3a070a3ba041ee7e9 P 97b69ae57fdc43148432818655816244 [term 0 FOLLOWER]: Advancing to term 1
I20260608 09:57:47.580163 19555 tablet_service.cc:1917] Received RequestConsensusVote() RPC: tablet_id: "57b117a30e3f4087890910b96ce4cb18" candidate_uuid: "82aa5e3cdb19463ba0356b963e2dee24" candidate_term: 1 candidate_status { last_received { term: 0 index: 0 } } ignore_live_leader: false dest_uuid: "97b69ae57fdc43148432818655816244" is_pre_election: true
I20260608 09:57:47.581149 19555 raft_consensus.cc:2393] T 57b117a30e3f4087890910b96ce4cb18 P 97b69ae57fdc43148432818655816244 [term 1 FOLLOWER]: Leader pre-election vote request: Denying vote to candidate 82aa5e3cdb19463ba0356b963e2dee24 in current term 1: Already voted for candidate cae0cc14f08341818f13afcbb0ef26ae in this term.
I20260608 09:57:47.583041 19630 tablet_service.cc:1917] Received RequestConsensusVote() RPC: tablet_id: "57b117a30e3f4087890910b96ce4cb18" candidate_uuid: "82aa5e3cdb19463ba0356b963e2dee24" candidate_term: 1 candidate_status { last_received { term: 0 index: 0 } } ignore_live_leader: false dest_uuid: "cae0cc14f08341818f13afcbb0ef26ae" is_pre_election: true
I20260608 09:57:47.585736 19670 leader_election.cc:304] T 57b117a30e3f4087890910b96ce4cb18 P 82aa5e3cdb19463ba0356b963e2dee24 [CANDIDATE]: Term 1 pre-election: Election decided. Result: candidate lost. Election summary: received 3 responses out of 3 voters: 1 yes votes; 2 no votes. yes voters: 82aa5e3cdb19463ba0356b963e2dee24; no voters: 97b69ae57fdc43148432818655816244, cae0cc14f08341818f13afcbb0ef26ae
I20260608 09:57:47.587217 19785 raft_consensus.cc:3060] T 57b117a30e3f4087890910b96ce4cb18 P 82aa5e3cdb19463ba0356b963e2dee24 [term 0 FOLLOWER]: Advancing to term 1
I20260608 09:57:47.587606 19776 consensus_queue.cc:1048] T 0b995143fd004389998a5b2a6c975b07 P 82aa5e3cdb19463ba0356b963e2dee24 [LEADER]: Connected to new peer: Peer: permanent_uuid: "cae0cc14f08341818f13afcbb0ef26ae" member_type: VOTER last_known_addr { host: "127.14.180.130" port: 34927 }, Status: LMP_MISMATCH, Last received: 0.0, Next index: 1, Last known committed idx: 0, Time since last communication: 0.001s
I20260608 09:57:47.587620 19758 raft_consensus.cc:515] T d3617644a35148d3a070a3ba041ee7e9 P 97b69ae57fdc43148432818655816244 [term 1 FOLLOWER]: Starting leader election with config: opid_index: -1 OBSOLETE_local: false peers { permanent_uuid: "97b69ae57fdc43148432818655816244" member_type: VOTER last_known_addr { host: "127.14.180.129" port: 45401 } } peers { permanent_uuid: "cae0cc14f08341818f13afcbb0ef26ae" member_type: VOTER last_known_addr { host: "127.14.180.130" port: 34927 } } peers { permanent_uuid: "82aa5e3cdb19463ba0356b963e2dee24" member_type: VOTER last_known_addr { host: "127.14.180.131" port: 42183 } }
I20260608 09:57:47.591020 19631 tablet_service.cc:1917] Received RequestConsensusVote() RPC: tablet_id: "d3617644a35148d3a070a3ba041ee7e9" candidate_uuid: "97b69ae57fdc43148432818655816244" candidate_term: 1 candidate_status { last_received { term: 0 index: 0 } } ignore_live_leader: false dest_uuid: "cae0cc14f08341818f13afcbb0ef26ae"
I20260608 09:57:47.591678 19631 raft_consensus.cc:3060] T d3617644a35148d3a070a3ba041ee7e9 P cae0cc14f08341818f13afcbb0ef26ae [term 0 FOLLOWER]: Advancing to term 1
I20260608 09:57:47.593851 19783 raft_consensus.cc:493] T b5efebbd1a4348a7b907dd725280426d P cae0cc14f08341818f13afcbb0ef26ae [term 0 FOLLOWER]: Starting pre-election (no leader contacted us within the election timeout)
I20260608 09:57:47.595157 19785 raft_consensus.cc:2749] T 57b117a30e3f4087890910b96ce4cb18 P 82aa5e3cdb19463ba0356b963e2dee24 [term 1 FOLLOWER]: Leader pre-election lost for term 1. Reason: could not achieve majority
I20260608 09:57:47.594630 19783 raft_consensus.cc:515] T b5efebbd1a4348a7b907dd725280426d P cae0cc14f08341818f13afcbb0ef26ae [term 0 FOLLOWER]: Starting pre-election with config: opid_index: -1 OBSOLETE_local: false peers { permanent_uuid: "97b69ae57fdc43148432818655816244" member_type: VOTER last_known_addr { host: "127.14.180.129" port: 45401 } } peers { permanent_uuid: "cae0cc14f08341818f13afcbb0ef26ae" member_type: VOTER last_known_addr { host: "127.14.180.130" port: 34927 } } peers { permanent_uuid: "82aa5e3cdb19463ba0356b963e2dee24" member_type: VOTER last_known_addr { host: "127.14.180.131" port: 42183 } }
I20260608 09:57:47.598628 19758 leader_election.cc:290] T d3617644a35148d3a070a3ba041ee7e9 P 97b69ae57fdc43148432818655816244 [CANDIDATE]: Term 1 election: Requested vote from peers cae0cc14f08341818f13afcbb0ef26ae (127.14.180.130:34927), 82aa5e3cdb19463ba0356b963e2dee24 (127.14.180.131:42183)
I20260608 09:57:47.599694 19783 leader_election.cc:290] T b5efebbd1a4348a7b907dd725280426d P cae0cc14f08341818f13afcbb0ef26ae [CANDIDATE]: Term 1 pre-election: Requested pre-vote from peers 97b69ae57fdc43148432818655816244 (127.14.180.129:45401), 82aa5e3cdb19463ba0356b963e2dee24 (127.14.180.131:42183)
I20260608 09:57:47.599933 19704 tablet_service.cc:1917] Received RequestConsensusVote() RPC: tablet_id: "b5efebbd1a4348a7b907dd725280426d" candidate_uuid: "cae0cc14f08341818f13afcbb0ef26ae" candidate_term: 1 candidate_status { last_received { term: 0 index: 0 } } ignore_live_leader: false dest_uuid: "82aa5e3cdb19463ba0356b963e2dee24" is_pre_election: true
I20260608 09:57:47.600656 19704 raft_consensus.cc:2468] T b5efebbd1a4348a7b907dd725280426d P 82aa5e3cdb19463ba0356b963e2dee24 [term 0 FOLLOWER]: Leader pre-election vote request: Granting yes vote for candidate cae0cc14f08341818f13afcbb0ef26ae in term 0.
I20260608 09:57:47.602305 19705 tablet_service.cc:1917] Received RequestConsensusVote() RPC: tablet_id: "d3617644a35148d3a070a3ba041ee7e9" candidate_uuid: "97b69ae57fdc43148432818655816244" candidate_term: 1 candidate_status { last_received { term: 0 index: 0 } } ignore_live_leader: false dest_uuid: "82aa5e3cdb19463ba0356b963e2dee24"
I20260608 09:57:47.602954 19705 raft_consensus.cc:3060] T d3617644a35148d3a070a3ba041ee7e9 P 82aa5e3cdb19463ba0356b963e2dee24 [term 0 FOLLOWER]: Advancing to term 1
I20260608 09:57:47.603681 19631 raft_consensus.cc:2468] T d3617644a35148d3a070a3ba041ee7e9 P cae0cc14f08341818f13afcbb0ef26ae [term 1 FOLLOWER]: Leader election vote request: Granting yes vote for candidate 97b69ae57fdc43148432818655816244 in term 1.
I20260608 09:57:47.604854 19594 leader_election.cc:304] T b5efebbd1a4348a7b907dd725280426d P cae0cc14f08341818f13afcbb0ef26ae [CANDIDATE]: Term 1 pre-election: Election decided. Result: candidate won. Election summary: received 2 responses out of 3 voters: 2 yes votes; 0 no votes. yes voters: 82aa5e3cdb19463ba0356b963e2dee24, cae0cc14f08341818f13afcbb0ef26ae; no voters: 
I20260608 09:57:47.605737 19783 raft_consensus.cc:2804] T b5efebbd1a4348a7b907dd725280426d P cae0cc14f08341818f13afcbb0ef26ae [term 0 FOLLOWER]: Leader pre-election won for term 1
I20260608 09:57:47.606434 19783 raft_consensus.cc:493] T b5efebbd1a4348a7b907dd725280426d P cae0cc14f08341818f13afcbb0ef26ae [term 0 FOLLOWER]: Starting leader election (no leader contacted us within the election timeout)
I20260608 09:57:47.606626 19521 leader_election.cc:304] T d3617644a35148d3a070a3ba041ee7e9 P 97b69ae57fdc43148432818655816244 [CANDIDATE]: Term 1 election: Election decided. Result: candidate won. Election summary: received 2 responses out of 3 voters: 2 yes votes; 0 no votes. yes voters: 97b69ae57fdc43148432818655816244, cae0cc14f08341818f13afcbb0ef26ae; no voters: 
I20260608 09:57:47.606886 19783 raft_consensus.cc:3060] T b5efebbd1a4348a7b907dd725280426d P cae0cc14f08341818f13afcbb0ef26ae [term 0 FOLLOWER]: Advancing to term 1
I20260608 09:57:47.607242 19756 consensus_queue.cc:1048] T 57b117a30e3f4087890910b96ce4cb18 P cae0cc14f08341818f13afcbb0ef26ae [LEADER]: Connected to new peer: Peer: permanent_uuid: "97b69ae57fdc43148432818655816244" member_type: VOTER last_known_addr { host: "127.14.180.129" port: 45401 }, Status: LMP_MISMATCH, Last received: 0.0, Next index: 1, Last known committed idx: 0, Time since last communication: 0.000s
I20260608 09:57:47.599933 19556 tablet_service.cc:1917] Received RequestConsensusVote() RPC: tablet_id: "b5efebbd1a4348a7b907dd725280426d" candidate_uuid: "cae0cc14f08341818f13afcbb0ef26ae" candidate_term: 1 candidate_status { last_received { term: 0 index: 0 } } ignore_live_leader: false dest_uuid: "97b69ae57fdc43148432818655816244" is_pre_election: true
I20260608 09:57:47.609576 19556 raft_consensus.cc:2468] T b5efebbd1a4348a7b907dd725280426d P 97b69ae57fdc43148432818655816244 [term 0 FOLLOWER]: Leader pre-election vote request: Granting yes vote for candidate cae0cc14f08341818f13afcbb0ef26ae in term 0.
I20260608 09:57:47.611624 19784 raft_consensus.cc:2804] T d3617644a35148d3a070a3ba041ee7e9 P 97b69ae57fdc43148432818655816244 [term 1 FOLLOWER]: Leader election won for term 1
I20260608 09:57:47.612181 19784 raft_consensus.cc:697] T d3617644a35148d3a070a3ba041ee7e9 P 97b69ae57fdc43148432818655816244 [term 1 LEADER]: Becoming Leader. State: Replica: 97b69ae57fdc43148432818655816244, State: Running, Role: LEADER
I20260608 09:57:47.613360 19784 consensus_queue.cc:237] T d3617644a35148d3a070a3ba041ee7e9 P 97b69ae57fdc43148432818655816244 [LEADER]: Queue going to LEADER mode. State: All replicated index: 0, Majority replicated index: 0, Committed index: 0, Last appended: 0.0, Last appended by leader: 0, Current term: 1, Majority size: 2, State: 0, Mode: LEADER, active raft config: opid_index: -1 OBSOLETE_local: false peers { permanent_uuid: "97b69ae57fdc43148432818655816244" member_type: VOTER last_known_addr { host: "127.14.180.129" port: 45401 } } peers { permanent_uuid: "cae0cc14f08341818f13afcbb0ef26ae" member_type: VOTER last_known_addr { host: "127.14.180.130" port: 34927 } } peers { permanent_uuid: "82aa5e3cdb19463ba0356b963e2dee24" member_type: VOTER last_known_addr { host: "127.14.180.131" port: 42183 } }
I20260608 09:57:47.616102 19783 raft_consensus.cc:515] T b5efebbd1a4348a7b907dd725280426d P cae0cc14f08341818f13afcbb0ef26ae [term 1 FOLLOWER]: Starting leader election with config: opid_index: -1 OBSOLETE_local: false peers { permanent_uuid: "97b69ae57fdc43148432818655816244" member_type: VOTER last_known_addr { host: "127.14.180.129" port: 45401 } } peers { permanent_uuid: "cae0cc14f08341818f13afcbb0ef26ae" member_type: VOTER last_known_addr { host: "127.14.180.130" port: 34927 } } peers { permanent_uuid: "82aa5e3cdb19463ba0356b963e2dee24" member_type: VOTER last_known_addr { host: "127.14.180.131" port: 42183 } }
I20260608 09:57:47.620918 19556 tablet_service.cc:1917] Received RequestConsensusVote() RPC: tablet_id: "b5efebbd1a4348a7b907dd725280426d" candidate_uuid: "cae0cc14f08341818f13afcbb0ef26ae" candidate_term: 1 candidate_status { last_received { term: 0 index: 0 } } ignore_live_leader: false dest_uuid: "97b69ae57fdc43148432818655816244"
I20260608 09:57:47.621572 19556 raft_consensus.cc:3060] T b5efebbd1a4348a7b907dd725280426d P 97b69ae57fdc43148432818655816244 [term 0 FOLLOWER]: Advancing to term 1
I20260608 09:57:47.622792 19704 tablet_service.cc:1917] Received RequestConsensusVote() RPC: tablet_id: "b5efebbd1a4348a7b907dd725280426d" candidate_uuid: "cae0cc14f08341818f13afcbb0ef26ae" candidate_term: 1 candidate_status { last_received { term: 0 index: 0 } } ignore_live_leader: false dest_uuid: "82aa5e3cdb19463ba0356b963e2dee24"
I20260608 09:57:47.623441 19704 raft_consensus.cc:3060] T b5efebbd1a4348a7b907dd725280426d P 82aa5e3cdb19463ba0356b963e2dee24 [term 0 FOLLOWER]: Advancing to term 1
I20260608 09:57:47.630009 19556 raft_consensus.cc:2468] T b5efebbd1a4348a7b907dd725280426d P 97b69ae57fdc43148432818655816244 [term 1 FOLLOWER]: Leader election vote request: Granting yes vote for candidate cae0cc14f08341818f13afcbb0ef26ae in term 1.
I20260608 09:57:47.631055 19783 leader_election.cc:290] T b5efebbd1a4348a7b907dd725280426d P cae0cc14f08341818f13afcbb0ef26ae [CANDIDATE]: Term 1 election: Requested vote from peers 97b69ae57fdc43148432818655816244 (127.14.180.129:45401), 82aa5e3cdb19463ba0356b963e2dee24 (127.14.180.131:42183)
I20260608 09:57:47.631579 19597 leader_election.cc:304] T b5efebbd1a4348a7b907dd725280426d P cae0cc14f08341818f13afcbb0ef26ae [CANDIDATE]: Term 1 election: Election decided. Result: candidate won. Election summary: received 2 responses out of 3 voters: 2 yes votes; 0 no votes. yes voters: 97b69ae57fdc43148432818655816244, cae0cc14f08341818f13afcbb0ef26ae; no voters: 
I20260608 09:57:47.632341 19704 raft_consensus.cc:2468] T b5efebbd1a4348a7b907dd725280426d P 82aa5e3cdb19463ba0356b963e2dee24 [term 1 FOLLOWER]: Leader election vote request: Granting yes vote for candidate cae0cc14f08341818f13afcbb0ef26ae in term 1.
I20260608 09:57:47.632638 19783 raft_consensus.cc:2804] T b5efebbd1a4348a7b907dd725280426d P cae0cc14f08341818f13afcbb0ef26ae [term 1 FOLLOWER]: Leader election won for term 1
I20260608 09:57:47.633445 19783 raft_consensus.cc:697] T b5efebbd1a4348a7b907dd725280426d P cae0cc14f08341818f13afcbb0ef26ae [term 1 LEADER]: Becoming Leader. State: Replica: cae0cc14f08341818f13afcbb0ef26ae, State: Running, Role: LEADER
I20260608 09:57:47.612154 19705 raft_consensus.cc:2468] T d3617644a35148d3a070a3ba041ee7e9 P 82aa5e3cdb19463ba0356b963e2dee24 [term 1 FOLLOWER]: Leader election vote request: Granting yes vote for candidate 97b69ae57fdc43148432818655816244 in term 1.
I20260608 09:57:47.634406 19783 consensus_queue.cc:237] T b5efebbd1a4348a7b907dd725280426d P cae0cc14f08341818f13afcbb0ef26ae [LEADER]: Queue going to LEADER mode. State: All replicated index: 0, Majority replicated index: 0, Committed index: 0, Last appended: 0.0, Last appended by leader: 0, Current term: 1, Majority size: 2, State: 0, Mode: LEADER, active raft config: opid_index: -1 OBSOLETE_local: false peers { permanent_uuid: "97b69ae57fdc43148432818655816244" member_type: VOTER last_known_addr { host: "127.14.180.129" port: 45401 } } peers { permanent_uuid: "cae0cc14f08341818f13afcbb0ef26ae" member_type: VOTER last_known_addr { host: "127.14.180.130" port: 34927 } } peers { permanent_uuid: "82aa5e3cdb19463ba0356b963e2dee24" member_type: VOTER last_known_addr { host: "127.14.180.131" port: 42183 } }
I20260608 09:57:47.647570 19453 catalog_manager.cc:5696] T b5efebbd1a4348a7b907dd725280426d P cae0cc14f08341818f13afcbb0ef26ae reported cstate change: term changed from 0 to 1, leader changed from <none> to cae0cc14f08341818f13afcbb0ef26ae (127.14.180.130). New cstate: current_term: 1 leader_uuid: "cae0cc14f08341818f13afcbb0ef26ae" committed_config { opid_index: -1 OBSOLETE_local: false peers { permanent_uuid: "97b69ae57fdc43148432818655816244" member_type: VOTER last_known_addr { host: "127.14.180.129" port: 45401 } health_report { overall_health: UNKNOWN } } peers { permanent_uuid: "cae0cc14f08341818f13afcbb0ef26ae" member_type: VOTER last_known_addr { host: "127.14.180.130" port: 34927 } health_report { overall_health: HEALTHY } } peers { permanent_uuid: "82aa5e3cdb19463ba0356b963e2dee24" member_type: VOTER last_known_addr { host: "127.14.180.131" port: 42183 } health_report { overall_health: UNKNOWN } } }
I20260608 09:57:47.649492 19451 catalog_manager.cc:5696] T d3617644a35148d3a070a3ba041ee7e9 P 97b69ae57fdc43148432818655816244 reported cstate change: term changed from 0 to 1, leader changed from <none> to 97b69ae57fdc43148432818655816244 (127.14.180.129). New cstate: current_term: 1 leader_uuid: "97b69ae57fdc43148432818655816244" committed_config { opid_index: -1 OBSOLETE_local: false peers { permanent_uuid: "97b69ae57fdc43148432818655816244" member_type: VOTER last_known_addr { host: "127.14.180.129" port: 45401 } health_report { overall_health: HEALTHY } } peers { permanent_uuid: "cae0cc14f08341818f13afcbb0ef26ae" member_type: VOTER last_known_addr { host: "127.14.180.130" port: 34927 } health_report { overall_health: UNKNOWN } } peers { permanent_uuid: "82aa5e3cdb19463ba0356b963e2dee24" member_type: VOTER last_known_addr { host: "127.14.180.131" port: 42183 } health_report { overall_health: UNKNOWN } } }
I20260608 09:57:47.654799 19783 consensus_queue.cc:1048] T 57b117a30e3f4087890910b96ce4cb18 P cae0cc14f08341818f13afcbb0ef26ae [LEADER]: Connected to new peer: Peer: permanent_uuid: "82aa5e3cdb19463ba0356b963e2dee24" member_type: VOTER last_known_addr { host: "127.14.180.131" port: 42183 }, Status: LMP_MISMATCH, Last received: 0.0, Next index: 1, Last known committed idx: 0, Time since last communication: 0.000s
I20260608 09:57:47.668133 19783 consensus_queue.cc:1048] T ec5e9ce056b848abbb2bb19df1bf1a20 P cae0cc14f08341818f13afcbb0ef26ae [LEADER]: Connected to new peer: Peer: permanent_uuid: "82aa5e3cdb19463ba0356b963e2dee24" member_type: VOTER last_known_addr { host: "127.14.180.131" port: 42183 }, Status: LMP_MISMATCH, Last received: 0.0, Next index: 1, Last known committed idx: 0, Time since last communication: 0.000s
I20260608 09:57:47.676429 19783 raft_consensus.cc:493] T 8c9e2ea322354cbe8f73b23e3fd618e3 P cae0cc14f08341818f13afcbb0ef26ae [term 0 FOLLOWER]: Starting pre-election (no leader contacted us within the election timeout)
I20260608 09:57:47.676944 19783 raft_consensus.cc:515] T 8c9e2ea322354cbe8f73b23e3fd618e3 P cae0cc14f08341818f13afcbb0ef26ae [term 0 FOLLOWER]: Starting pre-election with config: opid_index: -1 OBSOLETE_local: false peers { permanent_uuid: "97b69ae57fdc43148432818655816244" member_type: VOTER last_known_addr { host: "127.14.180.129" port: 45401 } } peers { permanent_uuid: "cae0cc14f08341818f13afcbb0ef26ae" member_type: VOTER last_known_addr { host: "127.14.180.130" port: 34927 } } peers { permanent_uuid: "82aa5e3cdb19463ba0356b963e2dee24" member_type: VOTER last_known_addr { host: "127.14.180.131" port: 42183 } }
I20260608 09:57:47.679183 19783 leader_election.cc:290] T 8c9e2ea322354cbe8f73b23e3fd618e3 P cae0cc14f08341818f13afcbb0ef26ae [CANDIDATE]: Term 1 pre-election: Requested pre-vote from peers 97b69ae57fdc43148432818655816244 (127.14.180.129:45401), 82aa5e3cdb19463ba0356b963e2dee24 (127.14.180.131:42183)
I20260608 09:57:47.680397 19555 tablet_service.cc:1917] Received RequestConsensusVote() RPC: tablet_id: "8c9e2ea322354cbe8f73b23e3fd618e3" candidate_uuid: "cae0cc14f08341818f13afcbb0ef26ae" candidate_term: 1 candidate_status { last_received { term: 0 index: 0 } } ignore_live_leader: false dest_uuid: "97b69ae57fdc43148432818655816244" is_pre_election: true
I20260608 09:57:47.681079 19555 raft_consensus.cc:2468] T 8c9e2ea322354cbe8f73b23e3fd618e3 P 97b69ae57fdc43148432818655816244 [term 0 FOLLOWER]: Leader pre-election vote request: Granting yes vote for candidate cae0cc14f08341818f13afcbb0ef26ae in term 0.
I20260608 09:57:47.681612 19704 tablet_service.cc:1917] Received RequestConsensusVote() RPC: tablet_id: "8c9e2ea322354cbe8f73b23e3fd618e3" candidate_uuid: "cae0cc14f08341818f13afcbb0ef26ae" candidate_term: 1 candidate_status { last_received { term: 0 index: 0 } } ignore_live_leader: false dest_uuid: "82aa5e3cdb19463ba0356b963e2dee24" is_pre_election: true
I20260608 09:57:47.682353 19704 raft_consensus.cc:2468] T 8c9e2ea322354cbe8f73b23e3fd618e3 P 82aa5e3cdb19463ba0356b963e2dee24 [term 0 FOLLOWER]: Leader pre-election vote request: Granting yes vote for candidate cae0cc14f08341818f13afcbb0ef26ae in term 0.
I20260608 09:57:47.683437 19594 leader_election.cc:304] T 8c9e2ea322354cbe8f73b23e3fd618e3 P cae0cc14f08341818f13afcbb0ef26ae [CANDIDATE]: Term 1 pre-election: Election decided. Result: candidate won. Election summary: received 2 responses out of 3 voters: 2 yes votes; 0 no votes. yes voters: 82aa5e3cdb19463ba0356b963e2dee24, cae0cc14f08341818f13afcbb0ef26ae; no voters: 
I20260608 09:57:47.684288 19756 raft_consensus.cc:2804] T 8c9e2ea322354cbe8f73b23e3fd618e3 P cae0cc14f08341818f13afcbb0ef26ae [term 0 FOLLOWER]: Leader pre-election won for term 1
I20260608 09:57:47.684708 19756 raft_consensus.cc:493] T 8c9e2ea322354cbe8f73b23e3fd618e3 P cae0cc14f08341818f13afcbb0ef26ae [term 0 FOLLOWER]: Starting leader election (no leader contacted us within the election timeout)
I20260608 09:57:47.685104 19756 raft_consensus.cc:3060] T 8c9e2ea322354cbe8f73b23e3fd618e3 P cae0cc14f08341818f13afcbb0ef26ae [term 0 FOLLOWER]: Advancing to term 1
I20260608 09:57:47.688668 19790 consensus_queue.cc:1048] T ec5e9ce056b848abbb2bb19df1bf1a20 P cae0cc14f08341818f13afcbb0ef26ae [LEADER]: Connected to new peer: Peer: permanent_uuid: "97b69ae57fdc43148432818655816244" member_type: VOTER last_known_addr { host: "127.14.180.129" port: 45401 }, Status: LMP_MISMATCH, Last received: 0.0, Next index: 1, Last known committed idx: 0, Time since last communication: 0.001s
I20260608 09:57:47.696643 19756 raft_consensus.cc:515] T 8c9e2ea322354cbe8f73b23e3fd618e3 P cae0cc14f08341818f13afcbb0ef26ae [term 1 FOLLOWER]: Starting leader election with config: opid_index: -1 OBSOLETE_local: false peers { permanent_uuid: "97b69ae57fdc43148432818655816244" member_type: VOTER last_known_addr { host: "127.14.180.129" port: 45401 } } peers { permanent_uuid: "cae0cc14f08341818f13afcbb0ef26ae" member_type: VOTER last_known_addr { host: "127.14.180.130" port: 34927 } } peers { permanent_uuid: "82aa5e3cdb19463ba0356b963e2dee24" member_type: VOTER last_known_addr { host: "127.14.180.131" port: 42183 } }
I20260608 09:57:47.696810 19784 consensus_queue.cc:1048] T 10edd553b7f444cd96437c08f1cc4733 P 97b69ae57fdc43148432818655816244 [LEADER]: Connected to new peer: Peer: permanent_uuid: "82aa5e3cdb19463ba0356b963e2dee24" member_type: VOTER last_known_addr { host: "127.14.180.131" port: 42183 }, Status: LMP_MISMATCH, Last received: 0.0, Next index: 1, Last known committed idx: 0, Time since last communication: 0.000s
I20260608 09:57:47.702386 19756 leader_election.cc:290] T 8c9e2ea322354cbe8f73b23e3fd618e3 P cae0cc14f08341818f13afcbb0ef26ae [CANDIDATE]: Term 1 election: Requested vote from peers 97b69ae57fdc43148432818655816244 (127.14.180.129:45401), 82aa5e3cdb19463ba0356b963e2dee24 (127.14.180.131:42183)
I20260608 09:57:47.702322 19704 tablet_service.cc:1917] Received RequestConsensusVote() RPC: tablet_id: "8c9e2ea322354cbe8f73b23e3fd618e3" candidate_uuid: "cae0cc14f08341818f13afcbb0ef26ae" candidate_term: 1 candidate_status { last_received { term: 0 index: 0 } } ignore_live_leader: false dest_uuid: "82aa5e3cdb19463ba0356b963e2dee24"
I20260608 09:57:47.703542 19704 raft_consensus.cc:3060] T 8c9e2ea322354cbe8f73b23e3fd618e3 P 82aa5e3cdb19463ba0356b963e2dee24 [term 0 FOLLOWER]: Advancing to term 1
I20260608 09:57:47.702316 19556 tablet_service.cc:1917] Received RequestConsensusVote() RPC: tablet_id: "8c9e2ea322354cbe8f73b23e3fd618e3" candidate_uuid: "cae0cc14f08341818f13afcbb0ef26ae" candidate_term: 1 candidate_status { last_received { term: 0 index: 0 } } ignore_live_leader: false dest_uuid: "97b69ae57fdc43148432818655816244"
I20260608 09:57:47.706318 19556 raft_consensus.cc:3060] T 8c9e2ea322354cbe8f73b23e3fd618e3 P 97b69ae57fdc43148432818655816244 [term 0 FOLLOWER]: Advancing to term 1
I20260608 09:57:47.714334 19556 raft_consensus.cc:2468] T 8c9e2ea322354cbe8f73b23e3fd618e3 P 97b69ae57fdc43148432818655816244 [term 1 FOLLOWER]: Leader election vote request: Granting yes vote for candidate cae0cc14f08341818f13afcbb0ef26ae in term 1.
I20260608 09:57:47.717885 19704 raft_consensus.cc:2468] T 8c9e2ea322354cbe8f73b23e3fd618e3 P 82aa5e3cdb19463ba0356b963e2dee24 [term 1 FOLLOWER]: Leader election vote request: Granting yes vote for candidate cae0cc14f08341818f13afcbb0ef26ae in term 1.
I20260608 09:57:47.718367 19597 leader_election.cc:304] T 8c9e2ea322354cbe8f73b23e3fd618e3 P cae0cc14f08341818f13afcbb0ef26ae [CANDIDATE]: Term 1 election: Election decided. Result: candidate won. Election summary: received 2 responses out of 3 voters: 2 yes votes; 0 no votes. yes voters: 97b69ae57fdc43148432818655816244, cae0cc14f08341818f13afcbb0ef26ae; no voters: 
I20260608 09:57:47.720213 19756 raft_consensus.cc:2804] T 8c9e2ea322354cbe8f73b23e3fd618e3 P cae0cc14f08341818f13afcbb0ef26ae [term 1 FOLLOWER]: Leader election won for term 1
I20260608 09:57:47.720801 19756 raft_consensus.cc:697] T 8c9e2ea322354cbe8f73b23e3fd618e3 P cae0cc14f08341818f13afcbb0ef26ae [term 1 LEADER]: Becoming Leader. State: Replica: cae0cc14f08341818f13afcbb0ef26ae, State: Running, Role: LEADER
I20260608 09:57:47.724154 19778 consensus_queue.cc:1048] T 10edd553b7f444cd96437c08f1cc4733 P 97b69ae57fdc43148432818655816244 [LEADER]: Connected to new peer: Peer: permanent_uuid: "cae0cc14f08341818f13afcbb0ef26ae" member_type: VOTER last_known_addr { host: "127.14.180.130" port: 34927 }, Status: LMP_MISMATCH, Last received: 0.0, Next index: 1, Last known committed idx: 0, Time since last communication: 0.000s
I20260608 09:57:47.721772 19756 consensus_queue.cc:237] T 8c9e2ea322354cbe8f73b23e3fd618e3 P cae0cc14f08341818f13afcbb0ef26ae [LEADER]: Queue going to LEADER mode. State: All replicated index: 0, Majority replicated index: 0, Committed index: 0, Last appended: 0.0, Last appended by leader: 0, Current term: 1, Majority size: 2, State: 0, Mode: LEADER, active raft config: opid_index: -1 OBSOLETE_local: false peers { permanent_uuid: "97b69ae57fdc43148432818655816244" member_type: VOTER last_known_addr { host: "127.14.180.129" port: 45401 } } peers { permanent_uuid: "cae0cc14f08341818f13afcbb0ef26ae" member_type: VOTER last_known_addr { host: "127.14.180.130" port: 34927 } } peers { permanent_uuid: "82aa5e3cdb19463ba0356b963e2dee24" member_type: VOTER last_known_addr { host: "127.14.180.131" port: 42183 } }
I20260608 09:57:47.738649 19449 catalog_manager.cc:5696] T 8c9e2ea322354cbe8f73b23e3fd618e3 P cae0cc14f08341818f13afcbb0ef26ae reported cstate change: term changed from 0 to 1, leader changed from <none> to cae0cc14f08341818f13afcbb0ef26ae (127.14.180.130). New cstate: current_term: 1 leader_uuid: "cae0cc14f08341818f13afcbb0ef26ae" committed_config { opid_index: -1 OBSOLETE_local: false peers { permanent_uuid: "97b69ae57fdc43148432818655816244" member_type: VOTER last_known_addr { host: "127.14.180.129" port: 45401 } health_report { overall_health: UNKNOWN } } peers { permanent_uuid: "cae0cc14f08341818f13afcbb0ef26ae" member_type: VOTER last_known_addr { host: "127.14.180.130" port: 34927 } health_report { overall_health: HEALTHY } } peers { permanent_uuid: "82aa5e3cdb19463ba0356b963e2dee24" member_type: VOTER last_known_addr { host: "127.14.180.131" port: 42183 } health_report { overall_health: UNKNOWN } } }
I20260608 09:57:47.762531 19705 raft_consensus.cc:3060] T e755d510850f4311beda315c0d7c6a9e P 82aa5e3cdb19463ba0356b963e2dee24 [term 0 FOLLOWER]: Advancing to term 1
I20260608 09:57:47.768672 19756 consensus_queue.cc:1048] T e755d510850f4311beda315c0d7c6a9e P cae0cc14f08341818f13afcbb0ef26ae [LEADER]: Connected to new peer: Peer: permanent_uuid: "82aa5e3cdb19463ba0356b963e2dee24" member_type: VOTER last_known_addr { host: "127.14.180.131" port: 42183 }, Status: LMP_MISMATCH, Last received: 0.0, Next index: 1, Last known committed idx: 0, Time since last communication: 0.000s
I20260608 09:57:47.775451 19778 consensus_queue.cc:1048] T 811de407b8034870a61a9e6cb2ffd3f9 P 97b69ae57fdc43148432818655816244 [LEADER]: Connected to new peer: Peer: permanent_uuid: "82aa5e3cdb19463ba0356b963e2dee24" member_type: VOTER last_known_addr { host: "127.14.180.131" port: 42183 }, Status: LMP_MISMATCH, Last received: 0.0, Next index: 1, Last known committed idx: 0, Time since last communication: 0.000s
I20260608 09:57:47.780441 19792 consensus_queue.cc:1048] T e755d510850f4311beda315c0d7c6a9e P cae0cc14f08341818f13afcbb0ef26ae [LEADER]: Connected to new peer: Peer: permanent_uuid: "97b69ae57fdc43148432818655816244" member_type: VOTER last_known_addr { host: "127.14.180.129" port: 45401 }, Status: LMP_MISMATCH, Last received: 0.0, Next index: 1, Last known committed idx: 0, Time since last communication: 0.000s
I20260608 09:57:47.791316 19630 raft_consensus.cc:3060] T 811de407b8034870a61a9e6cb2ffd3f9 P cae0cc14f08341818f13afcbb0ef26ae [term 0 FOLLOWER]: Advancing to term 1
I20260608 09:57:47.800024 19778 consensus_queue.cc:1048] T 811de407b8034870a61a9e6cb2ffd3f9 P 97b69ae57fdc43148432818655816244 [LEADER]: Connected to new peer: Peer: permanent_uuid: "cae0cc14f08341818f13afcbb0ef26ae" member_type: VOTER last_known_addr { host: "127.14.180.130" port: 34927 }, Status: LMP_MISMATCH, Last received: 0.0, Next index: 1, Last known committed idx: 0, Time since last communication: 0.000s
I20260608 09:57:47.882301 19776 consensus_queue.cc:1048] T 2de142cce0c247f3a58f6c14a1fe177a P 82aa5e3cdb19463ba0356b963e2dee24 [LEADER]: Connected to new peer: Peer: permanent_uuid: "cae0cc14f08341818f13afcbb0ef26ae" member_type: VOTER last_known_addr { host: "127.14.180.130" port: 34927 }, Status: LMP_MISMATCH, Last received: 0.0, Next index: 1, Last known committed idx: 0, Time since last communication: 0.000s
I20260608 09:57:47.893450 19785 consensus_queue.cc:1048] T 2de142cce0c247f3a58f6c14a1fe177a P 82aa5e3cdb19463ba0356b963e2dee24 [LEADER]: Connected to new peer: Peer: permanent_uuid: "97b69ae57fdc43148432818655816244" member_type: VOTER last_known_addr { host: "127.14.180.129" port: 45401 }, Status: LMP_MISMATCH, Last received: 0.0, Next index: 1, Last known committed idx: 0, Time since last communication: 0.000s
I20260608 09:57:47.930634 19792 consensus_queue.cc:1048] T 2bf83b1cb04a4efc99c8e1d457120576 P cae0cc14f08341818f13afcbb0ef26ae [LEADER]: Connected to new peer: Peer: permanent_uuid: "97b69ae57fdc43148432818655816244" member_type: VOTER last_known_addr { host: "127.14.180.129" port: 45401 }, Status: LMP_MISMATCH, Last received: 0.0, Next index: 1, Last known committed idx: 0, Time since last communication: 0.000s
I20260608 09:57:47.942720 19792 consensus_queue.cc:1048] T 2bf83b1cb04a4efc99c8e1d457120576 P cae0cc14f08341818f13afcbb0ef26ae [LEADER]: Connected to new peer: Peer: permanent_uuid: "82aa5e3cdb19463ba0356b963e2dee24" member_type: VOTER last_known_addr { host: "127.14.180.131" port: 42183 }, Status: LMP_MISMATCH, Last received: 0.0, Next index: 1, Last known committed idx: 0, Time since last communication: 0.000s
I20260608 09:57:47.988543 19785 consensus_queue.cc:1048] T 991976a103524bd9aff56ad003aba417 P 82aa5e3cdb19463ba0356b963e2dee24 [LEADER]: Connected to new peer: Peer: permanent_uuid: "cae0cc14f08341818f13afcbb0ef26ae" member_type: VOTER last_known_addr { host: "127.14.180.130" port: 34927 }, Status: LMP_MISMATCH, Last received: 0.0, Next index: 1, Last known committed idx: 0, Time since last communication: 0.000s
I20260608 09:57:48.003098 19757 consensus_queue.cc:1048] T 991976a103524bd9aff56ad003aba417 P 82aa5e3cdb19463ba0356b963e2dee24 [LEADER]: Connected to new peer: Peer: permanent_uuid: "97b69ae57fdc43148432818655816244" member_type: VOTER last_known_addr { host: "127.14.180.129" port: 45401 }, Status: LMP_MISMATCH, Last received: 0.0, Next index: 1, Last known committed idx: 0, Time since last communication: 0.000s
I20260608 09:57:48.071869 19792 consensus_queue.cc:1048] T b5efebbd1a4348a7b907dd725280426d P cae0cc14f08341818f13afcbb0ef26ae [LEADER]: Connected to new peer: Peer: permanent_uuid: "82aa5e3cdb19463ba0356b963e2dee24" member_type: VOTER last_known_addr { host: "127.14.180.131" port: 42183 }, Status: LMP_MISMATCH, Last received: 0.0, Next index: 1, Last known committed idx: 0, Time since last communication: 0.001s
I20260608 09:57:48.120481 19792 consensus_queue.cc:1048] T 8c9e2ea322354cbe8f73b23e3fd618e3 P cae0cc14f08341818f13afcbb0ef26ae [LEADER]: Connected to new peer: Peer: permanent_uuid: "97b69ae57fdc43148432818655816244" member_type: VOTER last_known_addr { host: "127.14.180.129" port: 45401 }, Status: LMP_MISMATCH, Last received: 0.0, Next index: 1, Last known committed idx: 0, Time since last communication: 0.000s
I20260608 09:57:48.121054 19778 consensus_queue.cc:1048] T d3617644a35148d3a070a3ba041ee7e9 P 97b69ae57fdc43148432818655816244 [LEADER]: Connected to new peer: Peer: permanent_uuid: "cae0cc14f08341818f13afcbb0ef26ae" member_type: VOTER last_known_addr { host: "127.14.180.130" port: 34927 }, Status: LMP_MISMATCH, Last received: 0.0, Next index: 1, Last known committed idx: 0, Time since last communication: 0.000s
I20260608 09:57:48.196264 19778 consensus_queue.cc:1048] T d3617644a35148d3a070a3ba041ee7e9 P 97b69ae57fdc43148432818655816244 [LEADER]: Connected to new peer: Peer: permanent_uuid: "82aa5e3cdb19463ba0356b963e2dee24" member_type: VOTER last_known_addr { host: "127.14.180.131" port: 42183 }, Status: LMP_MISMATCH, Last received: 0.0, Next index: 1, Last known committed idx: 0, Time since last communication: 0.001s
I20260608 09:57:48.223109 19792 consensus_queue.cc:1048] T 8c9e2ea322354cbe8f73b23e3fd618e3 P cae0cc14f08341818f13afcbb0ef26ae [LEADER]: Connected to new peer: Peer: permanent_uuid: "82aa5e3cdb19463ba0356b963e2dee24" member_type: VOTER last_known_addr { host: "127.14.180.131" port: 42183 }, Status: LMP_MISMATCH, Last received: 0.0, Next index: 1, Last known committed idx: 0, Time since last communication: 0.000s
I20260608 09:57:48.248189 19792 consensus_queue.cc:1048] T b5efebbd1a4348a7b907dd725280426d P cae0cc14f08341818f13afcbb0ef26ae [LEADER]: Connected to new peer: Peer: permanent_uuid: "97b69ae57fdc43148432818655816244" member_type: VOTER last_known_addr { host: "127.14.180.129" port: 45401 }, Status: LMP_MISMATCH, Last received: 0.0, Next index: 1, Last known committed idx: 0, Time since last communication: 0.000s
W20260608 09:57:48.586421 19734 outbound_call.cc:321] RPC callback for RPC call kudu.master.MasterService.GetTableLocations -> {remote=127.14.180.190:33837, user_credentials={real_user=slave}} blocked reactor thread for 93444.2us
W20260608 09:57:48.744979 19594 outbound_call.cc:321] RPC callback for RPC call kudu.consensus.ConsensusService.UpdateConsensus -> {remote=127.14.180.131:42183, user_credentials={real_user=slave}} blocked reactor thread for 117604us
W20260608 09:57:48.877669 19594 outbound_call.cc:321] RPC callback for RPC call kudu.consensus.ConsensusService.UpdateConsensus -> {remote=127.14.180.131:42183, user_credentials={real_user=slave}} blocked reactor thread for 116295us
W20260608 09:57:48.987614 19597 outbound_call.cc:321] RPC callback for RPC call kudu.consensus.ConsensusService.UpdateConsensus -> {remote=127.14.180.129:45401, user_credentials={real_user=slave}} blocked reactor thread for 478985us
W20260608 09:57:49.106614 19736 outbound_call.cc:321] RPC callback for RPC call kudu.tserver.TabletServerService.Write -> {remote=127.14.180.130:34927, user_credentials={real_user=slave}} blocked reactor thread for 70025.8us
W20260608 09:57:49.318521 19913 log.cc:927] Time spent T 0b995143fd004389998a5b2a6c975b07 P 97b69ae57fdc43148432818655816244: Append to log took a long time: real 0.098s	user 0.001s	sys 0.000s
W20260608 09:57:49.373353 19836 log.cc:927] Time spent T e755d510850f4311beda315c0d7c6a9e P 97b69ae57fdc43148432818655816244: Append to log took a long time: real 0.051s	user 0.001s	sys 0.000s
I20260608 09:57:49.422927 19907 rpcz_store.cc:275] Call kudu.tserver.TabletServerService.Write from 127.0.0.1:53290 (ReqId={client: 8fb0d37c906a4b078b401b0e1ee99443, seq_no=10, attempt_no=0}) took 1027 ms. Trace:
W20260608 09:57:49.492036 19921 log.cc:927] Time spent T 57b117a30e3f4087890910b96ce4cb18 P 97b69ae57fdc43148432818655816244: Append to log took a long time: real 0.066s	user 0.001s	sys 0.000s
I20260608 09:57:49.495642 19919 rpcz_store.cc:275] Call kudu.tserver.TabletServerService.Write from 127.0.0.1:53290 (ReqId={client: 8fb0d37c906a4b078b401b0e1ee99443, seq_no=21, attempt_no=0}) took 1060 ms. Trace:
I20260608 09:57:49.423549 19907 rpcz_store.cc:276] 0608 09:57:48.395406 (+     0us) service_pool.cc:167] Inserting onto call queue
0608 09:57:48.398202 (+  2796us) service_pool.cc:224] Handling call
0608 09:57:49.422843 (+1024641us) inbound_call.cc:177] Queueing success response
Related trace 'op':
0608 09:57:48.414453 (+     0us) write_op.cc:183] PREPARE: starting on tablet 2bf83b1cb04a4efc99c8e1d457120576
0608 09:57:48.515057 (+100604us) write_op.cc:432] Acquiring schema lock in shared mode
0608 09:57:48.515672 (+   615us) write_op.cc:435] Acquired schema lock
0608 09:57:48.518972 (+  3300us) tablet.cc:662] Decoding operations
0608 09:57:48.579386 (+ 60414us) write_op.cc:620] Acquiring the partition lock for write op
0608 09:57:48.585832 (+  6446us) write_op.cc:641] Partition lock acquired for write op
0608 09:57:48.587973 (+  2141us) tablet.cc:685] Acquiring locks for 7 operations
0608 09:57:48.593385 (+  5412us) tablet.cc:701] Row locks acquired
0608 09:57:48.593403 (+    18us) write_op.cc:260] PREPARE: finished
0608 09:57:48.593637 (+   234us) write_op.cc:270] Start()
0608 09:57:48.593789 (+   152us) write_op.cc:276] Timestamp: P: 1780912668593580 usec, L: 0
0608 09:57:48.593808 (+    19us) op_driver.cc:348] REPLICATION: starting
0608 09:57:48.594612 (+   804us) log.cc:844] Serialized 605 byte log entry
0608 09:57:48.846515 (+251903us) spinlock_profiling.cc:243] Waited 1.01 ms on lock 0x7b1800119860. stack: 00007f0e7afb23a1 00007f0e7afb21c8 00007f0e7a78df11 000000000047cd55 000000000047cca8 00007f0e85245e0b 00007f0e8525a2ec 00007f0e7b010fdf 00007f0e7b015b0b 00007f0e7b015a60 00007f0e7b0159c0 00007f0e7b015960 00007f0e7b013c8f 0000000000497fd6 0000000000497c68 00007f0e7afd8ee6
0608 09:57:48.980195 (+133680us) spinlock_profiling.cc:243] Waited 13.8 ms on lock 0x7b5400378fa0. stack: 00007f0e7afb23a1 00007f0e7afb21c8 00007f0e7a78df11 000000000047cd55 000000000047cca8 00007f0e7e6655cb 00007f0e7e682b4f 00007f0e7e644913 00007f0e7e653490 00007f0e7e6533a0 00007f0e7e653300 00007f0e7e6532a0 00007f0e7e65139f 0000000000497fd6 0000000000497c68 00007f0e7b011131
0608 09:57:49.398652 (+418457us) op_driver.cc:464] REPLICATION: finished
0608 09:57:49.419357 (+ 20705us) write_op.cc:301] APPLY: starting
0608 09:57:49.419465 (+   108us) tablet.cc:1367] starting BulkCheckPresence
0608 09:57:49.419673 (+   208us) tablet.cc:1370] finished BulkCheckPresence
0608 09:57:49.419696 (+    23us) tablet.cc:1372] starting ApplyRowOperation cycle
0608 09:57:49.420974 (+  1278us) tablet.cc:1383] finished ApplyRowOperation cycle
0608 09:57:49.421162 (+   188us) tablet_metrics.cc:581] ProbeStats: bloom_lookups=0,key_file_lookups=0,delta_file_lookups=0,mrs_lookups=0
0608 09:57:49.421227 (+    65us) write_op.cc:312] APPLY: finished
0608 09:57:49.421521 (+   294us) log.cc:844] Serialized 58 byte log entry
0608 09:57:49.422377 (+   856us) write_op.cc:489] Releasing partition, row and schema locks
0608 09:57:49.422477 (+   100us) write_op.cc:454] Released schema lock
0608 09:57:49.422519 (+    42us) write_op.cc:341] FINISH: Updating metrics
Metrics: {"child_traces":[["op",{"apply.queue_time_us":16532,"mutex_wait_us":133471,"num_ops":7,"prepare.queue_time_us":14234,"prepare.run_cpu_time_us":14299,"prepare.run_wall_time_us":327941,"raft.queue_time_us":181276,"raft.run_cpu_time_us":5279,"raft.run_wall_time_us":210854,"replication_time_us":804703,"spinlock_wait_cycles":34153472,"thread_start_us":124176,"threads_started":2}]]}
I20260608 09:57:49.496155 19919 rpcz_store.cc:276] 0608 09:57:48.435319 (+     0us) service_pool.cc:167] Inserting onto call queue
0608 09:57:48.435793 (+   474us) service_pool.cc:224] Handling call
0608 09:57:49.495450 (+1059657us) inbound_call.cc:177] Queueing success response
Related trace 'op':
0608 09:57:48.704577 (+     0us) write_op.cc:183] PREPARE: starting on tablet 57b117a30e3f4087890910b96ce4cb18
