I20260608 09:56:20.372478 16995 raft_consensus.cc:2955] T b712e633451b4ea4a5c9e8b3c363bb17 P f1a44787738742eb8c6bb00fa508672a [term 1 FOLLOWER]: Committing config change with OpId 1.2: config changed from index -1 to 2, NON_VOTER c866245774e1429688f12f7d73b6ea1d (127.14.180.132) added. New config: { opid_index: 2 OBSOLETE_local: false peers { permanent_uuid: "4e8fb461d57b42b69916899feffb9329" member_type: VOTER last_known_addr { host: "127.14.180.129" port: 37985 } } peers { permanent_uuid: "749a6c9981b444c38b12061b5bb84ae1" member_type: VOTER last_known_addr { host: "127.14.180.130" port: 40025 } } peers { permanent_uuid: "f1a44787738742eb8c6bb00fa508672a" member_type: VOTER last_known_addr { host: "127.14.180.131" port: 36927 } attrs { replace: true } } peers { permanent_uuid: "c866245774e1429688f12f7d73b6ea1d" member_type: NON_VOTER last_known_addr { host: "127.14.180.132" port: 44383 } attrs { promote: true } } }
I20260608 09:56:20.375941 16846 raft_consensus.cc:2955] T b712e633451b4ea4a5c9e8b3c363bb17 P 4e8fb461d57b42b69916899feffb9329 [term 1 FOLLOWER]: Committing config change with OpId 1.2: config changed from index -1 to 2, NON_VOTER c866245774e1429688f12f7d73b6ea1d (127.14.180.132) added. New config: { opid_index: 2 OBSOLETE_local: false peers { permanent_uuid: "4e8fb461d57b42b69916899feffb9329" member_type: VOTER last_known_addr { host: "127.14.180.129" port: 37985 } } peers { permanent_uuid: "749a6c9981b444c38b12061b5bb84ae1" member_type: VOTER last_known_addr { host: "127.14.180.130" port: 40025 } } peers { permanent_uuid: "f1a44787738742eb8c6bb00fa508672a" member_type: VOTER last_known_addr { host: "127.14.180.131" port: 36927 } attrs { replace: true } } peers { permanent_uuid: "c866245774e1429688f12f7d73b6ea1d" member_type: NON_VOTER last_known_addr { host: "127.14.180.132" port: 44383 } attrs { promote: true } } }
I20260608 09:56:20.388586 16742 catalog_manager.cc:5696] T b712e633451b4ea4a5c9e8b3c363bb17 P 749a6c9981b444c38b12061b5bb84ae1 reported cstate change: config changed from index -1 to 2, NON_VOTER c866245774e1429688f12f7d73b6ea1d (127.14.180.132) added. New cstate: current_term: 1 leader_uuid: "749a6c9981b444c38b12061b5bb84ae1" committed_config { opid_index: 2 OBSOLETE_local: false peers { permanent_uuid: "4e8fb461d57b42b69916899feffb9329" member_type: VOTER last_known_addr { host: "127.14.180.129" port: 37985 } health_report { overall_health: HEALTHY } } peers { permanent_uuid: "749a6c9981b444c38b12061b5bb84ae1" member_type: VOTER last_known_addr { host: "127.14.180.130" port: 40025 } health_report { overall_health: HEALTHY } } peers { permanent_uuid: "f1a44787738742eb8c6bb00fa508672a" member_type: VOTER last_known_addr { host: "127.14.180.131" port: 36927 } attrs { replace: true } health_report { overall_health: HEALTHY } } peers { permanent_uuid: "c866245774e1429688f12f7d73b6ea1d" member_type: NON_VOTER last_known_addr { host: "127.14.180.132" port: 44383 } attrs { promote: true } health_report { overall_health: UNKNOWN } } }
I20260608 09:56:20.765865 17165 ts_tablet_manager.cc:933] T b712e633451b4ea4a5c9e8b3c363bb17 P c866245774e1429688f12f7d73b6ea1d: Initiating tablet copy from peer 749a6c9981b444c38b12061b5bb84ae1 (127.14.180.130:40025)
I20260608 09:56:20.767937 17165 tablet_copy_client.cc:323] T b712e633451b4ea4a5c9e8b3c363bb17 P c866245774e1429688f12f7d73b6ea1d: tablet copy: Beginning tablet copy session from remote peer at address 127.14.180.130:40025
I20260608 09:56:20.778237 16931 tablet_copy_service.cc:140] P 749a6c9981b444c38b12061b5bb84ae1: Received BeginTabletCopySession request for tablet b712e633451b4ea4a5c9e8b3c363bb17 from peer c866245774e1429688f12f7d73b6ea1d ({username='slave'} at 127.0.0.1:37602)
I20260608 09:56:20.778857 16931 tablet_copy_service.cc:161] P 749a6c9981b444c38b12061b5bb84ae1: Beginning new tablet copy session on tablet b712e633451b4ea4a5c9e8b3c363bb17 from peer c866245774e1429688f12f7d73b6ea1d at {username='slave'} at 127.0.0.1:37602: session id = c866245774e1429688f12f7d73b6ea1d-b712e633451b4ea4a5c9e8b3c363bb17
I20260608 09:56:20.787391 16931 tablet_copy_source_session.cc:215] T b712e633451b4ea4a5c9e8b3c363bb17 P 749a6c9981b444c38b12061b5bb84ae1: Tablet Copy: opened 0 blocks and 1 log segments
I20260608 09:56:20.790688 17165 data_dirs.cc:400] Could only allocate 1 dirs of requested 3 for tablet b712e633451b4ea4a5c9e8b3c363bb17. 1 dirs total, 0 dirs full, 0 dirs failed
I20260608 09:56:20.802348 17165 tablet_copy_client.cc:806] T b712e633451b4ea4a5c9e8b3c363bb17 P c866245774e1429688f12f7d73b6ea1d: tablet copy: Starting download of 0 data blocks...
I20260608 09:56:20.802997 17165 tablet_copy_client.cc:670] T b712e633451b4ea4a5c9e8b3c363bb17 P c866245774e1429688f12f7d73b6ea1d: tablet copy: Starting download of 1 WAL segments...
I20260608 09:56:20.806970 17165 tablet_copy_client.cc:538] T b712e633451b4ea4a5c9e8b3c363bb17 P c866245774e1429688f12f7d73b6ea1d: tablet copy: Tablet Copy complete. Replacing tablet superblock.
I20260608 09:56:20.812889 17165 tablet_bootstrap.cc:492] T b712e633451b4ea4a5c9e8b3c363bb17 P c866245774e1429688f12f7d73b6ea1d: Bootstrap starting.
I20260608 09:56:20.829716 17165 tablet_bootstrap.cc:492] T b712e633451b4ea4a5c9e8b3c363bb17 P c866245774e1429688f12f7d73b6ea1d: Bootstrap replayed 1/1 log segments. Stats: ops{read=2 overwritten=0 applied=2 ignored=0} inserts{seen=0 ignored=0} mutations{seen=0 ignored=0} orphaned_commits=0. Pending: 0 replicates
I20260608 09:56:20.830513 17165 tablet_bootstrap.cc:492] T b712e633451b4ea4a5c9e8b3c363bb17 P c866245774e1429688f12f7d73b6ea1d: Bootstrap complete.
I20260608 09:56:20.831086 17165 ts_tablet_manager.cc:1403] T b712e633451b4ea4a5c9e8b3c363bb17 P c866245774e1429688f12f7d73b6ea1d: Time spent bootstrapping tablet: real 0.018s	user 0.012s	sys 0.008s
I20260608 09:56:20.833518 17165 raft_consensus.cc:359] T b712e633451b4ea4a5c9e8b3c363bb17 P c866245774e1429688f12f7d73b6ea1d [term 1 LEARNER]: Replica starting. Triggering 0 pending ops. Active config: opid_index: 2 OBSOLETE_local: false peers { permanent_uuid: "4e8fb461d57b42b69916899feffb9329" member_type: VOTER last_known_addr { host: "127.14.180.129" port: 37985 } } peers { permanent_uuid: "749a6c9981b444c38b12061b5bb84ae1" member_type: VOTER last_known_addr { host: "127.14.180.130" port: 40025 } } peers { permanent_uuid: "f1a44787738742eb8c6bb00fa508672a" member_type: VOTER last_known_addr { host: "127.14.180.131" port: 36927 } attrs { replace: true } } peers { permanent_uuid: "c866245774e1429688f12f7d73b6ea1d" member_type: NON_VOTER last_known_addr { host: "127.14.180.132" port: 44383 } attrs { promote: true } }
I20260608 09:56:20.834216 17165 raft_consensus.cc:740] T b712e633451b4ea4a5c9e8b3c363bb17 P c866245774e1429688f12f7d73b6ea1d [term 1 LEARNER]: Becoming Follower/Learner. State: Replica: c866245774e1429688f12f7d73b6ea1d, State: Initialized, Role: LEARNER
I20260608 09:56:20.834789 17165 consensus_queue.cc:260] T b712e633451b4ea4a5c9e8b3c363bb17 P c866245774e1429688f12f7d73b6ea1d [NON_LEADER]: Queue going to NON_LEADER mode. State: All replicated index: 0, Majority replicated index: 0, Committed index: 2, Last appended: 1.2, Last appended by leader: 2, Current term: 0, Majority size: -1, State: 0, Mode: NON_LEADER, active raft config: opid_index: 2 OBSOLETE_local: false peers { permanent_uuid: "4e8fb461d57b42b69916899feffb9329" member_type: VOTER last_known_addr { host: "127.14.180.129" port: 37985 } } peers { permanent_uuid: "749a6c9981b444c38b12061b5bb84ae1" member_type: VOTER last_known_addr { host: "127.14.180.130" port: 40025 } } peers { permanent_uuid: "f1a44787738742eb8c6bb00fa508672a" member_type: VOTER last_known_addr { host: "127.14.180.131" port: 36927 } attrs { replace: true } } peers { permanent_uuid: "c866245774e1429688f12f7d73b6ea1d" member_type: NON_VOTER last_known_addr { host: "127.14.180.132" port: 44383 } attrs { promote: true } }
I20260608 09:56:20.837216 17147 heartbeater.cc:499] Master 127.14.180.190:39209 was elected leader, sending a full tablet report...
I20260608 09:56:20.837549 17165 ts_tablet_manager.cc:1434] T b712e633451b4ea4a5c9e8b3c363bb17 P c866245774e1429688f12f7d73b6ea1d: Time spent starting tablet: real 0.006s	user 0.002s	sys 0.005s
I20260608 09:56:20.839793 16931 tablet_copy_service.cc:342] P 749a6c9981b444c38b12061b5bb84ae1: Request end of tablet copy session c866245774e1429688f12f7d73b6ea1d-b712e633451b4ea4a5c9e8b3c363bb17 received from {username='slave'} at 127.0.0.1:37602
I20260608 09:56:20.840266 16931 tablet_copy_service.cc:434] P 749a6c9981b444c38b12061b5bb84ae1: ending tablet copy session c866245774e1429688f12f7d73b6ea1d-b712e633451b4ea4a5c9e8b3c363bb17 on tablet b712e633451b4ea4a5c9e8b3c363bb17 with peer c866245774e1429688f12f7d73b6ea1d
I20260608 09:56:21.292080 16797 auto_leader_rebalancer.cc:140] leader rebalance for table test-workload
I20260608 09:56:21.294651 16797 auto_leader_rebalancer.cc:388] table: test-workload, leader rebalance finish, leader transfer count: 0
I20260608 09:56:21.295065 16797 auto_leader_rebalancer.cc:451] All tables' leader rebalancing finished this round
I20260608 09:56:21.328306 17122 raft_consensus.cc:1217] T b712e633451b4ea4a5c9e8b3c363bb17 P c866245774e1429688f12f7d73b6ea1d [term 1 LEARNER]: Deduplicated request from leader. Original: 1.1->[1.2-1.2]   Dedup: 1.2->[]
I20260608 09:56:21.937904 17155 raft_consensus.cc:1064] T b712e633451b4ea4a5c9e8b3c363bb17 P 749a6c9981b444c38b12061b5bb84ae1: attempting to promote NON_VOTER c866245774e1429688f12f7d73b6ea1d to VOTER
I20260608 09:56:21.940073 17155 consensus_queue.cc:237] T b712e633451b4ea4a5c9e8b3c363bb17 P 749a6c9981b444c38b12061b5bb84ae1 [LEADER]: Queue going to LEADER mode. State: All replicated index: 0, Majority replicated index: 2, Committed index: 2, Last appended: 1.2, Last appended by leader: 0, Current term: 1, Majority size: 3, State: 0, Mode: LEADER, active raft config: opid_index: 3 OBSOLETE_local: false peers { permanent_uuid: "4e8fb461d57b42b69916899feffb9329" member_type: VOTER last_known_addr { host: "127.14.180.129" port: 37985 } } peers { permanent_uuid: "749a6c9981b444c38b12061b5bb84ae1" member_type: VOTER last_known_addr { host: "127.14.180.130" port: 40025 } } peers { permanent_uuid: "f1a44787738742eb8c6bb00fa508672a" member_type: VOTER last_known_addr { host: "127.14.180.131" port: 36927 } attrs { replace: true } } peers { permanent_uuid: "c866245774e1429688f12f7d73b6ea1d" member_type: VOTER last_known_addr { host: "127.14.180.132" port: 44383 } attrs { promote: false } }
I20260608 09:56:21.947324 17122 raft_consensus.cc:1275] T b712e633451b4ea4a5c9e8b3c363bb17 P c866245774e1429688f12f7d73b6ea1d [term 1 LEARNER]: Refusing update from remote peer 749a6c9981b444c38b12061b5bb84ae1: Log matching property violated. Preceding OpId in replica: term: 1 index: 2. Preceding OpId from leader: term: 1 index: 3. (index mismatch)
I20260608 09:56:21.948109 16995 raft_consensus.cc:1275] T b712e633451b4ea4a5c9e8b3c363bb17 P f1a44787738742eb8c6bb00fa508672a [term 1 FOLLOWER]: Refusing update from remote peer 749a6c9981b444c38b12061b5bb84ae1: Log matching property violated. Preceding OpId in replica: term: 1 index: 2. Preceding OpId from leader: term: 1 index: 3. (index mismatch)
I20260608 09:56:21.949252 16846 raft_consensus.cc:1275] T b712e633451b4ea4a5c9e8b3c363bb17 P 4e8fb461d57b42b69916899feffb9329 [term 1 FOLLOWER]: Refusing update from remote peer 749a6c9981b444c38b12061b5bb84ae1: Log matching property violated. Preceding OpId in replica: term: 1 index: 2. Preceding OpId from leader: term: 1 index: 3. (index mismatch)
I20260608 09:56:21.949440 17173 consensus_queue.cc:1048] T b712e633451b4ea4a5c9e8b3c363bb17 P 749a6c9981b444c38b12061b5bb84ae1 [LEADER]: Connected to new peer: Peer: permanent_uuid: "c866245774e1429688f12f7d73b6ea1d" member_type: VOTER last_known_addr { host: "127.14.180.132" port: 44383 } attrs { promote: false }, Status: LMP_MISMATCH, Last received: 0.0, Next index: 3, Last known committed idx: 2, Time since last communication: 0.001s
I20260608 09:56:21.950611 17155 consensus_queue.cc:1048] T b712e633451b4ea4a5c9e8b3c363bb17 P 749a6c9981b444c38b12061b5bb84ae1 [LEADER]: Connected to new peer: Peer: permanent_uuid: "f1a44787738742eb8c6bb00fa508672a" member_type: VOTER last_known_addr { host: "127.14.180.131" port: 36927 } attrs { replace: true }, Status: LMP_MISMATCH, Last received: 0.0, Next index: 3, Last known committed idx: 2, Time since last communication: 0.000s
I20260608 09:56:21.951632 17171 consensus_queue.cc:1048] T b712e633451b4ea4a5c9e8b3c363bb17 P 749a6c9981b444c38b12061b5bb84ae1 [LEADER]: Connected to new peer: Peer: permanent_uuid: "4e8fb461d57b42b69916899feffb9329" member_type: VOTER last_known_addr { host: "127.14.180.129" port: 37985 }, Status: LMP_MISMATCH, Last received: 0.0, Next index: 3, Last known committed idx: 2, Time since last communication: 0.001s
I20260608 09:56:21.966792 17173 raft_consensus.cc:2955] T b712e633451b4ea4a5c9e8b3c363bb17 P 749a6c9981b444c38b12061b5bb84ae1 [term 1 LEADER]: Committing config change with OpId 1.3: config changed from index 2 to 3, c866245774e1429688f12f7d73b6ea1d (127.14.180.132) changed from NON_VOTER to VOTER. New config: { opid_index: 3 OBSOLETE_local: false peers { permanent_uuid: "4e8fb461d57b42b69916899feffb9329" member_type: VOTER last_known_addr { host: "127.14.180.129" port: 37985 } } peers { permanent_uuid: "749a6c9981b444c38b12061b5bb84ae1" member_type: VOTER last_known_addr { host: "127.14.180.130" port: 40025 } } peers { permanent_uuid: "f1a44787738742eb8c6bb00fa508672a" member_type: VOTER last_known_addr { host: "127.14.180.131" port: 36927 } attrs { replace: true } } peers { permanent_uuid: "c866245774e1429688f12f7d73b6ea1d" member_type: VOTER last_known_addr { host: "127.14.180.132" port: 44383 } attrs { promote: false } } }
I20260608 09:56:21.967530 17122 raft_consensus.cc:2955] T b712e633451b4ea4a5c9e8b3c363bb17 P c866245774e1429688f12f7d73b6ea1d [term 1 FOLLOWER]: Committing config change with OpId 1.3: config changed from index 2 to 3, c866245774e1429688f12f7d73b6ea1d (127.14.180.132) changed from NON_VOTER to VOTER. New config: { opid_index: 3 OBSOLETE_local: false peers { permanent_uuid: "4e8fb461d57b42b69916899feffb9329" member_type: VOTER last_known_addr { host: "127.14.180.129" port: 37985 } } peers { permanent_uuid: "749a6c9981b444c38b12061b5bb84ae1" member_type: VOTER last_known_addr { host: "127.14.180.130" port: 40025 } } peers { permanent_uuid: "f1a44787738742eb8c6bb00fa508672a" member_type: VOTER last_known_addr { host: "127.14.180.131" port: 36927 } attrs { replace: true } } peers { permanent_uuid: "c866245774e1429688f12f7d73b6ea1d" member_type: VOTER last_known_addr { host: "127.14.180.132" port: 44383 } attrs { promote: false } } }
I20260608 09:56:21.969956 16995 raft_consensus.cc:2955] T b712e633451b4ea4a5c9e8b3c363bb17 P f1a44787738742eb8c6bb00fa508672a [term 1 FOLLOWER]: Committing config change with OpId 1.3: config changed from index 2 to 3, c866245774e1429688f12f7d73b6ea1d (127.14.180.132) changed from NON_VOTER to VOTER. New config: { opid_index: 3 OBSOLETE_local: false peers { permanent_uuid: "4e8fb461d57b42b69916899feffb9329" member_type: VOTER last_known_addr { host: "127.14.180.129" port: 37985 } } peers { permanent_uuid: "749a6c9981b444c38b12061b5bb84ae1" member_type: VOTER last_known_addr { host: "127.14.180.130" port: 40025 } } peers { permanent_uuid: "f1a44787738742eb8c6bb00fa508672a" member_type: VOTER last_known_addr { host: "127.14.180.131" port: 36927 } attrs { replace: true } } peers { permanent_uuid: "c866245774e1429688f12f7d73b6ea1d" member_type: VOTER last_known_addr { host: "127.14.180.132" port: 44383 } attrs { promote: false } } }
I20260608 09:56:21.980489 16846 raft_consensus.cc:2955] T b712e633451b4ea4a5c9e8b3c363bb17 P 4e8fb461d57b42b69916899feffb9329 [term 1 FOLLOWER]: Committing config change with OpId 1.3: config changed from index 2 to 3, c866245774e1429688f12f7d73b6ea1d (127.14.180.132) changed from NON_VOTER to VOTER. New config: { opid_index: 3 OBSOLETE_local: false peers { permanent_uuid: "4e8fb461d57b42b69916899feffb9329" member_type: VOTER last_known_addr { host: "127.14.180.129" port: 37985 } } peers { permanent_uuid: "749a6c9981b444c38b12061b5bb84ae1" member_type: VOTER last_known_addr { host: "127.14.180.130" port: 40025 } } peers { permanent_uuid: "f1a44787738742eb8c6bb00fa508672a" member_type: VOTER last_known_addr { host: "127.14.180.131" port: 36927 } attrs { replace: true } } peers { permanent_uuid: "c866245774e1429688f12f7d73b6ea1d" member_type: VOTER last_known_addr { host: "127.14.180.132" port: 44383 } attrs { promote: false } } }
I20260608 09:56:21.987134 16744 catalog_manager.cc:5696] T b712e633451b4ea4a5c9e8b3c363bb17 P 749a6c9981b444c38b12061b5bb84ae1 reported cstate change: config changed from index 2 to 3, c866245774e1429688f12f7d73b6ea1d (127.14.180.132) changed from NON_VOTER to VOTER. New cstate: current_term: 1 leader_uuid: "749a6c9981b444c38b12061b5bb84ae1" committed_config { opid_index: 3 OBSOLETE_local: false peers { permanent_uuid: "4e8fb461d57b42b69916899feffb9329" member_type: VOTER last_known_addr { host: "127.14.180.129" port: 37985 } health_report { overall_health: HEALTHY } } peers { permanent_uuid: "749a6c9981b444c38b12061b5bb84ae1" member_type: VOTER last_known_addr { host: "127.14.180.130" port: 40025 } health_report { overall_health: HEALTHY } } peers { permanent_uuid: "f1a44787738742eb8c6bb00fa508672a" member_type: VOTER last_known_addr { host: "127.14.180.131" port: 36927 } attrs { replace: true } health_report { overall_health: HEALTHY } } peers { permanent_uuid: "c866245774e1429688f12f7d73b6ea1d" member_type: VOTER last_known_addr { host: "127.14.180.132" port: 44383 } attrs { promote: false } health_report { overall_health: HEALTHY } } }
I20260608 09:56:22.015149 16921 consensus_queue.cc:237] T b712e633451b4ea4a5c9e8b3c363bb17 P 749a6c9981b444c38b12061b5bb84ae1 [LEADER]: Queue going to LEADER mode. State: All replicated index: 0, Majority replicated index: 3, Committed index: 3, Last appended: 1.3, Last appended by leader: 0, Current term: 1, Majority size: 2, State: 0, Mode: LEADER, active raft config: opid_index: 4 OBSOLETE_local: false peers { permanent_uuid: "4e8fb461d57b42b69916899feffb9329" member_type: VOTER last_known_addr { host: "127.14.180.129" port: 37985 } } peers { permanent_uuid: "749a6c9981b444c38b12061b5bb84ae1" member_type: VOTER last_known_addr { host: "127.14.180.130" port: 40025 } } peers { permanent_uuid: "c866245774e1429688f12f7d73b6ea1d" member_type: VOTER last_known_addr { host: "127.14.180.132" port: 44383 } attrs { promote: false } }
I20260608 09:56:22.020244 17122 raft_consensus.cc:1275] T b712e633451b4ea4a5c9e8b3c363bb17 P c866245774e1429688f12f7d73b6ea1d [term 1 FOLLOWER]: Refusing update from remote peer 749a6c9981b444c38b12061b5bb84ae1: Log matching property violated. Preceding OpId in replica: term: 1 index: 3. Preceding OpId from leader: term: 1 index: 4. (index mismatch)
I20260608 09:56:22.021934 17173 consensus_queue.cc:1048] T b712e633451b4ea4a5c9e8b3c363bb17 P 749a6c9981b444c38b12061b5bb84ae1 [LEADER]: Connected to new peer: Peer: permanent_uuid: "c866245774e1429688f12f7d73b6ea1d" member_type: VOTER last_known_addr { host: "127.14.180.132" port: 44383 } attrs { promote: false }, Status: LMP_MISMATCH, Last received: 0.0, Next index: 4, Last known committed idx: 3, Time since last communication: 0.000s
I20260608 09:56:22.022491 16846 raft_consensus.cc:1275] T b712e633451b4ea4a5c9e8b3c363bb17 P 4e8fb461d57b42b69916899feffb9329 [term 1 FOLLOWER]: Refusing update from remote peer 749a6c9981b444c38b12061b5bb84ae1: Log matching property violated. Preceding OpId in replica: term: 1 index: 3. Preceding OpId from leader: term: 1 index: 4. (index mismatch)
I20260608 09:56:22.023917 17173 consensus_queue.cc:1048] T b712e633451b4ea4a5c9e8b3c363bb17 P 749a6c9981b444c38b12061b5bb84ae1 [LEADER]: Connected to new peer: Peer: permanent_uuid: "4e8fb461d57b42b69916899feffb9329" member_type: VOTER last_known_addr { host: "127.14.180.129" port: 37985 }, Status: LMP_MISMATCH, Last received: 0.0, Next index: 4, Last known committed idx: 3, Time since last communication: 0.000s
I20260608 09:56:22.029075 17155 raft_consensus.cc:2955] T b712e633451b4ea4a5c9e8b3c363bb17 P 749a6c9981b444c38b12061b5bb84ae1 [term 1 LEADER]: Committing config change with OpId 1.4: config changed from index 3 to 4, VOTER f1a44787738742eb8c6bb00fa508672a (127.14.180.131) evicted. New config: { opid_index: 4 OBSOLETE_local: false peers { permanent_uuid: "4e8fb461d57b42b69916899feffb9329" member_type: VOTER last_known_addr { host: "127.14.180.129" port: 37985 } } peers { permanent_uuid: "749a6c9981b444c38b12061b5bb84ae1" member_type: VOTER last_known_addr { host: "127.14.180.130" port: 40025 } } peers { permanent_uuid: "c866245774e1429688f12f7d73b6ea1d" member_type: VOTER last_known_addr { host: "127.14.180.132" port: 44383 } attrs { promote: false } } }
I20260608 09:56:22.031467 17122 raft_consensus.cc:2955] T b712e633451b4ea4a5c9e8b3c363bb17 P c866245774e1429688f12f7d73b6ea1d [term 1 FOLLOWER]: Committing config change with OpId 1.4: config changed from index 3 to 4, VOTER f1a44787738742eb8c6bb00fa508672a (127.14.180.131) evicted. New config: { opid_index: 4 OBSOLETE_local: false peers { permanent_uuid: "4e8fb461d57b42b69916899feffb9329" member_type: VOTER last_known_addr { host: "127.14.180.129" port: 37985 } } peers { permanent_uuid: "749a6c9981b444c38b12061b5bb84ae1" member_type: VOTER last_known_addr { host: "127.14.180.130" port: 40025 } } peers { permanent_uuid: "c866245774e1429688f12f7d73b6ea1d" member_type: VOTER last_known_addr { host: "127.14.180.132" port: 44383 } attrs { promote: false } } }
I20260608 09:56:22.036144 16845 raft_consensus.cc:2955] T b712e633451b4ea4a5c9e8b3c363bb17 P 4e8fb461d57b42b69916899feffb9329 [term 1 FOLLOWER]: Committing config change with OpId 1.4: config changed from index 3 to 4, VOTER f1a44787738742eb8c6bb00fa508672a (127.14.180.131) evicted. New config: { opid_index: 4 OBSOLETE_local: false peers { permanent_uuid: "4e8fb461d57b42b69916899feffb9329" member_type: VOTER last_known_addr { host: "127.14.180.129" port: 37985 } } peers { permanent_uuid: "749a6c9981b444c38b12061b5bb84ae1" member_type: VOTER last_known_addr { host: "127.14.180.130" port: 40025 } } peers { permanent_uuid: "c866245774e1429688f12f7d73b6ea1d" member_type: VOTER last_known_addr { host: "127.14.180.132" port: 44383 } attrs { promote: false } } }
I20260608 09:56:22.039399 16729 catalog_manager.cc:5209] ChangeConfig:REMOVE_PEER RPC for tablet b712e633451b4ea4a5c9e8b3c363bb17 with cas_config_opid_index 3: ChangeConfig:REMOVE_PEER succeeded (attempt 1)
I20260608 09:56:22.043169 16741 catalog_manager.cc:5696] T b712e633451b4ea4a5c9e8b3c363bb17 P 749a6c9981b444c38b12061b5bb84ae1 reported cstate change: config changed from index 3 to 4, VOTER f1a44787738742eb8c6bb00fa508672a (127.14.180.131) evicted. New cstate: current_term: 1 leader_uuid: "749a6c9981b444c38b12061b5bb84ae1" committed_config { opid_index: 4 OBSOLETE_local: false peers { permanent_uuid: "4e8fb461d57b42b69916899feffb9329" member_type: VOTER last_known_addr { host: "127.14.180.129" port: 37985 } health_report { overall_health: HEALTHY } } peers { permanent_uuid: "749a6c9981b444c38b12061b5bb84ae1" member_type: VOTER last_known_addr { host: "127.14.180.130" port: 40025 } health_report { overall_health: HEALTHY } } peers { permanent_uuid: "c866245774e1429688f12f7d73b6ea1d" member_type: VOTER last_known_addr { host: "127.14.180.132" port: 44383 } attrs { promote: false } health_report { overall_health: HEALTHY } } }
I20260608 09:56:22.058194 16985 tablet_service.cc:1558] Processing DeleteTablet for tablet b712e633451b4ea4a5c9e8b3c363bb17 with delete_type TABLET_DATA_TOMBSTONED (TS f1a44787738742eb8c6bb00fa508672a not found in new config with opid_index 4) from {username='slave'} at 127.0.0.1:60244
I20260608 09:56:22.061604 17183 tablet_replica.cc:333] T b712e633451b4ea4a5c9e8b3c363bb17 P f1a44787738742eb8c6bb00fa508672a: stopping tablet replica
I20260608 09:56:22.062341 17183 raft_consensus.cc:2243] T b712e633451b4ea4a5c9e8b3c363bb17 P f1a44787738742eb8c6bb00fa508672a [term 1 FOLLOWER]: Raft consensus shutting down.
I20260608 09:56:22.063002 17183 raft_consensus.cc:2272] T b712e633451b4ea4a5c9e8b3c363bb17 P f1a44787738742eb8c6bb00fa508672a [term 1 FOLLOWER]: Raft consensus is shut down!
I20260608 09:56:22.066416 17183 ts_tablet_manager.cc:1916] T b712e633451b4ea4a5c9e8b3c363bb17 P f1a44787738742eb8c6bb00fa508672a: Deleting tablet data with delete state TABLET_DATA_TOMBSTONED
I20260608 09:56:22.077054 17183 ts_tablet_manager.cc:1929] T b712e633451b4ea4a5c9e8b3c363bb17 P f1a44787738742eb8c6bb00fa508672a: tablet deleted with delete type TABLET_DATA_TOMBSTONED: last-logged OpId 1.3
I20260608 09:56:22.077466 17183 log.cc:1199] T b712e633451b4ea4a5c9e8b3c363bb17 P f1a44787738742eb8c6bb00fa508672a: Deleting WAL directory at /tmp/dist-test-taskUhpzTa/test-tmp/auto_rebalancer-test.0.AutoRebalancerTest.MovesScheduledIfAddTserver.1780912544248571-15058-0/minicluster-data/ts-2-root/wals/b712e633451b4ea4a5c9e8b3c363bb17
I20260608 09:56:22.079087 16729 catalog_manager.cc:5027] TS f1a44787738742eb8c6bb00fa508672a (127.14.180.131:36927): tablet b712e633451b4ea4a5c9e8b3c363bb17 (table test-workload [id=dc23570297db469081f30d7ce0240380]) successfully deleted
I20260608 09:56:23.296177 16797 auto_leader_rebalancer.cc:140] leader rebalance for table test-workload
I20260608 09:56:23.299048 16797 auto_leader_rebalancer.cc:388] table: test-workload, leader rebalance finish, leader transfer count: 0
I20260608 09:56:23.299489 16797 auto_leader_rebalancer.cc:451] All tables' leader rebalancing finished this round
I20260608 09:56:25.300678 16797 auto_leader_rebalancer.cc:140] leader rebalance for table test-workload
I20260608 09:56:25.303236 16797 auto_leader_rebalancer.cc:388] table: test-workload, leader rebalance finish, leader transfer count: 0
I20260608 09:56:25.303633 16797 auto_leader_rebalancer.cc:451] All tables' leader rebalancing finished this round
I20260608 09:56:27.304561 16797 auto_leader_rebalancer.cc:140] leader rebalance for table test-workload
I20260608 09:56:27.306761 16797 auto_leader_rebalancer.cc:388] table: test-workload, leader rebalance finish, leader transfer count: 0
I20260608 09:56:27.307147 16797 auto_leader_rebalancer.cc:451] All tables' leader rebalancing finished this round
I20260608 09:56:29.308079 16797 auto_leader_rebalancer.cc:140] leader rebalance for table test-workload
I20260608 09:56:29.310655 16797 auto_leader_rebalancer.cc:388] table: test-workload, leader rebalance finish, leader transfer count: 0
I20260608 09:56:29.311038 16797 auto_leader_rebalancer.cc:451] All tables' leader rebalancing finished this round
I20260608 09:56:31.311893 16797 auto_leader_rebalancer.cc:140] leader rebalance for table test-workload
I20260608 09:56:31.314002 16797 auto_leader_rebalancer.cc:388] table: test-workload, leader rebalance finish, leader transfer count: 0
I20260608 09:56:31.314395 16797 auto_leader_rebalancer.cc:451] All tables' leader rebalancing finished this round
I20260608 09:56:33.315455 16797 auto_leader_rebalancer.cc:140] leader rebalance for table test-workload
I20260608 09:56:33.318183 16797 auto_leader_rebalancer.cc:388] table: test-workload, leader rebalance finish, leader transfer count: 0
I20260608 09:56:33.318672 16797 auto_leader_rebalancer.cc:451] All tables' leader rebalancing finished this round
I20260608 09:56:33.996686 15058 tablet_server.cc:179] TabletServer@127.14.180.129:0 shutting down...
I20260608 09:56:34.025812 15058 ts_tablet_manager.cc:1507] Shutting down tablet manager...
I20260608 09:56:34.026715 15058 tablet_replica.cc:333] T 050af13103b145399a27b7137afc9e94 P 4e8fb461d57b42b69916899feffb9329: stopping tablet replica
I20260608 09:56:34.027352 15058 raft_consensus.cc:2243] T 050af13103b145399a27b7137afc9e94 P 4e8fb461d57b42b69916899feffb9329 [term 1 LEADER]: Raft consensus shutting down.
I20260608 09:56:34.028379 15058 raft_consensus.cc:2272] T 050af13103b145399a27b7137afc9e94 P 4e8fb461d57b42b69916899feffb9329 [term 1 FOLLOWER]: Raft consensus is shut down!
I20260608 09:56:34.030789 15058 tablet_replica.cc:333] T b712e633451b4ea4a5c9e8b3c363bb17 P 4e8fb461d57b42b69916899feffb9329: stopping tablet replica
I20260608 09:56:34.031232 15058 raft_consensus.cc:2243] T b712e633451b4ea4a5c9e8b3c363bb17 P 4e8fb461d57b42b69916899feffb9329 [term 1 FOLLOWER]: Raft consensus shutting down.
I20260608 09:56:34.031883 15058 raft_consensus.cc:2272] T b712e633451b4ea4a5c9e8b3c363bb17 P 4e8fb461d57b42b69916899feffb9329 [term 1 FOLLOWER]: Raft consensus is shut down!
I20260608 09:56:34.055627 15058 tablet_server.cc:196] TabletServer@127.14.180.129:0 shutdown complete.
I20260608 09:56:34.070119 15058 tablet_server.cc:179] TabletServer@127.14.180.130:0 shutting down...
I20260608 09:56:34.099026 15058 ts_tablet_manager.cc:1507] Shutting down tablet manager...
I20260608 09:56:34.099788 15058 tablet_replica.cc:333] T 050af13103b145399a27b7137afc9e94 P 749a6c9981b444c38b12061b5bb84ae1: stopping tablet replica
I20260608 09:56:34.100354 15058 raft_consensus.cc:2243] T 050af13103b145399a27b7137afc9e94 P 749a6c9981b444c38b12061b5bb84ae1 [term 1 FOLLOWER]: Raft consensus shutting down.
I20260608 09:56:34.100903 15058 raft_consensus.cc:2272] T 050af13103b145399a27b7137afc9e94 P 749a6c9981b444c38b12061b5bb84ae1 [term 1 FOLLOWER]: Raft consensus is shut down!
I20260608 09:56:34.103351 15058 tablet_replica.cc:333] T b712e633451b4ea4a5c9e8b3c363bb17 P 749a6c9981b444c38b12061b5bb84ae1: stopping tablet replica
I20260608 09:56:34.103850 15058 raft_consensus.cc:2243] T b712e633451b4ea4a5c9e8b3c363bb17 P 749a6c9981b444c38b12061b5bb84ae1 [term 1 LEADER]: Raft consensus shutting down.
I20260608 09:56:34.104772 15058 raft_consensus.cc:2272] T b712e633451b4ea4a5c9e8b3c363bb17 P 749a6c9981b444c38b12061b5bb84ae1 [term 1 FOLLOWER]: Raft consensus is shut down!
I20260608 09:56:34.127748 15058 tablet_server.cc:196] TabletServer@127.14.180.130:0 shutdown complete.
I20260608 09:56:34.141746 15058 tablet_server.cc:179] TabletServer@127.14.180.131:0 shutting down...
I20260608 09:56:34.167048 15058 ts_tablet_manager.cc:1507] Shutting down tablet manager...
I20260608 09:56:34.167886 15058 tablet_replica.cc:333] T 050af13103b145399a27b7137afc9e94 P f1a44787738742eb8c6bb00fa508672a: stopping tablet replica
I20260608 09:56:34.168429 15058 raft_consensus.cc:2243] T 050af13103b145399a27b7137afc9e94 P f1a44787738742eb8c6bb00fa508672a [term 1 FOLLOWER]: Raft consensus shutting down.
I20260608 09:56:34.168946 15058 raft_consensus.cc:2272] T 050af13103b145399a27b7137afc9e94 P f1a44787738742eb8c6bb00fa508672a [term 1 FOLLOWER]: Raft consensus is shut down!
I20260608 09:56:34.190516 15058 tablet_server.cc:196] TabletServer@127.14.180.131:0 shutdown complete.
I20260608 09:56:34.202665 15058 tablet_server.cc:179] TabletServer@127.14.180.132:0 shutting down...
I20260608 09:56:34.225325 15058 ts_tablet_manager.cc:1507] Shutting down tablet manager...
I20260608 09:56:34.226122 15058 tablet_replica.cc:333] T b712e633451b4ea4a5c9e8b3c363bb17 P c866245774e1429688f12f7d73b6ea1d: stopping tablet replica
I20260608 09:56:34.226675 15058 raft_consensus.cc:2243] T b712e633451b4ea4a5c9e8b3c363bb17 P c866245774e1429688f12f7d73b6ea1d [term 1 FOLLOWER]: Raft consensus shutting down.
I20260608 09:56:34.227492 15058 raft_consensus.cc:2272] T b712e633451b4ea4a5c9e8b3c363bb17 P c866245774e1429688f12f7d73b6ea1d [term 1 FOLLOWER]: Raft consensus is shut down!
I20260608 09:56:34.246579 15058 tablet_server.cc:196] TabletServer@127.14.180.132:0 shutdown complete.
I20260608 09:56:34.257540 15058 master.cc:562] Master@127.14.180.190:39209 shutting down...
I20260608 09:56:34.275956 15058 raft_consensus.cc:2243] T 00000000000000000000000000000000 P c1de2c3c6ce04d19a3d4a0cecfbb85f9 [term 1 LEADER]: Raft consensus shutting down.
I20260608 09:56:34.276582 15058 raft_consensus.cc:2272] T 00000000000000000000000000000000 P c1de2c3c6ce04d19a3d4a0cecfbb85f9 [term 1 FOLLOWER]: Raft consensus is shut down!
I20260608 09:56:34.276954 15058 tablet_replica.cc:333] T 00000000000000000000000000000000 P c1de2c3c6ce04d19a3d4a0cecfbb85f9: stopping tablet replica
I20260608 09:56:34.296452 15058 master.cc:584] Master@127.14.180.190:39209 shutdown complete.
[       OK ] AutoRebalancerTest.MovesScheduledIfAddTserver (27208 ms)
[ RUN      ] AutoRebalancerTest.NoReplicaMovesIfNoTservers
I20260608 09:56:34.333655 15058 internal_mini_cluster.cc:156] Creating distributed mini masters. Addrs: 127.14.180.190:39651
I20260608 09:56:34.334973 15058 file_cache.cc:492] Constructed file cache file cache with capacity 419430
W20260608 09:56:34.340911 17185 instance_detector.cc:116] could not retrieve AWS instance metadata: Network error: curl error: HTTP response code said error: The requested URL returned error: 404
W20260608 09:56:34.341270 17186 instance_detector.cc:116] could not retrieve Azure instance metadata: Network error: curl error: HTTP response code said error: The requested URL returned error: 404
W20260608 09:56:34.342478 17188 instance_detector.cc:116] could not retrieve OpenStack instance metadata: Network error: curl error: HTTP response code said error: The requested URL returned error: 404
I20260608 09:56:34.343909 15058 server_base.cc:1061] running on GCE node
I20260608 09:56:34.344841 15058 hybrid_clock.cc:584] initializing the hybrid clock with 'system_unsync' time source
W20260608 09:56:34.345053 15058 system_unsync_time.cc:38] NTP support is disabled. Clock error bounds will not be accurate. This configuration is not suitable for distributed clusters.
I20260608 09:56:34.345224 15058 hybrid_clock.cc:648] HybridClock initialized: now 1780912594345189 us; error 0 us; skew 500 ppm
I20260608 09:56:34.345836 15058 server_base.cc:861] Flag tcmalloc_max_total_thread_cache_bytes is not working since tcmalloc is not enabled.
I20260608 09:56:34.348489 15058 webserver.cc:533] Webserver started at http://127.14.180.190:44227/ using document root <none> and password file <none>
I20260608 09:56:34.348973 15058 fs_manager.cc:362] Metadata directory not provided
I20260608 09:56:34.349135 15058 fs_manager.cc:368] Using write-ahead log directory (fs_wal_dir) as metadata directory
I20260608 09:56:34.349354 15058 server_base.cc:909] This appears to be a new deployment of Kudu; creating new FS layout
I20260608 09:56:34.350589 15058 fs_manager.cc:1068] Generated new instance metadata in path /tmp/dist-test-taskUhpzTa/test-tmp/auto_rebalancer-test.0.AutoRebalancerTest.NoReplicaMovesIfNoTservers.1780912544248571-15058-0/minicluster-data/master-0-root/instance:
uuid: "cc6f38ae998b43e5ad63a5fdd9fc5ccc"
format_stamp: "Formatted at 2026-06-08 09:56:34 on dist-test-slave-m8b6"
I20260608 09:56:34.355265 15058 fs_manager.cc:696] Time spent creating directory manager: real 0.004s	user 0.005s	sys 0.000s
I20260608 09:56:34.358952 17193 log_block_manager.cc:4031] Time spent loading block containers with low live blocks: real 0.000s	user 0.000s	sys 0.000s
I20260608 09:56:34.359813 15058 fs_manager.cc:730] Time spent opening block manager: real 0.003s	user 0.003s	sys 0.000s
I20260608 09:56:34.360097 15058 fs_manager.cc:647] Opened local filesystem: /tmp/dist-test-taskUhpzTa/test-tmp/auto_rebalancer-test.0.AutoRebalancerTest.NoReplicaMovesIfNoTservers.1780912544248571-15058-0/minicluster-data/master-0-root
uuid: "cc6f38ae998b43e5ad63a5fdd9fc5ccc"
format_stamp: "Formatted at 2026-06-08 09:56:34 on dist-test-slave-m8b6"
I20260608 09:56:34.360383 15058 fs_report.cc:389] FS layout report
--------------------
wal directory: /tmp/dist-test-taskUhpzTa/test-tmp/auto_rebalancer-test.0.AutoRebalancerTest.NoReplicaMovesIfNoTservers.1780912544248571-15058-0/minicluster-data/master-0-root
metadata directory: /tmp/dist-test-taskUhpzTa/test-tmp/auto_rebalancer-test.0.AutoRebalancerTest.NoReplicaMovesIfNoTservers.1780912544248571-15058-0/minicluster-data/master-0-root
1 data directories: /tmp/dist-test-taskUhpzTa/test-tmp/auto_rebalancer-test.0.AutoRebalancerTest.NoReplicaMovesIfNoTservers.1780912544248571-15058-0/minicluster-data/master-0-root/data
Total live blocks: 0
Total live bytes: 0
Total live bytes (after alignment): 0
Total number of LBM containers: 0 (0 full)
Did not check for missing blocks
Did not check for orphaned blocks
Total full LBM containers with extra space: 0 (0 repaired)
Total full LBM container extra space in bytes: 0 (0 repaired)
Total incomplete LBM containers: 0 (0 repaired)
Total LBM partial records: 0 (0 repaired)
Total corrupted LBM metadata records in RocksDB: 0 (0 repaired)
I20260608 09:56:34.384061 15058 rpc_server.cc:225] running with OpenSSL 1.1.1  11 Sep 2018
I20260608 09:56:34.385330 15058 kserver.cc:163] Server-wide thread pool size limit: 3276
I20260608 09:56:34.424295 15058 rpc_server.cc:307] RPC server started. Bound to: 127.14.180.190:39651
I20260608 09:56:34.424432 17244 acceptor_pool.cc:272] collecting diagnostics on the listening RPC socket 127.14.180.190:39651 every 8 connection(s)
I20260608 09:56:34.428871 17245 data_dirs.cc:400] Could only allocate 1 dirs of requested 3 for tablet 00000000000000000000000000000000. 1 dirs total, 0 dirs full, 0 dirs failed
I20260608 09:56:34.440708 17245 tablet_bootstrap.cc:492] T 00000000000000000000000000000000 P cc6f38ae998b43e5ad63a5fdd9fc5ccc: Bootstrap starting.
I20260608 09:56:34.445734 17245 tablet_bootstrap.cc:654] T 00000000000000000000000000000000 P cc6f38ae998b43e5ad63a5fdd9fc5ccc: Neither blocks nor log segments found. Creating new log.
I20260608 09:56:34.450246 17245 tablet_bootstrap.cc:492] T 00000000000000000000000000000000 P cc6f38ae998b43e5ad63a5fdd9fc5ccc: No bootstrap required, opened a new log
I20260608 09:56:34.452538 17245 raft_consensus.cc:359] T 00000000000000000000000000000000 P cc6f38ae998b43e5ad63a5fdd9fc5ccc [term 0 FOLLOWER]: Replica starting. Triggering 0 pending ops. Active config: opid_index: -1 OBSOLETE_local: true peers { permanent_uuid: "cc6f38ae998b43e5ad63a5fdd9fc5ccc" member_type: VOTER }
I20260608 09:56:34.452947 17245 raft_consensus.cc:385] T 00000000000000000000000000000000 P cc6f38ae998b43e5ad63a5fdd9fc5ccc [term 0 FOLLOWER]: Consensus starting up: Expiring failure detector timer to make a prompt election more likely
I20260608 09:56:34.453128 17245 raft_consensus.cc:740] T 00000000000000000000000000000000 P cc6f38ae998b43e5ad63a5fdd9fc5ccc [term 0 FOLLOWER]: Becoming Follower/Learner. State: Replica: cc6f38ae998b43e5ad63a5fdd9fc5ccc, State: Initialized, Role: FOLLOWER
I20260608 09:56:34.453671 17245 consensus_queue.cc:260] T 00000000000000000000000000000000 P cc6f38ae998b43e5ad63a5fdd9fc5ccc [NON_LEADER]: Queue going to NON_LEADER mode. State: All replicated index: 0, Majority replicated index: 0, Committed index: 0, Last appended: 0.0, Last appended by leader: 0, Current term: 0, Majority size: -1, State: 0, Mode: NON_LEADER, active raft config: opid_index: -1 OBSOLETE_local: true peers { permanent_uuid: "cc6f38ae998b43e5ad63a5fdd9fc5ccc" member_type: VOTER }
I20260608 09:56:34.454178 17245 raft_consensus.cc:399] T 00000000000000000000000000000000 P cc6f38ae998b43e5ad63a5fdd9fc5ccc [term 0 FOLLOWER]: Only one voter in the Raft config. Triggering election immediately
I20260608 09:56:34.454375 17245 raft_consensus.cc:493] T 00000000000000000000000000000000 P cc6f38ae998b43e5ad63a5fdd9fc5ccc [term 0 FOLLOWER]: Starting leader election (initial election of a single-replica configuration)
I20260608 09:56:34.454597 17245 raft_consensus.cc:3060] T 00000000000000000000000000000000 P cc6f38ae998b43e5ad63a5fdd9fc5ccc [term 0 FOLLOWER]: Advancing to term 1
I20260608 09:56:34.459033 17245 raft_consensus.cc:515] T 00000000000000000000000000000000 P cc6f38ae998b43e5ad63a5fdd9fc5ccc [term 1 FOLLOWER]: Starting leader election with config: opid_index: -1 OBSOLETE_local: true peers { permanent_uuid: "cc6f38ae998b43e5ad63a5fdd9fc5ccc" member_type: VOTER }
I20260608 09:56:34.459523 17245 leader_election.cc:304] T 00000000000000000000000000000000 P cc6f38ae998b43e5ad63a5fdd9fc5ccc [CANDIDATE]: Term 1 election: Election decided. Result: candidate won. Election summary: received 1 responses out of 1 voters: 1 yes votes; 0 no votes. yes voters: cc6f38ae998b43e5ad63a5fdd9fc5ccc; no voters: 
I20260608 09:56:34.460698 17245 leader_election.cc:290] T 00000000000000000000000000000000 P cc6f38ae998b43e5ad63a5fdd9fc5ccc [CANDIDATE]: Term 1 election: Requested vote from peers 
I20260608 09:56:34.461154 17248 raft_consensus.cc:2804] T 00000000000000000000000000000000 P cc6f38ae998b43e5ad63a5fdd9fc5ccc [term 1 FOLLOWER]: Leader election won for term 1
I20260608 09:56:34.462963 17248 raft_consensus.cc:697] T 00000000000000000000000000000000 P cc6f38ae998b43e5ad63a5fdd9fc5ccc [term 1 LEADER]: Becoming Leader. State: Replica: cc6f38ae998b43e5ad63a5fdd9fc5ccc, State: Running, Role: LEADER
I20260608 09:56:34.463896 17245 sys_catalog.cc:565] T 00000000000000000000000000000000 P cc6f38ae998b43e5ad63a5fdd9fc5ccc [sys.catalog]: configured and running, proceeding with master startup.
I20260608 09:56:34.463770 17248 consensus_queue.cc:237] T 00000000000000000000000000000000 P cc6f38ae998b43e5ad63a5fdd9fc5ccc [LEADER]: Queue going to LEADER mode. State: All replicated index: 0, Majority replicated index: 0, Committed index: 0, Last appended: 0.0, Last appended by leader: 0, Current term: 1, Majority size: 1, State: 0, Mode: LEADER, active raft config: opid_index: -1 OBSOLETE_local: true peers { permanent_uuid: "cc6f38ae998b43e5ad63a5fdd9fc5ccc" member_type: VOTER }
I20260608 09:56:34.468987 17249 sys_catalog.cc:455] T 00000000000000000000000000000000 P cc6f38ae998b43e5ad63a5fdd9fc5ccc [sys.catalog]: SysCatalogTable state changed. Reason: RaftConsensus started. Latest consensus state: current_term: 1 leader_uuid: "cc6f38ae998b43e5ad63a5fdd9fc5ccc" committed_config { opid_index: -1 OBSOLETE_local: true peers { permanent_uuid: "cc6f38ae998b43e5ad63a5fdd9fc5ccc" member_type: VOTER } }
I20260608 09:56:34.469170 17250 sys_catalog.cc:455] T 00000000000000000000000000000000 P cc6f38ae998b43e5ad63a5fdd9fc5ccc [sys.catalog]: SysCatalogTable state changed. Reason: New leader cc6f38ae998b43e5ad63a5fdd9fc5ccc. Latest consensus state: current_term: 1 leader_uuid: "cc6f38ae998b43e5ad63a5fdd9fc5ccc" committed_config { opid_index: -1 OBSOLETE_local: true peers { permanent_uuid: "cc6f38ae998b43e5ad63a5fdd9fc5ccc" member_type: VOTER } }
I20260608 09:56:34.469722 17249 sys_catalog.cc:458] T 00000000000000000000000000000000 P cc6f38ae998b43e5ad63a5fdd9fc5ccc [sys.catalog]: This master's current role is: LEADER
I20260608 09:56:34.469815 17250 sys_catalog.cc:458] T 00000000000000000000000000000000 P cc6f38ae998b43e5ad63a5fdd9fc5ccc [sys.catalog]: This master's current role is: LEADER
I20260608 09:56:34.472590 17256 catalog_manager.cc:1510] Loading table and tablet metadata into memory...
I20260608 09:56:34.478403 17256 catalog_manager.cc:1519] Initializing Kudu cluster ID...
I20260608 09:56:34.481393 15058 internal_mini_cluster.cc:184] Waiting to initialize catalog manager on master 0
I20260608 09:56:34.488687 17256 catalog_manager.cc:1382] Generated new cluster ID: 8511ad15c994490880be7a745e8fc8e6
I20260608 09:56:34.489058 17256 catalog_manager.cc:1530] Initializing Kudu internal certificate authority...
I20260608 09:56:34.507789 17256 catalog_manager.cc:1405] Generated new certificate authority record
I20260608 09:56:34.509171 17256 catalog_manager.cc:1539] Loading token signing keys...
I20260608 09:56:34.520426 17256 catalog_manager.cc:6069] T 00000000000000000000000000000000 P cc6f38ae998b43e5ad63a5fdd9fc5ccc: Generated new TSK 0
I20260608 09:56:34.521090 17256 catalog_manager.cc:1549] Initializing in-progress tserver states...
I20260608 09:56:34.547032 15058 internal_mini_cluster.cc:371] 0 TS(s) registered with all masters after 0.000210102s
I20260608 09:56:46.686978 15058 master.cc:562] Master@127.14.180.190:39651 shutting down...
I20260608 09:56:46.722054 15058 raft_consensus.cc:2243] T 00000000000000000000000000000000 P cc6f38ae998b43e5ad63a5fdd9fc5ccc [term 1 LEADER]: Raft consensus shutting down.
I20260608 09:56:46.722901 15058 raft_consensus.cc:2272] T 00000000000000000000000000000000 P cc6f38ae998b43e5ad63a5fdd9fc5ccc [term 1 FOLLOWER]: Raft consensus is shut down!
I20260608 09:56:46.723301 15058 tablet_replica.cc:333] T 00000000000000000000000000000000 P cc6f38ae998b43e5ad63a5fdd9fc5ccc: stopping tablet replica
W20260608 09:56:47.667832 17241 debug-util.cc:398] Leaking SignalData structure 0x7b0800160f80 after lost signal to thread 15061
W20260608 09:56:47.743726 15058 thread.cc:527] Waited for 1000ms trying to join with diag-logger (tid 17241)
W20260608 09:56:48.744325 15058 thread.cc:527] Waited for 2000ms trying to join with diag-logger (tid 17241)
W20260608 09:56:49.744858 15058 thread.cc:527] Waited for 3000ms trying to join with diag-logger (tid 17241)
I20260608 09:56:49.786886 15058 master.cc:584] Master@127.14.180.190:39651 shutdown complete.
[       OK ] AutoRebalancerTest.NoReplicaMovesIfNoTservers (15485 ms)
[ RUN      ] AutoRebalancerTest.NoReplicaMovesIfNoTablets
I20260608 09:56:49.818928 15058 internal_mini_cluster.cc:156] Creating distributed mini masters. Addrs: 127.14.180.190:36965
I20260608 09:56:49.820341 15058 file_cache.cc:492] Constructed file cache file cache with capacity 419430
W20260608 09:56:49.827082 17269 instance_detector.cc:116] could not retrieve AWS instance metadata: Network error: curl error: HTTP response code said error: The requested URL returned error: 404
W20260608 09:56:49.827908 17270 instance_detector.cc:116] could not retrieve Azure instance metadata: Network error: curl error: HTTP response code said error: The requested URL returned error: 404
I20260608 09:56:49.829718 15058 server_base.cc:1061] running on GCE node
W20260608 09:56:49.829762 17272 instance_detector.cc:116] could not retrieve OpenStack instance metadata: Network error: curl error: HTTP response code said error: The requested URL returned error: 404
I20260608 09:56:49.831980 15058 hybrid_clock.cc:584] initializing the hybrid clock with 'system_unsync' time source
W20260608 09:56:49.832212 15058 system_unsync_time.cc:38] NTP support is disabled. Clock error bounds will not be accurate. This configuration is not suitable for distributed clusters.
I20260608 09:56:49.832387 15058 hybrid_clock.cc:648] HybridClock initialized: now 1780912609832370 us; error 0 us; skew 500 ppm
I20260608 09:56:49.832993 15058 server_base.cc:861] Flag tcmalloc_max_total_thread_cache_bytes is not working since tcmalloc is not enabled.
I20260608 09:56:49.835629 15058 webserver.cc:533] Webserver started at http://127.14.180.190:45669/ using document root <none> and password file <none>
I20260608 09:56:49.836184 15058 fs_manager.cc:362] Metadata directory not provided
I20260608 09:56:49.836416 15058 fs_manager.cc:368] Using write-ahead log directory (fs_wal_dir) as metadata directory
I20260608 09:56:49.836705 15058 server_base.cc:909] This appears to be a new deployment of Kudu; creating new FS layout
I20260608 09:56:49.838096 15058 fs_manager.cc:1068] Generated new instance metadata in path /tmp/dist-test-taskUhpzTa/test-tmp/auto_rebalancer-test.0.AutoRebalancerTest.NoReplicaMovesIfNoTablets.1780912544248571-15058-0/minicluster-data/master-0-root/instance:
uuid: "441c1a96c082414e9668babf4de3f0b1"
format_stamp: "Formatted at 2026-06-08 09:56:49 on dist-test-slave-m8b6"
I20260608 09:56:49.843004 15058 fs_manager.cc:696] Time spent creating directory manager: real 0.004s	user 0.004s	sys 0.000s
I20260608 09:56:49.846750 17277 log_block_manager.cc:4031] Time spent loading block containers with low live blocks: real 0.000s	user 0.000s	sys 0.000s
I20260608 09:56:49.847569 15058 fs_manager.cc:730] Time spent opening block manager: real 0.002s	user 0.003s	sys 0.000s
I20260608 09:56:49.847862 15058 fs_manager.cc:647] Opened local filesystem: /tmp/dist-test-taskUhpzTa/test-tmp/auto_rebalancer-test.0.AutoRebalancerTest.NoReplicaMovesIfNoTablets.1780912544248571-15058-0/minicluster-data/master-0-root
uuid: "441c1a96c082414e9668babf4de3f0b1"
format_stamp: "Formatted at 2026-06-08 09:56:49 on dist-test-slave-m8b6"
I20260608 09:56:49.848155 15058 fs_report.cc:389] FS layout report
--------------------
wal directory: /tmp/dist-test-taskUhpzTa/test-tmp/auto_rebalancer-test.0.AutoRebalancerTest.NoReplicaMovesIfNoTablets.1780912544248571-15058-0/minicluster-data/master-0-root
metadata directory: /tmp/dist-test-taskUhpzTa/test-tmp/auto_rebalancer-test.0.AutoRebalancerTest.NoReplicaMovesIfNoTablets.1780912544248571-15058-0/minicluster-data/master-0-root
1 data directories: /tmp/dist-test-taskUhpzTa/test-tmp/auto_rebalancer-test.0.AutoRebalancerTest.NoReplicaMovesIfNoTablets.1780912544248571-15058-0/minicluster-data/master-0-root/data
Total live blocks: 0
Total live bytes: 0
Total live bytes (after alignment): 0
Total number of LBM containers: 0 (0 full)
Did not check for missing blocks
Did not check for orphaned blocks
Total full LBM containers with extra space: 0 (0 repaired)
Total full LBM container extra space in bytes: 0 (0 repaired)
Total incomplete LBM containers: 0 (0 repaired)
Total LBM partial records: 0 (0 repaired)
Total corrupted LBM metadata records in RocksDB: 0 (0 repaired)
I20260608 09:56:49.864792 15058 rpc_server.cc:225] running with OpenSSL 1.1.1  11 Sep 2018
I20260608 09:56:49.866223 15058 kserver.cc:163] Server-wide thread pool size limit: 3276
I20260608 09:56:49.910737 15058 rpc_server.cc:307] RPC server started. Bound to: 127.14.180.190:36965
I20260608 09:56:49.910883 17328 acceptor_pool.cc:272] collecting diagnostics on the listening RPC socket 127.14.180.190:36965 every 8 connection(s)
I20260608 09:56:49.915642 17329 data_dirs.cc:400] Could only allocate 1 dirs of requested 3 for tablet 00000000000000000000000000000000. 1 dirs total, 0 dirs full, 0 dirs failed
