num_replicas: 3
split_rows_range_bounds {
  rows: "\004\001\000\377\377\377?""\004\001\000\377\377\377?"
  indirect_data: """"
}
partition_schema {
  range_schema {
    columns {
      name: "key"
    }
  }
}
W20260608 09:56:10.030107 18895 catalog_manager.cc:7076] The number of live tablet servers is not enough to re-replicate a tablet replica of the newly created table test-workload in case of a server failure: 4 tablet servers would be needed, 3 are available. Consider bringing up more tablet servers.
I20260608 09:56:10.086341 18987 tablet_service.cc:1511] Processing CreateTablet for tablet 875459872a7c496098f5828551e01c01 (DEFAULT_TABLE table=test-workload [id=75a275f81fa54b379afc9942d0808638]), partition=RANGE (key) PARTITION VALUES < 1073741823
I20260608 09:56:10.088075 18987 data_dirs.cc:400] Could only allocate 1 dirs of requested 3 for tablet 875459872a7c496098f5828551e01c01. 1 dirs total, 0 dirs full, 0 dirs failed
I20260608 09:56:10.089520 19136 tablet_service.cc:1511] Processing CreateTablet for tablet 875459872a7c496098f5828551e01c01 (DEFAULT_TABLE table=test-workload [id=75a275f81fa54b379afc9942d0808638]), partition=RANGE (key) PARTITION VALUES < 1073741823
I20260608 09:56:10.090984 19136 data_dirs.cc:400] Could only allocate 1 dirs of requested 3 for tablet 875459872a7c496098f5828551e01c01. 1 dirs total, 0 dirs full, 0 dirs failed
I20260608 09:56:10.090668 19135 tablet_service.cc:1511] Processing CreateTablet for tablet eb53f835e6dc4080a6c15ea4911fc4c5 (DEFAULT_TABLE table=test-workload [id=75a275f81fa54b379afc9942d0808638]), partition=RANGE (key) PARTITION 1073741823 <= VALUES
I20260608 09:56:10.092056 19135 data_dirs.cc:400] Could only allocate 1 dirs of requested 3 for tablet eb53f835e6dc4080a6c15ea4911fc4c5. 1 dirs total, 0 dirs full, 0 dirs failed
I20260608 09:56:10.088128 18986 tablet_service.cc:1511] Processing CreateTablet for tablet eb53f835e6dc4080a6c15ea4911fc4c5 (DEFAULT_TABLE table=test-workload [id=75a275f81fa54b379afc9942d0808638]), partition=RANGE (key) PARTITION 1073741823 <= VALUES
I20260608 09:56:10.093544 18986 data_dirs.cc:400] Could only allocate 1 dirs of requested 3 for tablet eb53f835e6dc4080a6c15ea4911fc4c5. 1 dirs total, 0 dirs full, 0 dirs failed
I20260608 09:56:10.106680 19061 tablet_service.cc:1511] Processing CreateTablet for tablet eb53f835e6dc4080a6c15ea4911fc4c5 (DEFAULT_TABLE table=test-workload [id=75a275f81fa54b379afc9942d0808638]), partition=RANGE (key) PARTITION 1073741823 <= VALUES
I20260608 09:56:10.108067 19061 data_dirs.cc:400] Could only allocate 1 dirs of requested 3 for tablet eb53f835e6dc4080a6c15ea4911fc4c5. 1 dirs total, 0 dirs full, 0 dirs failed
I20260608 09:56:10.105062 19062 tablet_service.cc:1511] Processing CreateTablet for tablet 875459872a7c496098f5828551e01c01 (DEFAULT_TABLE table=test-workload [id=75a275f81fa54b379afc9942d0808638]), partition=RANGE (key) PARTITION VALUES < 1073741823
I20260608 09:56:10.114584 19062 data_dirs.cc:400] Could only allocate 1 dirs of requested 3 for tablet 875459872a7c496098f5828551e01c01. 1 dirs total, 0 dirs full, 0 dirs failed
I20260608 09:56:10.120759 19191 tablet_bootstrap.cc:492] T eb53f835e6dc4080a6c15ea4911fc4c5 P c70d02b85a9f4ed784667b47fc6b76cb: Bootstrap starting.
I20260608 09:56:10.132076 19192 tablet_bootstrap.cc:492] T 875459872a7c496098f5828551e01c01 P 1fe57c42f8a24970932fd95999af77a0: Bootstrap starting.
I20260608 09:56:10.134457 19193 tablet_bootstrap.cc:492] T eb53f835e6dc4080a6c15ea4911fc4c5 P acf9a7b8861943efb350f92f292614ba: Bootstrap starting.
I20260608 09:56:10.138929 19191 tablet_bootstrap.cc:654] T eb53f835e6dc4080a6c15ea4911fc4c5 P c70d02b85a9f4ed784667b47fc6b76cb: Neither blocks nor log segments found. Creating new log.
I20260608 09:56:10.140369 19193 tablet_bootstrap.cc:654] T eb53f835e6dc4080a6c15ea4911fc4c5 P acf9a7b8861943efb350f92f292614ba: Neither blocks nor log segments found. Creating new log.
I20260608 09:56:10.141016 19192 tablet_bootstrap.cc:654] T 875459872a7c496098f5828551e01c01 P 1fe57c42f8a24970932fd95999af77a0: Neither blocks nor log segments found. Creating new log.
I20260608 09:56:10.145171 19191 tablet_bootstrap.cc:492] T eb53f835e6dc4080a6c15ea4911fc4c5 P c70d02b85a9f4ed784667b47fc6b76cb: No bootstrap required, opened a new log
I20260608 09:56:10.145744 19191 ts_tablet_manager.cc:1403] T eb53f835e6dc4080a6c15ea4911fc4c5 P c70d02b85a9f4ed784667b47fc6b76cb: Time spent bootstrapping tablet: real 0.025s	user 0.012s	sys 0.003s
I20260608 09:56:10.146435 19193 tablet_bootstrap.cc:492] T eb53f835e6dc4080a6c15ea4911fc4c5 P acf9a7b8861943efb350f92f292614ba: No bootstrap required, opened a new log
I20260608 09:56:10.146852 19193 ts_tablet_manager.cc:1403] T eb53f835e6dc4080a6c15ea4911fc4c5 P acf9a7b8861943efb350f92f292614ba: Time spent bootstrapping tablet: real 0.013s	user 0.010s	sys 0.001s
I20260608 09:56:10.147536 19192 tablet_bootstrap.cc:492] T 875459872a7c496098f5828551e01c01 P 1fe57c42f8a24970932fd95999af77a0: No bootstrap required, opened a new log
I20260608 09:56:10.147991 19192 ts_tablet_manager.cc:1403] T 875459872a7c496098f5828551e01c01 P 1fe57c42f8a24970932fd95999af77a0: Time spent bootstrapping tablet: real 0.016s	user 0.007s	sys 0.004s
I20260608 09:56:10.148828 19191 raft_consensus.cc:359] T eb53f835e6dc4080a6c15ea4911fc4c5 P c70d02b85a9f4ed784667b47fc6b76cb [term 0 FOLLOWER]: Replica starting. Triggering 0 pending ops. Active config: opid_index: -1 OBSOLETE_local: false peers { permanent_uuid: "c70d02b85a9f4ed784667b47fc6b76cb" member_type: VOTER last_known_addr { host: "127.16.211.193" port: 40301 } } peers { permanent_uuid: "acf9a7b8861943efb350f92f292614ba" member_type: VOTER last_known_addr { host: "127.16.211.194" port: 34839 } } peers { permanent_uuid: "1fe57c42f8a24970932fd95999af77a0" member_type: VOTER last_known_addr { host: "127.16.211.195" port: 42835 } }
I20260608 09:56:10.149598 19191 raft_consensus.cc:385] T eb53f835e6dc4080a6c15ea4911fc4c5 P c70d02b85a9f4ed784667b47fc6b76cb [term 0 FOLLOWER]: Consensus starting up: Expiring failure detector timer to make a prompt election more likely
I20260608 09:56:10.149932 19191 raft_consensus.cc:740] T eb53f835e6dc4080a6c15ea4911fc4c5 P c70d02b85a9f4ed784667b47fc6b76cb [term 0 FOLLOWER]: Becoming Follower/Learner. State: Replica: c70d02b85a9f4ed784667b47fc6b76cb, State: Initialized, Role: FOLLOWER
I20260608 09:56:10.149714 19193 raft_consensus.cc:359] T eb53f835e6dc4080a6c15ea4911fc4c5 P acf9a7b8861943efb350f92f292614ba [term 0 FOLLOWER]: Replica starting. Triggering 0 pending ops. Active config: opid_index: -1 OBSOLETE_local: false peers { permanent_uuid: "c70d02b85a9f4ed784667b47fc6b76cb" member_type: VOTER last_known_addr { host: "127.16.211.193" port: 40301 } } peers { permanent_uuid: "acf9a7b8861943efb350f92f292614ba" member_type: VOTER last_known_addr { host: "127.16.211.194" port: 34839 } } peers { permanent_uuid: "1fe57c42f8a24970932fd95999af77a0" member_type: VOTER last_known_addr { host: "127.16.211.195" port: 42835 } }
I20260608 09:56:10.150540 19193 raft_consensus.cc:385] T eb53f835e6dc4080a6c15ea4911fc4c5 P acf9a7b8861943efb350f92f292614ba [term 0 FOLLOWER]: Consensus starting up: Expiring failure detector timer to make a prompt election more likely
I20260608 09:56:10.150888 19193 raft_consensus.cc:740] T eb53f835e6dc4080a6c15ea4911fc4c5 P acf9a7b8861943efb350f92f292614ba [term 0 FOLLOWER]: Becoming Follower/Learner. State: Replica: acf9a7b8861943efb350f92f292614ba, State: Initialized, Role: FOLLOWER
I20260608 09:56:10.150775 19191 consensus_queue.cc:260] T eb53f835e6dc4080a6c15ea4911fc4c5 P c70d02b85a9f4ed784667b47fc6b76cb [NON_LEADER]: Queue going to NON_LEADER mode. State: All replicated index: 0, Majority replicated index: 0, Committed index: 0, Last appended: 0.0, Last appended by leader: 0, Current term: 0, Majority size: -1, State: 0, Mode: NON_LEADER, active raft config: opid_index: -1 OBSOLETE_local: false peers { permanent_uuid: "c70d02b85a9f4ed784667b47fc6b76cb" member_type: VOTER last_known_addr { host: "127.16.211.193" port: 40301 } } peers { permanent_uuid: "acf9a7b8861943efb350f92f292614ba" member_type: VOTER last_known_addr { host: "127.16.211.194" port: 34839 } } peers { permanent_uuid: "1fe57c42f8a24970932fd95999af77a0" member_type: VOTER last_known_addr { host: "127.16.211.195" port: 42835 } }
I20260608 09:56:10.151826 19193 consensus_queue.cc:260] T eb53f835e6dc4080a6c15ea4911fc4c5 P acf9a7b8861943efb350f92f292614ba [NON_LEADER]: Queue going to NON_LEADER mode. State: All replicated index: 0, Majority replicated index: 0, Committed index: 0, Last appended: 0.0, Last appended by leader: 0, Current term: 0, Majority size: -1, State: 0, Mode: NON_LEADER, active raft config: opid_index: -1 OBSOLETE_local: false peers { permanent_uuid: "c70d02b85a9f4ed784667b47fc6b76cb" member_type: VOTER last_known_addr { host: "127.16.211.193" port: 40301 } } peers { permanent_uuid: "acf9a7b8861943efb350f92f292614ba" member_type: VOTER last_known_addr { host: "127.16.211.194" port: 34839 } } peers { permanent_uuid: "1fe57c42f8a24970932fd95999af77a0" member_type: VOTER last_known_addr { host: "127.16.211.195" port: 42835 } }
I20260608 09:56:10.152176 19192 raft_consensus.cc:359] T 875459872a7c496098f5828551e01c01 P 1fe57c42f8a24970932fd95999af77a0 [term 0 FOLLOWER]: Replica starting. Triggering 0 pending ops. Active config: opid_index: -1 OBSOLETE_local: false peers { permanent_uuid: "c70d02b85a9f4ed784667b47fc6b76cb" member_type: VOTER last_known_addr { host: "127.16.211.193" port: 40301 } } peers { permanent_uuid: "1fe57c42f8a24970932fd95999af77a0" member_type: VOTER last_known_addr { host: "127.16.211.195" port: 42835 } } peers { permanent_uuid: "acf9a7b8861943efb350f92f292614ba" member_type: VOTER last_known_addr { host: "127.16.211.194" port: 34839 } }
I20260608 09:56:10.153219 19192 raft_consensus.cc:385] T 875459872a7c496098f5828551e01c01 P 1fe57c42f8a24970932fd95999af77a0 [term 0 FOLLOWER]: Consensus starting up: Expiring failure detector timer to make a prompt election more likely
I20260608 09:56:10.153606 19192 raft_consensus.cc:740] T 875459872a7c496098f5828551e01c01 P 1fe57c42f8a24970932fd95999af77a0 [term 0 FOLLOWER]: Becoming Follower/Learner. State: Replica: 1fe57c42f8a24970932fd95999af77a0, State: Initialized, Role: FOLLOWER
I20260608 09:56:10.154225 19191 ts_tablet_manager.cc:1434] T eb53f835e6dc4080a6c15ea4911fc4c5 P c70d02b85a9f4ed784667b47fc6b76cb: Time spent starting tablet: real 0.008s	user 0.007s	sys 0.000s
I20260608 09:56:10.154423 19192 consensus_queue.cc:260] T 875459872a7c496098f5828551e01c01 P 1fe57c42f8a24970932fd95999af77a0 [NON_LEADER]: Queue going to NON_LEADER mode. State: All replicated index: 0, Majority replicated index: 0, Committed index: 0, Last appended: 0.0, Last appended by leader: 0, Current term: 0, Majority size: -1, State: 0, Mode: NON_LEADER, active raft config: opid_index: -1 OBSOLETE_local: false peers { permanent_uuid: "c70d02b85a9f4ed784667b47fc6b76cb" member_type: VOTER last_known_addr { host: "127.16.211.193" port: 40301 } } peers { permanent_uuid: "1fe57c42f8a24970932fd95999af77a0" member_type: VOTER last_known_addr { host: "127.16.211.195" port: 42835 } } peers { permanent_uuid: "acf9a7b8861943efb350f92f292614ba" member_type: VOTER last_known_addr { host: "127.16.211.194" port: 34839 } }
I20260608 09:56:10.155313 19191 tablet_bootstrap.cc:492] T 875459872a7c496098f5828551e01c01 P c70d02b85a9f4ed784667b47fc6b76cb: Bootstrap starting.
I20260608 09:56:10.163992 19192 ts_tablet_manager.cc:1434] T 875459872a7c496098f5828551e01c01 P 1fe57c42f8a24970932fd95999af77a0: Time spent starting tablet: real 0.016s	user 0.015s	sys 0.000s
I20260608 09:56:10.164224 19191 tablet_bootstrap.cc:654] T 875459872a7c496098f5828551e01c01 P c70d02b85a9f4ed784667b47fc6b76cb: Neither blocks nor log segments found. Creating new log.
I20260608 09:56:10.166666 19193 ts_tablet_manager.cc:1434] T eb53f835e6dc4080a6c15ea4911fc4c5 P acf9a7b8861943efb350f92f292614ba: Time spent starting tablet: real 0.020s	user 0.005s	sys 0.009s
I20260608 09:56:10.167270 19192 tablet_bootstrap.cc:492] T eb53f835e6dc4080a6c15ea4911fc4c5 P 1fe57c42f8a24970932fd95999af77a0: Bootstrap starting.
I20260608 09:56:10.167881 19193 tablet_bootstrap.cc:492] T 875459872a7c496098f5828551e01c01 P acf9a7b8861943efb350f92f292614ba: Bootstrap starting.
I20260608 09:56:10.175209 19193 tablet_bootstrap.cc:654] T 875459872a7c496098f5828551e01c01 P acf9a7b8861943efb350f92f292614ba: Neither blocks nor log segments found. Creating new log.
I20260608 09:56:10.177541 19192 tablet_bootstrap.cc:654] T eb53f835e6dc4080a6c15ea4911fc4c5 P 1fe57c42f8a24970932fd95999af77a0: Neither blocks nor log segments found. Creating new log.
I20260608 09:56:10.187011 19191 tablet_bootstrap.cc:492] T 875459872a7c496098f5828551e01c01 P c70d02b85a9f4ed784667b47fc6b76cb: No bootstrap required, opened a new log
I20260608 09:56:10.187547 19191 ts_tablet_manager.cc:1403] T 875459872a7c496098f5828551e01c01 P c70d02b85a9f4ed784667b47fc6b76cb: Time spent bootstrapping tablet: real 0.032s	user 0.008s	sys 0.015s
I20260608 09:56:10.187676 19192 tablet_bootstrap.cc:492] T eb53f835e6dc4080a6c15ea4911fc4c5 P 1fe57c42f8a24970932fd95999af77a0: No bootstrap required, opened a new log
I20260608 09:56:10.188181 19192 ts_tablet_manager.cc:1403] T eb53f835e6dc4080a6c15ea4911fc4c5 P 1fe57c42f8a24970932fd95999af77a0: Time spent bootstrapping tablet: real 0.021s	user 0.008s	sys 0.008s
I20260608 09:56:10.190703 19191 raft_consensus.cc:359] T 875459872a7c496098f5828551e01c01 P c70d02b85a9f4ed784667b47fc6b76cb [term 0 FOLLOWER]: Replica starting. Triggering 0 pending ops. Active config: opid_index: -1 OBSOLETE_local: false peers { permanent_uuid: "c70d02b85a9f4ed784667b47fc6b76cb" member_type: VOTER last_known_addr { host: "127.16.211.193" port: 40301 } } peers { permanent_uuid: "1fe57c42f8a24970932fd95999af77a0" member_type: VOTER last_known_addr { host: "127.16.211.195" port: 42835 } } peers { permanent_uuid: "acf9a7b8861943efb350f92f292614ba" member_type: VOTER last_known_addr { host: "127.16.211.194" port: 34839 } }
I20260608 09:56:10.190968 19192 raft_consensus.cc:359] T eb53f835e6dc4080a6c15ea4911fc4c5 P 1fe57c42f8a24970932fd95999af77a0 [term 0 FOLLOWER]: Replica starting. Triggering 0 pending ops. Active config: opid_index: -1 OBSOLETE_local: false peers { permanent_uuid: "c70d02b85a9f4ed784667b47fc6b76cb" member_type: VOTER last_known_addr { host: "127.16.211.193" port: 40301 } } peers { permanent_uuid: "acf9a7b8861943efb350f92f292614ba" member_type: VOTER last_known_addr { host: "127.16.211.194" port: 34839 } } peers { permanent_uuid: "1fe57c42f8a24970932fd95999af77a0" member_type: VOTER last_known_addr { host: "127.16.211.195" port: 42835 } }
I20260608 09:56:10.191532 19191 raft_consensus.cc:385] T 875459872a7c496098f5828551e01c01 P c70d02b85a9f4ed784667b47fc6b76cb [term 0 FOLLOWER]: Consensus starting up: Expiring failure detector timer to make a prompt election more likely
I20260608 09:56:10.191690 19192 raft_consensus.cc:385] T eb53f835e6dc4080a6c15ea4911fc4c5 P 1fe57c42f8a24970932fd95999af77a0 [term 0 FOLLOWER]: Consensus starting up: Expiring failure detector timer to make a prompt election more likely
I20260608 09:56:10.191900 19191 raft_consensus.cc:740] T 875459872a7c496098f5828551e01c01 P c70d02b85a9f4ed784667b47fc6b76cb [term 0 FOLLOWER]: Becoming Follower/Learner. State: Replica: c70d02b85a9f4ed784667b47fc6b76cb, State: Initialized, Role: FOLLOWER
I20260608 09:56:10.192056 19192 raft_consensus.cc:740] T eb53f835e6dc4080a6c15ea4911fc4c5 P 1fe57c42f8a24970932fd95999af77a0 [term 0 FOLLOWER]: Becoming Follower/Learner. State: Replica: 1fe57c42f8a24970932fd95999af77a0, State: Initialized, Role: FOLLOWER
I20260608 09:56:10.192757 19191 consensus_queue.cc:260] T 875459872a7c496098f5828551e01c01 P c70d02b85a9f4ed784667b47fc6b76cb [NON_LEADER]: Queue going to NON_LEADER mode. State: All replicated index: 0, Majority replicated index: 0, Committed index: 0, Last appended: 0.0, Last appended by leader: 0, Current term: 0, Majority size: -1, State: 0, Mode: NON_LEADER, active raft config: opid_index: -1 OBSOLETE_local: false peers { permanent_uuid: "c70d02b85a9f4ed784667b47fc6b76cb" member_type: VOTER last_known_addr { host: "127.16.211.193" port: 40301 } } peers { permanent_uuid: "1fe57c42f8a24970932fd95999af77a0" member_type: VOTER last_known_addr { host: "127.16.211.195" port: 42835 } } peers { permanent_uuid: "acf9a7b8861943efb350f92f292614ba" member_type: VOTER last_known_addr { host: "127.16.211.194" port: 34839 } }
I20260608 09:56:10.192866 19192 consensus_queue.cc:260] T eb53f835e6dc4080a6c15ea4911fc4c5 P 1fe57c42f8a24970932fd95999af77a0 [NON_LEADER]: Queue going to NON_LEADER mode. State: All replicated index: 0, Majority replicated index: 0, Committed index: 0, Last appended: 0.0, Last appended by leader: 0, Current term: 0, Majority size: -1, State: 0, Mode: NON_LEADER, active raft config: opid_index: -1 OBSOLETE_local: false peers { permanent_uuid: "c70d02b85a9f4ed784667b47fc6b76cb" member_type: VOTER last_known_addr { host: "127.16.211.193" port: 40301 } } peers { permanent_uuid: "acf9a7b8861943efb350f92f292614ba" member_type: VOTER last_known_addr { host: "127.16.211.194" port: 34839 } } peers { permanent_uuid: "1fe57c42f8a24970932fd95999af77a0" member_type: VOTER last_known_addr { host: "127.16.211.195" port: 42835 } }
I20260608 09:56:10.195169 19191 ts_tablet_manager.cc:1434] T 875459872a7c496098f5828551e01c01 P c70d02b85a9f4ed784667b47fc6b76cb: Time spent starting tablet: real 0.007s	user 0.006s	sys 0.002s
I20260608 09:56:10.195400 19192 ts_tablet_manager.cc:1434] T eb53f835e6dc4080a6c15ea4911fc4c5 P 1fe57c42f8a24970932fd95999af77a0: Time spent starting tablet: real 0.007s	user 0.004s	sys 0.004s
I20260608 09:56:10.199050 19193 tablet_bootstrap.cc:492] T 875459872a7c496098f5828551e01c01 P acf9a7b8861943efb350f92f292614ba: No bootstrap required, opened a new log
I20260608 09:56:10.199591 19193 ts_tablet_manager.cc:1403] T 875459872a7c496098f5828551e01c01 P acf9a7b8861943efb350f92f292614ba: Time spent bootstrapping tablet: real 0.032s	user 0.007s	sys 0.022s
I20260608 09:56:10.201869 19193 raft_consensus.cc:359] T 875459872a7c496098f5828551e01c01 P acf9a7b8861943efb350f92f292614ba [term 0 FOLLOWER]: Replica starting. Triggering 0 pending ops. Active config: opid_index: -1 OBSOLETE_local: false peers { permanent_uuid: "c70d02b85a9f4ed784667b47fc6b76cb" member_type: VOTER last_known_addr { host: "127.16.211.193" port: 40301 } } peers { permanent_uuid: "1fe57c42f8a24970932fd95999af77a0" member_type: VOTER last_known_addr { host: "127.16.211.195" port: 42835 } } peers { permanent_uuid: "acf9a7b8861943efb350f92f292614ba" member_type: VOTER last_known_addr { host: "127.16.211.194" port: 34839 } }
I20260608 09:56:10.202661 19193 raft_consensus.cc:385] T 875459872a7c496098f5828551e01c01 P acf9a7b8861943efb350f92f292614ba [term 0 FOLLOWER]: Consensus starting up: Expiring failure detector timer to make a prompt election more likely
I20260608 09:56:10.202983 19193 raft_consensus.cc:740] T 875459872a7c496098f5828551e01c01 P acf9a7b8861943efb350f92f292614ba [term 0 FOLLOWER]: Becoming Follower/Learner. State: Replica: acf9a7b8861943efb350f92f292614ba, State: Initialized, Role: FOLLOWER
I20260608 09:56:10.203770 19193 consensus_queue.cc:260] T 875459872a7c496098f5828551e01c01 P acf9a7b8861943efb350f92f292614ba [NON_LEADER]: Queue going to NON_LEADER mode. State: All replicated index: 0, Majority replicated index: 0, Committed index: 0, Last appended: 0.0, Last appended by leader: 0, Current term: 0, Majority size: -1, State: 0, Mode: NON_LEADER, active raft config: opid_index: -1 OBSOLETE_local: false peers { permanent_uuid: "c70d02b85a9f4ed784667b47fc6b76cb" member_type: VOTER last_known_addr { host: "127.16.211.193" port: 40301 } } peers { permanent_uuid: "1fe57c42f8a24970932fd95999af77a0" member_type: VOTER last_known_addr { host: "127.16.211.195" port: 42835 } } peers { permanent_uuid: "acf9a7b8861943efb350f92f292614ba" member_type: VOTER last_known_addr { host: "127.16.211.194" port: 34839 } }
I20260608 09:56:10.205681 19193 ts_tablet_manager.cc:1434] T 875459872a7c496098f5828551e01c01 P acf9a7b8861943efb350f92f292614ba: Time spent starting tablet: real 0.006s	user 0.006s	sys 0.000s
I20260608 09:56:10.211042 19199 raft_consensus.cc:493] T 875459872a7c496098f5828551e01c01 P 1fe57c42f8a24970932fd95999af77a0 [term 0 FOLLOWER]: Starting pre-election (no leader contacted us within the election timeout)
I20260608 09:56:10.211620 19199 raft_consensus.cc:515] T 875459872a7c496098f5828551e01c01 P 1fe57c42f8a24970932fd95999af77a0 [term 0 FOLLOWER]: Starting pre-election with config: opid_index: -1 OBSOLETE_local: false peers { permanent_uuid: "c70d02b85a9f4ed784667b47fc6b76cb" member_type: VOTER last_known_addr { host: "127.16.211.193" port: 40301 } } peers { permanent_uuid: "1fe57c42f8a24970932fd95999af77a0" member_type: VOTER last_known_addr { host: "127.16.211.195" port: 42835 } } peers { permanent_uuid: "acf9a7b8861943efb350f92f292614ba" member_type: VOTER last_known_addr { host: "127.16.211.194" port: 34839 } }
I20260608 09:56:10.214425 19199 leader_election.cc:290] T 875459872a7c496098f5828551e01c01 P 1fe57c42f8a24970932fd95999af77a0 [CANDIDATE]: Term 1 pre-election: Requested pre-vote from peers c70d02b85a9f4ed784667b47fc6b76cb (127.16.211.193:40301), acf9a7b8861943efb350f92f292614ba (127.16.211.194:34839)
I20260608 09:56:10.224911 18997 tablet_service.cc:1917] Received RequestConsensusVote() RPC: tablet_id: "875459872a7c496098f5828551e01c01" candidate_uuid: "1fe57c42f8a24970932fd95999af77a0" candidate_term: 1 candidate_status { last_received { term: 0 index: 0 } } ignore_live_leader: false dest_uuid: "c70d02b85a9f4ed784667b47fc6b76cb" is_pre_election: true
I20260608 09:56:10.225768 18997 raft_consensus.cc:2468] T 875459872a7c496098f5828551e01c01 P c70d02b85a9f4ed784667b47fc6b76cb [term 0 FOLLOWER]: Leader pre-election vote request: Granting yes vote for candidate 1fe57c42f8a24970932fd95999af77a0 in term 0.
I20260608 09:56:10.228958 19110 leader_election.cc:304] T 875459872a7c496098f5828551e01c01 P 1fe57c42f8a24970932fd95999af77a0 [CANDIDATE]: Term 1 pre-election: Election decided. Result: candidate won. Election summary: received 2 responses out of 3 voters: 2 yes votes; 0 no votes. yes voters: 1fe57c42f8a24970932fd95999af77a0, c70d02b85a9f4ed784667b47fc6b76cb; no voters: 
I20260608 09:56:10.229967 19199 raft_consensus.cc:2804] T 875459872a7c496098f5828551e01c01 P 1fe57c42f8a24970932fd95999af77a0 [term 0 FOLLOWER]: Leader pre-election won for term 1
I20260608 09:56:10.230342 19199 raft_consensus.cc:493] T 875459872a7c496098f5828551e01c01 P 1fe57c42f8a24970932fd95999af77a0 [term 0 FOLLOWER]: Starting leader election (no leader contacted us within the election timeout)
I20260608 09:56:10.230682 19199 raft_consensus.cc:3060] T 875459872a7c496098f5828551e01c01 P 1fe57c42f8a24970932fd95999af77a0 [term 0 FOLLOWER]: Advancing to term 1
I20260608 09:56:10.232416 19072 tablet_service.cc:1917] Received RequestConsensusVote() RPC: tablet_id: "875459872a7c496098f5828551e01c01" candidate_uuid: "1fe57c42f8a24970932fd95999af77a0" candidate_term: 1 candidate_status { last_received { term: 0 index: 0 } } ignore_live_leader: false dest_uuid: "acf9a7b8861943efb350f92f292614ba" is_pre_election: true
I20260608 09:56:10.233224 19072 raft_consensus.cc:2468] T 875459872a7c496098f5828551e01c01 P acf9a7b8861943efb350f92f292614ba [term 0 FOLLOWER]: Leader pre-election vote request: Granting yes vote for candidate 1fe57c42f8a24970932fd95999af77a0 in term 0.
I20260608 09:56:10.237149 19199 raft_consensus.cc:515] T 875459872a7c496098f5828551e01c01 P 1fe57c42f8a24970932fd95999af77a0 [term 1 FOLLOWER]: Starting leader election with config: opid_index: -1 OBSOLETE_local: false peers { permanent_uuid: "c70d02b85a9f4ed784667b47fc6b76cb" member_type: VOTER last_known_addr { host: "127.16.211.193" port: 40301 } } peers { permanent_uuid: "1fe57c42f8a24970932fd95999af77a0" member_type: VOTER last_known_addr { host: "127.16.211.195" port: 42835 } } peers { permanent_uuid: "acf9a7b8861943efb350f92f292614ba" member_type: VOTER last_known_addr { host: "127.16.211.194" port: 34839 } }
I20260608 09:56:10.239749 19199 leader_election.cc:290] T 875459872a7c496098f5828551e01c01 P 1fe57c42f8a24970932fd95999af77a0 [CANDIDATE]: Term 1 election: Requested vote from peers c70d02b85a9f4ed784667b47fc6b76cb (127.16.211.193:40301), acf9a7b8861943efb350f92f292614ba (127.16.211.194:34839)
I20260608 09:56:10.239931 18997 tablet_service.cc:1917] Received RequestConsensusVote() RPC: tablet_id: "875459872a7c496098f5828551e01c01" candidate_uuid: "1fe57c42f8a24970932fd95999af77a0" candidate_term: 1 candidate_status { last_received { term: 0 index: 0 } } ignore_live_leader: false dest_uuid: "c70d02b85a9f4ed784667b47fc6b76cb"
I20260608 09:56:10.240514 18997 raft_consensus.cc:3060] T 875459872a7c496098f5828551e01c01 P c70d02b85a9f4ed784667b47fc6b76cb [term 0 FOLLOWER]: Advancing to term 1
I20260608 09:56:10.240698 19072 tablet_service.cc:1917] Received RequestConsensusVote() RPC: tablet_id: "875459872a7c496098f5828551e01c01" candidate_uuid: "1fe57c42f8a24970932fd95999af77a0" candidate_term: 1 candidate_status { last_received { term: 0 index: 0 } } ignore_live_leader: false dest_uuid: "acf9a7b8861943efb350f92f292614ba"
I20260608 09:56:10.241259 19072 raft_consensus.cc:3060] T 875459872a7c496098f5828551e01c01 P acf9a7b8861943efb350f92f292614ba [term 0 FOLLOWER]: Advancing to term 1
I20260608 09:56:10.247769 19072 raft_consensus.cc:2468] T 875459872a7c496098f5828551e01c01 P acf9a7b8861943efb350f92f292614ba [term 1 FOLLOWER]: Leader election vote request: Granting yes vote for candidate 1fe57c42f8a24970932fd95999af77a0 in term 1.
I20260608 09:56:10.247769 18997 raft_consensus.cc:2468] T 875459872a7c496098f5828551e01c01 P c70d02b85a9f4ed784667b47fc6b76cb [term 1 FOLLOWER]: Leader election vote request: Granting yes vote for candidate 1fe57c42f8a24970932fd95999af77a0 in term 1.
I20260608 09:56:10.249190 19110 leader_election.cc:304] T 875459872a7c496098f5828551e01c01 P 1fe57c42f8a24970932fd95999af77a0 [CANDIDATE]: Term 1 election: Election decided. Result: candidate won. Election summary: received 2 responses out of 3 voters: 2 yes votes; 0 no votes. yes voters: 1fe57c42f8a24970932fd95999af77a0, acf9a7b8861943efb350f92f292614ba; no voters: 
I20260608 09:56:10.249310 19198 raft_consensus.cc:493] T eb53f835e6dc4080a6c15ea4911fc4c5 P acf9a7b8861943efb350f92f292614ba [term 0 FOLLOWER]: Starting pre-election (no leader contacted us within the election timeout)
I20260608 09:56:10.249958 19199 raft_consensus.cc:2804] T 875459872a7c496098f5828551e01c01 P 1fe57c42f8a24970932fd95999af77a0 [term 1 FOLLOWER]: Leader election won for term 1
I20260608 09:56:10.249883 19198 raft_consensus.cc:515] T eb53f835e6dc4080a6c15ea4911fc4c5 P acf9a7b8861943efb350f92f292614ba [term 0 FOLLOWER]: Starting pre-election with config: opid_index: -1 OBSOLETE_local: false peers { permanent_uuid: "c70d02b85a9f4ed784667b47fc6b76cb" member_type: VOTER last_known_addr { host: "127.16.211.193" port: 40301 } } peers { permanent_uuid: "acf9a7b8861943efb350f92f292614ba" member_type: VOTER last_known_addr { host: "127.16.211.194" port: 34839 } } peers { permanent_uuid: "1fe57c42f8a24970932fd95999af77a0" member_type: VOTER last_known_addr { host: "127.16.211.195" port: 42835 } }
I20260608 09:56:10.251317 19199 raft_consensus.cc:697] T 875459872a7c496098f5828551e01c01 P 1fe57c42f8a24970932fd95999af77a0 [term 1 LEADER]: Becoming Leader. State: Replica: 1fe57c42f8a24970932fd95999af77a0, State: Running, Role: LEADER
I20260608 09:56:10.252167 19199 consensus_queue.cc:237] T 875459872a7c496098f5828551e01c01 P 1fe57c42f8a24970932fd95999af77a0 [LEADER]: Queue going to LEADER mode. State: All replicated index: 0, Majority replicated index: 0, Committed index: 0, Last appended: 0.0, Last appended by leader: 0, Current term: 1, Majority size: 2, State: 0, Mode: LEADER, active raft config: opid_index: -1 OBSOLETE_local: false peers { permanent_uuid: "c70d02b85a9f4ed784667b47fc6b76cb" member_type: VOTER last_known_addr { host: "127.16.211.193" port: 40301 } } peers { permanent_uuid: "1fe57c42f8a24970932fd95999af77a0" member_type: VOTER last_known_addr { host: "127.16.211.195" port: 42835 } } peers { permanent_uuid: "acf9a7b8861943efb350f92f292614ba" member_type: VOTER last_known_addr { host: "127.16.211.194" port: 34839 } }
I20260608 09:56:10.252770 19198 leader_election.cc:290] T eb53f835e6dc4080a6c15ea4911fc4c5 P acf9a7b8861943efb350f92f292614ba [CANDIDATE]: Term 1 pre-election: Requested pre-vote from peers c70d02b85a9f4ed784667b47fc6b76cb (127.16.211.193:40301), 1fe57c42f8a24970932fd95999af77a0 (127.16.211.195:42835)
I20260608 09:56:10.263813 18892 catalog_manager.cc:5696] T 875459872a7c496098f5828551e01c01 P 1fe57c42f8a24970932fd95999af77a0 reported cstate change: term changed from 0 to 1, leader changed from <none> to 1fe57c42f8a24970932fd95999af77a0 (127.16.211.195). New cstate: current_term: 1 leader_uuid: "1fe57c42f8a24970932fd95999af77a0" committed_config { opid_index: -1 OBSOLETE_local: false peers { permanent_uuid: "c70d02b85a9f4ed784667b47fc6b76cb" member_type: VOTER last_known_addr { host: "127.16.211.193" port: 40301 } health_report { overall_health: UNKNOWN } } peers { permanent_uuid: "1fe57c42f8a24970932fd95999af77a0" member_type: VOTER last_known_addr { host: "127.16.211.195" port: 42835 } health_report { overall_health: HEALTHY } } peers { permanent_uuid: "acf9a7b8861943efb350f92f292614ba" member_type: VOTER last_known_addr { host: "127.16.211.194" port: 34839 } health_report { overall_health: UNKNOWN } } }
I20260608 09:56:10.266300 18997 tablet_service.cc:1917] Received RequestConsensusVote() RPC: tablet_id: "eb53f835e6dc4080a6c15ea4911fc4c5" candidate_uuid: "acf9a7b8861943efb350f92f292614ba" candidate_term: 1 candidate_status { last_received { term: 0 index: 0 } } ignore_live_leader: false dest_uuid: "c70d02b85a9f4ed784667b47fc6b76cb" is_pre_election: true
I20260608 09:56:10.266968 18997 raft_consensus.cc:2468] T eb53f835e6dc4080a6c15ea4911fc4c5 P c70d02b85a9f4ed784667b47fc6b76cb [term 0 FOLLOWER]: Leader pre-election vote request: Granting yes vote for candidate acf9a7b8861943efb350f92f292614ba in term 0.
I20260608 09:56:10.268141 19036 leader_election.cc:304] T eb53f835e6dc4080a6c15ea4911fc4c5 P acf9a7b8861943efb350f92f292614ba [CANDIDATE]: Term 1 pre-election: Election decided. Result: candidate won. Election summary: received 2 responses out of 3 voters: 2 yes votes; 0 no votes. yes voters: acf9a7b8861943efb350f92f292614ba, c70d02b85a9f4ed784667b47fc6b76cb; no voters: 
I20260608 09:56:10.268929 19198 raft_consensus.cc:2804] T eb53f835e6dc4080a6c15ea4911fc4c5 P acf9a7b8861943efb350f92f292614ba [term 0 FOLLOWER]: Leader pre-election won for term 1
I20260608 09:56:10.269276 19198 raft_consensus.cc:493] T eb53f835e6dc4080a6c15ea4911fc4c5 P acf9a7b8861943efb350f92f292614ba [term 0 FOLLOWER]: Starting leader election (no leader contacted us within the election timeout)
I20260608 09:56:10.269654 19198 raft_consensus.cc:3060] T eb53f835e6dc4080a6c15ea4911fc4c5 P acf9a7b8861943efb350f92f292614ba [term 0 FOLLOWER]: Advancing to term 1
I20260608 09:56:10.270056 19146 tablet_service.cc:1917] Received RequestConsensusVote() RPC: tablet_id: "eb53f835e6dc4080a6c15ea4911fc4c5" candidate_uuid: "acf9a7b8861943efb350f92f292614ba" candidate_term: 1 candidate_status { last_received { term: 0 index: 0 } } ignore_live_leader: false dest_uuid: "1fe57c42f8a24970932fd95999af77a0" is_pre_election: true
I20260608 09:56:10.270663 19146 raft_consensus.cc:2468] T eb53f835e6dc4080a6c15ea4911fc4c5 P 1fe57c42f8a24970932fd95999af77a0 [term 0 FOLLOWER]: Leader pre-election vote request: Granting yes vote for candidate acf9a7b8861943efb350f92f292614ba in term 0.
I20260608 09:56:10.276436 19198 raft_consensus.cc:515] T eb53f835e6dc4080a6c15ea4911fc4c5 P acf9a7b8861943efb350f92f292614ba [term 1 FOLLOWER]: Starting leader election with config: opid_index: -1 OBSOLETE_local: false peers { permanent_uuid: "c70d02b85a9f4ed784667b47fc6b76cb" member_type: VOTER last_known_addr { host: "127.16.211.193" port: 40301 } } peers { permanent_uuid: "acf9a7b8861943efb350f92f292614ba" member_type: VOTER last_known_addr { host: "127.16.211.194" port: 34839 } } peers { permanent_uuid: "1fe57c42f8a24970932fd95999af77a0" member_type: VOTER last_known_addr { host: "127.16.211.195" port: 42835 } }
I20260608 09:56:10.278230 19198 leader_election.cc:290] T eb53f835e6dc4080a6c15ea4911fc4c5 P acf9a7b8861943efb350f92f292614ba [CANDIDATE]: Term 1 election: Requested vote from peers c70d02b85a9f4ed784667b47fc6b76cb (127.16.211.193:40301), 1fe57c42f8a24970932fd95999af77a0 (127.16.211.195:42835)
I20260608 09:56:10.278995 18997 tablet_service.cc:1917] Received RequestConsensusVote() RPC: tablet_id: "eb53f835e6dc4080a6c15ea4911fc4c5" candidate_uuid: "acf9a7b8861943efb350f92f292614ba" candidate_term: 1 candidate_status { last_received { term: 0 index: 0 } } ignore_live_leader: false dest_uuid: "c70d02b85a9f4ed784667b47fc6b76cb"
I20260608 09:56:10.279206 19146 tablet_service.cc:1917] Received RequestConsensusVote() RPC: tablet_id: "eb53f835e6dc4080a6c15ea4911fc4c5" candidate_uuid: "acf9a7b8861943efb350f92f292614ba" candidate_term: 1 candidate_status { last_received { term: 0 index: 0 } } ignore_live_leader: false dest_uuid: "1fe57c42f8a24970932fd95999af77a0"
I20260608 09:56:10.279464 18997 raft_consensus.cc:3060] T eb53f835e6dc4080a6c15ea4911fc4c5 P c70d02b85a9f4ed784667b47fc6b76cb [term 0 FOLLOWER]: Advancing to term 1
I20260608 09:56:10.279819 19146 raft_consensus.cc:3060] T eb53f835e6dc4080a6c15ea4911fc4c5 P 1fe57c42f8a24970932fd95999af77a0 [term 0 FOLLOWER]: Advancing to term 1
I20260608 09:56:10.284318 18997 raft_consensus.cc:2468] T eb53f835e6dc4080a6c15ea4911fc4c5 P c70d02b85a9f4ed784667b47fc6b76cb [term 1 FOLLOWER]: Leader election vote request: Granting yes vote for candidate acf9a7b8861943efb350f92f292614ba in term 1.
I20260608 09:56:10.284552 19146 raft_consensus.cc:2468] T eb53f835e6dc4080a6c15ea4911fc4c5 P 1fe57c42f8a24970932fd95999af77a0 [term 1 FOLLOWER]: Leader election vote request: Granting yes vote for candidate acf9a7b8861943efb350f92f292614ba in term 1.
I20260608 09:56:10.285569 19036 leader_election.cc:304] T eb53f835e6dc4080a6c15ea4911fc4c5 P acf9a7b8861943efb350f92f292614ba [CANDIDATE]: Term 1 election: Election decided. Result: candidate won. Election summary: received 2 responses out of 3 voters: 2 yes votes; 0 no votes. yes voters: acf9a7b8861943efb350f92f292614ba, c70d02b85a9f4ed784667b47fc6b76cb; no voters: 
I20260608 09:56:10.286253 19198 raft_consensus.cc:2804] T eb53f835e6dc4080a6c15ea4911fc4c5 P acf9a7b8861943efb350f92f292614ba [term 1 FOLLOWER]: Leader election won for term 1
I20260608 09:56:10.287389 19198 raft_consensus.cc:697] T eb53f835e6dc4080a6c15ea4911fc4c5 P acf9a7b8861943efb350f92f292614ba [term 1 LEADER]: Becoming Leader. State: Replica: acf9a7b8861943efb350f92f292614ba, State: Running, Role: LEADER
I20260608 09:56:10.288233 19198 consensus_queue.cc:237] T eb53f835e6dc4080a6c15ea4911fc4c5 P acf9a7b8861943efb350f92f292614ba [LEADER]: Queue going to LEADER mode. State: All replicated index: 0, Majority replicated index: 0, Committed index: 0, Last appended: 0.0, Last appended by leader: 0, Current term: 1, Majority size: 2, State: 0, Mode: LEADER, active raft config: opid_index: -1 OBSOLETE_local: false peers { permanent_uuid: "c70d02b85a9f4ed784667b47fc6b76cb" member_type: VOTER last_known_addr { host: "127.16.211.193" port: 40301 } } peers { permanent_uuid: "acf9a7b8861943efb350f92f292614ba" member_type: VOTER last_known_addr { host: "127.16.211.194" port: 34839 } } peers { permanent_uuid: "1fe57c42f8a24970932fd95999af77a0" member_type: VOTER last_known_addr { host: "127.16.211.195" port: 42835 } }
I20260608 09:56:10.295655 18892 catalog_manager.cc:5696] T eb53f835e6dc4080a6c15ea4911fc4c5 P acf9a7b8861943efb350f92f292614ba reported cstate change: term changed from 0 to 1, leader changed from <none> to acf9a7b8861943efb350f92f292614ba (127.16.211.194). New cstate: current_term: 1 leader_uuid: "acf9a7b8861943efb350f92f292614ba" committed_config { opid_index: -1 OBSOLETE_local: false peers { permanent_uuid: "c70d02b85a9f4ed784667b47fc6b76cb" member_type: VOTER last_known_addr { host: "127.16.211.193" port: 40301 } health_report { overall_health: UNKNOWN } } peers { permanent_uuid: "acf9a7b8861943efb350f92f292614ba" member_type: VOTER last_known_addr { host: "127.16.211.194" port: 34839 } health_report { overall_health: HEALTHY } } peers { permanent_uuid: "1fe57c42f8a24970932fd95999af77a0" member_type: VOTER last_known_addr { host: "127.16.211.195" port: 42835 } health_report { overall_health: UNKNOWN } } }
I20260608 09:56:10.585623 18948 auto_leader_rebalancer.cc:140] leader rebalance for table test-workload
I20260608 09:56:10.588343 18948 auto_leader_rebalancer.cc:388] table: test-workload, leader rebalance finish, leader transfer count: 0
I20260608 09:56:10.588691 18948 auto_leader_rebalancer.cc:451] All tables' leader rebalancing finished this round
I20260608 09:56:10.803787 19211 consensus_queue.cc:1048] T eb53f835e6dc4080a6c15ea4911fc4c5 P acf9a7b8861943efb350f92f292614ba [LEADER]: Connected to new peer: Peer: permanent_uuid: "c70d02b85a9f4ed784667b47fc6b76cb" member_type: VOTER last_known_addr { host: "127.16.211.193" port: 40301 }, Status: LMP_MISMATCH, Last received: 0.0, Next index: 1, Last known committed idx: 0, Time since last communication: 0.000s
I20260608 09:56:10.807199 19212 consensus_queue.cc:1048] T 875459872a7c496098f5828551e01c01 P 1fe57c42f8a24970932fd95999af77a0 [LEADER]: Connected to new peer: Peer: permanent_uuid: "c70d02b85a9f4ed784667b47fc6b76cb" member_type: VOTER last_known_addr { host: "127.16.211.193" port: 40301 }, Status: LMP_MISMATCH, Last received: 0.0, Next index: 1, Last known committed idx: 0, Time since last communication: 0.000s
I20260608 09:56:10.824904 19211 consensus_queue.cc:1048] T eb53f835e6dc4080a6c15ea4911fc4c5 P acf9a7b8861943efb350f92f292614ba [LEADER]: Connected to new peer: Peer: permanent_uuid: "1fe57c42f8a24970932fd95999af77a0" member_type: VOTER last_known_addr { host: "127.16.211.195" port: 42835 }, Status: LMP_MISMATCH, Last received: 0.0, Next index: 1, Last known committed idx: 0, Time since last communication: 0.000s
I20260608 09:56:10.831966 19212 consensus_queue.cc:1048] T 875459872a7c496098f5828551e01c01 P 1fe57c42f8a24970932fd95999af77a0 [LEADER]: Connected to new peer: Peer: permanent_uuid: "acf9a7b8861943efb350f92f292614ba" member_type: VOTER last_known_addr { host: "127.16.211.194" port: 34839 }, Status: LMP_MISMATCH, Last received: 0.0, Next index: 1, Last known committed idx: 0, Time since last communication: 0.000s
I20260608 09:56:12.589620 18948 auto_leader_rebalancer.cc:140] leader rebalance for table test-workload
I20260608 09:56:12.591970 18948 auto_leader_rebalancer.cc:388] table: test-workload, leader rebalance finish, leader transfer count: 0
I20260608 09:56:12.592365 18948 auto_leader_rebalancer.cc:451] All tables' leader rebalancing finished this round
W20260608 09:56:13.435282 19167 debug-util.cc:398] Leaking SignalData structure 0x7b0800037980 after lost signal to thread 17234
W20260608 09:56:13.436146 19167 debug-util.cc:398] Leaking SignalData structure 0x7b0800038060 after lost signal to thread 18929
W20260608 09:56:13.437001 19167 debug-util.cc:398] Leaking SignalData structure 0x7b08001cb3c0 after lost signal to thread 19021
W20260608 09:56:13.437808 19167 debug-util.cc:398] Leaking SignalData structure 0x7b08001fa480 after lost signal to thread 19096
W20260608 09:56:13.438567 19167 debug-util.cc:398] Leaking SignalData structure 0x7b080017dd20 after lost signal to thread 19170
I20260608 09:56:14.593627 18948 auto_leader_rebalancer.cc:140] leader rebalance for table test-workload
I20260608 09:56:14.596274 18948 auto_leader_rebalancer.cc:388] table: test-workload, leader rebalance finish, leader transfer count: 0
I20260608 09:56:14.596664 18948 auto_leader_rebalancer.cc:451] All tables' leader rebalancing finished this round
I20260608 09:56:16.597743 18948 auto_leader_rebalancer.cc:140] leader rebalance for table test-workload
I20260608 09:56:16.599957 18948 auto_leader_rebalancer.cc:388] table: test-workload, leader rebalance finish, leader transfer count: 0
I20260608 09:56:16.600349 18948 auto_leader_rebalancer.cc:451] All tables' leader rebalancing finished this round
I20260608 09:56:18.601279 18948 auto_leader_rebalancer.cc:140] leader rebalance for table test-workload
I20260608 09:56:18.603641 18948 auto_leader_rebalancer.cc:388] table: test-workload, leader rebalance finish, leader transfer count: 0
I20260608 09:56:18.604063 18948 auto_leader_rebalancer.cc:451] All tables' leader rebalancing finished this round
I20260608 09:56:20.604982 18948 auto_leader_rebalancer.cc:140] leader rebalance for table test-workload
I20260608 09:56:20.607123 18948 auto_leader_rebalancer.cc:388] table: test-workload, leader rebalance finish, leader transfer count: 0
I20260608 09:56:20.607484 18948 auto_leader_rebalancer.cc:451] All tables' leader rebalancing finished this round
I20260608 09:56:21.427378 17231 file_cache.cc:492] Constructed file cache file cache with capacity 419430
W20260608 09:56:21.435353 19230 instance_detector.cc:116] could not retrieve AWS instance metadata: Network error: curl error: HTTP response code said error: The requested URL returned error: 404
W20260608 09:56:21.435629 19231 instance_detector.cc:116] could not retrieve Azure instance metadata: Network error: curl error: HTTP response code said error: The requested URL returned error: 404
W20260608 09:56:21.436628 19233 instance_detector.cc:116] could not retrieve OpenStack instance metadata: Network error: curl error: HTTP response code said error: The requested URL returned error: 404
I20260608 09:56:21.438606 17231 server_base.cc:1061] running on GCE node
I20260608 09:56:21.440501 17231 hybrid_clock.cc:584] initializing the hybrid clock with 'system_unsync' time source
W20260608 09:56:21.440826 17231 system_unsync_time.cc:38] NTP support is disabled. Clock error bounds will not be accurate. This configuration is not suitable for distributed clusters.
I20260608 09:56:21.441093 17231 hybrid_clock.cc:648] HybridClock initialized: now 1780912581441074 us; error 0 us; skew 500 ppm
I20260608 09:56:21.442061 17231 server_base.cc:861] Flag tcmalloc_max_total_thread_cache_bytes is not working since tcmalloc is not enabled.
I20260608 09:56:21.446549 17231 webserver.cc:533] Webserver started at http://127.16.211.196:37529/ using document root <none> and password file <none>
I20260608 09:56:21.447126 17231 fs_manager.cc:362] Metadata directory not provided
I20260608 09:56:21.447330 17231 fs_manager.cc:368] Using write-ahead log directory (fs_wal_dir) as metadata directory
I20260608 09:56:21.447606 17231 server_base.cc:909] This appears to be a new deployment of Kudu; creating new FS layout
I20260608 09:56:21.449092 17231 fs_manager.cc:1068] Generated new instance metadata in path /tmp/dist-test-taskkQSOz7/test-tmp/auto_rebalancer-test.0.AutoRebalancerTest.MovesScheduledIfAddTserver.1780912543540843-17231-0/minicluster-data/ts-3-root/instance:
uuid: "a3d1c39a90c94af8b36efae0a4dc6959"
format_stamp: "Formatted at 2026-06-08 09:56:21 on dist-test-slave-5p5d"
I20260608 09:56:21.454797 17231 fs_manager.cc:696] Time spent creating directory manager: real 0.005s	user 0.004s	sys 0.000s
I20260608 09:56:21.459004 19239 log_block_manager.cc:4031] Time spent loading block containers with low live blocks: real 0.000s	user 0.000s	sys 0.000s
I20260608 09:56:21.460024 17231 fs_manager.cc:730] Time spent opening block manager: real 0.003s	user 0.002s	sys 0.002s
I20260608 09:56:21.460454 17231 fs_manager.cc:647] Opened local filesystem: /tmp/dist-test-taskkQSOz7/test-tmp/auto_rebalancer-test.0.AutoRebalancerTest.MovesScheduledIfAddTserver.1780912543540843-17231-0/minicluster-data/ts-3-root
uuid: "a3d1c39a90c94af8b36efae0a4dc6959"
format_stamp: "Formatted at 2026-06-08 09:56:21 on dist-test-slave-5p5d"
I20260608 09:56:21.460858 17231 fs_report.cc:389] FS layout report
--------------------
wal directory: /tmp/dist-test-taskkQSOz7/test-tmp/auto_rebalancer-test.0.AutoRebalancerTest.MovesScheduledIfAddTserver.1780912543540843-17231-0/minicluster-data/ts-3-root
metadata directory: /tmp/dist-test-taskkQSOz7/test-tmp/auto_rebalancer-test.0.AutoRebalancerTest.MovesScheduledIfAddTserver.1780912543540843-17231-0/minicluster-data/ts-3-root
1 data directories: /tmp/dist-test-taskkQSOz7/test-tmp/auto_rebalancer-test.0.AutoRebalancerTest.MovesScheduledIfAddTserver.1780912543540843-17231-0/minicluster-data/ts-3-root/data
Total live blocks: 0
Total live bytes: 0
Total live bytes (after alignment): 0
Total number of LBM containers: 0 (0 full)
Did not check for missing blocks
Did not check for orphaned blocks
Total full LBM containers with extra space: 0 (0 repaired)
Total full LBM container extra space in bytes: 0 (0 repaired)
Total incomplete LBM containers: 0 (0 repaired)
Total LBM partial records: 0 (0 repaired)
Total corrupted LBM metadata records in RocksDB: 0 (0 repaired)
I20260608 09:56:21.483763 17231 rpc_server.cc:225] running with OpenSSL 1.1.1  11 Sep 2018
I20260608 09:56:21.485369 17231 kserver.cc:163] Server-wide thread pool size limit: 3276
I20260608 09:56:21.487118 17231 txn_system_client.cc:432] TxnSystemClient initialization is disabled...
I20260608 09:56:21.489931 17231 ts_tablet_manager.cc:585] Loaded tablet metadata (0 total tablets, 0 live tablets)
I20260608 09:56:21.490173 17231 ts_tablet_manager.cc:531] Time spent load tablet metadata: real 0.000s	user 0.000s	sys 0.000s
I20260608 09:56:21.490489 17231 ts_tablet_manager.cc:616] Registered 0 tablets
I20260608 09:56:21.490661 17231 ts_tablet_manager.cc:595] Time spent register tablets: real 0.000s	user 0.000s	sys 0.000s
I20260608 09:56:21.541116 17231 rpc_server.cc:307] RPC server started. Bound to: 127.16.211.196:34087
I20260608 09:56:21.541239 19301 acceptor_pool.cc:272] collecting diagnostics on the listening RPC socket 127.16.211.196:34087 every 8 connection(s)
I20260608 09:56:21.562474 19302 heartbeater.cc:344] Connected to a master server at 127.16.211.254:38947
I20260608 09:56:21.562911 19302 heartbeater.cc:461] Registering TS with master...
I20260608 09:56:21.563942 19302 heartbeater.cc:507] Master 127.16.211.254:38947 requested a full tablet report, sending...
I20260608 09:56:21.566220 18892 ts_manager.cc:194] Registered new tserver with Master: a3d1c39a90c94af8b36efae0a4dc6959 (127.16.211.196:34087)
I20260608 09:56:21.567687 18892 master_service.cc:502] Signed X509 certificate for tserver {username='slave'} at 127.0.0.1:45496
I20260608 09:56:21.665056 19072 consensus_queue.cc:237] T eb53f835e6dc4080a6c15ea4911fc4c5 P acf9a7b8861943efb350f92f292614ba [LEADER]: Queue going to LEADER mode. State: All replicated index: 0, Majority replicated index: 1, Committed index: 1, Last appended: 1.1, Last appended by leader: 0, Current term: 1, Majority size: 2, State: 0, Mode: LEADER, active raft config: opid_index: 2 OBSOLETE_local: false peers { permanent_uuid: "c70d02b85a9f4ed784667b47fc6b76cb" member_type: VOTER last_known_addr { host: "127.16.211.193" port: 40301 } } peers { permanent_uuid: "acf9a7b8861943efb350f92f292614ba" member_type: VOTER last_known_addr { host: "127.16.211.194" port: 34839 } } peers { permanent_uuid: "1fe57c42f8a24970932fd95999af77a0" member_type: VOTER last_known_addr { host: "127.16.211.195" port: 42835 } attrs { replace: true } } peers { permanent_uuid: "a3d1c39a90c94af8b36efae0a4dc6959" member_type: NON_VOTER last_known_addr { host: "127.16.211.196" port: 34087 } attrs { promote: true } }
I20260608 09:56:21.675298 19146 raft_consensus.cc:1275] T eb53f835e6dc4080a6c15ea4911fc4c5 P 1fe57c42f8a24970932fd95999af77a0 [term 1 FOLLOWER]: Refusing update from remote peer acf9a7b8861943efb350f92f292614ba: Log matching property violated. Preceding OpId in replica: term: 1 index: 1. Preceding OpId from leader: term: 1 index: 2. (index mismatch)
I20260608 09:56:21.675654 18997 raft_consensus.cc:1275] T eb53f835e6dc4080a6c15ea4911fc4c5 P c70d02b85a9f4ed784667b47fc6b76cb [term 1 FOLLOWER]: Refusing update from remote peer acf9a7b8861943efb350f92f292614ba: Log matching property violated. Preceding OpId in replica: term: 1 index: 1. Preceding OpId from leader: term: 1 index: 2. (index mismatch)
I20260608 09:56:21.677066 19235 consensus_queue.cc:1048] T eb53f835e6dc4080a6c15ea4911fc4c5 P acf9a7b8861943efb350f92f292614ba [LEADER]: Connected to new peer: Peer: permanent_uuid: "1fe57c42f8a24970932fd95999af77a0" member_type: VOTER last_known_addr { host: "127.16.211.195" port: 42835 } attrs { replace: true }, Status: LMP_MISMATCH, Last received: 0.0, Next index: 2, Last known committed idx: 1, Time since last communication: 0.000s
I20260608 09:56:21.678323 19309 consensus_queue.cc:1048] T eb53f835e6dc4080a6c15ea4911fc4c5 P acf9a7b8861943efb350f92f292614ba [LEADER]: Connected to new peer: Peer: permanent_uuid: "c70d02b85a9f4ed784667b47fc6b76cb" member_type: VOTER last_known_addr { host: "127.16.211.193" port: 40301 }, Status: LMP_MISMATCH, Last received: 0.0, Next index: 2, Last known committed idx: 1, Time since last communication: 0.001s
W20260608 09:56:21.686904 19036 consensus_peers.cc:597] T eb53f835e6dc4080a6c15ea4911fc4c5 P acf9a7b8861943efb350f92f292614ba -> Peer a3d1c39a90c94af8b36efae0a4dc6959 (127.16.211.196:34087): Couldn't send request to peer a3d1c39a90c94af8b36efae0a4dc6959. Error code: TABLET_NOT_FOUND (6). Status: Not found: Tablet not found: eb53f835e6dc4080a6c15ea4911fc4c5. This is attempt 1: this message will repeat every 5th retry.
