[==========] Running 24 tests from 2 test suites.
[----------] Global test environment set-up.
[----------] 22 tests from AutoRebalancerTest
[ RUN      ] AutoRebalancerTest.OnlyLeaderDoesAutoRebalancing
WARNING: Logging before InitGoogleLogging() is written to STDERR
I20260608 09:55:43.474763  4372 internal_mini_cluster.cc:156] Creating distributed mini masters. Addrs: 127.4.69.62:33093,127.4.69.61:44601,127.4.69.60:44129
I20260608 09:55:43.476529  4372 env_posix.cc:2267] Not raising this process' open files per process limit of 1048576; it is already as high as it can go
I20260608 09:55:43.477605  4372 file_cache.cc:492] Constructed file cache file cache with capacity 419430
W20260608 09:55:43.494652  4381 instance_detector.cc:116] could not retrieve OpenStack instance metadata: Network error: curl error: HTTP response code said error: The requested URL returned error: 404
W20260608 09:55:43.494659  4379 instance_detector.cc:116] could not retrieve Azure instance metadata: Network error: curl error: HTTP response code said error: The requested URL returned error: 404
W20260608 09:55:43.494711  4378 instance_detector.cc:116] could not retrieve AWS instance metadata: Network error: curl error: HTTP response code said error: The requested URL returned error: 404
W20260608 09:55:44.690589  4380 instance_detector.cc:116] could not retrieve GCE instance metadata: Timed out: curl timeout: Timeout was reached: Connection time-out
I20260608 09:55:44.690743  4372 server_base.cc:1056] Not found: could not retrieve instance metadata: unable to detect cloud type of this node, probably running in non-cloud environment
I20260608 09:55:44.695160  4372 hybrid_clock.cc:584] initializing the hybrid clock with 'system_unsync' time source
W20260608 09:55:44.695410  4372 system_unsync_time.cc:38] NTP support is disabled. Clock error bounds will not be accurate. This configuration is not suitable for distributed clusters.
I20260608 09:55:44.695578  4372 hybrid_clock.cc:648] HybridClock initialized: now 1780912544695562 us; error 0 us; skew 500 ppm
I20260608 09:55:44.696847  4372 server_base.cc:861] Flag tcmalloc_max_total_thread_cache_bytes is not working since tcmalloc is not enabled.
I20260608 09:55:44.702831  4372 webserver.cc:533] Webserver started at http://127.4.69.62:40103/ using document root <none> and password file <none>
I20260608 09:55:44.703732  4372 fs_manager.cc:362] Metadata directory not provided
I20260608 09:55:44.703965  4372 fs_manager.cc:368] Using write-ahead log directory (fs_wal_dir) as metadata directory
I20260608 09:55:44.704459  4372 server_base.cc:909] This appears to be a new deployment of Kudu; creating new FS layout
I20260608 09:55:44.710335  4372 fs_manager.cc:1068] Generated new instance metadata in path /tmp/dist-test-taskv0nkYx/test-tmp/auto_rebalancer-test.0.AutoRebalancerTest.OnlyLeaderDoesAutoRebalancing.1780912543305729-4372-0/minicluster-data/master-0-root/instance:
uuid: "545df05dde0a4623a4c19e7144638afe"
format_stamp: "Formatted at 2026-06-08 09:55:44 on dist-test-slave-t8l4"
I20260608 09:55:44.718348  4372 fs_manager.cc:696] Time spent creating directory manager: real 0.007s	user 0.008s	sys 0.000s
I20260608 09:55:44.723726  4387 log_block_manager.cc:4031] Time spent loading block containers with low live blocks: real 0.000s	user 0.000s	sys 0.000s
I20260608 09:55:44.725062  4372 fs_manager.cc:730] Time spent opening block manager: real 0.004s	user 0.003s	sys 0.000s
I20260608 09:55:44.725430  4372 fs_manager.cc:647] Opened local filesystem: /tmp/dist-test-taskv0nkYx/test-tmp/auto_rebalancer-test.0.AutoRebalancerTest.OnlyLeaderDoesAutoRebalancing.1780912543305729-4372-0/minicluster-data/master-0-root
uuid: "545df05dde0a4623a4c19e7144638afe"
format_stamp: "Formatted at 2026-06-08 09:55:44 on dist-test-slave-t8l4"
I20260608 09:55:44.725739  4372 fs_report.cc:389] FS layout report
--------------------
wal directory: /tmp/dist-test-taskv0nkYx/test-tmp/auto_rebalancer-test.0.AutoRebalancerTest.OnlyLeaderDoesAutoRebalancing.1780912543305729-4372-0/minicluster-data/master-0-root
metadata directory: /tmp/dist-test-taskv0nkYx/test-tmp/auto_rebalancer-test.0.AutoRebalancerTest.OnlyLeaderDoesAutoRebalancing.1780912543305729-4372-0/minicluster-data/master-0-root
1 data directories: /tmp/dist-test-taskv0nkYx/test-tmp/auto_rebalancer-test.0.AutoRebalancerTest.OnlyLeaderDoesAutoRebalancing.1780912543305729-4372-0/minicluster-data/master-0-root/data
Total live blocks: 0
Total live bytes: 0
Total live bytes (after alignment): 0
Total number of LBM containers: 0 (0 full)
Did not check for missing blocks
Did not check for orphaned blocks
Total full LBM containers with extra space: 0 (0 repaired)
Total full LBM container extra space in bytes: 0 (0 repaired)
Total incomplete LBM containers: 0 (0 repaired)
Total LBM partial records: 0 (0 repaired)
Total corrupted LBM metadata records in RocksDB: 0 (0 repaired)
I20260608 09:55:44.796303  4372 rpc_server.cc:225] running with OpenSSL 1.1.1  11 Sep 2018
I20260608 09:55:44.797924  4372 env_posix.cc:2267] Not raising this process' running threads per effective uid limit of 18446744073709551615; it is already as high as it can go
I20260608 09:55:44.798408  4372 kserver.cc:163] Server-wide thread pool size limit: 3276
I20260608 09:55:44.870872  4372 rpc_server.cc:307] RPC server started. Bound to: 127.4.69.62:33093
I20260608 09:55:44.870990  4438 acceptor_pool.cc:272] collecting diagnostics on the listening RPC socket 127.4.69.62:33093 every 8 connection(s)
I20260608 09:55:44.877388  4372 file_cache.cc:492] Constructed file cache file cache with capacity 419430
I20260608 09:55:44.879350  4439 data_dirs.cc:400] Could only allocate 1 dirs of requested 3 for tablet 00000000000000000000000000000000. 1 dirs total, 0 dirs full, 0 dirs failed
W20260608 09:55:44.884209  4441 instance_detector.cc:116] could not retrieve AWS instance metadata: Network error: curl error: HTTP response code said error: The requested URL returned error: 404
W20260608 09:55:44.886080  4442 instance_detector.cc:116] could not retrieve Azure instance metadata: Network error: curl error: HTTP response code said error: The requested URL returned error: 404
W20260608 09:55:44.888756  4444 instance_detector.cc:116] could not retrieve OpenStack instance metadata: Network error: curl error: HTTP response code said error: The requested URL returned error: 404
I20260608 09:55:44.889533  4372 server_base.cc:1061] running on GCE node
I20260608 09:55:44.890260  4372 hybrid_clock.cc:584] initializing the hybrid clock with 'system_unsync' time source
W20260608 09:55:44.890491  4372 system_unsync_time.cc:38] NTP support is disabled. Clock error bounds will not be accurate. This configuration is not suitable for distributed clusters.
I20260608 09:55:44.890671  4372 hybrid_clock.cc:648] HybridClock initialized: now 1780912544890653 us; error 0 us; skew 500 ppm
I20260608 09:55:44.891301  4372 server_base.cc:861] Flag tcmalloc_max_total_thread_cache_bytes is not working since tcmalloc is not enabled.
I20260608 09:55:44.895505  4372 webserver.cc:533] Webserver started at http://127.4.69.61:36101/ using document root <none> and password file <none>
I20260608 09:55:44.896093  4372 fs_manager.cc:362] Metadata directory not provided
I20260608 09:55:44.896333  4372 fs_manager.cc:368] Using write-ahead log directory (fs_wal_dir) as metadata directory
I20260608 09:55:44.896636  4372 server_base.cc:909] This appears to be a new deployment of Kudu; creating new FS layout
I20260608 09:55:44.897790  4372 fs_manager.cc:1068] Generated new instance metadata in path /tmp/dist-test-taskv0nkYx/test-tmp/auto_rebalancer-test.0.AutoRebalancerTest.OnlyLeaderDoesAutoRebalancing.1780912543305729-4372-0/minicluster-data/master-1-root/instance:
uuid: "9f41649587d2445a915e94e619f8e671"
format_stamp: "Formatted at 2026-06-08 09:55:44 on dist-test-slave-t8l4"
I20260608 09:55:44.900373  4439 sys_catalog.cc:422] member_type: VOTER last_known_addr { host: "127.4.69.62" port: 33093 } has no permanent_uuid. Determining permanent_uuid...
I20260608 09:55:44.903661  4372 fs_manager.cc:696] Time spent creating directory manager: real 0.005s	user 0.005s	sys 0.001s
I20260608 09:55:44.910234  4451 log_block_manager.cc:4031] Time spent loading block containers with low live blocks: real 0.000s	user 0.000s	sys 0.000s
I20260608 09:55:44.911185  4372 fs_manager.cc:730] Time spent opening block manager: real 0.004s	user 0.003s	sys 0.002s
I20260608 09:55:44.911516  4372 fs_manager.cc:647] Opened local filesystem: /tmp/dist-test-taskv0nkYx/test-tmp/auto_rebalancer-test.0.AutoRebalancerTest.OnlyLeaderDoesAutoRebalancing.1780912543305729-4372-0/minicluster-data/master-1-root
uuid: "9f41649587d2445a915e94e619f8e671"
format_stamp: "Formatted at 2026-06-08 09:55:44 on dist-test-slave-t8l4"
I20260608 09:55:44.911876  4372 fs_report.cc:389] FS layout report
--------------------
wal directory: /tmp/dist-test-taskv0nkYx/test-tmp/auto_rebalancer-test.0.AutoRebalancerTest.OnlyLeaderDoesAutoRebalancing.1780912543305729-4372-0/minicluster-data/master-1-root
metadata directory: /tmp/dist-test-taskv0nkYx/test-tmp/auto_rebalancer-test.0.AutoRebalancerTest.OnlyLeaderDoesAutoRebalancing.1780912543305729-4372-0/minicluster-data/master-1-root
1 data directories: /tmp/dist-test-taskv0nkYx/test-tmp/auto_rebalancer-test.0.AutoRebalancerTest.OnlyLeaderDoesAutoRebalancing.1780912543305729-4372-0/minicluster-data/master-1-root/data
Total live blocks: 0
Total live bytes: 0
Total live bytes (after alignment): 0
Total number of LBM containers: 0 (0 full)
Did not check for missing blocks
Did not check for orphaned blocks
Total full LBM containers with extra space: 0 (0 repaired)
Total full LBM container extra space in bytes: 0 (0 repaired)
Total incomplete LBM containers: 0 (0 repaired)
Total LBM partial records: 0 (0 repaired)
Total corrupted LBM metadata records in RocksDB: 0 (0 repaired)
I20260608 09:55:44.933362  4439 sys_catalog.cc:422] member_type: VOTER last_known_addr { host: "127.4.69.61" port: 44601 } has no permanent_uuid. Determining permanent_uuid...
W20260608 09:55:44.936030  4391 proxy.cc:239] Call had error, refreshing address and retrying: Network error: Client connection negotiation failed: client connection to 127.4.69.61:44601: connect: Connection refused (error 111)
W20260608 09:55:44.940323  4439 consensus_peers.cc:760] Error getting permanent uuid from config peer 127.4.69.61:44601: Network error: Client connection negotiation failed: client connection to 127.4.69.61:44601: connect: Connection refused (error 111)
I20260608 09:55:44.943563  4372 rpc_server.cc:225] running with OpenSSL 1.1.1  11 Sep 2018
I20260608 09:55:44.944976  4372 kserver.cc:163] Server-wide thread pool size limit: 3276
I20260608 09:55:44.990160  4439 consensus_peers.cc:770] Retrying to get permanent uuid for remote peer: member_type: VOTER last_known_addr { host: "127.4.69.61" port: 44601 } attempt: 1
W20260608 09:55:44.995994  4439 consensus_peers.cc:760] Error getting permanent uuid from config peer 127.4.69.61:44601: Network error: Client connection negotiation failed: client connection to 127.4.69.61:44601: connect: Connection refused (error 111)
I20260608 09:55:45.013304  4372 rpc_server.cc:307] RPC server started. Bound to: 127.4.69.61:44601
I20260608 09:55:45.013422  4503 acceptor_pool.cc:272] collecting diagnostics on the listening RPC socket 127.4.69.61:44601 every 8 connection(s)
I20260608 09:55:45.018430  4504 data_dirs.cc:400] Could only allocate 1 dirs of requested 3 for tablet 00000000000000000000000000000000. 1 dirs total, 0 dirs full, 0 dirs failed
I20260608 09:55:45.019363  4372 file_cache.cc:492] Constructed file cache file cache with capacity 419430
W20260608 09:55:45.025406  4506 instance_detector.cc:116] could not retrieve AWS instance metadata: Network error: curl error: HTTP response code said error: The requested URL returned error: 404
I20260608 09:55:45.025362  4504 sys_catalog.cc:422] member_type: VOTER last_known_addr { host: "127.4.69.62" port: 33093 } has no permanent_uuid. Determining permanent_uuid...
W20260608 09:55:45.028330  4507 instance_detector.cc:116] could not retrieve Azure instance metadata: Network error: curl error: HTTP response code said error: The requested URL returned error: 404
I20260608 09:55:45.037554  4372 server_base.cc:1061] running on GCE node
W20260608 09:55:45.038079  4509 instance_detector.cc:116] could not retrieve OpenStack instance metadata: Network error: curl error: HTTP response code said error: The requested URL returned error: 404
I20260608 09:55:45.040047  4372 hybrid_clock.cc:584] initializing the hybrid clock with 'system_unsync' time source
W20260608 09:55:45.040289  4372 system_unsync_time.cc:38] NTP support is disabled. Clock error bounds will not be accurate. This configuration is not suitable for distributed clusters.
I20260608 09:55:45.040490  4372 hybrid_clock.cc:648] HybridClock initialized: now 1780912545040465 us; error 0 us; skew 500 ppm
I20260608 09:55:45.041160  4372 server_base.cc:861] Flag tcmalloc_max_total_thread_cache_bytes is not working since tcmalloc is not enabled.
I20260608 09:55:45.044502  4372 webserver.cc:533] Webserver started at http://127.4.69.60:34441/ using document root <none> and password file <none>
I20260608 09:55:45.045287  4372 fs_manager.cc:362] Metadata directory not provided
I20260608 09:55:45.045569  4372 fs_manager.cc:368] Using write-ahead log directory (fs_wal_dir) as metadata directory
I20260608 09:55:45.045866  4372 server_base.cc:909] This appears to be a new deployment of Kudu; creating new FS layout
I20260608 09:55:45.046605  4504 sys_catalog.cc:422] member_type: VOTER last_known_addr { host: "127.4.69.61" port: 44601 } has no permanent_uuid. Determining permanent_uuid...
I20260608 09:55:45.047219  4372 fs_manager.cc:1068] Generated new instance metadata in path /tmp/dist-test-taskv0nkYx/test-tmp/auto_rebalancer-test.0.AutoRebalancerTest.OnlyLeaderDoesAutoRebalancing.1780912543305729-4372-0/minicluster-data/master-2-root/instance:
uuid: "e78e2c92fd6449e3b0d87c543b242a77"
format_stamp: "Formatted at 2026-06-08 09:55:45 on dist-test-slave-t8l4"
I20260608 09:55:45.053742  4372 fs_manager.cc:696] Time spent creating directory manager: real 0.006s	user 0.007s	sys 0.000s
I20260608 09:55:45.058838  4516 log_block_manager.cc:4031] Time spent loading block containers with low live blocks: real 0.000s	user 0.000s	sys 0.000s
I20260608 09:55:45.059670  4372 fs_manager.cc:730] Time spent opening block manager: real 0.004s	user 0.005s	sys 0.000s
I20260608 09:55:45.059697  4504 sys_catalog.cc:422] member_type: VOTER last_known_addr { host: "127.4.69.60" port: 44129 } has no permanent_uuid. Determining permanent_uuid...
I20260608 09:55:45.060007  4372 fs_manager.cc:647] Opened local filesystem: /tmp/dist-test-taskv0nkYx/test-tmp/auto_rebalancer-test.0.AutoRebalancerTest.OnlyLeaderDoesAutoRebalancing.1780912543305729-4372-0/minicluster-data/master-2-root
uuid: "e78e2c92fd6449e3b0d87c543b242a77"
format_stamp: "Formatted at 2026-06-08 09:55:45 on dist-test-slave-t8l4"
I20260608 09:55:45.060320  4372 fs_report.cc:389] FS layout report
--------------------
wal directory: /tmp/dist-test-taskv0nkYx/test-tmp/auto_rebalancer-test.0.AutoRebalancerTest.OnlyLeaderDoesAutoRebalancing.1780912543305729-4372-0/minicluster-data/master-2-root
metadata directory: /tmp/dist-test-taskv0nkYx/test-tmp/auto_rebalancer-test.0.AutoRebalancerTest.OnlyLeaderDoesAutoRebalancing.1780912543305729-4372-0/minicluster-data/master-2-root
1 data directories: /tmp/dist-test-taskv0nkYx/test-tmp/auto_rebalancer-test.0.AutoRebalancerTest.OnlyLeaderDoesAutoRebalancing.1780912543305729-4372-0/minicluster-data/master-2-root/data
Total live blocks: 0
Total live bytes: 0
Total live bytes (after alignment): 0
Total number of LBM containers: 0 (0 full)
Did not check for missing blocks
Did not check for orphaned blocks
Total full LBM containers with extra space: 0 (0 repaired)
Total full LBM container extra space in bytes: 0 (0 repaired)
Total incomplete LBM containers: 0 (0 repaired)
Total LBM partial records: 0 (0 repaired)
Total corrupted LBM metadata records in RocksDB: 0 (0 repaired)
I20260608 09:55:45.064383  4439 consensus_peers.cc:770] Retrying to get permanent uuid for remote peer: member_type: VOTER last_known_addr { host: "127.4.69.61" port: 44601 } attempt: 2
W20260608 09:55:45.067147  4504 consensus_peers.cc:760] Error getting permanent uuid from config peer 127.4.69.60:44129: Network error: Client connection negotiation failed: client connection to 127.4.69.60:44129: connect: Connection refused (error 111)
I20260608 09:55:45.075769  4439 sys_catalog.cc:422] member_type: VOTER last_known_addr { host: "127.4.69.60" port: 44129 } has no permanent_uuid. Determining permanent_uuid...
I20260608 09:55:45.078922  4372 rpc_server.cc:225] running with OpenSSL 1.1.1  11 Sep 2018
W20260608 09:55:45.080407  4439 consensus_peers.cc:760] Error getting permanent uuid from config peer 127.4.69.60:44129: Network error: Client connection negotiation failed: client connection to 127.4.69.60:44129: connect: Connection refused (error 111)
I20260608 09:55:45.080513  4372 kserver.cc:163] Server-wide thread pool size limit: 3276
I20260608 09:55:45.110633  4504 consensus_peers.cc:770] Retrying to get permanent uuid for remote peer: member_type: VOTER last_known_addr { host: "127.4.69.60" port: 44129 } attempt: 1
I20260608 09:55:45.111881  4439 consensus_peers.cc:770] Retrying to get permanent uuid for remote peer: member_type: VOTER last_known_addr { host: "127.4.69.60" port: 44129 } attempt: 1
W20260608 09:55:45.118023  4504 consensus_peers.cc:760] Error getting permanent uuid from config peer 127.4.69.60:44129: Network error: Client connection negotiation failed: client connection to 127.4.69.60:44129: connect: Connection refused (error 111)
W20260608 09:55:45.118739  4439 consensus_peers.cc:760] Error getting permanent uuid from config peer 127.4.69.60:44129: Network error: Client connection negotiation failed: client connection to 127.4.69.60:44129: connect: Connection refused (error 111)
I20260608 09:55:45.148823  4372 rpc_server.cc:307] RPC server started. Bound to: 127.4.69.60:44129
I20260608 09:55:45.148929  4568 acceptor_pool.cc:272] collecting diagnostics on the listening RPC socket 127.4.69.60:44129 every 8 connection(s)
I20260608 09:55:45.153023  4372 internal_mini_cluster.cc:184] Waiting to initialize catalog manager on master 0
I20260608 09:55:45.154083  4569 data_dirs.cc:400] Could only allocate 1 dirs of requested 3 for tablet 00000000000000000000000000000000. 1 dirs total, 0 dirs full, 0 dirs failed
I20260608 09:55:45.159396  4569 sys_catalog.cc:422] member_type: VOTER last_known_addr { host: "127.4.69.62" port: 33093 } has no permanent_uuid. Determining permanent_uuid...
I20260608 09:55:45.171947  4569 sys_catalog.cc:422] member_type: VOTER last_known_addr { host: "127.4.69.61" port: 44601 } has no permanent_uuid. Determining permanent_uuid...
I20260608 09:55:45.181384  4569 sys_catalog.cc:422] member_type: VOTER last_known_addr { host: "127.4.69.60" port: 44129 } has no permanent_uuid. Determining permanent_uuid...
I20260608 09:55:45.186235  4439 consensus_peers.cc:770] Retrying to get permanent uuid for remote peer: member_type: VOTER last_known_addr { host: "127.4.69.60" port: 44129 } attempt: 2
I20260608 09:55:45.193560  4504 consensus_peers.cc:770] Retrying to get permanent uuid for remote peer: member_type: VOTER last_known_addr { host: "127.4.69.60" port: 44129 } attempt: 2
I20260608 09:55:45.202800  4569 tablet_bootstrap.cc:492] T 00000000000000000000000000000000 P e78e2c92fd6449e3b0d87c543b242a77: Bootstrap starting.
I20260608 09:55:45.207396  4439 tablet_bootstrap.cc:492] T 00000000000000000000000000000000 P 545df05dde0a4623a4c19e7144638afe: Bootstrap starting.
I20260608 09:55:45.209692  4569 tablet_bootstrap.cc:654] T 00000000000000000000000000000000 P e78e2c92fd6449e3b0d87c543b242a77: Neither blocks nor log segments found. Creating new log.
I20260608 09:55:45.211602  4569 log.cc:826] T 00000000000000000000000000000000 P e78e2c92fd6449e3b0d87c543b242a77: Log is configured to *not* fsync() on all Append() calls
I20260608 09:55:45.212124  4504 tablet_bootstrap.cc:492] T 00000000000000000000000000000000 P 9f41649587d2445a915e94e619f8e671: Bootstrap starting.
I20260608 09:55:45.215418  4439 tablet_bootstrap.cc:654] T 00000000000000000000000000000000 P 545df05dde0a4623a4c19e7144638afe: Neither blocks nor log segments found. Creating new log.
I20260608 09:55:45.217262  4569 tablet_bootstrap.cc:492] T 00000000000000000000000000000000 P e78e2c92fd6449e3b0d87c543b242a77: No bootstrap required, opened a new log
I20260608 09:55:45.219484  4504 tablet_bootstrap.cc:654] T 00000000000000000000000000000000 P 9f41649587d2445a915e94e619f8e671: Neither blocks nor log segments found. Creating new log.
I20260608 09:55:45.221962  4439 tablet_bootstrap.cc:492] T 00000000000000000000000000000000 P 545df05dde0a4623a4c19e7144638afe: No bootstrap required, opened a new log
I20260608 09:55:45.224903  4504 tablet_bootstrap.cc:492] T 00000000000000000000000000000000 P 9f41649587d2445a915e94e619f8e671: No bootstrap required, opened a new log
I20260608 09:55:45.237064  4569 raft_consensus.cc:359] T 00000000000000000000000000000000 P e78e2c92fd6449e3b0d87c543b242a77 [term 0 FOLLOWER]: Replica starting. Triggering 0 pending ops. Active config: opid_index: -1 OBSOLETE_local: false peers { permanent_uuid: "545df05dde0a4623a4c19e7144638afe" member_type: VOTER last_known_addr { host: "127.4.69.62" port: 33093 } } peers { permanent_uuid: "9f41649587d2445a915e94e619f8e671" member_type: VOTER last_known_addr { host: "127.4.69.61" port: 44601 } } peers { permanent_uuid: "e78e2c92fd6449e3b0d87c543b242a77" member_type: VOTER last_known_addr { host: "127.4.69.60" port: 44129 } }
I20260608 09:55:45.237075  4504 raft_consensus.cc:359] T 00000000000000000000000000000000 P 9f41649587d2445a915e94e619f8e671 [term 0 FOLLOWER]: Replica starting. Triggering 0 pending ops. Active config: opid_index: -1 OBSOLETE_local: false peers { permanent_uuid: "545df05dde0a4623a4c19e7144638afe" member_type: VOTER last_known_addr { host: "127.4.69.62" port: 33093 } } peers { permanent_uuid: "9f41649587d2445a915e94e619f8e671" member_type: VOTER last_known_addr { host: "127.4.69.61" port: 44601 } } peers { permanent_uuid: "e78e2c92fd6449e3b0d87c543b242a77" member_type: VOTER last_known_addr { host: "127.4.69.60" port: 44129 } }
I20260608 09:55:45.237779  4569 raft_consensus.cc:385] T 00000000000000000000000000000000 P e78e2c92fd6449e3b0d87c543b242a77 [term 0 FOLLOWER]: Consensus starting up: Expiring failure detector timer to make a prompt election more likely
I20260608 09:55:45.237075  4439 raft_consensus.cc:359] T 00000000000000000000000000000000 P 545df05dde0a4623a4c19e7144638afe [term 0 FOLLOWER]: Replica starting. Triggering 0 pending ops. Active config: opid_index: -1 OBSOLETE_local: false peers { permanent_uuid: "545df05dde0a4623a4c19e7144638afe" member_type: VOTER last_known_addr { host: "127.4.69.62" port: 33093 } } peers { permanent_uuid: "9f41649587d2445a915e94e619f8e671" member_type: VOTER last_known_addr { host: "127.4.69.61" port: 44601 } } peers { permanent_uuid: "e78e2c92fd6449e3b0d87c543b242a77" member_type: VOTER last_known_addr { host: "127.4.69.60" port: 44129 } }
I20260608 09:55:45.238107  4504 raft_consensus.cc:385] T 00000000000000000000000000000000 P 9f41649587d2445a915e94e619f8e671 [term 0 FOLLOWER]: Consensus starting up: Expiring failure detector timer to make a prompt election more likely
I20260608 09:55:45.238255  4439 raft_consensus.cc:385] T 00000000000000000000000000000000 P 545df05dde0a4623a4c19e7144638afe [term 0 FOLLOWER]: Consensus starting up: Expiring failure detector timer to make a prompt election more likely
I20260608 09:55:45.238209  4569 raft_consensus.cc:740] T 00000000000000000000000000000000 P e78e2c92fd6449e3b0d87c543b242a77 [term 0 FOLLOWER]: Becoming Follower/Learner. State: Replica: e78e2c92fd6449e3b0d87c543b242a77, State: Initialized, Role: FOLLOWER
I20260608 09:55:45.238484  4504 raft_consensus.cc:740] T 00000000000000000000000000000000 P 9f41649587d2445a915e94e619f8e671 [term 0 FOLLOWER]: Becoming Follower/Learner. State: Replica: 9f41649587d2445a915e94e619f8e671, State: Initialized, Role: FOLLOWER
I20260608 09:55:45.238623  4439 raft_consensus.cc:740] T 00000000000000000000000000000000 P 545df05dde0a4623a4c19e7144638afe [term 0 FOLLOWER]: Becoming Follower/Learner. State: Replica: 545df05dde0a4623a4c19e7144638afe, State: Initialized, Role: FOLLOWER
I20260608 09:55:45.239467  4569 consensus_queue.cc:260] T 00000000000000000000000000000000 P e78e2c92fd6449e3b0d87c543b242a77 [NON_LEADER]: Queue going to NON_LEADER mode. State: All replicated index: 0, Majority replicated index: 0, Committed index: 0, Last appended: 0.0, Last appended by leader: 0, Current term: 0, Majority size: -1, State: 0, Mode: NON_LEADER, active raft config: opid_index: -1 OBSOLETE_local: false peers { permanent_uuid: "545df05dde0a4623a4c19e7144638afe" member_type: VOTER last_known_addr { host: "127.4.69.62" port: 33093 } } peers { permanent_uuid: "9f41649587d2445a915e94e619f8e671" member_type: VOTER last_known_addr { host: "127.4.69.61" port: 44601 } } peers { permanent_uuid: "e78e2c92fd6449e3b0d87c543b242a77" member_type: VOTER last_known_addr { host: "127.4.69.60" port: 44129 } }
I20260608 09:55:45.239512  4439 consensus_queue.cc:260] T 00000000000000000000000000000000 P 545df05dde0a4623a4c19e7144638afe [NON_LEADER]: Queue going to NON_LEADER mode. State: All replicated index: 0, Majority replicated index: 0, Committed index: 0, Last appended: 0.0, Last appended by leader: 0, Current term: 0, Majority size: -1, State: 0, Mode: NON_LEADER, active raft config: opid_index: -1 OBSOLETE_local: false peers { permanent_uuid: "545df05dde0a4623a4c19e7144638afe" member_type: VOTER last_known_addr { host: "127.4.69.62" port: 33093 } } peers { permanent_uuid: "9f41649587d2445a915e94e619f8e671" member_type: VOTER last_known_addr { host: "127.4.69.61" port: 44601 } } peers { permanent_uuid: "e78e2c92fd6449e3b0d87c543b242a77" member_type: VOTER last_known_addr { host: "127.4.69.60" port: 44129 } }
I20260608 09:55:45.239466  4504 consensus_queue.cc:260] T 00000000000000000000000000000000 P 9f41649587d2445a915e94e619f8e671 [NON_LEADER]: Queue going to NON_LEADER mode. State: All replicated index: 0, Majority replicated index: 0, Committed index: 0, Last appended: 0.0, Last appended by leader: 0, Current term: 0, Majority size: -1, State: 0, Mode: NON_LEADER, active raft config: opid_index: -1 OBSOLETE_local: false peers { permanent_uuid: "545df05dde0a4623a4c19e7144638afe" member_type: VOTER last_known_addr { host: "127.4.69.62" port: 33093 } } peers { permanent_uuid: "9f41649587d2445a915e94e619f8e671" member_type: VOTER last_known_addr { host: "127.4.69.61" port: 44601 } } peers { permanent_uuid: "e78e2c92fd6449e3b0d87c543b242a77" member_type: VOTER last_known_addr { host: "127.4.69.60" port: 44129 } }
I20260608 09:55:45.244794  4579 sys_catalog.cc:455] T 00000000000000000000000000000000 P 545df05dde0a4623a4c19e7144638afe [sys.catalog]: SysCatalogTable state changed. Reason: RaftConsensus started. Latest consensus state: current_term: 0 committed_config { opid_index: -1 OBSOLETE_local: false peers { permanent_uuid: "545df05dde0a4623a4c19e7144638afe" member_type: VOTER last_known_addr { host: "127.4.69.62" port: 33093 } } peers { permanent_uuid: "9f41649587d2445a915e94e619f8e671" member_type: VOTER last_known_addr { host: "127.4.69.61" port: 44601 } } peers { permanent_uuid: "e78e2c92fd6449e3b0d87c543b242a77" member_type: VOTER last_known_addr { host: "127.4.69.60" port: 44129 } } }
I20260608 09:55:45.245676  4579 sys_catalog.cc:458] T 00000000000000000000000000000000 P 545df05dde0a4623a4c19e7144638afe [sys.catalog]: This master's current role is: FOLLOWER
I20260608 09:55:45.245783  4577 sys_catalog.cc:455] T 00000000000000000000000000000000 P e78e2c92fd6449e3b0d87c543b242a77 [sys.catalog]: SysCatalogTable state changed. Reason: RaftConsensus started. Latest consensus state: current_term: 0 committed_config { opid_index: -1 OBSOLETE_local: false peers { permanent_uuid: "545df05dde0a4623a4c19e7144638afe" member_type: VOTER last_known_addr { host: "127.4.69.62" port: 33093 } } peers { permanent_uuid: "9f41649587d2445a915e94e619f8e671" member_type: VOTER last_known_addr { host: "127.4.69.61" port: 44601 } } peers { permanent_uuid: "e78e2c92fd6449e3b0d87c543b242a77" member_type: VOTER last_known_addr { host: "127.4.69.60" port: 44129 } } }
I20260608 09:55:45.246688  4577 sys_catalog.cc:458] T 00000000000000000000000000000000 P e78e2c92fd6449e3b0d87c543b242a77 [sys.catalog]: This master's current role is: FOLLOWER
I20260608 09:55:45.246250  4578 sys_catalog.cc:455] T 00000000000000000000000000000000 P 9f41649587d2445a915e94e619f8e671 [sys.catalog]: SysCatalogTable state changed. Reason: RaftConsensus started. Latest consensus state: current_term: 0 committed_config { opid_index: -1 OBSOLETE_local: false peers { permanent_uuid: "545df05dde0a4623a4c19e7144638afe" member_type: VOTER last_known_addr { host: "127.4.69.62" port: 33093 } } peers { permanent_uuid: "9f41649587d2445a915e94e619f8e671" member_type: VOTER last_known_addr { host: "127.4.69.61" port: 44601 } } peers { permanent_uuid: "e78e2c92fd6449e3b0d87c543b242a77" member_type: VOTER last_known_addr { host: "127.4.69.60" port: 44129 } } }
I20260608 09:55:45.247109  4578 sys_catalog.cc:458] T 00000000000000000000000000000000 P 9f41649587d2445a915e94e619f8e671 [sys.catalog]: This master's current role is: FOLLOWER
I20260608 09:55:45.247663  4569 sys_catalog.cc:565] T 00000000000000000000000000000000 P e78e2c92fd6449e3b0d87c543b242a77 [sys.catalog]: configured and running, proceeding with master startup.
I20260608 09:55:45.247720  4439 sys_catalog.cc:565] T 00000000000000000000000000000000 P 545df05dde0a4623a4c19e7144638afe [sys.catalog]: configured and running, proceeding with master startup.
I20260608 09:55:45.248482  4504 sys_catalog.cc:565] T 00000000000000000000000000000000 P 9f41649587d2445a915e94e619f8e671 [sys.catalog]: configured and running, proceeding with master startup.
I20260608 09:55:45.298079  4372 internal_mini_cluster.cc:184] Waiting to initialize catalog manager on master 1
I20260608 09:55:45.298403  4372 internal_mini_cluster.cc:184] Waiting to initialize catalog manager on master 2
I20260608 09:55:45.300410  4372 file_cache.cc:492] Constructed file cache file cache with capacity 419430
W20260608 09:55:45.302752  4607 catalog_manager.cc:1593] T 00000000000000000000000000000000 P e78e2c92fd6449e3b0d87c543b242a77: loading cluster ID for follower catalog manager: Not found: cluster ID entry not found
W20260608 09:55:45.303211  4607 catalog_manager.cc:883] Not found: cluster ID entry not found: failed to prepare follower catalog manager, will retry
W20260608 09:55:45.304193  4393 tablet.cc:2404] T 00000000000000000000000000000000 P 545df05dde0a4623a4c19e7144638afe: Can't schedule compaction. Clean time has not been advanced past its initial value.
W20260608 09:55:45.305405  4612 catalog_manager.cc:1593] T 00000000000000000000000000000000 P 545df05dde0a4623a4c19e7144638afe: loading cluster ID for follower catalog manager: Not found: cluster ID entry not found
W20260608 09:55:45.305709  4612 catalog_manager.cc:883] Not found: cluster ID entry not found: failed to prepare follower catalog manager, will retry
W20260608 09:55:45.309227  4610 catalog_manager.cc:1593] T 00000000000000000000000000000000 P 9f41649587d2445a915e94e619f8e671: loading cluster ID for follower catalog manager: Not found: cluster ID entry not found
W20260608 09:55:45.309613  4610 catalog_manager.cc:883] Not found: cluster ID entry not found: failed to prepare follower catalog manager, will retry
W20260608 09:55:45.312260  4614 instance_detector.cc:116] could not retrieve AWS instance metadata: Network error: curl error: HTTP response code said error: The requested URL returned error: 404
W20260608 09:55:45.315526  4615 instance_detector.cc:116] could not retrieve Azure instance metadata: Network error: curl error: HTTP response code said error: The requested URL returned error: 404
I20260608 09:55:45.319376  4372 server_base.cc:1061] running on GCE node
W20260608 09:55:45.320039  4617 instance_detector.cc:116] could not retrieve OpenStack instance metadata: Network error: curl error: HTTP response code said error: The requested URL returned error: 404
I20260608 09:55:45.321034  4372 hybrid_clock.cc:584] initializing the hybrid clock with 'system_unsync' time source
W20260608 09:55:45.321265  4372 system_unsync_time.cc:38] NTP support is disabled. Clock error bounds will not be accurate. This configuration is not suitable for distributed clusters.
I20260608 09:55:45.321460  4372 hybrid_clock.cc:648] HybridClock initialized: now 1780912545321439 us; error 0 us; skew 500 ppm
I20260608 09:55:45.322110  4372 server_base.cc:861] Flag tcmalloc_max_total_thread_cache_bytes is not working since tcmalloc is not enabled.
I20260608 09:55:45.324739  4372 webserver.cc:533] Webserver started at http://127.4.69.1:40205/ using document root <none> and password file <none>
I20260608 09:55:45.325291  4372 fs_manager.cc:362] Metadata directory not provided
I20260608 09:55:45.325531  4372 fs_manager.cc:368] Using write-ahead log directory (fs_wal_dir) as metadata directory
I20260608 09:55:45.325816  4372 server_base.cc:909] This appears to be a new deployment of Kudu; creating new FS layout
I20260608 09:55:45.326993  4372 fs_manager.cc:1068] Generated new instance metadata in path /tmp/dist-test-taskv0nkYx/test-tmp/auto_rebalancer-test.0.AutoRebalancerTest.OnlyLeaderDoesAutoRebalancing.1780912543305729-4372-0/minicluster-data/ts-0-root/instance:
uuid: "40075bc4254a43798291dd56434339d5"
format_stamp: "Formatted at 2026-06-08 09:55:45 on dist-test-slave-t8l4"
I20260608 09:55:45.331934  4372 fs_manager.cc:696] Time spent creating directory manager: real 0.004s	user 0.003s	sys 0.003s
I20260608 09:55:45.335912  4622 log_block_manager.cc:4031] Time spent loading block containers with low live blocks: real 0.000s	user 0.000s	sys 0.000s
I20260608 09:55:45.336800  4372 fs_manager.cc:730] Time spent opening block manager: real 0.003s	user 0.003s	sys 0.000s
I20260608 09:55:45.337095  4372 fs_manager.cc:647] Opened local filesystem: /tmp/dist-test-taskv0nkYx/test-tmp/auto_rebalancer-test.0.AutoRebalancerTest.OnlyLeaderDoesAutoRebalancing.1780912543305729-4372-0/minicluster-data/ts-0-root
uuid: "40075bc4254a43798291dd56434339d5"
format_stamp: "Formatted at 2026-06-08 09:55:45 on dist-test-slave-t8l4"
I20260608 09:55:45.337399  4372 fs_report.cc:389] FS layout report
--------------------
wal directory: /tmp/dist-test-taskv0nkYx/test-tmp/auto_rebalancer-test.0.AutoRebalancerTest.OnlyLeaderDoesAutoRebalancing.1780912543305729-4372-0/minicluster-data/ts-0-root
metadata directory: /tmp/dist-test-taskv0nkYx/test-tmp/auto_rebalancer-test.0.AutoRebalancerTest.OnlyLeaderDoesAutoRebalancing.1780912543305729-4372-0/minicluster-data/ts-0-root
1 data directories: /tmp/dist-test-taskv0nkYx/test-tmp/auto_rebalancer-test.0.AutoRebalancerTest.OnlyLeaderDoesAutoRebalancing.1780912543305729-4372-0/minicluster-data/ts-0-root/data
Total live blocks: 0
Total live bytes: 0
Total live bytes (after alignment): 0
Total number of LBM containers: 0 (0 full)
Did not check for missing blocks
Did not check for orphaned blocks
Total full LBM containers with extra space: 0 (0 repaired)
Total full LBM container extra space in bytes: 0 (0 repaired)
Total incomplete LBM containers: 0 (0 repaired)
Total LBM partial records: 0 (0 repaired)
Total corrupted LBM metadata records in RocksDB: 0 (0 repaired)
I20260608 09:55:45.350443  4372 rpc_server.cc:225] running with OpenSSL 1.1.1  11 Sep 2018
I20260608 09:55:45.351830  4372 kserver.cc:163] Server-wide thread pool size limit: 3276
I20260608 09:55:45.354265  4372 txn_system_client.cc:432] TxnSystemClient initialization is disabled...
I20260608 09:55:45.358584  4372 ts_tablet_manager.cc:585] Loaded tablet metadata (0 total tablets, 0 live tablets)
I20260608 09:55:45.358866  4372 ts_tablet_manager.cc:531] Time spent load tablet metadata: real 0.000s	user 0.000s	sys 0.000s
I20260608 09:55:45.359154  4372 ts_tablet_manager.cc:616] Registered 0 tablets
I20260608 09:55:45.359351  4372 ts_tablet_manager.cc:595] Time spent register tablets: real 0.000s	user 0.000s	sys 0.000s
I20260608 09:55:45.407112  4577 raft_consensus.cc:493] T 00000000000000000000000000000000 P e78e2c92fd6449e3b0d87c543b242a77 [term 0 FOLLOWER]: Starting pre-election (no leader contacted us within the election timeout)
I20260608 09:55:45.407835  4577 raft_consensus.cc:515] T 00000000000000000000000000000000 P e78e2c92fd6449e3b0d87c543b242a77 [term 0 FOLLOWER]: Starting pre-election with config: opid_index: -1 OBSOLETE_local: false peers { permanent_uuid: "545df05dde0a4623a4c19e7144638afe" member_type: VOTER last_known_addr { host: "127.4.69.62" port: 33093 } } peers { permanent_uuid: "9f41649587d2445a915e94e619f8e671" member_type: VOTER last_known_addr { host: "127.4.69.61" port: 44601 } } peers { permanent_uuid: "e78e2c92fd6449e3b0d87c543b242a77" member_type: VOTER last_known_addr { host: "127.4.69.60" port: 44129 } }
I20260608 09:55:45.411535  4577 leader_election.cc:290] T 00000000000000000000000000000000 P e78e2c92fd6449e3b0d87c543b242a77 [CANDIDATE]: Term 1 pre-election: Requested pre-vote from peers 545df05dde0a4623a4c19e7144638afe (127.4.69.62:33093), 9f41649587d2445a915e94e619f8e671 (127.4.69.61:44601)
I20260608 09:55:45.413038  4414 tablet_service.cc:1917] Received RequestConsensusVote() RPC: tablet_id: "00000000000000000000000000000000" candidate_uuid: "e78e2c92fd6449e3b0d87c543b242a77" candidate_term: 1 candidate_status { last_received { term: 0 index: 0 } } ignore_live_leader: false dest_uuid: "545df05dde0a4623a4c19e7144638afe" is_pre_election: true
I20260608 09:55:45.413281  4479 tablet_service.cc:1917] Received RequestConsensusVote() RPC: tablet_id: "00000000000000000000000000000000" candidate_uuid: "e78e2c92fd6449e3b0d87c543b242a77" candidate_term: 1 candidate_status { last_received { term: 0 index: 0 } } ignore_live_leader: false dest_uuid: "9f41649587d2445a915e94e619f8e671" is_pre_election: true
I20260608 09:55:45.413946  4414 raft_consensus.cc:2468] T 00000000000000000000000000000000 P 545df05dde0a4623a4c19e7144638afe [term 0 FOLLOWER]: Leader pre-election vote request: Granting yes vote for candidate e78e2c92fd6449e3b0d87c543b242a77 in term 0.
I20260608 09:55:45.414157  4479 raft_consensus.cc:2468] T 00000000000000000000000000000000 P 9f41649587d2445a915e94e619f8e671 [term 0 FOLLOWER]: Leader pre-election vote request: Granting yes vote for candidate e78e2c92fd6449e3b0d87c543b242a77 in term 0.
I20260608 09:55:45.416150  4521 leader_election.cc:304] T 00000000000000000000000000000000 P e78e2c92fd6449e3b0d87c543b242a77 [CANDIDATE]: Term 1 pre-election: Election decided. Result: candidate won. Election summary: received 2 responses out of 3 voters: 2 yes votes; 0 no votes. yes voters: 9f41649587d2445a915e94e619f8e671, e78e2c92fd6449e3b0d87c543b242a77; no voters: 
I20260608 09:55:45.417135  4577 raft_consensus.cc:2804] T 00000000000000000000000000000000 P e78e2c92fd6449e3b0d87c543b242a77 [term 0 FOLLOWER]: Leader pre-election won for term 1
I20260608 09:55:45.417521  4577 raft_consensus.cc:493] T 00000000000000000000000000000000 P e78e2c92fd6449e3b0d87c543b242a77 [term 0 FOLLOWER]: Starting leader election (no leader contacted us within the election timeout)
I20260608 09:55:45.417904  4577 raft_consensus.cc:3060] T 00000000000000000000000000000000 P e78e2c92fd6449e3b0d87c543b242a77 [term 0 FOLLOWER]: Advancing to term 1
I20260608 09:55:45.425776  4577 raft_consensus.cc:515] T 00000000000000000000000000000000 P e78e2c92fd6449e3b0d87c543b242a77 [term 1 FOLLOWER]: Starting leader election with config: opid_index: -1 OBSOLETE_local: false peers { permanent_uuid: "545df05dde0a4623a4c19e7144638afe" member_type: VOTER last_known_addr { host: "127.4.69.62" port: 33093 } } peers { permanent_uuid: "9f41649587d2445a915e94e619f8e671" member_type: VOTER last_known_addr { host: "127.4.69.61" port: 44601 } } peers { permanent_uuid: "e78e2c92fd6449e3b0d87c543b242a77" member_type: VOTER last_known_addr { host: "127.4.69.60" port: 44129 } }
I20260608 09:55:45.428794  4414 tablet_service.cc:1917] Received RequestConsensusVote() RPC: tablet_id: "00000000000000000000000000000000" candidate_uuid: "e78e2c92fd6449e3b0d87c543b242a77" candidate_term: 1 candidate_status { last_received { term: 0 index: 0 } } ignore_live_leader: false dest_uuid: "545df05dde0a4623a4c19e7144638afe"
I20260608 09:55:45.429387  4414 raft_consensus.cc:3060] T 00000000000000000000000000000000 P 545df05dde0a4623a4c19e7144638afe [term 0 FOLLOWER]: Advancing to term 1
I20260608 09:55:45.429342  4577 leader_election.cc:290] T 00000000000000000000000000000000 P e78e2c92fd6449e3b0d87c543b242a77 [CANDIDATE]: Term 1 election: Requested vote from peers 545df05dde0a4623a4c19e7144638afe (127.4.69.62:33093), 9f41649587d2445a915e94e619f8e671 (127.4.69.61:44601)
I20260608 09:55:45.434197  4479 tablet_service.cc:1917] Received RequestConsensusVote() RPC: tablet_id: "00000000000000000000000000000000" candidate_uuid: "e78e2c92fd6449e3b0d87c543b242a77" candidate_term: 1 candidate_status { last_received { term: 0 index: 0 } } ignore_live_leader: false dest_uuid: "9f41649587d2445a915e94e619f8e671"
I20260608 09:55:45.434803  4479 raft_consensus.cc:3060] T 00000000000000000000000000000000 P 9f41649587d2445a915e94e619f8e671 [term 0 FOLLOWER]: Advancing to term 1
I20260608 09:55:45.440589  4414 raft_consensus.cc:2468] T 00000000000000000000000000000000 P 545df05dde0a4623a4c19e7144638afe [term 1 FOLLOWER]: Leader election vote request: Granting yes vote for candidate e78e2c92fd6449e3b0d87c543b242a77 in term 1.
I20260608 09:55:45.442436  4520 leader_election.cc:304] T 00000000000000000000000000000000 P e78e2c92fd6449e3b0d87c543b242a77 [CANDIDATE]: Term 1 election: Election decided. Result: candidate won. Election summary: received 2 responses out of 3 voters: 2 yes votes; 0 no votes. yes voters: 545df05dde0a4623a4c19e7144638afe, e78e2c92fd6449e3b0d87c543b242a77; no voters: 
I20260608 09:55:45.443356  4577 raft_consensus.cc:2804] T 00000000000000000000000000000000 P e78e2c92fd6449e3b0d87c543b242a77 [term 1 FOLLOWER]: Leader election won for term 1
I20260608 09:55:45.444677  4479 raft_consensus.cc:2468] T 00000000000000000000000000000000 P 9f41649587d2445a915e94e619f8e671 [term 1 FOLLOWER]: Leader election vote request: Granting yes vote for candidate e78e2c92fd6449e3b0d87c543b242a77 in term 1.
I20260608 09:55:45.446653  4577 raft_consensus.cc:697] T 00000000000000000000000000000000 P e78e2c92fd6449e3b0d87c543b242a77 [term 1 LEADER]: Becoming Leader. State: Replica: e78e2c92fd6449e3b0d87c543b242a77, State: Running, Role: LEADER
I20260608 09:55:45.447782  4577 consensus_queue.cc:237] T 00000000000000000000000000000000 P e78e2c92fd6449e3b0d87c543b242a77 [LEADER]: Queue going to LEADER mode. State: All replicated index: 0, Majority replicated index: 0, Committed index: 0, Last appended: 0.0, Last appended by leader: 0, Current term: 1, Majority size: 2, State: 0, Mode: LEADER, active raft config: opid_index: -1 OBSOLETE_local: false peers { permanent_uuid: "545df05dde0a4623a4c19e7144638afe" member_type: VOTER last_known_addr { host: "127.4.69.62" port: 33093 } } peers { permanent_uuid: "9f41649587d2445a915e94e619f8e671" member_type: VOTER last_known_addr { host: "127.4.69.61" port: 44601 } } peers { permanent_uuid: "e78e2c92fd6449e3b0d87c543b242a77" member_type: VOTER last_known_addr { host: "127.4.69.60" port: 44129 } }
I20260608 09:55:45.458576  4664 sys_catalog.cc:455] T 00000000000000000000000000000000 P e78e2c92fd6449e3b0d87c543b242a77 [sys.catalog]: SysCatalogTable state changed. Reason: New leader e78e2c92fd6449e3b0d87c543b242a77. Latest consensus state: current_term: 1 leader_uuid: "e78e2c92fd6449e3b0d87c543b242a77" committed_config { opid_index: -1 OBSOLETE_local: false peers { permanent_uuid: "545df05dde0a4623a4c19e7144638afe" member_type: VOTER last_known_addr { host: "127.4.69.62" port: 33093 } } peers { permanent_uuid: "9f41649587d2445a915e94e619f8e671" member_type: VOTER last_known_addr { host: "127.4.69.61" port: 44601 } } peers { permanent_uuid: "e78e2c92fd6449e3b0d87c543b242a77" member_type: VOTER last_known_addr { host: "127.4.69.60" port: 44129 } } }
I20260608 09:55:45.459420  4664 sys_catalog.cc:458] T 00000000000000000000000000000000 P e78e2c92fd6449e3b0d87c543b242a77 [sys.catalog]: This master's current role is: LEADER
I20260608 09:55:45.465086  4670 catalog_manager.cc:1510] Loading table and tablet metadata into memory...
I20260608 09:55:45.473578  4670 catalog_manager.cc:1519] Initializing Kudu cluster ID...
I20260608 09:55:45.491986  4372 rpc_server.cc:307] RPC server started. Bound to: 127.4.69.1:44949
I20260608 09:55:45.492375  4688 acceptor_pool.cc:272] collecting diagnostics on the listening RPC socket 127.4.69.1:44949 every 8 connection(s)
I20260608 09:55:45.495576  4479 raft_consensus.cc:1275] T 00000000000000000000000000000000 P 9f41649587d2445a915e94e619f8e671 [term 1 FOLLOWER]: Refusing update from remote peer e78e2c92fd6449e3b0d87c543b242a77: Log matching property violated. Preceding OpId in replica: term: 0 index: 0. Preceding OpId from leader: term: 1 index: 2. (index mismatch)
I20260608 09:55:45.495685  4414 raft_consensus.cc:1275] T 00000000000000000000000000000000 P 545df05dde0a4623a4c19e7144638afe [term 1 FOLLOWER]: Refusing update from remote peer e78e2c92fd6449e3b0d87c543b242a77: Log matching property violated. Preceding OpId in replica: term: 0 index: 0. Preceding OpId from leader: term: 1 index: 2. (index mismatch)
I20260608 09:55:45.497756  4577 consensus_queue.cc:1048] T 00000000000000000000000000000000 P e78e2c92fd6449e3b0d87c543b242a77 [LEADER]: Connected to new peer: Peer: permanent_uuid: "9f41649587d2445a915e94e619f8e671" member_type: VOTER last_known_addr { host: "127.4.69.61" port: 44601 }, Status: LMP_MISMATCH, Last received: 0.0, Next index: 1, Last known committed idx: 0, Time since last communication: 0.000s
I20260608 09:55:45.498477  4664 consensus_queue.cc:1048] T 00000000000000000000000000000000 P e78e2c92fd6449e3b0d87c543b242a77 [LEADER]: Connected to new peer: Peer: permanent_uuid: "545df05dde0a4623a4c19e7144638afe" member_type: VOTER last_known_addr { host: "127.4.69.62" port: 33093 }, Status: LMP_MISMATCH, Last received: 0.0, Next index: 1, Last known committed idx: 0, Time since last communication: 0.001s
I20260608 09:55:45.533881  4578 sys_catalog.cc:455] T 00000000000000000000000000000000 P 9f41649587d2445a915e94e619f8e671 [sys.catalog]: SysCatalogTable state changed. Reason: New leader e78e2c92fd6449e3b0d87c543b242a77. Latest consensus state: current_term: 1 leader_uuid: "e78e2c92fd6449e3b0d87c543b242a77" committed_config { opid_index: -1 OBSOLETE_local: false peers { permanent_uuid: "545df05dde0a4623a4c19e7144638afe" member_type: VOTER last_known_addr { host: "127.4.69.62" port: 33093 } } peers { permanent_uuid: "9f41649587d2445a915e94e619f8e671" member_type: VOTER last_known_addr { host: "127.4.69.61" port: 44601 } } peers { permanent_uuid: "e78e2c92fd6449e3b0d87c543b242a77" member_type: VOTER last_known_addr { host: "127.4.69.60" port: 44129 } } }
I20260608 09:55:45.534605  4578 sys_catalog.cc:458] T 00000000000000000000000000000000 P 9f41649587d2445a915e94e619f8e671 [sys.catalog]: This master's current role is: FOLLOWER
I20260608 09:55:45.540225  4684 mvcc.cc:204] Tried to move back new op lower bound from 7294617786323910656 to 7294617786169663488. Current Snapshot: MvccSnapshot[applied={T|T < 7294617786323910656}]
I20260608 09:55:45.552356  4579 sys_catalog.cc:455] T 00000000000000000000000000000000 P 545df05dde0a4623a4c19e7144638afe [sys.catalog]: SysCatalogTable state changed. Reason: New leader e78e2c92fd6449e3b0d87c543b242a77. Latest consensus state: current_term: 1 leader_uuid: "e78e2c92fd6449e3b0d87c543b242a77" committed_config { opid_index: -1 OBSOLETE_local: false peers { permanent_uuid: "545df05dde0a4623a4c19e7144638afe" member_type: VOTER last_known_addr { host: "127.4.69.62" port: 33093 } } peers { permanent_uuid: "9f41649587d2445a915e94e619f8e671" member_type: VOTER last_known_addr { host: "127.4.69.61" port: 44601 } } peers { permanent_uuid: "e78e2c92fd6449e3b0d87c543b242a77" member_type: VOTER last_known_addr { host: "127.4.69.60" port: 44129 } } }
I20260608 09:55:45.553292  4579 sys_catalog.cc:458] T 00000000000000000000000000000000 P 545df05dde0a4623a4c19e7144638afe [sys.catalog]: This master's current role is: FOLLOWER
I20260608 09:55:45.554692  4578 sys_catalog.cc:455] T 00000000000000000000000000000000 P 9f41649587d2445a915e94e619f8e671 [sys.catalog]: SysCatalogTable state changed. Reason: Replicated consensus-only round. Latest consensus state: current_term: 1 leader_uuid: "e78e2c92fd6449e3b0d87c543b242a77" committed_config { opid_index: -1 OBSOLETE_local: false peers { permanent_uuid: "545df05dde0a4623a4c19e7144638afe" member_type: VOTER last_known_addr { host: "127.4.69.62" port: 33093 } } peers { permanent_uuid: "9f41649587d2445a915e94e619f8e671" member_type: VOTER last_known_addr { host: "127.4.69.61" port: 44601 } } peers { permanent_uuid: "e78e2c92fd6449e3b0d87c543b242a77" member_type: VOTER last_known_addr { host: "127.4.69.60" port: 44129 } } }
I20260608 09:55:45.555382  4578 sys_catalog.cc:458] T 00000000000000000000000000000000 P 9f41649587d2445a915e94e619f8e671 [sys.catalog]: This master's current role is: FOLLOWER
