I20260608 09:49:18.041638 17514 raft_consensus.cc:2955] T bc1b3ae6f6444c74a33f34468b755c60 P 5ccfcad9892246448a3d77cabe1004aa [term 1 FOLLOWER]: Committing config change with OpId 1.26: config changed from index -1 to 26, NON_VOTER 46a1d6cda6304905a847702f5d605434 (127.12.154.5) added. New config: { opid_index: 26 OBSOLETE_local: false peers { permanent_uuid: "9dde311ac22f47b78297bb7998fd6523" member_type: VOTER last_known_addr { host: "127.12.154.1" port: 33733 } } peers { permanent_uuid: "dbdfae48e2374978a350d2f63dd1b8ea" member_type: VOTER last_known_addr { host: "127.12.154.2" port: 41335 } attrs { replace: true } } peers { permanent_uuid: "5ccfcad9892246448a3d77cabe1004aa" member_type: VOTER last_known_addr { host: "127.12.154.3" port: 45935 } } peers { permanent_uuid: "46a1d6cda6304905a847702f5d605434" member_type: NON_VOTER last_known_addr { host: "127.12.154.5" port: 34485 } attrs { promote: true } } }
I20260608 09:49:18.080681 17261 catalog_manager.cc:5696] T bc1b3ae6f6444c74a33f34468b755c60 P dbdfae48e2374978a350d2f63dd1b8ea reported cstate change: config changed from index -1 to 26, NON_VOTER 46a1d6cda6304905a847702f5d605434 (127.12.154.5) added. New cstate: current_term: 1 leader_uuid: "9dde311ac22f47b78297bb7998fd6523" committed_config { opid_index: 26 OBSOLETE_local: false peers { permanent_uuid: "9dde311ac22f47b78297bb7998fd6523" member_type: VOTER last_known_addr { host: "127.12.154.1" port: 33733 } } peers { permanent_uuid: "dbdfae48e2374978a350d2f63dd1b8ea" member_type: VOTER last_known_addr { host: "127.12.154.2" port: 41335 } attrs { replace: true } } peers { permanent_uuid: "5ccfcad9892246448a3d77cabe1004aa" member_type: VOTER last_known_addr { host: "127.12.154.3" port: 45935 } } peers { permanent_uuid: "46a1d6cda6304905a847702f5d605434" member_type: NON_VOTER last_known_addr { host: "127.12.154.5" port: 34485 } attrs { promote: true } } }
W20260608 09:49:18.112409 17330 consensus_peers.cc:597] T bc1b3ae6f6444c74a33f34468b755c60 P 9dde311ac22f47b78297bb7998fd6523 -> Peer 46a1d6cda6304905a847702f5d605434 (127.12.154.5:34485): Couldn't send request to peer 46a1d6cda6304905a847702f5d605434. Error code: TABLET_NOT_FOUND (6). Status: Not found: Tablet not found: bc1b3ae6f6444c74a33f34468b755c60. This is attempt 1: this message will repeat every 5th retry.
I20260608 09:49:18.121320 17435 consensus_queue.cc:237] T 7bb8b490544e49b08e0f3a89884db2c7 P dbdfae48e2374978a350d2f63dd1b8ea [LEADER]: Queue going to LEADER mode. State: All replicated index: 0, Majority replicated index: 25, Committed index: 25, Last appended: 1.25, Last appended by leader: 0, Current term: 1, Majority size: 2, State: 0, Mode: LEADER, active raft config: opid_index: 26 OBSOLETE_local: false peers { permanent_uuid: "9dde311ac22f47b78297bb7998fd6523" member_type: VOTER last_known_addr { host: "127.12.154.1" port: 33733 } } peers { permanent_uuid: "dbdfae48e2374978a350d2f63dd1b8ea" member_type: VOTER last_known_addr { host: "127.12.154.2" port: 41335 } } peers { permanent_uuid: "5ccfcad9892246448a3d77cabe1004aa" member_type: VOTER last_known_addr { host: "127.12.154.3" port: 45935 } attrs { replace: true } } peers { permanent_uuid: "714b14a3f3e74fd0bb8378a6749936cd" member_type: NON_VOTER last_known_addr { host: "127.12.154.4" port: 38117 } attrs { promote: true } }
I20260608 09:49:18.126731 12904 rpc_server.cc:307] RPC server started. Bound to: 127.12.154.6:38501
I20260608 09:49:18.126881 17970 acceptor_pool.cc:272] collecting diagnostics on the listening RPC socket 127.12.154.6:38501 every 8 connection(s)
I20260608 09:49:18.130620 17514 raft_consensus.cc:1275] T 7bb8b490544e49b08e0f3a89884db2c7 P 5ccfcad9892246448a3d77cabe1004aa [term 1 FOLLOWER]: Refusing update from remote peer dbdfae48e2374978a350d2f63dd1b8ea: Log matching property violated. Preceding OpId in replica: term: 1 index: 25. Preceding OpId from leader: term: 1 index: 26. (index mismatch)
I20260608 09:49:18.133776 17610 consensus_queue.cc:1048] T 7bb8b490544e49b08e0f3a89884db2c7 P dbdfae48e2374978a350d2f63dd1b8ea [LEADER]: Connected to new peer: Peer: permanent_uuid: "5ccfcad9892246448a3d77cabe1004aa" member_type: VOTER last_known_addr { host: "127.12.154.3" port: 45935 } attrs { replace: true }, Status: LMP_MISMATCH, Last received: 0.0, Next index: 26, Last known committed idx: 25, Time since last communication: 0.000s
W20260608 09:49:18.140215 17405 consensus_peers.cc:597] T 7bb8b490544e49b08e0f3a89884db2c7 P dbdfae48e2374978a350d2f63dd1b8ea -> Peer 714b14a3f3e74fd0bb8378a6749936cd (127.12.154.4:38117): Couldn't send request to peer 714b14a3f3e74fd0bb8378a6749936cd. Error code: TABLET_NOT_FOUND (6). Status: Not found: Tablet not found: 7bb8b490544e49b08e0f3a89884db2c7. This is attempt 1: this message will repeat every 5th retry.
I20260608 09:49:18.141145 17358 raft_consensus.cc:1275] T 7bb8b490544e49b08e0f3a89884db2c7 P 9dde311ac22f47b78297bb7998fd6523 [term 1 FOLLOWER]: Refusing update from remote peer dbdfae48e2374978a350d2f63dd1b8ea: Log matching property violated. Preceding OpId in replica: term: 1 index: 25. Preceding OpId from leader: term: 1 index: 26. (index mismatch)
I20260608 09:49:18.143404 17610 consensus_queue.cc:1048] T 7bb8b490544e49b08e0f3a89884db2c7 P dbdfae48e2374978a350d2f63dd1b8ea [LEADER]: Connected to new peer: Peer: permanent_uuid: "9dde311ac22f47b78297bb7998fd6523" member_type: VOTER last_known_addr { host: "127.12.154.1" port: 33733 }, Status: LMP_MISMATCH, Last received: 0.0, Next index: 26, Last known committed idx: 25, Time since last communication: 0.001s
I20260608 09:49:18.143353 17975 raft_consensus.cc:2955] T 7bb8b490544e49b08e0f3a89884db2c7 P dbdfae48e2374978a350d2f63dd1b8ea [term 1 LEADER]: Committing config change with OpId 1.26: config changed from index -1 to 26, NON_VOTER 714b14a3f3e74fd0bb8378a6749936cd (127.12.154.4) added. New config: { opid_index: 26 OBSOLETE_local: false peers { permanent_uuid: "9dde311ac22f47b78297bb7998fd6523" member_type: VOTER last_known_addr { host: "127.12.154.1" port: 33733 } } peers { permanent_uuid: "dbdfae48e2374978a350d2f63dd1b8ea" member_type: VOTER last_known_addr { host: "127.12.154.2" port: 41335 } } peers { permanent_uuid: "5ccfcad9892246448a3d77cabe1004aa" member_type: VOTER last_known_addr { host: "127.12.154.3" port: 45935 } attrs { replace: true } } peers { permanent_uuid: "714b14a3f3e74fd0bb8378a6749936cd" member_type: NON_VOTER last_known_addr { host: "127.12.154.4" port: 38117 } attrs { promote: true } } }
I20260608 09:49:18.148187 17514 raft_consensus.cc:2955] T 7bb8b490544e49b08e0f3a89884db2c7 P 5ccfcad9892246448a3d77cabe1004aa [term 1 FOLLOWER]: Committing config change with OpId 1.26: config changed from index -1 to 26, NON_VOTER 714b14a3f3e74fd0bb8378a6749936cd (127.12.154.4) added. New config: { opid_index: 26 OBSOLETE_local: false peers { permanent_uuid: "9dde311ac22f47b78297bb7998fd6523" member_type: VOTER last_known_addr { host: "127.12.154.1" port: 33733 } } peers { permanent_uuid: "dbdfae48e2374978a350d2f63dd1b8ea" member_type: VOTER last_known_addr { host: "127.12.154.2" port: 41335 } } peers { permanent_uuid: "5ccfcad9892246448a3d77cabe1004aa" member_type: VOTER last_known_addr { host: "127.12.154.3" port: 45935 } attrs { replace: true } } peers { permanent_uuid: "714b14a3f3e74fd0bb8378a6749936cd" member_type: NON_VOTER last_known_addr { host: "127.12.154.4" port: 38117 } attrs { promote: true } } }
I20260608 09:49:18.159433 17358 consensus_queue.cc:237] T c6113d5da0d0441fbb909479582d14db P 9dde311ac22f47b78297bb7998fd6523 [LEADER]: Queue going to LEADER mode. State: All replicated index: 0, Majority replicated index: 25, Committed index: 25, Last appended: 1.25, Last appended by leader: 0, Current term: 1, Majority size: 2, State: 0, Mode: LEADER, active raft config: opid_index: 26 OBSOLETE_local: false peers { permanent_uuid: "9dde311ac22f47b78297bb7998fd6523" member_type: VOTER last_known_addr { host: "127.12.154.1" port: 33733 } } peers { permanent_uuid: "dbdfae48e2374978a350d2f63dd1b8ea" member_type: VOTER last_known_addr { host: "127.12.154.2" port: 41335 } attrs { replace: true } } peers { permanent_uuid: "5ccfcad9892246448a3d77cabe1004aa" member_type: VOTER last_known_addr { host: "127.12.154.3" port: 45935 } } peers { permanent_uuid: "46a1d6cda6304905a847702f5d605434" member_type: NON_VOTER last_known_addr { host: "127.12.154.5" port: 34485 } attrs { promote: true } }
I20260608 09:49:18.162340 17261 catalog_manager.cc:5696] T 7bb8b490544e49b08e0f3a89884db2c7 P dbdfae48e2374978a350d2f63dd1b8ea reported cstate change: config changed from index -1 to 26, NON_VOTER 714b14a3f3e74fd0bb8378a6749936cd (127.12.154.4) added. New cstate: current_term: 1 leader_uuid: "dbdfae48e2374978a350d2f63dd1b8ea" committed_config { opid_index: 26 OBSOLETE_local: false peers { permanent_uuid: "9dde311ac22f47b78297bb7998fd6523" member_type: VOTER last_known_addr { host: "127.12.154.1" port: 33733 } health_report { overall_health: UNKNOWN } } peers { permanent_uuid: "dbdfae48e2374978a350d2f63dd1b8ea" member_type: VOTER last_known_addr { host: "127.12.154.2" port: 41335 } health_report { overall_health: HEALTHY } } peers { permanent_uuid: "5ccfcad9892246448a3d77cabe1004aa" member_type: VOTER last_known_addr { host: "127.12.154.3" port: 45935 } attrs { replace: true } health_report { overall_health: HEALTHY } } peers { permanent_uuid: "714b14a3f3e74fd0bb8378a6749936cd" member_type: NON_VOTER last_known_addr { host: "127.12.154.4" port: 38117 } attrs { promote: true } health_report { overall_health: UNKNOWN } } }
I20260608 09:49:18.170727 17359 raft_consensus.cc:2955] T 7bb8b490544e49b08e0f3a89884db2c7 P 9dde311ac22f47b78297bb7998fd6523 [term 1 FOLLOWER]: Committing config change with OpId 1.26: config changed from index -1 to 26, NON_VOTER 714b14a3f3e74fd0bb8378a6749936cd (127.12.154.4) added. New config: { opid_index: 26 OBSOLETE_local: false peers { permanent_uuid: "9dde311ac22f47b78297bb7998fd6523" member_type: VOTER last_known_addr { host: "127.12.154.1" port: 33733 } } peers { permanent_uuid: "dbdfae48e2374978a350d2f63dd1b8ea" member_type: VOTER last_known_addr { host: "127.12.154.2" port: 41335 } } peers { permanent_uuid: "5ccfcad9892246448a3d77cabe1004aa" member_type: VOTER last_known_addr { host: "127.12.154.3" port: 45935 } attrs { replace: true } } peers { permanent_uuid: "714b14a3f3e74fd0bb8378a6749936cd" member_type: NON_VOTER last_known_addr { host: "127.12.154.4" port: 38117 } attrs { promote: true } } }
I20260608 09:49:18.174623 17435 raft_consensus.cc:1275] T c6113d5da0d0441fbb909479582d14db P dbdfae48e2374978a350d2f63dd1b8ea [term 1 FOLLOWER]: Refusing update from remote peer 9dde311ac22f47b78297bb7998fd6523: Log matching property violated. Preceding OpId in replica: term: 1 index: 25. Preceding OpId from leader: term: 1 index: 26. (index mismatch)
W20260608 09:49:18.176236 17330 consensus_peers.cc:597] T c6113d5da0d0441fbb909479582d14db P 9dde311ac22f47b78297bb7998fd6523 -> Peer 46a1d6cda6304905a847702f5d605434 (127.12.154.5:34485): Couldn't send request to peer 46a1d6cda6304905a847702f5d605434. Error code: TABLET_NOT_FOUND (6). Status: Not found: Tablet not found: c6113d5da0d0441fbb909479582d14db. This is attempt 1: this message will repeat every 5th retry.
I20260608 09:49:18.177425 17972 heartbeater.cc:344] Connected to a master server at 127.12.154.62:39459
I20260608 09:49:18.179237 17972 heartbeater.cc:461] Registering TS with master...
I20260608 09:49:18.180370 17972 heartbeater.cc:507] Master 127.12.154.62:39459 requested a full tablet report, sending...
I20260608 09:49:18.183116 17259 ts_manager.cc:194] Registered new tserver with Master: ed5e3dd9ae6849b98ef20a933f121b9a (127.12.154.6:38501)
I20260608 09:49:18.181154 17961 consensus_queue.cc:1048] T c6113d5da0d0441fbb909479582d14db P 9dde311ac22f47b78297bb7998fd6523 [LEADER]: Connected to new peer: Peer: permanent_uuid: "dbdfae48e2374978a350d2f63dd1b8ea" member_type: VOTER last_known_addr { host: "127.12.154.2" port: 41335 } attrs { replace: true }, Status: LMP_MISMATCH, Last received: 0.0, Next index: 26, Last known committed idx: 25, Time since last communication: 0.001s
I20260608 09:49:18.184969 17259 master_service.cc:502] Signed X509 certificate for tserver {username='slave'} at 127.0.0.1:51872
I20260608 09:49:18.191329 17514 raft_consensus.cc:1275] T c6113d5da0d0441fbb909479582d14db P 5ccfcad9892246448a3d77cabe1004aa [term 1 FOLLOWER]: Refusing update from remote peer 9dde311ac22f47b78297bb7998fd6523: Log matching property violated. Preceding OpId in replica: term: 1 index: 25. Preceding OpId from leader: term: 1 index: 26. (index mismatch)
I20260608 09:49:18.192770 17961 consensus_queue.cc:1048] T c6113d5da0d0441fbb909479582d14db P 9dde311ac22f47b78297bb7998fd6523 [LEADER]: Connected to new peer: Peer: permanent_uuid: "5ccfcad9892246448a3d77cabe1004aa" member_type: VOTER last_known_addr { host: "127.12.154.3" port: 45935 }, Status: LMP_MISMATCH, Last received: 0.0, Next index: 26, Last known committed idx: 25, Time since last communication: 0.000s
I20260608 09:49:18.194190 17595 raft_consensus.cc:2955] T c6113d5da0d0441fbb909479582d14db P 9dde311ac22f47b78297bb7998fd6523 [term 1 LEADER]: Committing config change with OpId 1.26: config changed from index -1 to 26, NON_VOTER 46a1d6cda6304905a847702f5d605434 (127.12.154.5) added. New config: { opid_index: 26 OBSOLETE_local: false peers { permanent_uuid: "9dde311ac22f47b78297bb7998fd6523" member_type: VOTER last_known_addr { host: "127.12.154.1" port: 33733 } } peers { permanent_uuid: "dbdfae48e2374978a350d2f63dd1b8ea" member_type: VOTER last_known_addr { host: "127.12.154.2" port: 41335 } attrs { replace: true } } peers { permanent_uuid: "5ccfcad9892246448a3d77cabe1004aa" member_type: VOTER last_known_addr { host: "127.12.154.3" port: 45935 } } peers { permanent_uuid: "46a1d6cda6304905a847702f5d605434" member_type: NON_VOTER last_known_addr { host: "127.12.154.5" port: 34485 } attrs { promote: true } } }
I20260608 09:49:18.196020 17436 raft_consensus.cc:2955] T c6113d5da0d0441fbb909479582d14db P dbdfae48e2374978a350d2f63dd1b8ea [term 1 FOLLOWER]: Committing config change with OpId 1.26: config changed from index -1 to 26, NON_VOTER 46a1d6cda6304905a847702f5d605434 (127.12.154.5) added. New config: { opid_index: 26 OBSOLETE_local: false peers { permanent_uuid: "9dde311ac22f47b78297bb7998fd6523" member_type: VOTER last_known_addr { host: "127.12.154.1" port: 33733 } } peers { permanent_uuid: "dbdfae48e2374978a350d2f63dd1b8ea" member_type: VOTER last_known_addr { host: "127.12.154.2" port: 41335 } attrs { replace: true } } peers { permanent_uuid: "5ccfcad9892246448a3d77cabe1004aa" member_type: VOTER last_known_addr { host: "127.12.154.3" port: 45935 } } peers { permanent_uuid: "46a1d6cda6304905a847702f5d605434" member_type: NON_VOTER last_known_addr { host: "127.12.154.5" port: 34485 } attrs { promote: true } } }
I20260608 09:49:18.202023 17514 raft_consensus.cc:2955] T c6113d5da0d0441fbb909479582d14db P 5ccfcad9892246448a3d77cabe1004aa [term 1 FOLLOWER]: Committing config change with OpId 1.26: config changed from index -1 to 26, NON_VOTER 46a1d6cda6304905a847702f5d605434 (127.12.154.5) added. New config: { opid_index: 26 OBSOLETE_local: false peers { permanent_uuid: "9dde311ac22f47b78297bb7998fd6523" member_type: VOTER last_known_addr { host: "127.12.154.1" port: 33733 } } peers { permanent_uuid: "dbdfae48e2374978a350d2f63dd1b8ea" member_type: VOTER last_known_addr { host: "127.12.154.2" port: 41335 } attrs { replace: true } } peers { permanent_uuid: "5ccfcad9892246448a3d77cabe1004aa" member_type: VOTER last_known_addr { host: "127.12.154.3" port: 45935 } } peers { permanent_uuid: "46a1d6cda6304905a847702f5d605434" member_type: NON_VOTER last_known_addr { host: "127.12.154.5" port: 34485 } attrs { promote: true } } }
I20260608 09:49:18.211601 17359 consensus_queue.cc:237] T 566e205a9da54046b1f5501598dee3bb P 9dde311ac22f47b78297bb7998fd6523 [LEADER]: Queue going to LEADER mode. State: All replicated index: 0, Majority replicated index: 25, Committed index: 25, Last appended: 1.25, Last appended by leader: 0, Current term: 1, Majority size: 2, State: 0, Mode: LEADER, active raft config: opid_index: 26 OBSOLETE_local: false peers { permanent_uuid: "9dde311ac22f47b78297bb7998fd6523" member_type: VOTER last_known_addr { host: "127.12.154.1" port: 33733 } } peers { permanent_uuid: "dbdfae48e2374978a350d2f63dd1b8ea" member_type: VOTER last_known_addr { host: "127.12.154.2" port: 41335 } } peers { permanent_uuid: "5ccfcad9892246448a3d77cabe1004aa" member_type: VOTER last_known_addr { host: "127.12.154.3" port: 45935 } attrs { replace: true } } peers { permanent_uuid: "714b14a3f3e74fd0bb8378a6749936cd" member_type: NON_VOTER last_known_addr { host: "127.12.154.4" port: 38117 } attrs { promote: true } }
I20260608 09:49:18.214573 17259 catalog_manager.cc:5696] T c6113d5da0d0441fbb909479582d14db P 5ccfcad9892246448a3d77cabe1004aa reported cstate change: config changed from index -1 to 26, NON_VOTER 46a1d6cda6304905a847702f5d605434 (127.12.154.5) added. New cstate: current_term: 1 leader_uuid: "9dde311ac22f47b78297bb7998fd6523" committed_config { opid_index: 26 OBSOLETE_local: false peers { permanent_uuid: "9dde311ac22f47b78297bb7998fd6523" member_type: VOTER last_known_addr { host: "127.12.154.1" port: 33733 } } peers { permanent_uuid: "dbdfae48e2374978a350d2f63dd1b8ea" member_type: VOTER last_known_addr { host: "127.12.154.2" port: 41335 } attrs { replace: true } } peers { permanent_uuid: "5ccfcad9892246448a3d77cabe1004aa" member_type: VOTER last_known_addr { host: "127.12.154.3" port: 45935 } } peers { permanent_uuid: "46a1d6cda6304905a847702f5d605434" member_type: NON_VOTER last_known_addr { host: "127.12.154.5" port: 34485 } attrs { promote: true } } }
I20260608 09:49:18.219895 17514 raft_consensus.cc:1275] T 566e205a9da54046b1f5501598dee3bb P 5ccfcad9892246448a3d77cabe1004aa [term 1 FOLLOWER]: Refusing update from remote peer 9dde311ac22f47b78297bb7998fd6523: Log matching property violated. Preceding OpId in replica: term: 1 index: 25. Preceding OpId from leader: term: 1 index: 26. (index mismatch)
I20260608 09:49:18.221537 17595 consensus_queue.cc:1048] T 566e205a9da54046b1f5501598dee3bb P 9dde311ac22f47b78297bb7998fd6523 [LEADER]: Connected to new peer: Peer: permanent_uuid: "5ccfcad9892246448a3d77cabe1004aa" member_type: VOTER last_known_addr { host: "127.12.154.3" port: 45935 } attrs { replace: true }, Status: LMP_MISMATCH, Last received: 0.0, Next index: 26, Last known committed idx: 25, Time since last communication: 0.000s
I20260608 09:49:18.222071 17436 raft_consensus.cc:1275] T 566e205a9da54046b1f5501598dee3bb P dbdfae48e2374978a350d2f63dd1b8ea [term 1 FOLLOWER]: Refusing update from remote peer 9dde311ac22f47b78297bb7998fd6523: Log matching property violated. Preceding OpId in replica: term: 1 index: 25. Preceding OpId from leader: term: 1 index: 26. (index mismatch)
I20260608 09:49:18.224190 17957 consensus_queue.cc:1048] T 566e205a9da54046b1f5501598dee3bb P 9dde311ac22f47b78297bb7998fd6523 [LEADER]: Connected to new peer: Peer: permanent_uuid: "dbdfae48e2374978a350d2f63dd1b8ea" member_type: VOTER last_known_addr { host: "127.12.154.2" port: 41335 }, Status: LMP_MISMATCH, Last received: 0.0, Next index: 26, Last known committed idx: 25, Time since last communication: 0.000s
I20260608 09:49:18.228724 17711 raft_consensus.cc:2955] T 566e205a9da54046b1f5501598dee3bb P 9dde311ac22f47b78297bb7998fd6523 [term 1 LEADER]: Committing config change with OpId 1.26: config changed from index -1 to 26, NON_VOTER 714b14a3f3e74fd0bb8378a6749936cd (127.12.154.4) added. New config: { opid_index: 26 OBSOLETE_local: false peers { permanent_uuid: "9dde311ac22f47b78297bb7998fd6523" member_type: VOTER last_known_addr { host: "127.12.154.1" port: 33733 } } peers { permanent_uuid: "dbdfae48e2374978a350d2f63dd1b8ea" member_type: VOTER last_known_addr { host: "127.12.154.2" port: 41335 } } peers { permanent_uuid: "5ccfcad9892246448a3d77cabe1004aa" member_type: VOTER last_known_addr { host: "127.12.154.3" port: 45935 } attrs { replace: true } } peers { permanent_uuid: "714b14a3f3e74fd0bb8378a6749936cd" member_type: NON_VOTER last_known_addr { host: "127.12.154.4" port: 38117 } attrs { promote: true } } }
I20260608 09:49:18.237918 17436 raft_consensus.cc:2955] T 566e205a9da54046b1f5501598dee3bb P dbdfae48e2374978a350d2f63dd1b8ea [term 1 FOLLOWER]: Committing config change with OpId 1.26: config changed from index -1 to 26, NON_VOTER 714b14a3f3e74fd0bb8378a6749936cd (127.12.154.4) added. New config: { opid_index: 26 OBSOLETE_local: false peers { permanent_uuid: "9dde311ac22f47b78297bb7998fd6523" member_type: VOTER last_known_addr { host: "127.12.154.1" port: 33733 } } peers { permanent_uuid: "dbdfae48e2374978a350d2f63dd1b8ea" member_type: VOTER last_known_addr { host: "127.12.154.2" port: 41335 } } peers { permanent_uuid: "5ccfcad9892246448a3d77cabe1004aa" member_type: VOTER last_known_addr { host: "127.12.154.3" port: 45935 } attrs { replace: true } } peers { permanent_uuid: "714b14a3f3e74fd0bb8378a6749936cd" member_type: NON_VOTER last_known_addr { host: "127.12.154.4" port: 38117 } attrs { promote: true } } }
W20260608 09:49:18.240336 17330 consensus_peers.cc:597] T 566e205a9da54046b1f5501598dee3bb P 9dde311ac22f47b78297bb7998fd6523 -> Peer 714b14a3f3e74fd0bb8378a6749936cd (127.12.154.4:38117): Couldn't send request to peer 714b14a3f3e74fd0bb8378a6749936cd. Error code: TABLET_NOT_FOUND (6). Status: Not found: Tablet not found: 566e205a9da54046b1f5501598dee3bb. This is attempt 1: this message will repeat every 5th retry.
I20260608 09:49:18.240986 17514 raft_consensus.cc:2955] T 566e205a9da54046b1f5501598dee3bb P 5ccfcad9892246448a3d77cabe1004aa [term 1 FOLLOWER]: Committing config change with OpId 1.26: config changed from index -1 to 26, NON_VOTER 714b14a3f3e74fd0bb8378a6749936cd (127.12.154.4) added. New config: { opid_index: 26 OBSOLETE_local: false peers { permanent_uuid: "9dde311ac22f47b78297bb7998fd6523" member_type: VOTER last_known_addr { host: "127.12.154.1" port: 33733 } } peers { permanent_uuid: "dbdfae48e2374978a350d2f63dd1b8ea" member_type: VOTER last_known_addr { host: "127.12.154.2" port: 41335 } } peers { permanent_uuid: "5ccfcad9892246448a3d77cabe1004aa" member_type: VOTER last_known_addr { host: "127.12.154.3" port: 45935 } attrs { replace: true } } peers { permanent_uuid: "714b14a3f3e74fd0bb8378a6749936cd" member_type: NON_VOTER last_known_addr { host: "127.12.154.4" port: 38117 } attrs { promote: true } } }
I20260608 09:49:18.255846 17261 catalog_manager.cc:5696] T 566e205a9da54046b1f5501598dee3bb P 9dde311ac22f47b78297bb7998fd6523 reported cstate change: config changed from index -1 to 26, NON_VOTER 714b14a3f3e74fd0bb8378a6749936cd (127.12.154.4) added. New cstate: current_term: 1 leader_uuid: "9dde311ac22f47b78297bb7998fd6523" committed_config { opid_index: 26 OBSOLETE_local: false peers { permanent_uuid: "9dde311ac22f47b78297bb7998fd6523" member_type: VOTER last_known_addr { host: "127.12.154.1" port: 33733 } health_report { overall_health: HEALTHY } } peers { permanent_uuid: "dbdfae48e2374978a350d2f63dd1b8ea" member_type: VOTER last_known_addr { host: "127.12.154.2" port: 41335 } health_report { overall_health: HEALTHY } } peers { permanent_uuid: "5ccfcad9892246448a3d77cabe1004aa" member_type: VOTER last_known_addr { host: "127.12.154.3" port: 45935 } attrs { replace: true } health_report { overall_health: HEALTHY } } peers { permanent_uuid: "714b14a3f3e74fd0bb8378a6749936cd" member_type: NON_VOTER last_known_addr { host: "127.12.154.4" port: 38117 } attrs { promote: true } health_report { overall_health: UNKNOWN } } }
I20260608 09:49:18.490401 17977 ts_tablet_manager.cc:933] T 35e5c00ec9a649c387be47029bc67da5 P 714b14a3f3e74fd0bb8378a6749936cd: Initiating tablet copy from peer 5ccfcad9892246448a3d77cabe1004aa (127.12.154.3:45935)
I20260608 09:49:18.492055 17977 tablet_copy_client.cc:323] T 35e5c00ec9a649c387be47029bc67da5 P 714b14a3f3e74fd0bb8378a6749936cd: tablet copy: Beginning tablet copy session from remote peer at address 127.12.154.3:45935
I20260608 09:49:18.511235 17525 tablet_copy_service.cc:140] P 5ccfcad9892246448a3d77cabe1004aa: Received BeginTabletCopySession request for tablet 35e5c00ec9a649c387be47029bc67da5 from peer 714b14a3f3e74fd0bb8378a6749936cd ({username='slave'} at 127.0.0.1:48512)
I20260608 09:49:18.511961 17525 tablet_copy_service.cc:161] P 5ccfcad9892246448a3d77cabe1004aa: Beginning new tablet copy session on tablet 35e5c00ec9a649c387be47029bc67da5 from peer 714b14a3f3e74fd0bb8378a6749936cd at {username='slave'} at 127.0.0.1:48512: session id = 714b14a3f3e74fd0bb8378a6749936cd-35e5c00ec9a649c387be47029bc67da5
I20260608 09:49:18.520282 17525 tablet_copy_source_session.cc:215] T 35e5c00ec9a649c387be47029bc67da5 P 5ccfcad9892246448a3d77cabe1004aa: Tablet Copy: opened 0 blocks and 1 log segments
I20260608 09:49:18.525478 17977 data_dirs.cc:400] Could only allocate 1 dirs of requested 3 for tablet 35e5c00ec9a649c387be47029bc67da5. 1 dirs total, 0 dirs full, 0 dirs failed
I20260608 09:49:18.538529 17977 tablet_copy_client.cc:806] T 35e5c00ec9a649c387be47029bc67da5 P 714b14a3f3e74fd0bb8378a6749936cd: tablet copy: Starting download of 0 data blocks...
I20260608 09:49:18.539084 17977 tablet_copy_client.cc:670] T 35e5c00ec9a649c387be47029bc67da5 P 714b14a3f3e74fd0bb8378a6749936cd: tablet copy: Starting download of 1 WAL segments...
I20260608 09:49:18.543021 17978 tablet_copy_client.cc:1025] T 35e5c00ec9a649c387be47029bc67da5 P 714b14a3f3e74fd0bb8378a6749936cd: tablet copy: Injecting latency into file download: 2000
I20260608 09:49:18.562071 17981 ts_tablet_manager.cc:933] T bc1b3ae6f6444c74a33f34468b755c60 P 46a1d6cda6304905a847702f5d605434: Initiating tablet copy from peer 9dde311ac22f47b78297bb7998fd6523 (127.12.154.1:33733)
I20260608 09:49:18.563702 17981 tablet_copy_client.cc:323] T bc1b3ae6f6444c74a33f34468b755c60 P 46a1d6cda6304905a847702f5d605434: tablet copy: Beginning tablet copy session from remote peer at address 127.12.154.1:33733
I20260608 09:49:18.578689 17376 tablet_copy_service.cc:140] P 9dde311ac22f47b78297bb7998fd6523: Received BeginTabletCopySession request for tablet bc1b3ae6f6444c74a33f34468b755c60 from peer 46a1d6cda6304905a847702f5d605434 ({username='slave'} at 127.0.0.1:33114)
I20260608 09:49:18.579340 17376 tablet_copy_service.cc:161] P 9dde311ac22f47b78297bb7998fd6523: Beginning new tablet copy session on tablet bc1b3ae6f6444c74a33f34468b755c60 from peer 46a1d6cda6304905a847702f5d605434 at {username='slave'} at 127.0.0.1:33114: session id = 46a1d6cda6304905a847702f5d605434-bc1b3ae6f6444c74a33f34468b755c60
I20260608 09:49:18.587391 17376 tablet_copy_source_session.cc:215] T bc1b3ae6f6444c74a33f34468b755c60 P 9dde311ac22f47b78297bb7998fd6523: Tablet Copy: opened 0 blocks and 1 log segments
I20260608 09:49:18.590989 17981 data_dirs.cc:400] Could only allocate 1 dirs of requested 3 for tablet bc1b3ae6f6444c74a33f34468b755c60. 1 dirs total, 0 dirs full, 0 dirs failed
I20260608 09:49:18.602006 17981 tablet_copy_client.cc:806] T bc1b3ae6f6444c74a33f34468b755c60 P 46a1d6cda6304905a847702f5d605434: tablet copy: Starting download of 0 data blocks...
I20260608 09:49:18.602551 17981 tablet_copy_client.cc:670] T bc1b3ae6f6444c74a33f34468b755c60 P 46a1d6cda6304905a847702f5d605434: tablet copy: Starting download of 1 WAL segments...
I20260608 09:49:18.606498 17982 tablet_copy_client.cc:1025] T bc1b3ae6f6444c74a33f34468b755c60 P 46a1d6cda6304905a847702f5d605434: tablet copy: Injecting latency into file download: 2000
I20260608 09:49:18.609830 17985 ts_tablet_manager.cc:933] T c6113d5da0d0441fbb909479582d14db P 46a1d6cda6304905a847702f5d605434: Initiating tablet copy from peer 9dde311ac22f47b78297bb7998fd6523 (127.12.154.1:33733)
I20260608 09:49:18.611433 17985 tablet_copy_client.cc:323] T c6113d5da0d0441fbb909479582d14db P 46a1d6cda6304905a847702f5d605434: tablet copy: Beginning tablet copy session from remote peer at address 127.12.154.1:33733
I20260608 09:49:18.612897 17376 tablet_copy_service.cc:140] P 9dde311ac22f47b78297bb7998fd6523: Received BeginTabletCopySession request for tablet c6113d5da0d0441fbb909479582d14db from peer 46a1d6cda6304905a847702f5d605434 ({username='slave'} at 127.0.0.1:33114)
I20260608 09:49:18.613458 17376 tablet_copy_service.cc:161] P 9dde311ac22f47b78297bb7998fd6523: Beginning new tablet copy session on tablet c6113d5da0d0441fbb909479582d14db from peer 46a1d6cda6304905a847702f5d605434 at {username='slave'} at 127.0.0.1:33114: session id = 46a1d6cda6304905a847702f5d605434-c6113d5da0d0441fbb909479582d14db
I20260608 09:49:18.621428 17376 tablet_copy_source_session.cc:215] T c6113d5da0d0441fbb909479582d14db P 9dde311ac22f47b78297bb7998fd6523: Tablet Copy: opened 0 blocks and 1 log segments
I20260608 09:49:18.624600 17985 data_dirs.cc:400] Could only allocate 1 dirs of requested 3 for tablet c6113d5da0d0441fbb909479582d14db. 1 dirs total, 0 dirs full, 0 dirs failed
I20260608 09:49:18.635366 17985 tablet_copy_client.cc:806] T c6113d5da0d0441fbb909479582d14db P 46a1d6cda6304905a847702f5d605434: tablet copy: Starting download of 0 data blocks...
I20260608 09:49:18.635916 17985 tablet_copy_client.cc:670] T c6113d5da0d0441fbb909479582d14db P 46a1d6cda6304905a847702f5d605434: tablet copy: Starting download of 1 WAL segments...
I20260608 09:49:18.639917 17986 tablet_copy_client.cc:1025] T c6113d5da0d0441fbb909479582d14db P 46a1d6cda6304905a847702f5d605434: tablet copy: Injecting latency into file download: 2000
I20260608 09:49:18.661298 17987 ts_tablet_manager.cc:933] T 7bb8b490544e49b08e0f3a89884db2c7 P 714b14a3f3e74fd0bb8378a6749936cd: Initiating tablet copy from peer dbdfae48e2374978a350d2f63dd1b8ea (127.12.154.2:41335)
I20260608 09:49:18.662794 17987 tablet_copy_client.cc:323] T 7bb8b490544e49b08e0f3a89884db2c7 P 714b14a3f3e74fd0bb8378a6749936cd: tablet copy: Beginning tablet copy session from remote peer at address 127.12.154.2:41335
I20260608 09:49:18.673740 17451 tablet_copy_service.cc:140] P dbdfae48e2374978a350d2f63dd1b8ea: Received BeginTabletCopySession request for tablet 7bb8b490544e49b08e0f3a89884db2c7 from peer 714b14a3f3e74fd0bb8378a6749936cd ({username='slave'} at 127.0.0.1:47250)
I20260608 09:49:18.674248 17451 tablet_copy_service.cc:161] P dbdfae48e2374978a350d2f63dd1b8ea: Beginning new tablet copy session on tablet 7bb8b490544e49b08e0f3a89884db2c7 from peer 714b14a3f3e74fd0bb8378a6749936cd at {username='slave'} at 127.0.0.1:47250: session id = 714b14a3f3e74fd0bb8378a6749936cd-7bb8b490544e49b08e0f3a89884db2c7
I20260608 09:49:18.682811 17451 tablet_copy_source_session.cc:215] T 7bb8b490544e49b08e0f3a89884db2c7 P dbdfae48e2374978a350d2f63dd1b8ea: Tablet Copy: opened 0 blocks and 1 log segments
I20260608 09:49:18.685818 17990 ts_tablet_manager.cc:933] T 566e205a9da54046b1f5501598dee3bb P 714b14a3f3e74fd0bb8378a6749936cd: Initiating tablet copy from peer 9dde311ac22f47b78297bb7998fd6523 (127.12.154.1:33733)
I20260608 09:49:18.688786 17987 data_dirs.cc:400] Could only allocate 1 dirs of requested 3 for tablet 7bb8b490544e49b08e0f3a89884db2c7. 1 dirs total, 0 dirs full, 0 dirs failed
I20260608 09:49:18.693521 17990 tablet_copy_client.cc:323] T 566e205a9da54046b1f5501598dee3bb P 714b14a3f3e74fd0bb8378a6749936cd: tablet copy: Beginning tablet copy session from remote peer at address 127.12.154.1:33733
I20260608 09:49:18.703722 17987 tablet_copy_client.cc:806] T 7bb8b490544e49b08e0f3a89884db2c7 P 714b14a3f3e74fd0bb8378a6749936cd: tablet copy: Starting download of 0 data blocks...
I20260608 09:49:18.704429 17987 tablet_copy_client.cc:670] T 7bb8b490544e49b08e0f3a89884db2c7 P 714b14a3f3e74fd0bb8378a6749936cd: tablet copy: Starting download of 1 WAL segments...
I20260608 09:49:18.705240 17376 tablet_copy_service.cc:140] P 9dde311ac22f47b78297bb7998fd6523: Received BeginTabletCopySession request for tablet 566e205a9da54046b1f5501598dee3bb from peer 714b14a3f3e74fd0bb8378a6749936cd ({username='slave'} at 127.0.0.1:33130)
I20260608 09:49:18.705838 17376 tablet_copy_service.cc:161] P 9dde311ac22f47b78297bb7998fd6523: Beginning new tablet copy session on tablet 566e205a9da54046b1f5501598dee3bb from peer 714b14a3f3e74fd0bb8378a6749936cd at {username='slave'} at 127.0.0.1:33130: session id = 714b14a3f3e74fd0bb8378a6749936cd-566e205a9da54046b1f5501598dee3bb
I20260608 09:49:18.708894 17988 tablet_copy_client.cc:1025] T 7bb8b490544e49b08e0f3a89884db2c7 P 714b14a3f3e74fd0bb8378a6749936cd: tablet copy: Injecting latency into file download: 2000
I20260608 09:49:18.711737 17376 tablet_copy_source_session.cc:215] T 566e205a9da54046b1f5501598dee3bb P 9dde311ac22f47b78297bb7998fd6523: Tablet Copy: opened 0 blocks and 1 log segments
I20260608 09:49:18.712563 17808 heartbeater.cc:499] Master 127.12.154.62:39459 was elected leader, sending a full tablet report...
I20260608 09:49:18.714901 17990 data_dirs.cc:400] Could only allocate 1 dirs of requested 3 for tablet 566e205a9da54046b1f5501598dee3bb. 1 dirs total, 0 dirs full, 0 dirs failed
I20260608 09:49:18.727268 17990 tablet_copy_client.cc:806] T 566e205a9da54046b1f5501598dee3bb P 714b14a3f3e74fd0bb8378a6749936cd: tablet copy: Starting download of 0 data blocks...
I20260608 09:49:18.727854 17990 tablet_copy_client.cc:670] T 566e205a9da54046b1f5501598dee3bb P 714b14a3f3e74fd0bb8378a6749936cd: tablet copy: Starting download of 1 WAL segments...
I20260608 09:49:18.731478 17991 tablet_copy_client.cc:1025] T 566e205a9da54046b1f5501598dee3bb P 714b14a3f3e74fd0bb8378a6749936cd: tablet copy: Injecting latency into file download: 2000
I20260608 09:49:18.837975 17883 heartbeater.cc:499] Master 127.12.154.62:39459 was elected leader, sending a full tablet report...
I20260608 09:49:19.188244 17972 heartbeater.cc:499] Master 127.12.154.62:39459 was elected leader, sending a full tablet report...
I20260608 09:49:20.544023 17977 tablet_copy_client.cc:538] T 35e5c00ec9a649c387be47029bc67da5 P 714b14a3f3e74fd0bb8378a6749936cd: tablet copy: Tablet Copy complete. Replacing tablet superblock.
I20260608 09:49:20.550761 17977 tablet_bootstrap.cc:492] T 35e5c00ec9a649c387be47029bc67da5 P 714b14a3f3e74fd0bb8378a6749936cd: Bootstrap starting.
I20260608 09:49:20.607452 17981 tablet_copy_client.cc:538] T bc1b3ae6f6444c74a33f34468b755c60 P 46a1d6cda6304905a847702f5d605434: tablet copy: Tablet Copy complete. Replacing tablet superblock.
I20260608 09:49:20.617206 17981 tablet_bootstrap.cc:492] T bc1b3ae6f6444c74a33f34468b755c60 P 46a1d6cda6304905a847702f5d605434: Bootstrap starting.
I20260608 09:49:20.640821 17985 tablet_copy_client.cc:538] T c6113d5da0d0441fbb909479582d14db P 46a1d6cda6304905a847702f5d605434: tablet copy: Tablet Copy complete. Replacing tablet superblock.
I20260608 09:49:20.662894 17985 tablet_bootstrap.cc:492] T c6113d5da0d0441fbb909479582d14db P 46a1d6cda6304905a847702f5d605434: Bootstrap starting.
I20260608 09:49:20.696158 17977 tablet_bootstrap.cc:492] T 35e5c00ec9a649c387be47029bc67da5 P 714b14a3f3e74fd0bb8378a6749936cd: Bootstrap replayed 1/1 log segments. Stats: ops{read=26 overwritten=0 applied=26 ignored=0} inserts{seen=108 ignored=0} mutations{seen=0 ignored=0} orphaned_commits=0. Pending: 0 replicates
I20260608 09:49:20.697173 17977 tablet_bootstrap.cc:492] T 35e5c00ec9a649c387be47029bc67da5 P 714b14a3f3e74fd0bb8378a6749936cd: Bootstrap complete.
I20260608 09:49:20.697891 17977 ts_tablet_manager.cc:1403] T 35e5c00ec9a649c387be47029bc67da5 P 714b14a3f3e74fd0bb8378a6749936cd: Time spent bootstrapping tablet: real 0.147s	user 0.137s	sys 0.009s
I20260608 09:49:20.700860 17977 raft_consensus.cc:359] T 35e5c00ec9a649c387be47029bc67da5 P 714b14a3f3e74fd0bb8378a6749936cd [term 1 LEARNER]: Replica starting. Triggering 0 pending ops. Active config: opid_index: 26 OBSOLETE_local: false peers { permanent_uuid: "9dde311ac22f47b78297bb7998fd6523" member_type: VOTER last_known_addr { host: "127.12.154.1" port: 33733 } attrs { replace: true } } peers { permanent_uuid: "dbdfae48e2374978a350d2f63dd1b8ea" member_type: VOTER last_known_addr { host: "127.12.154.2" port: 41335 } } peers { permanent_uuid: "5ccfcad9892246448a3d77cabe1004aa" member_type: VOTER last_known_addr { host: "127.12.154.3" port: 45935 } } peers { permanent_uuid: "714b14a3f3e74fd0bb8378a6749936cd" member_type: NON_VOTER last_known_addr { host: "127.12.154.4" port: 38117 } attrs { promote: true } }
I20260608 09:49:20.701707 17977 raft_consensus.cc:740] T 35e5c00ec9a649c387be47029bc67da5 P 714b14a3f3e74fd0bb8378a6749936cd [term 1 LEARNER]: Becoming Follower/Learner. State: Replica: 714b14a3f3e74fd0bb8378a6749936cd, State: Initialized, Role: LEARNER
I20260608 09:49:20.702416 17977 consensus_queue.cc:260] T 35e5c00ec9a649c387be47029bc67da5 P 714b14a3f3e74fd0bb8378a6749936cd [NON_LEADER]: Queue going to NON_LEADER mode. State: All replicated index: 0, Majority replicated index: 0, Committed index: 26, Last appended: 1.26, Last appended by leader: 26, Current term: 0, Majority size: -1, State: 0, Mode: NON_LEADER, active raft config: opid_index: 26 OBSOLETE_local: false peers { permanent_uuid: "9dde311ac22f47b78297bb7998fd6523" member_type: VOTER last_known_addr { host: "127.12.154.1" port: 33733 } attrs { replace: true } } peers { permanent_uuid: "dbdfae48e2374978a350d2f63dd1b8ea" member_type: VOTER last_known_addr { host: "127.12.154.2" port: 41335 } } peers { permanent_uuid: "5ccfcad9892246448a3d77cabe1004aa" member_type: VOTER last_known_addr { host: "127.12.154.3" port: 45935 } } peers { permanent_uuid: "714b14a3f3e74fd0bb8378a6749936cd" member_type: NON_VOTER last_known_addr { host: "127.12.154.4" port: 38117 } attrs { promote: true } }
I20260608 09:49:20.709807 17987 tablet_copy_client.cc:538] T 7bb8b490544e49b08e0f3a89884db2c7 P 714b14a3f3e74fd0bb8378a6749936cd: tablet copy: Tablet Copy complete. Replacing tablet superblock.
I20260608 09:49:20.719296 17987 tablet_bootstrap.cc:492] T 7bb8b490544e49b08e0f3a89884db2c7 P 714b14a3f3e74fd0bb8378a6749936cd: Bootstrap starting.
I20260608 09:49:20.732405 17990 tablet_copy_client.cc:538] T 566e205a9da54046b1f5501598dee3bb P 714b14a3f3e74fd0bb8378a6749936cd: tablet copy: Tablet Copy complete. Replacing tablet superblock.
I20260608 09:49:20.732986 17977 ts_tablet_manager.cc:1434] T 35e5c00ec9a649c387be47029bc67da5 P 714b14a3f3e74fd0bb8378a6749936cd: Time spent starting tablet: real 0.035s	user 0.005s	sys 0.007s
I20260608 09:49:20.741449 17525 tablet_copy_service.cc:342] P 5ccfcad9892246448a3d77cabe1004aa: Request end of tablet copy session 714b14a3f3e74fd0bb8378a6749936cd-35e5c00ec9a649c387be47029bc67da5 received from {username='slave'} at 127.0.0.1:48512
I20260608 09:49:20.741956 17525 tablet_copy_service.cc:434] P 5ccfcad9892246448a3d77cabe1004aa: ending tablet copy session 714b14a3f3e74fd0bb8378a6749936cd-35e5c00ec9a649c387be47029bc67da5 on tablet 35e5c00ec9a649c387be47029bc67da5 with peer 714b14a3f3e74fd0bb8378a6749936cd
I20260608 09:49:20.749944 17990 tablet_bootstrap.cc:492] T 566e205a9da54046b1f5501598dee3bb P 714b14a3f3e74fd0bb8378a6749936cd: Bootstrap starting.
I20260608 09:49:20.838004 17985 tablet_bootstrap.cc:492] T c6113d5da0d0441fbb909479582d14db P 46a1d6cda6304905a847702f5d605434: Bootstrap replayed 1/1 log segments. Stats: ops{read=26 overwritten=0 applied=26 ignored=0} inserts{seen=102 ignored=0} mutations{seen=0 ignored=0} orphaned_commits=0. Pending: 0 replicates
I20260608 09:49:20.839108 17985 tablet_bootstrap.cc:492] T c6113d5da0d0441fbb909479582d14db P 46a1d6cda6304905a847702f5d605434: Bootstrap complete.
I20260608 09:49:20.839855 17985 ts_tablet_manager.cc:1403] T c6113d5da0d0441fbb909479582d14db P 46a1d6cda6304905a847702f5d605434: Time spent bootstrapping tablet: real 0.177s	user 0.152s	sys 0.021s
I20260608 09:49:20.842773 17985 raft_consensus.cc:359] T c6113d5da0d0441fbb909479582d14db P 46a1d6cda6304905a847702f5d605434 [term 1 LEARNER]: Replica starting. Triggering 0 pending ops. Active config: opid_index: 26 OBSOLETE_local: false peers { permanent_uuid: "9dde311ac22f47b78297bb7998fd6523" member_type: VOTER last_known_addr { host: "127.12.154.1" port: 33733 } } peers { permanent_uuid: "dbdfae48e2374978a350d2f63dd1b8ea" member_type: VOTER last_known_addr { host: "127.12.154.2" port: 41335 } attrs { replace: true } } peers { permanent_uuid: "5ccfcad9892246448a3d77cabe1004aa" member_type: VOTER last_known_addr { host: "127.12.154.3" port: 45935 } } peers { permanent_uuid: "46a1d6cda6304905a847702f5d605434" member_type: NON_VOTER last_known_addr { host: "127.12.154.5" port: 34485 } attrs { promote: true } }
I20260608 09:49:20.843669 17985 raft_consensus.cc:740] T c6113d5da0d0441fbb909479582d14db P 46a1d6cda6304905a847702f5d605434 [term 1 LEARNER]: Becoming Follower/Learner. State: Replica: 46a1d6cda6304905a847702f5d605434, State: Initialized, Role: LEARNER
I20260608 09:49:20.844389 17985 consensus_queue.cc:260] T c6113d5da0d0441fbb909479582d14db P 46a1d6cda6304905a847702f5d605434 [NON_LEADER]: Queue going to NON_LEADER mode. State: All replicated index: 0, Majority replicated index: 0, Committed index: 26, Last appended: 1.26, Last appended by leader: 26, Current term: 0, Majority size: -1, State: 0, Mode: NON_LEADER, active raft config: opid_index: 26 OBSOLETE_local: false peers { permanent_uuid: "9dde311ac22f47b78297bb7998fd6523" member_type: VOTER last_known_addr { host: "127.12.154.1" port: 33733 } } peers { permanent_uuid: "dbdfae48e2374978a350d2f63dd1b8ea" member_type: VOTER last_known_addr { host: "127.12.154.2" port: 41335 } attrs { replace: true } } peers { permanent_uuid: "5ccfcad9892246448a3d77cabe1004aa" member_type: VOTER last_known_addr { host: "127.12.154.3" port: 45935 } } peers { permanent_uuid: "46a1d6cda6304905a847702f5d605434" member_type: NON_VOTER last_known_addr { host: "127.12.154.5" port: 34485 } attrs { promote: true } }
I20260608 09:49:20.854061 17985 ts_tablet_manager.cc:1434] T c6113d5da0d0441fbb909479582d14db P 46a1d6cda6304905a847702f5d605434: Time spent starting tablet: real 0.014s	user 0.012s	sys 0.000s
I20260608 09:49:20.856063 17376 tablet_copy_service.cc:342] P 9dde311ac22f47b78297bb7998fd6523: Request end of tablet copy session 46a1d6cda6304905a847702f5d605434-c6113d5da0d0441fbb909479582d14db received from {username='slave'} at 127.0.0.1:33114
I20260608 09:49:20.856556 17376 tablet_copy_service.cc:434] P 9dde311ac22f47b78297bb7998fd6523: ending tablet copy session 46a1d6cda6304905a847702f5d605434-c6113d5da0d0441fbb909479582d14db on tablet c6113d5da0d0441fbb909479582d14db with peer 46a1d6cda6304905a847702f5d605434
I20260608 09:49:20.880594 17981 tablet_bootstrap.cc:492] T bc1b3ae6f6444c74a33f34468b755c60 P 46a1d6cda6304905a847702f5d605434: Bootstrap replayed 1/1 log segments. Stats: ops{read=26 overwritten=0 applied=26 ignored=0} inserts{seen=118 ignored=0} mutations{seen=0 ignored=0} orphaned_commits=0. Pending: 0 replicates
I20260608 09:49:20.881573 17981 tablet_bootstrap.cc:492] T bc1b3ae6f6444c74a33f34468b755c60 P 46a1d6cda6304905a847702f5d605434: Bootstrap complete.
I20260608 09:49:20.882319 17981 ts_tablet_manager.cc:1403] T bc1b3ae6f6444c74a33f34468b755c60 P 46a1d6cda6304905a847702f5d605434: Time spent bootstrapping tablet: real 0.265s	user 0.165s	sys 0.024s
I20260608 09:49:20.885106 17981 raft_consensus.cc:359] T bc1b3ae6f6444c74a33f34468b755c60 P 46a1d6cda6304905a847702f5d605434 [term 1 LEARNER]: Replica starting. Triggering 0 pending ops. Active config: opid_index: 26 OBSOLETE_local: false peers { permanent_uuid: "9dde311ac22f47b78297bb7998fd6523" member_type: VOTER last_known_addr { host: "127.12.154.1" port: 33733 } } peers { permanent_uuid: "dbdfae48e2374978a350d2f63dd1b8ea" member_type: VOTER last_known_addr { host: "127.12.154.2" port: 41335 } attrs { replace: true } } peers { permanent_uuid: "5ccfcad9892246448a3d77cabe1004aa" member_type: VOTER last_known_addr { host: "127.12.154.3" port: 45935 } } peers { permanent_uuid: "46a1d6cda6304905a847702f5d605434" member_type: NON_VOTER last_known_addr { host: "127.12.154.5" port: 34485 } attrs { promote: true } }
I20260608 09:49:20.885903 17981 raft_consensus.cc:740] T bc1b3ae6f6444c74a33f34468b755c60 P 46a1d6cda6304905a847702f5d605434 [term 1 LEARNER]: Becoming Follower/Learner. State: Replica: 46a1d6cda6304905a847702f5d605434, State: Initialized, Role: LEARNER
I20260608 09:49:20.886524 17981 consensus_queue.cc:260] T bc1b3ae6f6444c74a33f34468b755c60 P 46a1d6cda6304905a847702f5d605434 [NON_LEADER]: Queue going to NON_LEADER mode. State: All replicated index: 0, Majority replicated index: 0, Committed index: 26, Last appended: 1.26, Last appended by leader: 26, Current term: 0, Majority size: -1, State: 0, Mode: NON_LEADER, active raft config: opid_index: 26 OBSOLETE_local: false peers { permanent_uuid: "9dde311ac22f47b78297bb7998fd6523" member_type: VOTER last_known_addr { host: "127.12.154.1" port: 33733 } } peers { permanent_uuid: "dbdfae48e2374978a350d2f63dd1b8ea" member_type: VOTER last_known_addr { host: "127.12.154.2" port: 41335 } attrs { replace: true } } peers { permanent_uuid: "5ccfcad9892246448a3d77cabe1004aa" member_type: VOTER last_known_addr { host: "127.12.154.3" port: 45935 } } peers { permanent_uuid: "46a1d6cda6304905a847702f5d605434" member_type: NON_VOTER last_known_addr { host: "127.12.154.5" port: 34485 } attrs { promote: true } }
I20260608 09:49:20.888921 17981 ts_tablet_manager.cc:1434] T bc1b3ae6f6444c74a33f34468b755c60 P 46a1d6cda6304905a847702f5d605434: Time spent starting tablet: real 0.006s	user 0.006s	sys 0.000s
I20260608 09:49:20.890568 17376 tablet_copy_service.cc:342] P 9dde311ac22f47b78297bb7998fd6523: Request end of tablet copy session 46a1d6cda6304905a847702f5d605434-bc1b3ae6f6444c74a33f34468b755c60 received from {username='slave'} at 127.0.0.1:33114
I20260608 09:49:20.891017 17376 tablet_copy_service.cc:434] P 9dde311ac22f47b78297bb7998fd6523: ending tablet copy session 46a1d6cda6304905a847702f5d605434-bc1b3ae6f6444c74a33f34468b755c60 on tablet bc1b3ae6f6444c74a33f34468b755c60 with peer 46a1d6cda6304905a847702f5d605434
I20260608 09:49:20.950980 17987 tablet_bootstrap.cc:492] T 7bb8b490544e49b08e0f3a89884db2c7 P 714b14a3f3e74fd0bb8378a6749936cd: Bootstrap replayed 1/1 log segments. Stats: ops{read=26 overwritten=0 applied=26 ignored=0} inserts{seen=109 ignored=0} mutations{seen=0 ignored=0} orphaned_commits=0. Pending: 0 replicates
W20260608 09:49:20.954329 17330 consensus_peers.cc:597] T 566e205a9da54046b1f5501598dee3bb P 9dde311ac22f47b78297bb7998fd6523 -> Peer 714b14a3f3e74fd0bb8378a6749936cd (127.12.154.4:38117): Couldn't send request to peer 714b14a3f3e74fd0bb8378a6749936cd. Error code: TABLET_NOT_RUNNING (12). Status: Illegal state: Tablet not RUNNING: BOOTSTRAPPING. This is attempt 6: this message will repeat every 5th retry.
I20260608 09:49:20.952034 17987 tablet_bootstrap.cc:492] T 7bb8b490544e49b08e0f3a89884db2c7 P 714b14a3f3e74fd0bb8378a6749936cd: Bootstrap complete.
I20260608 09:49:20.955720 17987 ts_tablet_manager.cc:1403] T 7bb8b490544e49b08e0f3a89884db2c7 P 714b14a3f3e74fd0bb8378a6749936cd: Time spent bootstrapping tablet: real 0.237s	user 0.136s	sys 0.040s
I20260608 09:49:20.959022 17987 raft_consensus.cc:359] T 7bb8b490544e49b08e0f3a89884db2c7 P 714b14a3f3e74fd0bb8378a6749936cd [term 1 LEARNER]: Replica starting. Triggering 0 pending ops. Active config: opid_index: 26 OBSOLETE_local: false peers { permanent_uuid: "9dde311ac22f47b78297bb7998fd6523" member_type: VOTER last_known_addr { host: "127.12.154.1" port: 33733 } } peers { permanent_uuid: "dbdfae48e2374978a350d2f63dd1b8ea" member_type: VOTER last_known_addr { host: "127.12.154.2" port: 41335 } } peers { permanent_uuid: "5ccfcad9892246448a3d77cabe1004aa" member_type: VOTER last_known_addr { host: "127.12.154.3" port: 45935 } attrs { replace: true } } peers { permanent_uuid: "714b14a3f3e74fd0bb8378a6749936cd" member_type: NON_VOTER last_known_addr { host: "127.12.154.4" port: 38117 } attrs { promote: true } }
I20260608 09:49:20.959780 17987 raft_consensus.cc:740] T 7bb8b490544e49b08e0f3a89884db2c7 P 714b14a3f3e74fd0bb8378a6749936cd [term 1 LEARNER]: Becoming Follower/Learner. State: Replica: 714b14a3f3e74fd0bb8378a6749936cd, State: Initialized, Role: LEARNER
I20260608 09:49:20.960381 17987 consensus_queue.cc:260] T 7bb8b490544e49b08e0f3a89884db2c7 P 714b14a3f3e74fd0bb8378a6749936cd [NON_LEADER]: Queue going to NON_LEADER mode. State: All replicated index: 0, Majority replicated index: 0, Committed index: 26, Last appended: 1.26, Last appended by leader: 26, Current term: 0, Majority size: -1, State: 0, Mode: NON_LEADER, active raft config: opid_index: 26 OBSOLETE_local: false peers { permanent_uuid: "9dde311ac22f47b78297bb7998fd6523" member_type: VOTER last_known_addr { host: "127.12.154.1" port: 33733 } } peers { permanent_uuid: "dbdfae48e2374978a350d2f63dd1b8ea" member_type: VOTER last_known_addr { host: "127.12.154.2" port: 41335 } } peers { permanent_uuid: "5ccfcad9892246448a3d77cabe1004aa" member_type: VOTER last_known_addr { host: "127.12.154.3" port: 45935 } attrs { replace: true } } peers { permanent_uuid: "714b14a3f3e74fd0bb8378a6749936cd" member_type: NON_VOTER last_known_addr { host: "127.12.154.4" port: 38117 } attrs { promote: true } }
I20260608 09:49:20.962383 17987 ts_tablet_manager.cc:1434] T 7bb8b490544e49b08e0f3a89884db2c7 P 714b14a3f3e74fd0bb8378a6749936cd: Time spent starting tablet: real 0.006s	user 0.005s	sys 0.000s
I20260608 09:49:20.964185 17451 tablet_copy_service.cc:342] P dbdfae48e2374978a350d2f63dd1b8ea: Request end of tablet copy session 714b14a3f3e74fd0bb8378a6749936cd-7bb8b490544e49b08e0f3a89884db2c7 received from {username='slave'} at 127.0.0.1:47250
I20260608 09:49:20.964633 17451 tablet_copy_service.cc:434] P dbdfae48e2374978a350d2f63dd1b8ea: ending tablet copy session 714b14a3f3e74fd0bb8378a6749936cd-7bb8b490544e49b08e0f3a89884db2c7 on tablet 7bb8b490544e49b08e0f3a89884db2c7 with peer 714b14a3f3e74fd0bb8378a6749936cd
