I20260608 09:57:06.348263  7498 raft_consensus.cc:2955] T e6066f3430764854a1e44d70dbbc85cc P ed724276aa8e49078b3d14ca422d7908 [term 1 FOLLOWER]: Committing config change with OpId 1.2: config changed from index -1 to 2, NON_VOTER f72e72f710ef4da7bde8f14061612fa5 (127.4.53.68) added. New config: { opid_index: 2 OBSOLETE_local: false peers { permanent_uuid: "035f764377d64103b33e07f5da82935c" member_type: VOTER last_known_addr { host: "127.4.53.66" port: 34585 } } peers { permanent_uuid: "96c90d1c66ae4e3782841529794edfbf" member_type: VOTER last_known_addr { host: "127.4.53.65" port: 40041 } } peers { permanent_uuid: "ed724276aa8e49078b3d14ca422d7908" member_type: VOTER last_known_addr { host: "127.4.53.67" port: 37297 } attrs { replace: true } } peers { permanent_uuid: "f72e72f710ef4da7bde8f14061612fa5" member_type: NON_VOTER last_known_addr { host: "127.4.53.68" port: 45301 } attrs { promote: true } } }
I20260608 09:57:06.362336  7346 raft_consensus.cc:2955] T e6066f3430764854a1e44d70dbbc85cc P 96c90d1c66ae4e3782841529794edfbf [term 1 FOLLOWER]: Committing config change with OpId 1.2: config changed from index -1 to 2, NON_VOTER f72e72f710ef4da7bde8f14061612fa5 (127.4.53.68) added. New config: { opid_index: 2 OBSOLETE_local: false peers { permanent_uuid: "035f764377d64103b33e07f5da82935c" member_type: VOTER last_known_addr { host: "127.4.53.66" port: 34585 } } peers { permanent_uuid: "96c90d1c66ae4e3782841529794edfbf" member_type: VOTER last_known_addr { host: "127.4.53.65" port: 40041 } } peers { permanent_uuid: "ed724276aa8e49078b3d14ca422d7908" member_type: VOTER last_known_addr { host: "127.4.53.67" port: 37297 } attrs { replace: true } } peers { permanent_uuid: "f72e72f710ef4da7bde8f14061612fa5" member_type: NON_VOTER last_known_addr { host: "127.4.53.68" port: 45301 } attrs { promote: true } } }
I20260608 09:57:06.367448  7242 catalog_manager.cc:5696] T e6066f3430764854a1e44d70dbbc85cc P 035f764377d64103b33e07f5da82935c reported cstate change: config changed from index -1 to 2, NON_VOTER f72e72f710ef4da7bde8f14061612fa5 (127.4.53.68) added. New cstate: current_term: 1 leader_uuid: "035f764377d64103b33e07f5da82935c" committed_config { opid_index: 2 OBSOLETE_local: false peers { permanent_uuid: "035f764377d64103b33e07f5da82935c" member_type: VOTER last_known_addr { host: "127.4.53.66" port: 34585 } health_report { overall_health: HEALTHY } } peers { permanent_uuid: "96c90d1c66ae4e3782841529794edfbf" member_type: VOTER last_known_addr { host: "127.4.53.65" port: 40041 } health_report { overall_health: HEALTHY } } peers { permanent_uuid: "ed724276aa8e49078b3d14ca422d7908" member_type: VOTER last_known_addr { host: "127.4.53.67" port: 37297 } attrs { replace: true } health_report { overall_health: HEALTHY } } peers { permanent_uuid: "f72e72f710ef4da7bde8f14061612fa5" member_type: NON_VOTER last_known_addr { host: "127.4.53.68" port: 45301 } attrs { promote: true } health_report { overall_health: UNKNOWN } } }
I20260608 09:57:06.368058  7422 consensus_queue.cc:237] T 3ce5119cef7e47939fcf92b2a1bfce24 P 035f764377d64103b33e07f5da82935c [LEADER]: Queue going to LEADER mode. State: All replicated index: 0, Majority replicated index: 1, Committed index: 1, Last appended: 1.1, Last appended by leader: 0, Current term: 1, Majority size: 2, State: 0, Mode: LEADER, active raft config: opid_index: 2 OBSOLETE_local: false peers { permanent_uuid: "ed724276aa8e49078b3d14ca422d7908" member_type: VOTER last_known_addr { host: "127.4.53.67" port: 37297 } } peers { permanent_uuid: "96c90d1c66ae4e3782841529794edfbf" member_type: VOTER last_known_addr { host: "127.4.53.65" port: 40041 } attrs { replace: true } } peers { permanent_uuid: "035f764377d64103b33e07f5da82935c" member_type: VOTER last_known_addr { host: "127.4.53.66" port: 34585 } } peers { permanent_uuid: "f72e72f710ef4da7bde8f14061612fa5" member_type: NON_VOTER last_known_addr { host: "127.4.53.68" port: 45301 } attrs { promote: true } }
W20260608 09:57:06.391111  7389 consensus_peers.cc:597] T 3ce5119cef7e47939fcf92b2a1bfce24 P 035f764377d64103b33e07f5da82935c -> Peer f72e72f710ef4da7bde8f14061612fa5 (127.4.53.68:45301): Couldn't send request to peer f72e72f710ef4da7bde8f14061612fa5. Error code: TABLET_NOT_FOUND (6). Status: Not found: Tablet not found: 3ce5119cef7e47939fcf92b2a1bfce24. This is attempt 1: this message will repeat every 5th retry.
I20260608 09:57:06.396731  7346 raft_consensus.cc:1275] T 3ce5119cef7e47939fcf92b2a1bfce24 P 96c90d1c66ae4e3782841529794edfbf [term 1 FOLLOWER]: Refusing update from remote peer 035f764377d64103b33e07f5da82935c: Log matching property violated. Preceding OpId in replica: term: 1 index: 1. Preceding OpId from leader: term: 1 index: 2. (index mismatch)
I20260608 09:57:06.399477  7498 raft_consensus.cc:1275] T 3ce5119cef7e47939fcf92b2a1bfce24 P ed724276aa8e49078b3d14ca422d7908 [term 1 FOLLOWER]: Refusing update from remote peer 035f764377d64103b33e07f5da82935c: Log matching property violated. Preceding OpId in replica: term: 1 index: 1. Preceding OpId from leader: term: 1 index: 2. (index mismatch)
I20260608 09:57:06.401542  7742 consensus_queue.cc:1048] T 3ce5119cef7e47939fcf92b2a1bfce24 P 035f764377d64103b33e07f5da82935c [LEADER]: Connected to new peer: Peer: permanent_uuid: "96c90d1c66ae4e3782841529794edfbf" member_type: VOTER last_known_addr { host: "127.4.53.65" port: 40041 } attrs { replace: true }, Status: LMP_MISMATCH, Last received: 0.0, Next index: 2, Last known committed idx: 1, Time since last communication: 0.000s
I20260608 09:57:06.403604  7742 consensus_queue.cc:1048] T 3ce5119cef7e47939fcf92b2a1bfce24 P 035f764377d64103b33e07f5da82935c [LEADER]: Connected to new peer: Peer: permanent_uuid: "ed724276aa8e49078b3d14ca422d7908" member_type: VOTER last_known_addr { host: "127.4.53.67" port: 37297 }, Status: LMP_MISMATCH, Last received: 0.0, Next index: 2, Last known committed idx: 1, Time since last communication: 0.000s
I20260608 09:57:06.415063  7742 raft_consensus.cc:2955] T 3ce5119cef7e47939fcf92b2a1bfce24 P 035f764377d64103b33e07f5da82935c [term 1 LEADER]: Committing config change with OpId 1.2: config changed from index -1 to 2, NON_VOTER f72e72f710ef4da7bde8f14061612fa5 (127.4.53.68) added. New config: { opid_index: 2 OBSOLETE_local: false peers { permanent_uuid: "ed724276aa8e49078b3d14ca422d7908" member_type: VOTER last_known_addr { host: "127.4.53.67" port: 37297 } } peers { permanent_uuid: "96c90d1c66ae4e3782841529794edfbf" member_type: VOTER last_known_addr { host: "127.4.53.65" port: 40041 } attrs { replace: true } } peers { permanent_uuid: "035f764377d64103b33e07f5da82935c" member_type: VOTER last_known_addr { host: "127.4.53.66" port: 34585 } } peers { permanent_uuid: "f72e72f710ef4da7bde8f14061612fa5" member_type: NON_VOTER last_known_addr { host: "127.4.53.68" port: 45301 } attrs { promote: true } } }
I20260608 09:57:06.431751  7346 raft_consensus.cc:2955] T 3ce5119cef7e47939fcf92b2a1bfce24 P 96c90d1c66ae4e3782841529794edfbf [term 1 FOLLOWER]: Committing config change with OpId 1.2: config changed from index -1 to 2, NON_VOTER f72e72f710ef4da7bde8f14061612fa5 (127.4.53.68) added. New config: { opid_index: 2 OBSOLETE_local: false peers { permanent_uuid: "ed724276aa8e49078b3d14ca422d7908" member_type: VOTER last_known_addr { host: "127.4.53.67" port: 37297 } } peers { permanent_uuid: "96c90d1c66ae4e3782841529794edfbf" member_type: VOTER last_known_addr { host: "127.4.53.65" port: 40041 } attrs { replace: true } } peers { permanent_uuid: "035f764377d64103b33e07f5da82935c" member_type: VOTER last_known_addr { host: "127.4.53.66" port: 34585 } } peers { permanent_uuid: "f72e72f710ef4da7bde8f14061612fa5" member_type: NON_VOTER last_known_addr { host: "127.4.53.68" port: 45301 } attrs { promote: true } } }
I20260608 09:57:06.446031  7498 raft_consensus.cc:2955] T 3ce5119cef7e47939fcf92b2a1bfce24 P ed724276aa8e49078b3d14ca422d7908 [term 1 FOLLOWER]: Committing config change with OpId 1.2: config changed from index -1 to 2, NON_VOTER f72e72f710ef4da7bde8f14061612fa5 (127.4.53.68) added. New config: { opid_index: 2 OBSOLETE_local: false peers { permanent_uuid: "ed724276aa8e49078b3d14ca422d7908" member_type: VOTER last_known_addr { host: "127.4.53.67" port: 37297 } } peers { permanent_uuid: "96c90d1c66ae4e3782841529794edfbf" member_type: VOTER last_known_addr { host: "127.4.53.65" port: 40041 } attrs { replace: true } } peers { permanent_uuid: "035f764377d64103b33e07f5da82935c" member_type: VOTER last_known_addr { host: "127.4.53.66" port: 34585 } } peers { permanent_uuid: "f72e72f710ef4da7bde8f14061612fa5" member_type: NON_VOTER last_known_addr { host: "127.4.53.68" port: 45301 } attrs { promote: true } } }
I20260608 09:57:06.453493  7242 catalog_manager.cc:5696] T 3ce5119cef7e47939fcf92b2a1bfce24 P 96c90d1c66ae4e3782841529794edfbf reported cstate change: config changed from index -1 to 2, NON_VOTER f72e72f710ef4da7bde8f14061612fa5 (127.4.53.68) added. New cstate: current_term: 1 leader_uuid: "035f764377d64103b33e07f5da82935c" committed_config { opid_index: 2 OBSOLETE_local: false peers { permanent_uuid: "ed724276aa8e49078b3d14ca422d7908" member_type: VOTER last_known_addr { host: "127.4.53.67" port: 37297 } } peers { permanent_uuid: "96c90d1c66ae4e3782841529794edfbf" member_type: VOTER last_known_addr { host: "127.4.53.65" port: 40041 } attrs { replace: true } } peers { permanent_uuid: "035f764377d64103b33e07f5da82935c" member_type: VOTER last_known_addr { host: "127.4.53.66" port: 34585 } } peers { permanent_uuid: "f72e72f710ef4da7bde8f14061612fa5" member_type: NON_VOTER last_known_addr { host: "127.4.53.68" port: 45301 } attrs { promote: true } } }
I20260608 09:57:06.622443  7806 ts_tablet_manager.cc:933] T e6066f3430764854a1e44d70dbbc85cc P f72e72f710ef4da7bde8f14061612fa5: Initiating tablet copy from peer 035f764377d64103b33e07f5da82935c (127.4.53.66:34585)
I20260608 09:57:06.624511  7806 tablet_copy_client.cc:323] T e6066f3430764854a1e44d70dbbc85cc P f72e72f710ef4da7bde8f14061612fa5: tablet copy: Beginning tablet copy session from remote peer at address 127.4.53.66:34585
I20260608 09:57:06.626864  7434 tablet_copy_service.cc:140] P 035f764377d64103b33e07f5da82935c: Received BeginTabletCopySession request for tablet e6066f3430764854a1e44d70dbbc85cc from peer f72e72f710ef4da7bde8f14061612fa5 ({username='slave'} at 127.0.0.1:38614)
I20260608 09:57:06.627475  7434 tablet_copy_service.cc:161] P 035f764377d64103b33e07f5da82935c: Beginning new tablet copy session on tablet e6066f3430764854a1e44d70dbbc85cc from peer f72e72f710ef4da7bde8f14061612fa5 at {username='slave'} at 127.0.0.1:38614: session id = f72e72f710ef4da7bde8f14061612fa5-e6066f3430764854a1e44d70dbbc85cc
I20260608 09:57:06.635599  7434 tablet_copy_source_session.cc:215] T e6066f3430764854a1e44d70dbbc85cc P 035f764377d64103b33e07f5da82935c: Tablet Copy: opened 0 blocks and 1 log segments
I20260608 09:57:06.639286  7806 data_dirs.cc:400] Could only allocate 1 dirs of requested 3 for tablet e6066f3430764854a1e44d70dbbc85cc. 1 dirs total, 0 dirs full, 0 dirs failed
I20260608 09:57:06.658257  7806 tablet_copy_client.cc:806] T e6066f3430764854a1e44d70dbbc85cc P f72e72f710ef4da7bde8f14061612fa5: tablet copy: Starting download of 0 data blocks...
I20260608 09:57:06.658960  7806 tablet_copy_client.cc:670] T e6066f3430764854a1e44d70dbbc85cc P f72e72f710ef4da7bde8f14061612fa5: tablet copy: Starting download of 1 WAL segments...
I20260608 09:57:06.666898  7808 ts_tablet_manager.cc:933] T d369afd1cc22426ea23f3c79d59947f8 P f72e72f710ef4da7bde8f14061612fa5: Initiating tablet copy from peer ed724276aa8e49078b3d14ca422d7908 (127.4.53.67:37297)
I20260608 09:57:06.675377  7808 tablet_copy_client.cc:323] T d369afd1cc22426ea23f3c79d59947f8 P f72e72f710ef4da7bde8f14061612fa5: tablet copy: Beginning tablet copy session from remote peer at address 127.4.53.67:37297
I20260608 09:57:06.677567  7508 tablet_copy_service.cc:140] P ed724276aa8e49078b3d14ca422d7908: Received BeginTabletCopySession request for tablet d369afd1cc22426ea23f3c79d59947f8 from peer f72e72f710ef4da7bde8f14061612fa5 ({username='slave'} at 127.0.0.1:56292)
I20260608 09:57:06.678190  7508 tablet_copy_service.cc:161] P ed724276aa8e49078b3d14ca422d7908: Beginning new tablet copy session on tablet d369afd1cc22426ea23f3c79d59947f8 from peer f72e72f710ef4da7bde8f14061612fa5 at {username='slave'} at 127.0.0.1:56292: session id = f72e72f710ef4da7bde8f14061612fa5-d369afd1cc22426ea23f3c79d59947f8
I20260608 09:57:06.682236  7806 tablet_copy_client.cc:538] T e6066f3430764854a1e44d70dbbc85cc P f72e72f710ef4da7bde8f14061612fa5: tablet copy: Tablet Copy complete. Replacing tablet superblock.
I20260608 09:57:06.686589  7508 tablet_copy_source_session.cc:215] T d369afd1cc22426ea23f3c79d59947f8 P ed724276aa8e49078b3d14ca422d7908: Tablet Copy: opened 0 blocks and 1 log segments
I20260608 09:57:06.690961  7808 data_dirs.cc:400] Could only allocate 1 dirs of requested 3 for tablet d369afd1cc22426ea23f3c79d59947f8. 1 dirs total, 0 dirs full, 0 dirs failed
I20260608 09:57:06.701270  7806 tablet_bootstrap.cc:492] T e6066f3430764854a1e44d70dbbc85cc P f72e72f710ef4da7bde8f14061612fa5: Bootstrap starting.
I20260608 09:57:06.713572  7810 ts_tablet_manager.cc:933] T 3bdbcb91321a45d28bfa910382d2ee6c P f72e72f710ef4da7bde8f14061612fa5: Initiating tablet copy from peer 96c90d1c66ae4e3782841529794edfbf (127.4.53.65:40041)
I20260608 09:57:06.725900  7810 tablet_copy_client.cc:323] T 3bdbcb91321a45d28bfa910382d2ee6c P f72e72f710ef4da7bde8f14061612fa5: tablet copy: Beginning tablet copy session from remote peer at address 127.4.53.65:40041
I20260608 09:57:06.728260  7358 tablet_copy_service.cc:140] P 96c90d1c66ae4e3782841529794edfbf: Received BeginTabletCopySession request for tablet 3bdbcb91321a45d28bfa910382d2ee6c from peer f72e72f710ef4da7bde8f14061612fa5 ({username='slave'} at 127.0.0.1:46396)
I20260608 09:57:06.728892  7358 tablet_copy_service.cc:161] P 96c90d1c66ae4e3782841529794edfbf: Beginning new tablet copy session on tablet 3bdbcb91321a45d28bfa910382d2ee6c from peer f72e72f710ef4da7bde8f14061612fa5 at {username='slave'} at 127.0.0.1:46396: session id = f72e72f710ef4da7bde8f14061612fa5-3bdbcb91321a45d28bfa910382d2ee6c
I20260608 09:57:06.738719  7358 tablet_copy_source_session.cc:215] T 3bdbcb91321a45d28bfa910382d2ee6c P 96c90d1c66ae4e3782841529794edfbf: Tablet Copy: opened 0 blocks and 1 log segments
I20260608 09:57:06.755378  7810 data_dirs.cc:400] Could only allocate 1 dirs of requested 3 for tablet 3bdbcb91321a45d28bfa910382d2ee6c. 1 dirs total, 0 dirs full, 0 dirs failed
I20260608 09:57:06.758671  7808 tablet_copy_client.cc:806] T d369afd1cc22426ea23f3c79d59947f8 P f72e72f710ef4da7bde8f14061612fa5: tablet copy: Starting download of 0 data blocks...
I20260608 09:57:06.760689  7808 tablet_copy_client.cc:670] T d369afd1cc22426ea23f3c79d59947f8 P f72e72f710ef4da7bde8f14061612fa5: tablet copy: Starting download of 1 WAL segments...
I20260608 09:57:06.765173  7808 tablet_copy_client.cc:538] T d369afd1cc22426ea23f3c79d59947f8 P f72e72f710ef4da7bde8f14061612fa5: tablet copy: Tablet Copy complete. Replacing tablet superblock.
I20260608 09:57:06.777465  7808 tablet_bootstrap.cc:492] T d369afd1cc22426ea23f3c79d59947f8 P f72e72f710ef4da7bde8f14061612fa5: Bootstrap starting.
I20260608 09:57:06.784060  7806 tablet_bootstrap.cc:492] T e6066f3430764854a1e44d70dbbc85cc P f72e72f710ef4da7bde8f14061612fa5: Bootstrap replayed 1/1 log segments. Stats: ops{read=2 overwritten=0 applied=2 ignored=0} inserts{seen=0 ignored=0} mutations{seen=0 ignored=0} orphaned_commits=0. Pending: 0 replicates
I20260608 09:57:06.785405  7806 tablet_bootstrap.cc:492] T e6066f3430764854a1e44d70dbbc85cc P f72e72f710ef4da7bde8f14061612fa5: Bootstrap complete.
I20260608 09:57:06.786244  7806 ts_tablet_manager.cc:1403] T e6066f3430764854a1e44d70dbbc85cc P f72e72f710ef4da7bde8f14061612fa5: Time spent bootstrapping tablet: real 0.085s	user 0.032s	sys 0.016s
I20260608 09:57:06.790076  7806 raft_consensus.cc:359] T e6066f3430764854a1e44d70dbbc85cc P f72e72f710ef4da7bde8f14061612fa5 [term 1 LEARNER]: Replica starting. Triggering 0 pending ops. Active config: opid_index: 2 OBSOLETE_local: false peers { permanent_uuid: "035f764377d64103b33e07f5da82935c" member_type: VOTER last_known_addr { host: "127.4.53.66" port: 34585 } } peers { permanent_uuid: "96c90d1c66ae4e3782841529794edfbf" member_type: VOTER last_known_addr { host: "127.4.53.65" port: 40041 } } peers { permanent_uuid: "ed724276aa8e49078b3d14ca422d7908" member_type: VOTER last_known_addr { host: "127.4.53.67" port: 37297 } attrs { replace: true } } peers { permanent_uuid: "f72e72f710ef4da7bde8f14061612fa5" member_type: NON_VOTER last_known_addr { host: "127.4.53.68" port: 45301 } attrs { promote: true } }
I20260608 09:57:06.791105  7806 raft_consensus.cc:740] T e6066f3430764854a1e44d70dbbc85cc P f72e72f710ef4da7bde8f14061612fa5 [term 1 LEARNER]: Becoming Follower/Learner. State: Replica: f72e72f710ef4da7bde8f14061612fa5, State: Initialized, Role: LEARNER
I20260608 09:57:06.792122  7806 consensus_queue.cc:260] T e6066f3430764854a1e44d70dbbc85cc P f72e72f710ef4da7bde8f14061612fa5 [NON_LEADER]: Queue going to NON_LEADER mode. State: All replicated index: 0, Majority replicated index: 0, Committed index: 2, Last appended: 1.2, Last appended by leader: 2, Current term: 0, Majority size: -1, State: 0, Mode: NON_LEADER, active raft config: opid_index: 2 OBSOLETE_local: false peers { permanent_uuid: "035f764377d64103b33e07f5da82935c" member_type: VOTER last_known_addr { host: "127.4.53.66" port: 34585 } } peers { permanent_uuid: "96c90d1c66ae4e3782841529794edfbf" member_type: VOTER last_known_addr { host: "127.4.53.65" port: 40041 } } peers { permanent_uuid: "ed724276aa8e49078b3d14ca422d7908" member_type: VOTER last_known_addr { host: "127.4.53.67" port: 37297 } attrs { replace: true } } peers { permanent_uuid: "f72e72f710ef4da7bde8f14061612fa5" member_type: NON_VOTER last_known_addr { host: "127.4.53.68" port: 45301 } attrs { promote: true } }
I20260608 09:57:06.801505  7806 ts_tablet_manager.cc:1434] T e6066f3430764854a1e44d70dbbc85cc P f72e72f710ef4da7bde8f14061612fa5: Time spent starting tablet: real 0.015s	user 0.009s	sys 0.000s
I20260608 09:57:06.805528  7434 tablet_copy_service.cc:342] P 035f764377d64103b33e07f5da82935c: Request end of tablet copy session f72e72f710ef4da7bde8f14061612fa5-e6066f3430764854a1e44d70dbbc85cc received from {username='slave'} at 127.0.0.1:38614
I20260608 09:57:06.806842  7434 tablet_copy_service.cc:434] P 035f764377d64103b33e07f5da82935c: ending tablet copy session f72e72f710ef4da7bde8f14061612fa5-e6066f3430764854a1e44d70dbbc85cc on tablet e6066f3430764854a1e44d70dbbc85cc with peer f72e72f710ef4da7bde8f14061612fa5
I20260608 09:57:06.825825  7810 tablet_copy_client.cc:806] T 3bdbcb91321a45d28bfa910382d2ee6c P f72e72f710ef4da7bde8f14061612fa5: tablet copy: Starting download of 0 data blocks...
I20260608 09:57:06.826438  7810 tablet_copy_client.cc:670] T 3bdbcb91321a45d28bfa910382d2ee6c P f72e72f710ef4da7bde8f14061612fa5: tablet copy: Starting download of 1 WAL segments...
I20260608 09:57:06.831291  7810 tablet_copy_client.cc:538] T 3bdbcb91321a45d28bfa910382d2ee6c P f72e72f710ef4da7bde8f14061612fa5: tablet copy: Tablet Copy complete. Replacing tablet superblock.
I20260608 09:57:06.832880  7808 tablet_bootstrap.cc:492] T d369afd1cc22426ea23f3c79d59947f8 P f72e72f710ef4da7bde8f14061612fa5: Bootstrap replayed 1/1 log segments. Stats: ops{read=2 overwritten=0 applied=2 ignored=0} inserts{seen=0 ignored=0} mutations{seen=0 ignored=0} orphaned_commits=0. Pending: 0 replicates
I20260608 09:57:06.833858  7808 tablet_bootstrap.cc:492] T d369afd1cc22426ea23f3c79d59947f8 P f72e72f710ef4da7bde8f14061612fa5: Bootstrap complete.
I20260608 09:57:06.834283  7806 ts_tablet_manager.cc:933] T 3ce5119cef7e47939fcf92b2a1bfce24 P f72e72f710ef4da7bde8f14061612fa5: Initiating tablet copy from peer 035f764377d64103b33e07f5da82935c (127.4.53.66:34585)
I20260608 09:57:06.834611  7808 ts_tablet_manager.cc:1403] T d369afd1cc22426ea23f3c79d59947f8 P f72e72f710ef4da7bde8f14061612fa5: Time spent bootstrapping tablet: real 0.057s	user 0.029s	sys 0.017s
I20260608 09:57:06.837741  7808 raft_consensus.cc:359] T d369afd1cc22426ea23f3c79d59947f8 P f72e72f710ef4da7bde8f14061612fa5 [term 1 LEARNER]: Replica starting. Triggering 0 pending ops. Active config: opid_index: 2 OBSOLETE_local: false peers { permanent_uuid: "96c90d1c66ae4e3782841529794edfbf" member_type: VOTER last_known_addr { host: "127.4.53.65" port: 40041 } attrs { replace: true } } peers { permanent_uuid: "035f764377d64103b33e07f5da82935c" member_type: VOTER last_known_addr { host: "127.4.53.66" port: 34585 } } peers { permanent_uuid: "ed724276aa8e49078b3d14ca422d7908" member_type: VOTER last_known_addr { host: "127.4.53.67" port: 37297 } } peers { permanent_uuid: "f72e72f710ef4da7bde8f14061612fa5" member_type: NON_VOTER last_known_addr { host: "127.4.53.68" port: 45301 } attrs { promote: true } }
I20260608 09:57:06.838572  7808 raft_consensus.cc:740] T d369afd1cc22426ea23f3c79d59947f8 P f72e72f710ef4da7bde8f14061612fa5 [term 1 LEARNER]: Becoming Follower/Learner. State: Replica: f72e72f710ef4da7bde8f14061612fa5, State: Initialized, Role: LEARNER
I20260608 09:57:06.839229  7808 consensus_queue.cc:260] T d369afd1cc22426ea23f3c79d59947f8 P f72e72f710ef4da7bde8f14061612fa5 [NON_LEADER]: Queue going to NON_LEADER mode. State: All replicated index: 0, Majority replicated index: 0, Committed index: 2, Last appended: 1.2, Last appended by leader: 2, Current term: 0, Majority size: -1, State: 0, Mode: NON_LEADER, active raft config: opid_index: 2 OBSOLETE_local: false peers { permanent_uuid: "96c90d1c66ae4e3782841529794edfbf" member_type: VOTER last_known_addr { host: "127.4.53.65" port: 40041 } attrs { replace: true } } peers { permanent_uuid: "035f764377d64103b33e07f5da82935c" member_type: VOTER last_known_addr { host: "127.4.53.66" port: 34585 } } peers { permanent_uuid: "ed724276aa8e49078b3d14ca422d7908" member_type: VOTER last_known_addr { host: "127.4.53.67" port: 37297 } } peers { permanent_uuid: "f72e72f710ef4da7bde8f14061612fa5" member_type: NON_VOTER last_known_addr { host: "127.4.53.68" port: 45301 } attrs { promote: true } }
I20260608 09:57:06.841533  7806 tablet_copy_client.cc:323] T 3ce5119cef7e47939fcf92b2a1bfce24 P f72e72f710ef4da7bde8f14061612fa5: tablet copy: Beginning tablet copy session from remote peer at address 127.4.53.66:34585
I20260608 09:57:06.843494  7434 tablet_copy_service.cc:140] P 035f764377d64103b33e07f5da82935c: Received BeginTabletCopySession request for tablet 3ce5119cef7e47939fcf92b2a1bfce24 from peer f72e72f710ef4da7bde8f14061612fa5 ({username='slave'} at 127.0.0.1:38614)
I20260608 09:57:06.844058  7434 tablet_copy_service.cc:161] P 035f764377d64103b33e07f5da82935c: Beginning new tablet copy session on tablet 3ce5119cef7e47939fcf92b2a1bfce24 from peer f72e72f710ef4da7bde8f14061612fa5 at {username='slave'} at 127.0.0.1:38614: session id = f72e72f710ef4da7bde8f14061612fa5-3ce5119cef7e47939fcf92b2a1bfce24
I20260608 09:57:06.857311  7434 tablet_copy_source_session.cc:215] T 3ce5119cef7e47939fcf92b2a1bfce24 P 035f764377d64103b33e07f5da82935c: Tablet Copy: opened 0 blocks and 1 log segments
I20260608 09:57:06.858106  7808 ts_tablet_manager.cc:1434] T d369afd1cc22426ea23f3c79d59947f8 P f72e72f710ef4da7bde8f14061612fa5: Time spent starting tablet: real 0.023s	user 0.007s	sys 0.001s
I20260608 09:57:06.858657  7810 tablet_bootstrap.cc:492] T 3bdbcb91321a45d28bfa910382d2ee6c P f72e72f710ef4da7bde8f14061612fa5: Bootstrap starting.
I20260608 09:57:06.861238  7806 data_dirs.cc:400] Could only allocate 1 dirs of requested 3 for tablet 3ce5119cef7e47939fcf92b2a1bfce24. 1 dirs total, 0 dirs full, 0 dirs failed
I20260608 09:57:06.865065  7508 tablet_copy_service.cc:342] P ed724276aa8e49078b3d14ca422d7908: Request end of tablet copy session f72e72f710ef4da7bde8f14061612fa5-d369afd1cc22426ea23f3c79d59947f8 received from {username='slave'} at 127.0.0.1:56292
I20260608 09:57:06.865589  7508 tablet_copy_service.cc:434] P ed724276aa8e49078b3d14ca422d7908: ending tablet copy session f72e72f710ef4da7bde8f14061612fa5-d369afd1cc22426ea23f3c79d59947f8 on tablet d369afd1cc22426ea23f3c79d59947f8 with peer f72e72f710ef4da7bde8f14061612fa5
I20260608 09:57:06.878830  7806 tablet_copy_client.cc:806] T 3ce5119cef7e47939fcf92b2a1bfce24 P f72e72f710ef4da7bde8f14061612fa5: tablet copy: Starting download of 0 data blocks...
I20260608 09:57:06.879443  7806 tablet_copy_client.cc:670] T 3ce5119cef7e47939fcf92b2a1bfce24 P f72e72f710ef4da7bde8f14061612fa5: tablet copy: Starting download of 1 WAL segments...
I20260608 09:57:06.883809  7806 tablet_copy_client.cc:538] T 3ce5119cef7e47939fcf92b2a1bfce24 P f72e72f710ef4da7bde8f14061612fa5: tablet copy: Tablet Copy complete. Replacing tablet superblock.
I20260608 09:57:06.897425  7806 tablet_bootstrap.cc:492] T 3ce5119cef7e47939fcf92b2a1bfce24 P f72e72f710ef4da7bde8f14061612fa5: Bootstrap starting.
I20260608 09:57:06.904253  7810 tablet_bootstrap.cc:492] T 3bdbcb91321a45d28bfa910382d2ee6c P f72e72f710ef4da7bde8f14061612fa5: Bootstrap replayed 1/1 log segments. Stats: ops{read=2 overwritten=0 applied=2 ignored=0} inserts{seen=0 ignored=0} mutations{seen=0 ignored=0} orphaned_commits=0. Pending: 0 replicates
I20260608 09:57:06.905382  7810 tablet_bootstrap.cc:492] T 3bdbcb91321a45d28bfa910382d2ee6c P f72e72f710ef4da7bde8f14061612fa5: Bootstrap complete.
I20260608 09:57:06.906158  7810 ts_tablet_manager.cc:1403] T 3bdbcb91321a45d28bfa910382d2ee6c P f72e72f710ef4da7bde8f14061612fa5: Time spent bootstrapping tablet: real 0.064s	user 0.018s	sys 0.018s
I20260608 09:57:06.909416  7810 raft_consensus.cc:359] T 3bdbcb91321a45d28bfa910382d2ee6c P f72e72f710ef4da7bde8f14061612fa5 [term 1 LEARNER]: Replica starting. Triggering 0 pending ops. Active config: opid_index: 2 OBSOLETE_local: false peers { permanent_uuid: "96c90d1c66ae4e3782841529794edfbf" member_type: VOTER last_known_addr { host: "127.4.53.65" port: 40041 } } peers { permanent_uuid: "035f764377d64103b33e07f5da82935c" member_type: VOTER last_known_addr { host: "127.4.53.66" port: 34585 } attrs { replace: true } } peers { permanent_uuid: "ed724276aa8e49078b3d14ca422d7908" member_type: VOTER last_known_addr { host: "127.4.53.67" port: 37297 } } peers { permanent_uuid: "f72e72f710ef4da7bde8f14061612fa5" member_type: NON_VOTER last_known_addr { host: "127.4.53.68" port: 45301 } attrs { promote: true } }
I20260608 09:57:06.910355  7810 raft_consensus.cc:740] T 3bdbcb91321a45d28bfa910382d2ee6c P f72e72f710ef4da7bde8f14061612fa5 [term 1 LEARNER]: Becoming Follower/Learner. State: Replica: f72e72f710ef4da7bde8f14061612fa5, State: Initialized, Role: LEARNER
I20260608 09:57:06.911221  7810 consensus_queue.cc:260] T 3bdbcb91321a45d28bfa910382d2ee6c P f72e72f710ef4da7bde8f14061612fa5 [NON_LEADER]: Queue going to NON_LEADER mode. State: All replicated index: 0, Majority replicated index: 0, Committed index: 2, Last appended: 1.2, Last appended by leader: 2, Current term: 0, Majority size: -1, State: 0, Mode: NON_LEADER, active raft config: opid_index: 2 OBSOLETE_local: false peers { permanent_uuid: "96c90d1c66ae4e3782841529794edfbf" member_type: VOTER last_known_addr { host: "127.4.53.65" port: 40041 } } peers { permanent_uuid: "035f764377d64103b33e07f5da82935c" member_type: VOTER last_known_addr { host: "127.4.53.66" port: 34585 } attrs { replace: true } } peers { permanent_uuid: "ed724276aa8e49078b3d14ca422d7908" member_type: VOTER last_known_addr { host: "127.4.53.67" port: 37297 } } peers { permanent_uuid: "f72e72f710ef4da7bde8f14061612fa5" member_type: NON_VOTER last_known_addr { host: "127.4.53.68" port: 45301 } attrs { promote: true } }
I20260608 09:57:06.916369  7810 ts_tablet_manager.cc:1434] T 3bdbcb91321a45d28bfa910382d2ee6c P f72e72f710ef4da7bde8f14061612fa5: Time spent starting tablet: real 0.010s	user 0.006s	sys 0.001s
I20260608 09:57:06.918331  7358 tablet_copy_service.cc:342] P 96c90d1c66ae4e3782841529794edfbf: Request end of tablet copy session f72e72f710ef4da7bde8f14061612fa5-3bdbcb91321a45d28bfa910382d2ee6c received from {username='slave'} at 127.0.0.1:46396
I20260608 09:57:06.918675  7358 tablet_copy_service.cc:434] P 96c90d1c66ae4e3782841529794edfbf: ending tablet copy session f72e72f710ef4da7bde8f14061612fa5-3bdbcb91321a45d28bfa910382d2ee6c on tablet 3bdbcb91321a45d28bfa910382d2ee6c with peer f72e72f710ef4da7bde8f14061612fa5
I20260608 09:57:06.928103  7806 tablet_bootstrap.cc:492] T 3ce5119cef7e47939fcf92b2a1bfce24 P f72e72f710ef4da7bde8f14061612fa5: Bootstrap replayed 1/1 log segments. Stats: ops{read=2 overwritten=0 applied=2 ignored=0} inserts{seen=0 ignored=0} mutations{seen=0 ignored=0} orphaned_commits=0. Pending: 0 replicates
I20260608 09:57:06.929065  7806 tablet_bootstrap.cc:492] T 3ce5119cef7e47939fcf92b2a1bfce24 P f72e72f710ef4da7bde8f14061612fa5: Bootstrap complete.
I20260608 09:57:06.929802  7806 ts_tablet_manager.cc:1403] T 3ce5119cef7e47939fcf92b2a1bfce24 P f72e72f710ef4da7bde8f14061612fa5: Time spent bootstrapping tablet: real 0.033s	user 0.020s	sys 0.008s
I20260608 09:57:06.932922  7806 raft_consensus.cc:359] T 3ce5119cef7e47939fcf92b2a1bfce24 P f72e72f710ef4da7bde8f14061612fa5 [term 1 LEARNER]: Replica starting. Triggering 0 pending ops. Active config: opid_index: 2 OBSOLETE_local: false peers { permanent_uuid: "ed724276aa8e49078b3d14ca422d7908" member_type: VOTER last_known_addr { host: "127.4.53.67" port: 37297 } } peers { permanent_uuid: "96c90d1c66ae4e3782841529794edfbf" member_type: VOTER last_known_addr { host: "127.4.53.65" port: 40041 } attrs { replace: true } } peers { permanent_uuid: "035f764377d64103b33e07f5da82935c" member_type: VOTER last_known_addr { host: "127.4.53.66" port: 34585 } } peers { permanent_uuid: "f72e72f710ef4da7bde8f14061612fa5" member_type: NON_VOTER last_known_addr { host: "127.4.53.68" port: 45301 } attrs { promote: true } }
I20260608 09:57:06.933777  7806 raft_consensus.cc:740] T 3ce5119cef7e47939fcf92b2a1bfce24 P f72e72f710ef4da7bde8f14061612fa5 [term 1 LEARNER]: Becoming Follower/Learner. State: Replica: f72e72f710ef4da7bde8f14061612fa5, State: Initialized, Role: LEARNER
I20260608 09:57:06.934484  7806 consensus_queue.cc:260] T 3ce5119cef7e47939fcf92b2a1bfce24 P f72e72f710ef4da7bde8f14061612fa5 [NON_LEADER]: Queue going to NON_LEADER mode. State: All replicated index: 0, Majority replicated index: 0, Committed index: 2, Last appended: 1.2, Last appended by leader: 2, Current term: 0, Majority size: -1, State: 0, Mode: NON_LEADER, active raft config: opid_index: 2 OBSOLETE_local: false peers { permanent_uuid: "ed724276aa8e49078b3d14ca422d7908" member_type: VOTER last_known_addr { host: "127.4.53.67" port: 37297 } } peers { permanent_uuid: "96c90d1c66ae4e3782841529794edfbf" member_type: VOTER last_known_addr { host: "127.4.53.65" port: 40041 } attrs { replace: true } } peers { permanent_uuid: "035f764377d64103b33e07f5da82935c" member_type: VOTER last_known_addr { host: "127.4.53.66" port: 34585 } } peers { permanent_uuid: "f72e72f710ef4da7bde8f14061612fa5" member_type: NON_VOTER last_known_addr { host: "127.4.53.68" port: 45301 } attrs { promote: true } }
I20260608 09:57:06.939817  7806 ts_tablet_manager.cc:1434] T 3ce5119cef7e47939fcf92b2a1bfce24 P f72e72f710ef4da7bde8f14061612fa5: Time spent starting tablet: real 0.010s	user 0.006s	sys 0.000s
I20260608 09:57:06.941618  7434 tablet_copy_service.cc:342] P 035f764377d64103b33e07f5da82935c: Request end of tablet copy session f72e72f710ef4da7bde8f14061612fa5-3ce5119cef7e47939fcf92b2a1bfce24 received from {username='slave'} at 127.0.0.1:38614
I20260608 09:57:06.942094  7434 tablet_copy_service.cc:434] P 035f764377d64103b33e07f5da82935c: ending tablet copy session f72e72f710ef4da7bde8f14061612fa5-3ce5119cef7e47939fcf92b2a1bfce24 on tablet 3ce5119cef7e47939fcf92b2a1bfce24 with peer f72e72f710ef4da7bde8f14061612fa5
I20260608 09:57:06.994494  7298 auto_leader_rebalancer.cc:140] leader rebalance for table range_aware_rebalance_new_range
I20260608 09:57:07.038472  7498 tablet_service.cc:2072] Received LeaderStepDown RPC: tablet_id: "987bdd5851484f1680cc1952de2cefa6"
dest_uuid: "ed724276aa8e49078b3d14ca422d7908"
mode: GRACEFUL
new_leader_uuid: "f72e72f710ef4da7bde8f14061612fa5"
 from {username='slave'} at 127.0.0.1:56310
I20260608 09:57:07.039143  7498 raft_consensus.cc:606] T 987bdd5851484f1680cc1952de2cefa6 P ed724276aa8e49078b3d14ca422d7908 [term 1 LEADER]: Received request to transfer leadership to TS f72e72f710ef4da7bde8f14061612fa5
I20260608 09:57:07.041989  7498 tablet_service.cc:2072] Received LeaderStepDown RPC: tablet_id: "d369afd1cc22426ea23f3c79d59947f8"
dest_uuid: "ed724276aa8e49078b3d14ca422d7908"
mode: GRACEFUL
new_leader_uuid: "96c90d1c66ae4e3782841529794edfbf"
 from {username='slave'} at 127.0.0.1:56310
I20260608 09:57:07.042479  7498 raft_consensus.cc:606] T d369afd1cc22426ea23f3c79d59947f8 P ed724276aa8e49078b3d14ca422d7908 [term 1 LEADER]: Received request to transfer leadership to TS 96c90d1c66ae4e3782841529794edfbf
I20260608 09:57:07.045078  7498 tablet_service.cc:2072] Received LeaderStepDown RPC: tablet_id: "f688123268494bb6b277a2dcc79db9c6"
dest_uuid: "ed724276aa8e49078b3d14ca422d7908"
mode: GRACEFUL
new_leader_uuid: "035f764377d64103b33e07f5da82935c"
 from {username='slave'} at 127.0.0.1:56310
I20260608 09:57:07.045632  7498 raft_consensus.cc:606] T f688123268494bb6b277a2dcc79db9c6 P ed724276aa8e49078b3d14ca422d7908 [term 1 LEADER]: Received request to transfer leadership to TS 035f764377d64103b33e07f5da82935c
I20260608 09:57:07.046737  7298 auto_leader_rebalancer.cc:388] table: range_aware_rebalance_new_range, leader rebalance finish, leader transfer count: 3
I20260608 09:57:07.047385  7298 auto_leader_rebalancer.cc:451] All tables' leader rebalancing finished this round
I20260608 09:57:07.143309  7668 raft_consensus.cc:1217] T d369afd1cc22426ea23f3c79d59947f8 P f72e72f710ef4da7bde8f14061612fa5 [term 1 LEARNER]: Deduplicated request from leader. Original: 1.1->[1.2-1.2]   Dedup: 1.2->[]
I20260608 09:57:07.157696  7712 raft_consensus.cc:993] T f688123268494bb6b277a2dcc79db9c6 P ed724276aa8e49078b3d14ca422d7908: : Instructing follower 035f764377d64103b33e07f5da82935c to start an election
I20260608 09:57:07.158468  7820 raft_consensus.cc:1081] T f688123268494bb6b277a2dcc79db9c6 P ed724276aa8e49078b3d14ca422d7908 [term 1 LEADER]: Signalling peer 035f764377d64103b33e07f5da82935c to start an election
I20260608 09:57:07.160538  7422 tablet_service.cc:2044] Received Run Leader Election RPC: tablet_id: "f688123268494bb6b277a2dcc79db9c6"
dest_uuid: "035f764377d64103b33e07f5da82935c"
 from {username='slave'} at 127.0.0.1:38598
I20260608 09:57:07.161194  7422 raft_consensus.cc:493] T f688123268494bb6b277a2dcc79db9c6 P 035f764377d64103b33e07f5da82935c [term 1 FOLLOWER]: Starting forced leader election (received explicit request)
I20260608 09:57:07.161588  7422 raft_consensus.cc:3060] T f688123268494bb6b277a2dcc79db9c6 P 035f764377d64103b33e07f5da82935c [term 1 FOLLOWER]: Advancing to term 2
I20260608 09:57:07.168494  7422 raft_consensus.cc:515] T f688123268494bb6b277a2dcc79db9c6 P 035f764377d64103b33e07f5da82935c [term 2 FOLLOWER]: Starting forced leader election with config: opid_index: -1 OBSOLETE_local: false peers { permanent_uuid: "96c90d1c66ae4e3782841529794edfbf" member_type: VOTER last_known_addr { host: "127.4.53.65" port: 40041 } } peers { permanent_uuid: "035f764377d64103b33e07f5da82935c" member_type: VOTER last_known_addr { host: "127.4.53.66" port: 34585 } } peers { permanent_uuid: "ed724276aa8e49078b3d14ca422d7908" member_type: VOTER last_known_addr { host: "127.4.53.67" port: 37297 } }
I20260608 09:57:07.170593  7422 leader_election.cc:290] T f688123268494bb6b277a2dcc79db9c6 P 035f764377d64103b33e07f5da82935c [CANDIDATE]: Term 2 election: Requested vote from peers 96c90d1c66ae4e3782841529794edfbf (127.4.53.65:40041), ed724276aa8e49078b3d14ca422d7908 (127.4.53.67:37297)
I20260608 09:57:07.171880  7498 tablet_service.cc:1917] Received RequestConsensusVote() RPC: tablet_id: "f688123268494bb6b277a2dcc79db9c6" candidate_uuid: "035f764377d64103b33e07f5da82935c" candidate_term: 2 candidate_status { last_received { term: 1 index: 1 } } ignore_live_leader: true dest_uuid: "ed724276aa8e49078b3d14ca422d7908"
I20260608 09:57:07.172209  7346 tablet_service.cc:1917] Received RequestConsensusVote() RPC: tablet_id: "f688123268494bb6b277a2dcc79db9c6" candidate_uuid: "035f764377d64103b33e07f5da82935c" candidate_term: 2 candidate_status { last_received { term: 1 index: 1 } } ignore_live_leader: true dest_uuid: "96c90d1c66ae4e3782841529794edfbf"
I20260608 09:57:07.172464  7498 raft_consensus.cc:3055] T f688123268494bb6b277a2dcc79db9c6 P ed724276aa8e49078b3d14ca422d7908 [term 1 LEADER]: Stepping down as leader of term 1
I20260608 09:57:07.172809  7498 raft_consensus.cc:740] T f688123268494bb6b277a2dcc79db9c6 P ed724276aa8e49078b3d14ca422d7908 [term 1 LEADER]: Becoming Follower/Learner. State: Replica: ed724276aa8e49078b3d14ca422d7908, State: Running, Role: LEADER
I20260608 09:57:07.172837  7346 raft_consensus.cc:3060] T f688123268494bb6b277a2dcc79db9c6 P 96c90d1c66ae4e3782841529794edfbf [term 1 FOLLOWER]: Advancing to term 2
I20260608 09:57:07.173765  7498 consensus_queue.cc:260] T f688123268494bb6b277a2dcc79db9c6 P ed724276aa8e49078b3d14ca422d7908 [NON_LEADER]: Queue going to NON_LEADER mode. State: All replicated index: 0, Majority replicated index: 1, Committed index: 1, Last appended: 1.1, Last appended by leader: 1, Current term: 1, Majority size: -1, State: 0, Mode: NON_LEADER, active raft config: opid_index: -1 OBSOLETE_local: false peers { permanent_uuid: "96c90d1c66ae4e3782841529794edfbf" member_type: VOTER last_known_addr { host: "127.4.53.65" port: 40041 } } peers { permanent_uuid: "035f764377d64103b33e07f5da82935c" member_type: VOTER last_known_addr { host: "127.4.53.66" port: 34585 } } peers { permanent_uuid: "ed724276aa8e49078b3d14ca422d7908" member_type: VOTER last_known_addr { host: "127.4.53.67" port: 37297 } }
I20260608 09:57:07.174827  7498 raft_consensus.cc:3060] T f688123268494bb6b277a2dcc79db9c6 P ed724276aa8e49078b3d14ca422d7908 [term 1 FOLLOWER]: Advancing to term 2
I20260608 09:57:07.181425  7498 raft_consensus.cc:2468] T f688123268494bb6b277a2dcc79db9c6 P ed724276aa8e49078b3d14ca422d7908 [term 2 FOLLOWER]: Leader election vote request: Granting yes vote for candidate 035f764377d64103b33e07f5da82935c in term 2.
I20260608 09:57:07.182626  7388 leader_election.cc:304] T f688123268494bb6b277a2dcc79db9c6 P 035f764377d64103b33e07f5da82935c [CANDIDATE]: Term 2 election: Election decided. Result: candidate won. Election summary: received 2 responses out of 3 voters: 2 yes votes; 0 no votes. yes voters: 035f764377d64103b33e07f5da82935c, ed724276aa8e49078b3d14ca422d7908; no voters: 
I20260608 09:57:07.184517  7742 raft_consensus.cc:2804] T f688123268494bb6b277a2dcc79db9c6 P 035f764377d64103b33e07f5da82935c [term 2 FOLLOWER]: Leader election won for term 2
I20260608 09:57:07.184998  7742 raft_consensus.cc:697] T f688123268494bb6b277a2dcc79db9c6 P 035f764377d64103b33e07f5da82935c [term 2 LEADER]: Becoming Leader. State: Replica: 035f764377d64103b33e07f5da82935c, State: Running, Role: LEADER
I20260608 09:57:07.186267  7346 raft_consensus.cc:2468] T f688123268494bb6b277a2dcc79db9c6 P 96c90d1c66ae4e3782841529794edfbf [term 2 FOLLOWER]: Leader election vote request: Granting yes vote for candidate 035f764377d64103b33e07f5da82935c in term 2.
I20260608 09:57:07.188091  7668 raft_consensus.cc:1217] T e6066f3430764854a1e44d70dbbc85cc P f72e72f710ef4da7bde8f14061612fa5 [term 1 LEARNER]: Deduplicated request from leader. Original: 1.1->[1.2-1.2]   Dedup: 1.2->[]
I20260608 09:57:07.185849  7742 consensus_queue.cc:237] T f688123268494bb6b277a2dcc79db9c6 P 035f764377d64103b33e07f5da82935c [LEADER]: Queue going to LEADER mode. State: All replicated index: 0, Majority replicated index: 1, Committed index: 1, Last appended: 1.1, Last appended by leader: 1, Current term: 2, Majority size: 2, State: 0, Mode: LEADER, active raft config: opid_index: -1 OBSOLETE_local: false peers { permanent_uuid: "96c90d1c66ae4e3782841529794edfbf" member_type: VOTER last_known_addr { host: "127.4.53.65" port: 40041 } } peers { permanent_uuid: "035f764377d64103b33e07f5da82935c" member_type: VOTER last_known_addr { host: "127.4.53.66" port: 34585 } } peers { permanent_uuid: "ed724276aa8e49078b3d14ca422d7908" member_type: VOTER last_known_addr { host: "127.4.53.67" port: 37297 } }
I20260608 09:57:07.210958  7243 catalog_manager.cc:5696] T f688123268494bb6b277a2dcc79db9c6 P 035f764377d64103b33e07f5da82935c reported cstate change: term changed from 1 to 2, leader changed from ed724276aa8e49078b3d14ca422d7908 (127.4.53.67) to 035f764377d64103b33e07f5da82935c (127.4.53.66). New cstate: current_term: 2 leader_uuid: "035f764377d64103b33e07f5da82935c" committed_config { opid_index: -1 OBSOLETE_local: false peers { permanent_uuid: "96c90d1c66ae4e3782841529794edfbf" member_type: VOTER last_known_addr { host: "127.4.53.65" port: 40041 } health_report { overall_health: UNKNOWN } } peers { permanent_uuid: "035f764377d64103b33e07f5da82935c" member_type: VOTER last_known_addr { host: "127.4.53.66" port: 34585 } health_report { overall_health: HEALTHY } } peers { permanent_uuid: "ed724276aa8e49078b3d14ca422d7908" member_type: VOTER last_known_addr { host: "127.4.53.67" port: 37297 } health_report { overall_health: UNKNOWN } } }
I20260608 09:57:07.285262  7712 raft_consensus.cc:993] T d369afd1cc22426ea23f3c79d59947f8 P ed724276aa8e49078b3d14ca422d7908: : Instructing follower 96c90d1c66ae4e3782841529794edfbf to start an election
I20260608 09:57:07.286024  7712 raft_consensus.cc:1081] T d369afd1cc22426ea23f3c79d59947f8 P ed724276aa8e49078b3d14ca422d7908 [term 1 LEADER]: Signalling peer 96c90d1c66ae4e3782841529794edfbf to start an election
I20260608 09:57:07.288955  7346 tablet_service.cc:2044] Received Run Leader Election RPC: tablet_id: "d369afd1cc22426ea23f3c79d59947f8"
dest_uuid: "96c90d1c66ae4e3782841529794edfbf"
 from {username='slave'} at 127.0.0.1:46390
I20260608 09:57:07.290180  7346 raft_consensus.cc:493] T d369afd1cc22426ea23f3c79d59947f8 P 96c90d1c66ae4e3782841529794edfbf [term 1 FOLLOWER]: Starting forced leader election (received explicit request)
I20260608 09:57:07.290849  7346 raft_consensus.cc:3060] T d369afd1cc22426ea23f3c79d59947f8 P 96c90d1c66ae4e3782841529794edfbf [term 1 FOLLOWER]: Advancing to term 2
I20260608 09:57:07.299341  7668 raft_consensus.cc:1217] T 3bdbcb91321a45d28bfa910382d2ee6c P f72e72f710ef4da7bde8f14061612fa5 [term 1 LEARNER]: Deduplicated request from leader. Original: 1.1->[1.2-1.2]   Dedup: 1.2->[]
I20260608 09:57:07.307898  7346 raft_consensus.cc:515] T d369afd1cc22426ea23f3c79d59947f8 P 96c90d1c66ae4e3782841529794edfbf [term 2 FOLLOWER]: Starting forced leader election with config: opid_index: 2 OBSOLETE_local: false peers { permanent_uuid: "96c90d1c66ae4e3782841529794edfbf" member_type: VOTER last_known_addr { host: "127.4.53.65" port: 40041 } attrs { replace: true } } peers { permanent_uuid: "035f764377d64103b33e07f5da82935c" member_type: VOTER last_known_addr { host: "127.4.53.66" port: 34585 } } peers { permanent_uuid: "ed724276aa8e49078b3d14ca422d7908" member_type: VOTER last_known_addr { host: "127.4.53.67" port: 37297 } } peers { permanent_uuid: "f72e72f710ef4da7bde8f14061612fa5" member_type: NON_VOTER last_known_addr { host: "127.4.53.68" port: 45301 } attrs { promote: true } }
I20260608 09:57:07.312242  7819 raft_consensus.cc:993] T 987bdd5851484f1680cc1952de2cefa6 P ed724276aa8e49078b3d14ca422d7908: : Instructing follower f72e72f710ef4da7bde8f14061612fa5 to start an election
I20260608 09:57:07.312737  7819 raft_consensus.cc:1081] T 987bdd5851484f1680cc1952de2cefa6 P ed724276aa8e49078b3d14ca422d7908 [term 1 LEADER]: Signalling peer f72e72f710ef4da7bde8f14061612fa5 to start an election
I20260608 09:57:07.312659  7422 tablet_service.cc:1917] Received RequestConsensusVote() RPC: tablet_id: "d369afd1cc22426ea23f3c79d59947f8" candidate_uuid: "96c90d1c66ae4e3782841529794edfbf" candidate_term: 2 candidate_status { last_received { term: 1 index: 2 } } ignore_live_leader: true dest_uuid: "035f764377d64103b33e07f5da82935c"
I20260608 09:57:07.313375  7422 raft_consensus.cc:3060] T d369afd1cc22426ea23f3c79d59947f8 P 035f764377d64103b33e07f5da82935c [term 1 FOLLOWER]: Advancing to term 2
I20260608 09:57:07.320291  7422 raft_consensus.cc:2468] T d369afd1cc22426ea23f3c79d59947f8 P 035f764377d64103b33e07f5da82935c [term 2 FOLLOWER]: Leader election vote request: Granting yes vote for candidate 96c90d1c66ae4e3782841529794edfbf in term 2.
I20260608 09:57:07.322495  7498 tablet_service.cc:1917] Received RequestConsensusVote() RPC: tablet_id: "d369afd1cc22426ea23f3c79d59947f8" candidate_uuid: "96c90d1c66ae4e3782841529794edfbf" candidate_term: 2 candidate_status { last_received { term: 1 index: 2 } } ignore_live_leader: true dest_uuid: "ed724276aa8e49078b3d14ca422d7908"
I20260608 09:57:07.323149  7498 raft_consensus.cc:3055] T d369afd1cc22426ea23f3c79d59947f8 P ed724276aa8e49078b3d14ca422d7908 [term 1 LEADER]: Stepping down as leader of term 1
I20260608 09:57:07.323477  7498 raft_consensus.cc:740] T d369afd1cc22426ea23f3c79d59947f8 P ed724276aa8e49078b3d14ca422d7908 [term 1 LEADER]: Becoming Follower/Learner. State: Replica: ed724276aa8e49078b3d14ca422d7908, State: Running, Role: LEADER
I20260608 09:57:07.324393  7498 consensus_queue.cc:260] T d369afd1cc22426ea23f3c79d59947f8 P ed724276aa8e49078b3d14ca422d7908 [NON_LEADER]: Queue going to NON_LEADER mode. State: All replicated index: 0, Majority replicated index: 2, Committed index: 2, Last appended: 1.2, Last appended by leader: 2, Current term: 1, Majority size: -1, State: 0, Mode: NON_LEADER, active raft config: opid_index: 2 OBSOLETE_local: false peers { permanent_uuid: "96c90d1c66ae4e3782841529794edfbf" member_type: VOTER last_known_addr { host: "127.4.53.65" port: 40041 } attrs { replace: true } } peers { permanent_uuid: "035f764377d64103b33e07f5da82935c" member_type: VOTER last_known_addr { host: "127.4.53.66" port: 34585 } } peers { permanent_uuid: "ed724276aa8e49078b3d14ca422d7908" member_type: VOTER last_known_addr { host: "127.4.53.67" port: 37297 } } peers { permanent_uuid: "f72e72f710ef4da7bde8f14061612fa5" member_type: NON_VOTER last_known_addr { host: "127.4.53.68" port: 45301 } attrs { promote: true } }
I20260608 09:57:07.325845  7498 raft_consensus.cc:3060] T d369afd1cc22426ea23f3c79d59947f8 P ed724276aa8e49078b3d14ca422d7908 [term 1 FOLLOWER]: Advancing to term 2
I20260608 09:57:07.326316  7666 tablet_service.cc:2044] Received Run Leader Election RPC: tablet_id: "987bdd5851484f1680cc1952de2cefa6"
dest_uuid: "f72e72f710ef4da7bde8f14061612fa5"
 from {username='slave'} at 127.0.0.1:57188
I20260608 09:57:07.326905  7666 raft_consensus.cc:493] T 987bdd5851484f1680cc1952de2cefa6 P f72e72f710ef4da7bde8f14061612fa5 [term 1 FOLLOWER]: Starting forced leader election (received explicit request)
I20260608 09:57:07.327273  7666 raft_consensus.cc:3060] T 987bdd5851484f1680cc1952de2cefa6 P f72e72f710ef4da7bde8f14061612fa5 [term 1 FOLLOWER]: Advancing to term 2
I20260608 09:57:07.333870  7668 raft_consensus.cc:1217] T 3ce5119cef7e47939fcf92b2a1bfce24 P f72e72f710ef4da7bde8f14061612fa5 [term 1 LEARNER]: Deduplicated request from leader. Original: 1.1->[1.2-1.2]   Dedup: 1.2->[]
I20260608 09:57:07.337163  7312 leader_election.cc:304] T d369afd1cc22426ea23f3c79d59947f8 P 96c90d1c66ae4e3782841529794edfbf [CANDIDATE]: Term 2 election: Election decided. Result: candidate won. Election summary: received 2 responses out of 3 voters: 2 yes votes; 0 no votes. yes voters: 035f764377d64103b33e07f5da82935c, 96c90d1c66ae4e3782841529794edfbf; no voters: 
I20260608 09:57:07.338119  7776 raft_consensus.cc:2804] T d369afd1cc22426ea23f3c79d59947f8 P 96c90d1c66ae4e3782841529794edfbf [term 2 FOLLOWER]: Leader election won for term 2
I20260608 09:57:07.338603  7776 raft_consensus.cc:697] T d369afd1cc22426ea23f3c79d59947f8 P 96c90d1c66ae4e3782841529794edfbf [term 2 LEADER]: Becoming Leader. State: Replica: 96c90d1c66ae4e3782841529794edfbf, State: Running, Role: LEADER
I20260608 09:57:07.339473  7776 consensus_queue.cc:237] T d369afd1cc22426ea23f3c79d59947f8 P 96c90d1c66ae4e3782841529794edfbf [LEADER]: Queue going to LEADER mode. State: All replicated index: 0, Majority replicated index: 2, Committed index: 2, Last appended: 1.2, Last appended by leader: 2, Current term: 2, Majority size: 2, State: 0, Mode: LEADER, active raft config: opid_index: 2 OBSOLETE_local: false peers { permanent_uuid: "96c90d1c66ae4e3782841529794edfbf" member_type: VOTER last_known_addr { host: "127.4.53.65" port: 40041 } attrs { replace: true } } peers { permanent_uuid: "035f764377d64103b33e07f5da82935c" member_type: VOTER last_known_addr { host: "127.4.53.66" port: 34585 } } peers { permanent_uuid: "ed724276aa8e49078b3d14ca422d7908" member_type: VOTER last_known_addr { host: "127.4.53.67" port: 37297 } } peers { permanent_uuid: "f72e72f710ef4da7bde8f14061612fa5" member_type: NON_VOTER last_known_addr { host: "127.4.53.68" port: 45301 } attrs { promote: true } }
I20260608 09:57:07.344470  7346 leader_election.cc:290] T d369afd1cc22426ea23f3c79d59947f8 P 96c90d1c66ae4e3782841529794edfbf [CANDIDATE]: Term 2 election: Requested vote from peers 035f764377d64103b33e07f5da82935c (127.4.53.66:34585), ed724276aa8e49078b3d14ca422d7908 (127.4.53.67:37297)
I20260608 09:57:07.347294  7498 raft_consensus.cc:2468] T d369afd1cc22426ea23f3c79d59947f8 P ed724276aa8e49078b3d14ca422d7908 [term 2 FOLLOWER]: Leader election vote request: Granting yes vote for candidate 96c90d1c66ae4e3782841529794edfbf in term 2.
