I20260608 09:57:01.023638  4309 server_base.cc:861] Flag tcmalloc_max_total_thread_cache_bytes is not working since tcmalloc is not enabled.
I20260608 09:57:01.024777  7449 heartbeater.cc:507] Master 127.4.53.126:38359 requested a full tablet report, sending...
I20260608 09:57:01.026858  4309 webserver.cc:533] Webserver started at http://127.4.53.67:35207/ using document root <none> and password file <none>
I20260608 09:57:01.027436  4309 fs_manager.cc:362] Metadata directory not provided
I20260608 09:57:01.027338  7244 ts_manager.cc:194] Registered new tserver with Master: 035f764377d64103b33e07f5da82935c (127.4.53.66:34585)
I20260608 09:57:01.027724  4309 fs_manager.cc:368] Using write-ahead log directory (fs_wal_dir) as metadata directory
I20260608 09:57:01.028036  4309 server_base.cc:909] This appears to be a new deployment of Kudu; creating new FS layout
I20260608 09:57:01.028914  7244 master_service.cc:502] Signed X509 certificate for tserver {username='slave'} at 127.0.0.1:39294
I20260608 09:57:01.029207  4309 fs_manager.cc:1068] Generated new instance metadata in path /tmp/dist-test-taskh7Jt0c/test-tmp/auto_rebalancer-test.0.AutoRebalancerTest.RangeAwareRebalancesNewRangeReplicas.1780912542240010-4309-0/minicluster-data/ts-2-root/instance:
uuid: "ed724276aa8e49078b3d14ca422d7908"
format_stamp: "Formatted at 2026-06-08 09:57:01 on dist-test-slave-7464"
I20260608 09:57:01.034108  4309 fs_manager.cc:696] Time spent creating directory manager: real 0.004s	user 0.001s	sys 0.003s
I20260608 09:57:01.037876  7460 log_block_manager.cc:4031] Time spent loading block containers with low live blocks: real 0.000s	user 0.000s	sys 0.000s
I20260608 09:57:01.038698  4309 fs_manager.cc:730] Time spent opening block manager: real 0.003s	user 0.002s	sys 0.002s
I20260608 09:57:01.039024  4309 fs_manager.cc:647] Opened local filesystem: /tmp/dist-test-taskh7Jt0c/test-tmp/auto_rebalancer-test.0.AutoRebalancerTest.RangeAwareRebalancesNewRangeReplicas.1780912542240010-4309-0/minicluster-data/ts-2-root
uuid: "ed724276aa8e49078b3d14ca422d7908"
format_stamp: "Formatted at 2026-06-08 09:57:01 on dist-test-slave-7464"
I20260608 09:57:01.039325  4309 fs_report.cc:389] FS layout report
--------------------
wal directory: /tmp/dist-test-taskh7Jt0c/test-tmp/auto_rebalancer-test.0.AutoRebalancerTest.RangeAwareRebalancesNewRangeReplicas.1780912542240010-4309-0/minicluster-data/ts-2-root
metadata directory: /tmp/dist-test-taskh7Jt0c/test-tmp/auto_rebalancer-test.0.AutoRebalancerTest.RangeAwareRebalancesNewRangeReplicas.1780912542240010-4309-0/minicluster-data/ts-2-root
1 data directories: /tmp/dist-test-taskh7Jt0c/test-tmp/auto_rebalancer-test.0.AutoRebalancerTest.RangeAwareRebalancesNewRangeReplicas.1780912542240010-4309-0/minicluster-data/ts-2-root/data
Total live blocks: 0
Total live bytes: 0
Total live bytes (after alignment): 0
Total number of LBM containers: 0 (0 full)
Did not check for missing blocks
Did not check for orphaned blocks
Total full LBM containers with extra space: 0 (0 repaired)
Total full LBM container extra space in bytes: 0 (0 repaired)
Total incomplete LBM containers: 0 (0 repaired)
Total LBM partial records: 0 (0 repaired)
Total corrupted LBM metadata records in RocksDB: 0 (0 repaired)
I20260608 09:57:01.058012  4309 rpc_server.cc:225] running with OpenSSL 1.1.1  11 Sep 2018
I20260608 09:57:01.059201  4309 kserver.cc:163] Server-wide thread pool size limit: 3276
I20260608 09:57:01.060702  4309 txn_system_client.cc:432] TxnSystemClient initialization is disabled...
I20260608 09:57:01.063059  4309 ts_tablet_manager.cc:585] Loaded tablet metadata (0 total tablets, 0 live tablets)
I20260608 09:57:01.063356  4309 ts_tablet_manager.cc:531] Time spent load tablet metadata: real 0.000s	user 0.000s	sys 0.000s
I20260608 09:57:01.063611  4309 ts_tablet_manager.cc:616] Registered 0 tablets
I20260608 09:57:01.063798  4309 ts_tablet_manager.cc:595] Time spent register tablets: real 0.000s	user 0.000s	sys 0.000s
I20260608 09:57:01.103595  4309 rpc_server.cc:307] RPC server started. Bound to: 127.4.53.67:37297
I20260608 09:57:01.103760  7522 acceptor_pool.cc:272] collecting diagnostics on the listening RPC socket 127.4.53.67:37297 every 8 connection(s)
I20260608 09:57:01.118177  7523 heartbeater.cc:344] Connected to a master server at 127.4.53.126:38359
I20260608 09:57:01.118585  7523 heartbeater.cc:461] Registering TS with master...
I20260608 09:57:01.119335  7523 heartbeater.cc:507] Master 127.4.53.126:38359 requested a full tablet report, sending...
I20260608 09:57:01.121352  7244 ts_manager.cc:194] Registered new tserver with Master: ed724276aa8e49078b3d14ca422d7908 (127.4.53.67:37297)
I20260608 09:57:01.121894  4309 internal_mini_cluster.cc:371] 3 TS(s) registered with all masters after 0.014851043s
I20260608 09:57:01.122903  7244 master_service.cc:502] Signed X509 certificate for tserver {username='slave'} at 127.0.0.1:39308
I20260608 09:57:01.933501  7373 heartbeater.cc:499] Master 127.4.53.126:38359 was elected leader, sending a full tablet report...
I20260608 09:57:02.031558  7449 heartbeater.cc:499] Master 127.4.53.126:38359 was elected leader, sending a full tablet report...
I20260608 09:57:02.125801  7523 heartbeater.cc:499] Master 127.4.53.126:38359 was elected leader, sending a full tablet report...
I20260608 09:57:02.175530  7244 catalog_manager.cc:2282] Servicing CreateTable request from {username='slave'} at 127.0.0.1:39314:
name: "range_aware_rebalance_new_range"
schema {
  columns {
    name: "key"
    type: INT32
    is_key: true
    is_nullable: false
    encoding: AUTO_ENCODING
    compression: DEFAULT_COMPRESSION
    cfile_block_size: 0
    immutable: false
  }
}
num_replicas: 3
split_rows_range_bounds {
  rows: "\006\001\000\000\000\000\007\001\n\000\000\000""\006\001\000\000\000\000\007\001\n\000\000\000"
  indirect_data: """"
}
partition_schema {
  hash_schema {
    columns {
      name: "key"
    }
    num_buckets: 8
    seed: 0
  }
  range_schema {
    columns {
      name: "key"
    }
  }
}
W20260608 09:57:02.177793  7244 catalog_manager.cc:7076] The number of live tablet servers is not enough to re-replicate a tablet replica of the newly created table range_aware_rebalance_new_range in case of a server failure: 4 tablet servers would be needed, 3 are available. Consider bringing up more tablet servers.
I20260608 09:57:02.239398  7488 tablet_service.cc:1511] Processing CreateTablet for tablet 3ce5119cef7e47939fcf92b2a1bfce24 (DEFAULT_TABLE table=range_aware_rebalance_new_range [id=bed49573010345519305ce036d45cd40]), partition=HASH (key) PARTITION 0, RANGE (key) PARTITION 0 <= VALUES < 10
I20260608 09:57:02.241008  7488 data_dirs.cc:400] Could only allocate 1 dirs of requested 3 for tablet 3ce5119cef7e47939fcf92b2a1bfce24. 1 dirs total, 0 dirs full, 0 dirs failed
I20260608 09:57:02.256119  7487 tablet_service.cc:1511] Processing CreateTablet for tablet 744b78b476ad4f8b84137829d926f3bb (DEFAULT_TABLE table=range_aware_rebalance_new_range [id=bed49573010345519305ce036d45cd40]), partition=HASH (key) PARTITION 1, RANGE (key) PARTITION 0 <= VALUES < 10
I20260608 09:57:02.257717  7487 data_dirs.cc:400] Could only allocate 1 dirs of requested 3 for tablet 744b78b476ad4f8b84137829d926f3bb. 1 dirs total, 0 dirs full, 0 dirs failed
I20260608 09:57:02.265707  7486 tablet_service.cc:1511] Processing CreateTablet for tablet b14c874a13824bfcb22efb84702b820b (DEFAULT_TABLE table=range_aware_rebalance_new_range [id=bed49573010345519305ce036d45cd40]), partition=HASH (key) PARTITION 2, RANGE (key) PARTITION 0 <= VALUES < 10
I20260608 09:57:02.267393  7486 data_dirs.cc:400] Could only allocate 1 dirs of requested 3 for tablet b14c874a13824bfcb22efb84702b820b. 1 dirs total, 0 dirs full, 0 dirs failed
I20260608 09:57:02.267498  7413 tablet_service.cc:1511] Processing CreateTablet for tablet 3ce5119cef7e47939fcf92b2a1bfce24 (DEFAULT_TABLE table=range_aware_rebalance_new_range [id=bed49573010345519305ce036d45cd40]), partition=HASH (key) PARTITION 0, RANGE (key) PARTITION 0 <= VALUES < 10
I20260608 09:57:02.269140  7413 data_dirs.cc:400] Could only allocate 1 dirs of requested 3 for tablet 3ce5119cef7e47939fcf92b2a1bfce24. 1 dirs total, 0 dirs full, 0 dirs failed
I20260608 09:57:02.271122  7485 tablet_service.cc:1511] Processing CreateTablet for tablet d369afd1cc22426ea23f3c79d59947f8 (DEFAULT_TABLE table=range_aware_rebalance_new_range [id=bed49573010345519305ce036d45cd40]), partition=HASH (key) PARTITION 3, RANGE (key) PARTITION 0 <= VALUES < 10
I20260608 09:57:02.272604  7485 data_dirs.cc:400] Could only allocate 1 dirs of requested 3 for tablet d369afd1cc22426ea23f3c79d59947f8. 1 dirs total, 0 dirs full, 0 dirs failed
I20260608 09:57:02.274796  7484 tablet_service.cc:1511] Processing CreateTablet for tablet f688123268494bb6b277a2dcc79db9c6 (DEFAULT_TABLE table=range_aware_rebalance_new_range [id=bed49573010345519305ce036d45cd40]), partition=HASH (key) PARTITION 4, RANGE (key) PARTITION 0 <= VALUES < 10
I20260608 09:57:02.276336  7484 data_dirs.cc:400] Could only allocate 1 dirs of requested 3 for tablet f688123268494bb6b277a2dcc79db9c6. 1 dirs total, 0 dirs full, 0 dirs failed
I20260608 09:57:02.288911  7412 tablet_service.cc:1511] Processing CreateTablet for tablet 744b78b476ad4f8b84137829d926f3bb (DEFAULT_TABLE table=range_aware_rebalance_new_range [id=bed49573010345519305ce036d45cd40]), partition=HASH (key) PARTITION 1, RANGE (key) PARTITION 0 <= VALUES < 10
I20260608 09:57:02.290795  7412 data_dirs.cc:400] Could only allocate 1 dirs of requested 3 for tablet 744b78b476ad4f8b84137829d926f3bb. 1 dirs total, 0 dirs full, 0 dirs failed
I20260608 09:57:02.290882  7543 tablet_bootstrap.cc:492] T 3ce5119cef7e47939fcf92b2a1bfce24 P ed724276aa8e49078b3d14ca422d7908: Bootstrap starting.
I20260608 09:57:02.294791  7411 tablet_service.cc:1511] Processing CreateTablet for tablet b14c874a13824bfcb22efb84702b820b (DEFAULT_TABLE table=range_aware_rebalance_new_range [id=bed49573010345519305ce036d45cd40]), partition=HASH (key) PARTITION 2, RANGE (key) PARTITION 0 <= VALUES < 10
I20260608 09:57:02.294854  7483 tablet_service.cc:1511] Processing CreateTablet for tablet e6066f3430764854a1e44d70dbbc85cc (DEFAULT_TABLE table=range_aware_rebalance_new_range [id=bed49573010345519305ce036d45cd40]), partition=HASH (key) PARTITION 7, RANGE (key) PARTITION 0 <= VALUES < 10
I20260608 09:57:02.313300  7483 data_dirs.cc:400] Could only allocate 1 dirs of requested 3 for tablet e6066f3430764854a1e44d70dbbc85cc. 1 dirs total, 0 dirs full, 0 dirs failed
I20260608 09:57:02.295526  7337 tablet_service.cc:1511] Processing CreateTablet for tablet 3ce5119cef7e47939fcf92b2a1bfce24 (DEFAULT_TABLE table=range_aware_rebalance_new_range [id=bed49573010345519305ce036d45cd40]), partition=HASH (key) PARTITION 0, RANGE (key) PARTITION 0 <= VALUES < 10
I20260608 09:57:02.318079  7337 data_dirs.cc:400] Could only allocate 1 dirs of requested 3 for tablet 3ce5119cef7e47939fcf92b2a1bfce24. 1 dirs total, 0 dirs full, 0 dirs failed
I20260608 09:57:02.318269  7543 tablet_bootstrap.cc:654] T 3ce5119cef7e47939fcf92b2a1bfce24 P ed724276aa8e49078b3d14ca422d7908: Neither blocks nor log segments found. Creating new log.
I20260608 09:57:02.296267  7485 tablet_service.cc:1511] Processing CreateTablet for tablet 7c85f6563ac1417ab18410815712919a (DEFAULT_TABLE table=range_aware_rebalance_new_range [id=bed49573010345519305ce036d45cd40]), partition=HASH (key) PARTITION 6, RANGE (key) PARTITION 0 <= VALUES < 10
I20260608 09:57:02.321993  7485 data_dirs.cc:400] Could only allocate 1 dirs of requested 3 for tablet 7c85f6563ac1417ab18410815712919a. 1 dirs total, 0 dirs full, 0 dirs failed
I20260608 09:57:02.296746  7410 tablet_service.cc:1511] Processing CreateTablet for tablet d369afd1cc22426ea23f3c79d59947f8 (DEFAULT_TABLE table=range_aware_rebalance_new_range [id=bed49573010345519305ce036d45cd40]), partition=HASH (key) PARTITION 3, RANGE (key) PARTITION 0 <= VALUES < 10
I20260608 09:57:02.326380  7410 data_dirs.cc:400] Could only allocate 1 dirs of requested 3 for tablet d369afd1cc22426ea23f3c79d59947f8. 1 dirs total, 0 dirs full, 0 dirs failed
I20260608 09:57:02.297372  7336 tablet_service.cc:1511] Processing CreateTablet for tablet 744b78b476ad4f8b84137829d926f3bb (DEFAULT_TABLE table=range_aware_rebalance_new_range [id=bed49573010345519305ce036d45cd40]), partition=HASH (key) PARTITION 1, RANGE (key) PARTITION 0 <= VALUES < 10
I20260608 09:57:02.297905  7488 tablet_service.cc:1511] Processing CreateTablet for tablet 3bdbcb91321a45d28bfa910382d2ee6c (DEFAULT_TABLE table=range_aware_rebalance_new_range [id=bed49573010345519305ce036d45cd40]), partition=HASH (key) PARTITION 5, RANGE (key) PARTITION 0 <= VALUES < 10
I20260608 09:57:02.328039  7336 data_dirs.cc:400] Could only allocate 1 dirs of requested 3 for tablet 744b78b476ad4f8b84137829d926f3bb. 1 dirs total, 0 dirs full, 0 dirs failed
I20260608 09:57:02.328308  7488 data_dirs.cc:400] Could only allocate 1 dirs of requested 3 for tablet 3bdbcb91321a45d28bfa910382d2ee6c. 1 dirs total, 0 dirs full, 0 dirs failed
I20260608 09:57:02.298573  7409 tablet_service.cc:1511] Processing CreateTablet for tablet f688123268494bb6b277a2dcc79db9c6 (DEFAULT_TABLE table=range_aware_rebalance_new_range [id=bed49573010345519305ce036d45cd40]), partition=HASH (key) PARTITION 4, RANGE (key) PARTITION 0 <= VALUES < 10
I20260608 09:57:02.331327  7409 data_dirs.cc:400] Could only allocate 1 dirs of requested 3 for tablet f688123268494bb6b277a2dcc79db9c6. 1 dirs total, 0 dirs full, 0 dirs failed
I20260608 09:57:02.299073  7333 tablet_service.cc:1511] Processing CreateTablet for tablet f688123268494bb6b277a2dcc79db9c6 (DEFAULT_TABLE table=range_aware_rebalance_new_range [id=bed49573010345519305ce036d45cd40]), partition=HASH (key) PARTITION 4, RANGE (key) PARTITION 0 <= VALUES < 10
I20260608 09:57:02.333550  7333 data_dirs.cc:400] Could only allocate 1 dirs of requested 3 for tablet f688123268494bb6b277a2dcc79db9c6. 1 dirs total, 0 dirs full, 0 dirs failed
I20260608 09:57:02.333693  7411 data_dirs.cc:400] Could only allocate 1 dirs of requested 3 for tablet b14c874a13824bfcb22efb84702b820b. 1 dirs total, 0 dirs full, 0 dirs failed
I20260608 09:57:02.299130  7335 tablet_service.cc:1511] Processing CreateTablet for tablet b14c874a13824bfcb22efb84702b820b (DEFAULT_TABLE table=range_aware_rebalance_new_range [id=bed49573010345519305ce036d45cd40]), partition=HASH (key) PARTITION 2, RANGE (key) PARTITION 0 <= VALUES < 10
I20260608 09:57:02.297395  7334 tablet_service.cc:1511] Processing CreateTablet for tablet d369afd1cc22426ea23f3c79d59947f8 (DEFAULT_TABLE table=range_aware_rebalance_new_range [id=bed49573010345519305ce036d45cd40]), partition=HASH (key) PARTITION 3, RANGE (key) PARTITION 0 <= VALUES < 10
I20260608 09:57:02.336254  7335 data_dirs.cc:400] Could only allocate 1 dirs of requested 3 for tablet b14c874a13824bfcb22efb84702b820b. 1 dirs total, 0 dirs full, 0 dirs failed
I20260608 09:57:02.338336  7334 data_dirs.cc:400] Could only allocate 1 dirs of requested 3 for tablet d369afd1cc22426ea23f3c79d59947f8. 1 dirs total, 0 dirs full, 0 dirs failed
I20260608 09:57:02.300294  7408 tablet_service.cc:1511] Processing CreateTablet for tablet 3bdbcb91321a45d28bfa910382d2ee6c (DEFAULT_TABLE table=range_aware_rebalance_new_range [id=bed49573010345519305ce036d45cd40]), partition=HASH (key) PARTITION 5, RANGE (key) PARTITION 0 <= VALUES < 10
I20260608 09:57:02.301592  7332 tablet_service.cc:1511] Processing CreateTablet for tablet 3bdbcb91321a45d28bfa910382d2ee6c (DEFAULT_TABLE table=range_aware_rebalance_new_range [id=bed49573010345519305ce036d45cd40]), partition=HASH (key) PARTITION 5, RANGE (key) PARTITION 0 <= VALUES < 10
I20260608 09:57:02.341638  7332 data_dirs.cc:400] Could only allocate 1 dirs of requested 3 for tablet 3bdbcb91321a45d28bfa910382d2ee6c. 1 dirs total, 0 dirs full, 0 dirs failed
I20260608 09:57:02.302021  7407 tablet_service.cc:1511] Processing CreateTablet for tablet 7c85f6563ac1417ab18410815712919a (DEFAULT_TABLE table=range_aware_rebalance_new_range [id=bed49573010345519305ce036d45cd40]), partition=HASH (key) PARTITION 6, RANGE (key) PARTITION 0 <= VALUES < 10
I20260608 09:57:02.304040  7331 tablet_service.cc:1511] Processing CreateTablet for tablet 7c85f6563ac1417ab18410815712919a (DEFAULT_TABLE table=range_aware_rebalance_new_range [id=bed49573010345519305ce036d45cd40]), partition=HASH (key) PARTITION 6, RANGE (key) PARTITION 0 <= VALUES < 10
I20260608 09:57:02.344867  7331 data_dirs.cc:400] Could only allocate 1 dirs of requested 3 for tablet 7c85f6563ac1417ab18410815712919a. 1 dirs total, 0 dirs full, 0 dirs failed
I20260608 09:57:02.306589  7330 tablet_service.cc:1511] Processing CreateTablet for tablet e6066f3430764854a1e44d70dbbc85cc (DEFAULT_TABLE table=range_aware_rebalance_new_range [id=bed49573010345519305ce036d45cd40]), partition=HASH (key) PARTITION 7, RANGE (key) PARTITION 0 <= VALUES < 10
I20260608 09:57:02.346985  7330 data_dirs.cc:400] Could only allocate 1 dirs of requested 3 for tablet e6066f3430764854a1e44d70dbbc85cc. 1 dirs total, 0 dirs full, 0 dirs failed
I20260608 09:57:02.308845  7406 tablet_service.cc:1511] Processing CreateTablet for tablet e6066f3430764854a1e44d70dbbc85cc (DEFAULT_TABLE table=range_aware_rebalance_new_range [id=bed49573010345519305ce036d45cd40]), partition=HASH (key) PARTITION 7, RANGE (key) PARTITION 0 <= VALUES < 10
I20260608 09:57:02.356772  7408 data_dirs.cc:400] Could only allocate 1 dirs of requested 3 for tablet 3bdbcb91321a45d28bfa910382d2ee6c. 1 dirs total, 0 dirs full, 0 dirs failed
I20260608 09:57:02.358500  7406 data_dirs.cc:400] Could only allocate 1 dirs of requested 3 for tablet e6066f3430764854a1e44d70dbbc85cc. 1 dirs total, 0 dirs full, 0 dirs failed
I20260608 09:57:02.360373  7407 data_dirs.cc:400] Could only allocate 1 dirs of requested 3 for tablet 7c85f6563ac1417ab18410815712919a. 1 dirs total, 0 dirs full, 0 dirs failed
I20260608 09:57:02.435724  7544 tablet_bootstrap.cc:492] T 3ce5119cef7e47939fcf92b2a1bfce24 P 035f764377d64103b33e07f5da82935c: Bootstrap starting.
I20260608 09:57:02.438037  7543 tablet_bootstrap.cc:492] T 3ce5119cef7e47939fcf92b2a1bfce24 P ed724276aa8e49078b3d14ca422d7908: No bootstrap required, opened a new log
I20260608 09:57:02.438501  7543 ts_tablet_manager.cc:1403] T 3ce5119cef7e47939fcf92b2a1bfce24 P ed724276aa8e49078b3d14ca422d7908: Time spent bootstrapping tablet: real 0.148s	user 0.012s	sys 0.010s
I20260608 09:57:02.440739  7543 raft_consensus.cc:359] T 3ce5119cef7e47939fcf92b2a1bfce24 P ed724276aa8e49078b3d14ca422d7908 [term 0 FOLLOWER]: Replica starting. Triggering 0 pending ops. Active config: opid_index: -1 OBSOLETE_local: false peers { permanent_uuid: "ed724276aa8e49078b3d14ca422d7908" member_type: VOTER last_known_addr { host: "127.4.53.67" port: 37297 } } peers { permanent_uuid: "96c90d1c66ae4e3782841529794edfbf" member_type: VOTER last_known_addr { host: "127.4.53.65" port: 40041 } } peers { permanent_uuid: "035f764377d64103b33e07f5da82935c" member_type: VOTER last_known_addr { host: "127.4.53.66" port: 34585 } }
I20260608 09:57:02.444756  7543 raft_consensus.cc:385] T 3ce5119cef7e47939fcf92b2a1bfce24 P ed724276aa8e49078b3d14ca422d7908 [term 0 FOLLOWER]: Consensus starting up: Expiring failure detector timer to make a prompt election more likely
I20260608 09:57:02.445176  7543 raft_consensus.cc:740] T 3ce5119cef7e47939fcf92b2a1bfce24 P ed724276aa8e49078b3d14ca422d7908 [term 0 FOLLOWER]: Becoming Follower/Learner. State: Replica: ed724276aa8e49078b3d14ca422d7908, State: Initialized, Role: FOLLOWER
I20260608 09:57:02.446205  7544 tablet_bootstrap.cc:654] T 3ce5119cef7e47939fcf92b2a1bfce24 P 035f764377d64103b33e07f5da82935c: Neither blocks nor log segments found. Creating new log.
I20260608 09:57:02.446059  7543 consensus_queue.cc:260] T 3ce5119cef7e47939fcf92b2a1bfce24 P ed724276aa8e49078b3d14ca422d7908 [NON_LEADER]: Queue going to NON_LEADER mode. State: All replicated index: 0, Majority replicated index: 0, Committed index: 0, Last appended: 0.0, Last appended by leader: 0, Current term: 0, Majority size: -1, State: 0, Mode: NON_LEADER, active raft config: opid_index: -1 OBSOLETE_local: false peers { permanent_uuid: "ed724276aa8e49078b3d14ca422d7908" member_type: VOTER last_known_addr { host: "127.4.53.67" port: 37297 } } peers { permanent_uuid: "96c90d1c66ae4e3782841529794edfbf" member_type: VOTER last_known_addr { host: "127.4.53.65" port: 40041 } } peers { permanent_uuid: "035f764377d64103b33e07f5da82935c" member_type: VOTER last_known_addr { host: "127.4.53.66" port: 34585 } }
I20260608 09:57:02.456553  7543 ts_tablet_manager.cc:1434] T 3ce5119cef7e47939fcf92b2a1bfce24 P ed724276aa8e49078b3d14ca422d7908: Time spent starting tablet: real 0.018s	user 0.010s	sys 0.004s
I20260608 09:57:02.462610  7543 tablet_bootstrap.cc:492] T d369afd1cc22426ea23f3c79d59947f8 P ed724276aa8e49078b3d14ca422d7908: Bootstrap starting.
I20260608 09:57:02.474692  7543 tablet_bootstrap.cc:654] T d369afd1cc22426ea23f3c79d59947f8 P ed724276aa8e49078b3d14ca422d7908: Neither blocks nor log segments found. Creating new log.
I20260608 09:57:02.485497  7548 tablet_bootstrap.cc:492] T e6066f3430764854a1e44d70dbbc85cc P 96c90d1c66ae4e3782841529794edfbf: Bootstrap starting.
I20260608 09:57:02.628686  7544 tablet_bootstrap.cc:492] T 3ce5119cef7e47939fcf92b2a1bfce24 P 035f764377d64103b33e07f5da82935c: No bootstrap required, opened a new log
I20260608 09:57:02.630791  7544 ts_tablet_manager.cc:1403] T 3ce5119cef7e47939fcf92b2a1bfce24 P 035f764377d64103b33e07f5da82935c: Time spent bootstrapping tablet: real 0.197s	user 0.032s	sys 0.043s
I20260608 09:57:02.633948  7544 raft_consensus.cc:359] T 3ce5119cef7e47939fcf92b2a1bfce24 P 035f764377d64103b33e07f5da82935c [term 0 FOLLOWER]: Replica starting. Triggering 0 pending ops. Active config: opid_index: -1 OBSOLETE_local: false peers { permanent_uuid: "ed724276aa8e49078b3d14ca422d7908" member_type: VOTER last_known_addr { host: "127.4.53.67" port: 37297 } } peers { permanent_uuid: "96c90d1c66ae4e3782841529794edfbf" member_type: VOTER last_known_addr { host: "127.4.53.65" port: 40041 } } peers { permanent_uuid: "035f764377d64103b33e07f5da82935c" member_type: VOTER last_known_addr { host: "127.4.53.66" port: 34585 } }
I20260608 09:57:02.634697  7544 raft_consensus.cc:385] T 3ce5119cef7e47939fcf92b2a1bfce24 P 035f764377d64103b33e07f5da82935c [term 0 FOLLOWER]: Consensus starting up: Expiring failure detector timer to make a prompt election more likely
I20260608 09:57:02.635012  7544 raft_consensus.cc:740] T 3ce5119cef7e47939fcf92b2a1bfce24 P 035f764377d64103b33e07f5da82935c [term 0 FOLLOWER]: Becoming Follower/Learner. State: Replica: 035f764377d64103b33e07f5da82935c, State: Initialized, Role: FOLLOWER
I20260608 09:57:02.644582  7544 consensus_queue.cc:260] T 3ce5119cef7e47939fcf92b2a1bfce24 P 035f764377d64103b33e07f5da82935c [NON_LEADER]: Queue going to NON_LEADER mode. State: All replicated index: 0, Majority replicated index: 0, Committed index: 0, Last appended: 0.0, Last appended by leader: 0, Current term: 0, Majority size: -1, State: 0, Mode: NON_LEADER, active raft config: opid_index: -1 OBSOLETE_local: false peers { permanent_uuid: "ed724276aa8e49078b3d14ca422d7908" member_type: VOTER last_known_addr { host: "127.4.53.67" port: 37297 } } peers { permanent_uuid: "96c90d1c66ae4e3782841529794edfbf" member_type: VOTER last_known_addr { host: "127.4.53.65" port: 40041 } } peers { permanent_uuid: "035f764377d64103b33e07f5da82935c" member_type: VOTER last_known_addr { host: "127.4.53.66" port: 34585 } }
I20260608 09:57:02.646703  7546 raft_consensus.cc:493] T 3ce5119cef7e47939fcf92b2a1bfce24 P ed724276aa8e49078b3d14ca422d7908 [term 0 FOLLOWER]: Starting pre-election (no leader contacted us within the election timeout)
I20260608 09:57:02.648479  7546 raft_consensus.cc:515] T 3ce5119cef7e47939fcf92b2a1bfce24 P ed724276aa8e49078b3d14ca422d7908 [term 0 FOLLOWER]: Starting pre-election with config: opid_index: -1 OBSOLETE_local: false peers { permanent_uuid: "ed724276aa8e49078b3d14ca422d7908" member_type: VOTER last_known_addr { host: "127.4.53.67" port: 37297 } } peers { permanent_uuid: "96c90d1c66ae4e3782841529794edfbf" member_type: VOTER last_known_addr { host: "127.4.53.65" port: 40041 } } peers { permanent_uuid: "035f764377d64103b33e07f5da82935c" member_type: VOTER last_known_addr { host: "127.4.53.66" port: 34585 } }
I20260608 09:57:02.651537  7546 leader_election.cc:290] T 3ce5119cef7e47939fcf92b2a1bfce24 P ed724276aa8e49078b3d14ca422d7908 [CANDIDATE]: Term 1 pre-election: Requested pre-vote from peers 96c90d1c66ae4e3782841529794edfbf (127.4.53.65:40041), 035f764377d64103b33e07f5da82935c (127.4.53.66:34585)
I20260608 09:57:02.672056  7544 ts_tablet_manager.cc:1434] T 3ce5119cef7e47939fcf92b2a1bfce24 P 035f764377d64103b33e07f5da82935c: Time spent starting tablet: real 0.041s	user 0.004s	sys 0.003s
I20260608 09:57:02.673527  7544 tablet_bootstrap.cc:492] T e6066f3430764854a1e44d70dbbc85cc P 035f764377d64103b33e07f5da82935c: Bootstrap starting.
I20260608 09:57:02.679610  7548 tablet_bootstrap.cc:654] T e6066f3430764854a1e44d70dbbc85cc P 96c90d1c66ae4e3782841529794edfbf: Neither blocks nor log segments found. Creating new log.
I20260608 09:57:02.693426  7544 tablet_bootstrap.cc:654] T e6066f3430764854a1e44d70dbbc85cc P 035f764377d64103b33e07f5da82935c: Neither blocks nor log segments found. Creating new log.
I20260608 09:57:02.740525  7298 auto_leader_rebalancer.cc:140] leader rebalance for table range_aware_rebalance_new_range
I20260608 09:57:02.785799  7551 raft_consensus.cc:493] T 3ce5119cef7e47939fcf92b2a1bfce24 P 035f764377d64103b33e07f5da82935c [term 0 FOLLOWER]: Starting pre-election (no leader contacted us within the election timeout)
I20260608 09:57:02.786571  7551 raft_consensus.cc:515] T 3ce5119cef7e47939fcf92b2a1bfce24 P 035f764377d64103b33e07f5da82935c [term 0 FOLLOWER]: Starting pre-election with config: opid_index: -1 OBSOLETE_local: false peers { permanent_uuid: "ed724276aa8e49078b3d14ca422d7908" member_type: VOTER last_known_addr { host: "127.4.53.67" port: 37297 } } peers { permanent_uuid: "96c90d1c66ae4e3782841529794edfbf" member_type: VOTER last_known_addr { host: "127.4.53.65" port: 40041 } } peers { permanent_uuid: "035f764377d64103b33e07f5da82935c" member_type: VOTER last_known_addr { host: "127.4.53.66" port: 34585 } }
I20260608 09:57:02.790290  7551 leader_election.cc:290] T 3ce5119cef7e47939fcf92b2a1bfce24 P 035f764377d64103b33e07f5da82935c [CANDIDATE]: Term 1 pre-election: Requested pre-vote from peers ed724276aa8e49078b3d14ca422d7908 (127.4.53.67:37297), 96c90d1c66ae4e3782841529794edfbf (127.4.53.65:40041)
I20260608 09:57:02.854178  7548 tablet_bootstrap.cc:492] T e6066f3430764854a1e44d70dbbc85cc P 96c90d1c66ae4e3782841529794edfbf: No bootstrap required, opened a new log
I20260608 09:57:02.854354  7544 tablet_bootstrap.cc:492] T e6066f3430764854a1e44d70dbbc85cc P 035f764377d64103b33e07f5da82935c: No bootstrap required, opened a new log
I20260608 09:57:02.854826  7548 ts_tablet_manager.cc:1403] T e6066f3430764854a1e44d70dbbc85cc P 96c90d1c66ae4e3782841529794edfbf: Time spent bootstrapping tablet: real 0.370s	user 0.016s	sys 0.008s
I20260608 09:57:02.855405  7544 ts_tablet_manager.cc:1403] T e6066f3430764854a1e44d70dbbc85cc P 035f764377d64103b33e07f5da82935c: Time spent bootstrapping tablet: real 0.182s	user 0.053s	sys 0.069s
I20260608 09:57:02.858659  7548 raft_consensus.cc:359] T e6066f3430764854a1e44d70dbbc85cc P 96c90d1c66ae4e3782841529794edfbf [term 0 FOLLOWER]: Replica starting. Triggering 0 pending ops. Active config: opid_index: -1 OBSOLETE_local: false peers { permanent_uuid: "035f764377d64103b33e07f5da82935c" member_type: VOTER last_known_addr { host: "127.4.53.66" port: 34585 } } peers { permanent_uuid: "96c90d1c66ae4e3782841529794edfbf" member_type: VOTER last_known_addr { host: "127.4.53.65" port: 40041 } } peers { permanent_uuid: "ed724276aa8e49078b3d14ca422d7908" member_type: VOTER last_known_addr { host: "127.4.53.67" port: 37297 } }
I20260608 09:57:02.858517  7544 raft_consensus.cc:359] T e6066f3430764854a1e44d70dbbc85cc P 035f764377d64103b33e07f5da82935c [term 0 FOLLOWER]: Replica starting. Triggering 0 pending ops. Active config: opid_index: -1 OBSOLETE_local: false peers { permanent_uuid: "035f764377d64103b33e07f5da82935c" member_type: VOTER last_known_addr { host: "127.4.53.66" port: 34585 } } peers { permanent_uuid: "96c90d1c66ae4e3782841529794edfbf" member_type: VOTER last_known_addr { host: "127.4.53.65" port: 40041 } } peers { permanent_uuid: "ed724276aa8e49078b3d14ca422d7908" member_type: VOTER last_known_addr { host: "127.4.53.67" port: 37297 } }
I20260608 09:57:02.859341  7548 raft_consensus.cc:385] T e6066f3430764854a1e44d70dbbc85cc P 96c90d1c66ae4e3782841529794edfbf [term 0 FOLLOWER]: Consensus starting up: Expiring failure detector timer to make a prompt election more likely
I20260608 09:57:02.859416  7544 raft_consensus.cc:385] T e6066f3430764854a1e44d70dbbc85cc P 035f764377d64103b33e07f5da82935c [term 0 FOLLOWER]: Consensus starting up: Expiring failure detector timer to make a prompt election more likely
I20260608 09:57:02.859808  7548 raft_consensus.cc:740] T e6066f3430764854a1e44d70dbbc85cc P 96c90d1c66ae4e3782841529794edfbf [term 0 FOLLOWER]: Becoming Follower/Learner. State: Replica: 96c90d1c66ae4e3782841529794edfbf, State: Initialized, Role: FOLLOWER
I20260608 09:57:02.859884  7544 raft_consensus.cc:740] T e6066f3430764854a1e44d70dbbc85cc P 035f764377d64103b33e07f5da82935c [term 0 FOLLOWER]: Becoming Follower/Learner. State: Replica: 035f764377d64103b33e07f5da82935c, State: Initialized, Role: FOLLOWER
I20260608 09:57:02.860864  7544 consensus_queue.cc:260] T e6066f3430764854a1e44d70dbbc85cc P 035f764377d64103b33e07f5da82935c [NON_LEADER]: Queue going to NON_LEADER mode. State: All replicated index: 0, Majority replicated index: 0, Committed index: 0, Last appended: 0.0, Last appended by leader: 0, Current term: 0, Majority size: -1, State: 0, Mode: NON_LEADER, active raft config: opid_index: -1 OBSOLETE_local: false peers { permanent_uuid: "035f764377d64103b33e07f5da82935c" member_type: VOTER last_known_addr { host: "127.4.53.66" port: 34585 } } peers { permanent_uuid: "96c90d1c66ae4e3782841529794edfbf" member_type: VOTER last_known_addr { host: "127.4.53.65" port: 40041 } } peers { permanent_uuid: "ed724276aa8e49078b3d14ca422d7908" member_type: VOTER last_known_addr { host: "127.4.53.67" port: 37297 } }
I20260608 09:57:02.861001  7548 consensus_queue.cc:260] T e6066f3430764854a1e44d70dbbc85cc P 96c90d1c66ae4e3782841529794edfbf [NON_LEADER]: Queue going to NON_LEADER mode. State: All replicated index: 0, Majority replicated index: 0, Committed index: 0, Last appended: 0.0, Last appended by leader: 0, Current term: 0, Majority size: -1, State: 0, Mode: NON_LEADER, active raft config: opid_index: -1 OBSOLETE_local: false peers { permanent_uuid: "035f764377d64103b33e07f5da82935c" member_type: VOTER last_known_addr { host: "127.4.53.66" port: 34585 } } peers { permanent_uuid: "96c90d1c66ae4e3782841529794edfbf" member_type: VOTER last_known_addr { host: "127.4.53.65" port: 40041 } } peers { permanent_uuid: "ed724276aa8e49078b3d14ca422d7908" member_type: VOTER last_known_addr { host: "127.4.53.67" port: 37297 } }
I20260608 09:57:02.863543  7544 ts_tablet_manager.cc:1434] T e6066f3430764854a1e44d70dbbc85cc P 035f764377d64103b33e07f5da82935c: Time spent starting tablet: real 0.008s	user 0.006s	sys 0.000s
I20260608 09:57:02.864951  7544 tablet_bootstrap.cc:492] T 3bdbcb91321a45d28bfa910382d2ee6c P 035f764377d64103b33e07f5da82935c: Bootstrap starting.
I20260608 09:57:02.867216  7548 ts_tablet_manager.cc:1434] T e6066f3430764854a1e44d70dbbc85cc P 96c90d1c66ae4e3782841529794edfbf: Time spent starting tablet: real 0.012s	user 0.004s	sys 0.003s
I20260608 09:57:02.868376  7548 tablet_bootstrap.cc:492] T 7c85f6563ac1417ab18410815712919a P 96c90d1c66ae4e3782841529794edfbf: Bootstrap starting.
I20260608 09:57:02.871551  7544 tablet_bootstrap.cc:654] T 3bdbcb91321a45d28bfa910382d2ee6c P 035f764377d64103b33e07f5da82935c: Neither blocks nor log segments found. Creating new log.
I20260608 09:57:02.875670  7543 tablet_bootstrap.cc:492] T d369afd1cc22426ea23f3c79d59947f8 P ed724276aa8e49078b3d14ca422d7908: No bootstrap required, opened a new log
I20260608 09:57:02.876303  7548 tablet_bootstrap.cc:654] T 7c85f6563ac1417ab18410815712919a P 96c90d1c66ae4e3782841529794edfbf: Neither blocks nor log segments found. Creating new log.
I20260608 09:57:02.876443  7543 ts_tablet_manager.cc:1403] T d369afd1cc22426ea23f3c79d59947f8 P ed724276aa8e49078b3d14ca422d7908: Time spent bootstrapping tablet: real 0.414s	user 0.058s	sys 0.090s
I20260608 09:57:02.880705  7543 raft_consensus.cc:359] T d369afd1cc22426ea23f3c79d59947f8 P ed724276aa8e49078b3d14ca422d7908 [term 0 FOLLOWER]: Replica starting. Triggering 0 pending ops. Active config: opid_index: -1 OBSOLETE_local: false peers { permanent_uuid: "96c90d1c66ae4e3782841529794edfbf" member_type: VOTER last_known_addr { host: "127.4.53.65" port: 40041 } } peers { permanent_uuid: "035f764377d64103b33e07f5da82935c" member_type: VOTER last_known_addr { host: "127.4.53.66" port: 34585 } } peers { permanent_uuid: "ed724276aa8e49078b3d14ca422d7908" member_type: VOTER last_known_addr { host: "127.4.53.67" port: 37297 } }
I20260608 09:57:02.881541  7543 raft_consensus.cc:385] T d369afd1cc22426ea23f3c79d59947f8 P ed724276aa8e49078b3d14ca422d7908 [term 0 FOLLOWER]: Consensus starting up: Expiring failure detector timer to make a prompt election more likely
I20260608 09:57:02.881886  7543 raft_consensus.cc:740] T d369afd1cc22426ea23f3c79d59947f8 P ed724276aa8e49078b3d14ca422d7908 [term 0 FOLLOWER]: Becoming Follower/Learner. State: Replica: ed724276aa8e49078b3d14ca422d7908, State: Initialized, Role: FOLLOWER
I20260608 09:57:02.882666  7543 consensus_queue.cc:260] T d369afd1cc22426ea23f3c79d59947f8 P ed724276aa8e49078b3d14ca422d7908 [NON_LEADER]: Queue going to NON_LEADER mode. State: All replicated index: 0, Majority replicated index: 0, Committed index: 0, Last appended: 0.0, Last appended by leader: 0, Current term: 0, Majority size: -1, State: 0, Mode: NON_LEADER, active raft config: opid_index: -1 OBSOLETE_local: false peers { permanent_uuid: "96c90d1c66ae4e3782841529794edfbf" member_type: VOTER last_known_addr { host: "127.4.53.65" port: 40041 } } peers { permanent_uuid: "035f764377d64103b33e07f5da82935c" member_type: VOTER last_known_addr { host: "127.4.53.66" port: 34585 } } peers { permanent_uuid: "ed724276aa8e49078b3d14ca422d7908" member_type: VOTER last_known_addr { host: "127.4.53.67" port: 37297 } }
I20260608 09:57:02.885528  7544 tablet_bootstrap.cc:492] T 3bdbcb91321a45d28bfa910382d2ee6c P 035f764377d64103b33e07f5da82935c: No bootstrap required, opened a new log
I20260608 09:57:02.886116  7544 ts_tablet_manager.cc:1403] T 3bdbcb91321a45d28bfa910382d2ee6c P 035f764377d64103b33e07f5da82935c: Time spent bootstrapping tablet: real 0.021s	user 0.010s	sys 0.007s
I20260608 09:57:02.886206  7543 ts_tablet_manager.cc:1434] T d369afd1cc22426ea23f3c79d59947f8 P ed724276aa8e49078b3d14ca422d7908: Time spent starting tablet: real 0.009s	user 0.007s	sys 0.000s
I20260608 09:57:02.889947  7543 tablet_bootstrap.cc:492] T f688123268494bb6b277a2dcc79db9c6 P ed724276aa8e49078b3d14ca422d7908: Bootstrap starting.
I20260608 09:57:02.896174  7548 tablet_bootstrap.cc:492] T 7c85f6563ac1417ab18410815712919a P 96c90d1c66ae4e3782841529794edfbf: No bootstrap required, opened a new log
W20260608 09:57:02.896843  7293 auto_rebalancer.cc:259] Could not retrieve cluster info: Service unavailable: Tablet not running
I20260608 09:57:02.900220  7543 tablet_bootstrap.cc:654] T f688123268494bb6b277a2dcc79db9c6 P ed724276aa8e49078b3d14ca422d7908: Neither blocks nor log segments found. Creating new log.
I20260608 09:57:02.892648  7544 raft_consensus.cc:359] T 3bdbcb91321a45d28bfa910382d2ee6c P 035f764377d64103b33e07f5da82935c [term 0 FOLLOWER]: Replica starting. Triggering 0 pending ops. Active config: opid_index: -1 OBSOLETE_local: false peers { permanent_uuid: "96c90d1c66ae4e3782841529794edfbf" member_type: VOTER last_known_addr { host: "127.4.53.65" port: 40041 } } peers { permanent_uuid: "035f764377d64103b33e07f5da82935c" member_type: VOTER last_known_addr { host: "127.4.53.66" port: 34585 } } peers { permanent_uuid: "ed724276aa8e49078b3d14ca422d7908" member_type: VOTER last_known_addr { host: "127.4.53.67" port: 37297 } }
W20260608 09:57:02.904276  7298 auto_leader_rebalancer.cc:460] the master instance isn't leader: Service unavailable: Tablet not running
I20260608 09:57:02.896816  7548 ts_tablet_manager.cc:1403] T 7c85f6563ac1417ab18410815712919a P 96c90d1c66ae4e3782841529794edfbf: Time spent bootstrapping tablet: real 0.029s	user 0.017s	sys 0.008s
I20260608 09:57:02.905328  7544 raft_consensus.cc:385] T 3bdbcb91321a45d28bfa910382d2ee6c P 035f764377d64103b33e07f5da82935c [term 0 FOLLOWER]: Consensus starting up: Expiring failure detector timer to make a prompt election more likely
I20260608 09:57:02.911450  7544 raft_consensus.cc:740] T 3bdbcb91321a45d28bfa910382d2ee6c P 035f764377d64103b33e07f5da82935c [term 0 FOLLOWER]: Becoming Follower/Learner. State: Replica: 035f764377d64103b33e07f5da82935c, State: Initialized, Role: FOLLOWER
I20260608 09:57:02.912815  7544 consensus_queue.cc:260] T 3bdbcb91321a45d28bfa910382d2ee6c P 035f764377d64103b33e07f5da82935c [NON_LEADER]: Queue going to NON_LEADER mode. State: All replicated index: 0, Majority replicated index: 0, Committed index: 0, Last appended: 0.0, Last appended by leader: 0, Current term: 0, Majority size: -1, State: 0, Mode: NON_LEADER, active raft config: opid_index: -1 OBSOLETE_local: false peers { permanent_uuid: "96c90d1c66ae4e3782841529794edfbf" member_type: VOTER last_known_addr { host: "127.4.53.65" port: 40041 } } peers { permanent_uuid: "035f764377d64103b33e07f5da82935c" member_type: VOTER last_known_addr { host: "127.4.53.66" port: 34585 } } peers { permanent_uuid: "ed724276aa8e49078b3d14ca422d7908" member_type: VOTER last_known_addr { host: "127.4.53.67" port: 37297 } }
I20260608 09:57:02.916157  7347 tablet_service.cc:1917] Received RequestConsensusVote() RPC: tablet_id: "3ce5119cef7e47939fcf92b2a1bfce24" candidate_uuid: "035f764377d64103b33e07f5da82935c" candidate_term: 1 candidate_status { last_received { term: 0 index: 0 } } ignore_live_leader: false dest_uuid: "96c90d1c66ae4e3782841529794edfbf" is_pre_election: true
I20260608 09:57:02.918351  7544 ts_tablet_manager.cc:1434] T 3bdbcb91321a45d28bfa910382d2ee6c P 035f764377d64103b33e07f5da82935c: Time spent starting tablet: real 0.032s	user 0.008s	sys 0.001s
W20260608 09:57:02.918664  7388 leader_election.cc:343] T 3ce5119cef7e47939fcf92b2a1bfce24 P 035f764377d64103b33e07f5da82935c [CANDIDATE]: Term 1 pre-election: Tablet error from VoteRequest() call to peer 96c90d1c66ae4e3782841529794edfbf (127.4.53.65:40041): Illegal state: must be running to vote when last-logged opid is not known
I20260608 09:57:02.919623  7544 tablet_bootstrap.cc:492] T 744b78b476ad4f8b84137829d926f3bb P 035f764377d64103b33e07f5da82935c: Bootstrap starting.
I20260608 09:57:02.927242  7544 tablet_bootstrap.cc:654] T 744b78b476ad4f8b84137829d926f3bb P 035f764377d64103b33e07f5da82935c: Neither blocks nor log segments found. Creating new log.
I20260608 09:57:02.929452  7543 tablet_bootstrap.cc:492] T f688123268494bb6b277a2dcc79db9c6 P ed724276aa8e49078b3d14ca422d7908: No bootstrap required, opened a new log
I20260608 09:57:02.930018  7543 ts_tablet_manager.cc:1403] T f688123268494bb6b277a2dcc79db9c6 P ed724276aa8e49078b3d14ca422d7908: Time spent bootstrapping tablet: real 0.040s	user 0.019s	sys 0.001s
I20260608 09:57:02.933049  7543 raft_consensus.cc:359] T f688123268494bb6b277a2dcc79db9c6 P ed724276aa8e49078b3d14ca422d7908 [term 0 FOLLOWER]: Replica starting. Triggering 0 pending ops. Active config: opid_index: -1 OBSOLETE_local: false peers { permanent_uuid: "96c90d1c66ae4e3782841529794edfbf" member_type: VOTER last_known_addr { host: "127.4.53.65" port: 40041 } } peers { permanent_uuid: "035f764377d64103b33e07f5da82935c" member_type: VOTER last_known_addr { host: "127.4.53.66" port: 34585 } } peers { permanent_uuid: "ed724276aa8e49078b3d14ca422d7908" member_type: VOTER last_known_addr { host: "127.4.53.67" port: 37297 } }
I20260608 09:57:02.933835  7543 raft_consensus.cc:385] T f688123268494bb6b277a2dcc79db9c6 P ed724276aa8e49078b3d14ca422d7908 [term 0 FOLLOWER]: Consensus starting up: Expiring failure detector timer to make a prompt election more likely
I20260608 09:57:02.933495  7548 raft_consensus.cc:359] T 7c85f6563ac1417ab18410815712919a P 96c90d1c66ae4e3782841529794edfbf [term 0 FOLLOWER]: Replica starting. Triggering 0 pending ops. Active config: opid_index: -1 OBSOLETE_local: false peers { permanent_uuid: "96c90d1c66ae4e3782841529794edfbf" member_type: VOTER last_known_addr { host: "127.4.53.65" port: 40041 } } peers { permanent_uuid: "035f764377d64103b33e07f5da82935c" member_type: VOTER last_known_addr { host: "127.4.53.66" port: 34585 } } peers { permanent_uuid: "ed724276aa8e49078b3d14ca422d7908" member_type: VOTER last_known_addr { host: "127.4.53.67" port: 37297 } }
I20260608 09:57:02.934151  7543 raft_consensus.cc:740] T f688123268494bb6b277a2dcc79db9c6 P ed724276aa8e49078b3d14ca422d7908 [term 0 FOLLOWER]: Becoming Follower/Learner. State: Replica: ed724276aa8e49078b3d14ca422d7908, State: Initialized, Role: FOLLOWER
I20260608 09:57:02.941509  7548 raft_consensus.cc:385] T 7c85f6563ac1417ab18410815712919a P 96c90d1c66ae4e3782841529794edfbf [term 0 FOLLOWER]: Consensus starting up: Expiring failure detector timer to make a prompt election more likely
I20260608 09:57:02.935405  7498 tablet_service.cc:1917] Received RequestConsensusVote() RPC: tablet_id: "3ce5119cef7e47939fcf92b2a1bfce24" candidate_uuid: "035f764377d64103b33e07f5da82935c" candidate_term: 1 candidate_status { last_received { term: 0 index: 0 } } ignore_live_leader: false dest_uuid: "ed724276aa8e49078b3d14ca422d7908" is_pre_election: true
I20260608 09:57:02.942277  7498 raft_consensus.cc:2468] T 3ce5119cef7e47939fcf92b2a1bfce24 P ed724276aa8e49078b3d14ca422d7908 [term 0 FOLLOWER]: Leader pre-election vote request: Granting yes vote for candidate 035f764377d64103b33e07f5da82935c in term 0.
I20260608 09:57:02.942597  7543 consensus_queue.cc:260] T f688123268494bb6b277a2dcc79db9c6 P ed724276aa8e49078b3d14ca422d7908 [NON_LEADER]: Queue going to NON_LEADER mode. State: All replicated index: 0, Majority replicated index: 0, Committed index: 0, Last appended: 0.0, Last appended by leader: 0, Current term: 0, Majority size: -1, State: 0, Mode: NON_LEADER, active raft config: opid_index: -1 OBSOLETE_local: false peers { permanent_uuid: "96c90d1c66ae4e3782841529794edfbf" member_type: VOTER last_known_addr { host: "127.4.53.65" port: 40041 } } peers { permanent_uuid: "035f764377d64103b33e07f5da82935c" member_type: VOTER last_known_addr { host: "127.4.53.66" port: 34585 } } peers { permanent_uuid: "ed724276aa8e49078b3d14ca422d7908" member_type: VOTER last_known_addr { host: "127.4.53.67" port: 37297 } }
I20260608 09:57:02.943739  7388 leader_election.cc:304] T 3ce5119cef7e47939fcf92b2a1bfce24 P 035f764377d64103b33e07f5da82935c [CANDIDATE]: Term 1 pre-election: Election decided. Result: candidate won. Election summary: received 3 responses out of 3 voters: 2 yes votes; 1 no votes. yes voters: 035f764377d64103b33e07f5da82935c, ed724276aa8e49078b3d14ca422d7908; no voters: 96c90d1c66ae4e3782841529794edfbf
I20260608 09:57:02.945029  7551 raft_consensus.cc:2804] T 3ce5119cef7e47939fcf92b2a1bfce24 P 035f764377d64103b33e07f5da82935c [term 0 FOLLOWER]: Leader pre-election won for term 1
I20260608 09:57:02.945417  7551 raft_consensus.cc:493] T 3ce5119cef7e47939fcf92b2a1bfce24 P 035f764377d64103b33e07f5da82935c [term 0 FOLLOWER]: Starting leader election (no leader contacted us within the election timeout)
I20260608 09:57:02.945734  7551 raft_consensus.cc:3060] T 3ce5119cef7e47939fcf92b2a1bfce24 P 035f764377d64103b33e07f5da82935c [term 0 FOLLOWER]: Advancing to term 1
I20260608 09:57:02.946302  7543 ts_tablet_manager.cc:1434] T f688123268494bb6b277a2dcc79db9c6 P ed724276aa8e49078b3d14ca422d7908: Time spent starting tablet: real 0.016s	user 0.011s	sys 0.002s
I20260608 09:57:02.947700  7543 tablet_bootstrap.cc:492] T 744b78b476ad4f8b84137829d926f3bb P ed724276aa8e49078b3d14ca422d7908: Bootstrap starting.
I20260608 09:57:02.953207  7548 raft_consensus.cc:740] T 7c85f6563ac1417ab18410815712919a P 96c90d1c66ae4e3782841529794edfbf [term 0 FOLLOWER]: Becoming Follower/Learner. State: Replica: 96c90d1c66ae4e3782841529794edfbf, State: Initialized, Role: FOLLOWER
I20260608 09:57:02.954294  7548 consensus_queue.cc:260] T 7c85f6563ac1417ab18410815712919a P 96c90d1c66ae4e3782841529794edfbf [NON_LEADER]: Queue going to NON_LEADER mode. State: All replicated index: 0, Majority replicated index: 0, Committed index: 0, Last appended: 0.0, Last appended by leader: 0, Current term: 0, Majority size: -1, State: 0, Mode: NON_LEADER, active raft config: opid_index: -1 OBSOLETE_local: false peers { permanent_uuid: "96c90d1c66ae4e3782841529794edfbf" member_type: VOTER last_known_addr { host: "127.4.53.65" port: 40041 } } peers { permanent_uuid: "035f764377d64103b33e07f5da82935c" member_type: VOTER last_known_addr { host: "127.4.53.66" port: 34585 } } peers { permanent_uuid: "ed724276aa8e49078b3d14ca422d7908" member_type: VOTER last_known_addr { host: "127.4.53.67" port: 37297 } }
I20260608 09:57:02.956219  7543 tablet_bootstrap.cc:654] T 744b78b476ad4f8b84137829d926f3bb P ed724276aa8e49078b3d14ca422d7908: Neither blocks nor log segments found. Creating new log.
I20260608 09:57:02.958770  7548 ts_tablet_manager.cc:1434] T 7c85f6563ac1417ab18410815712919a P 96c90d1c66ae4e3782841529794edfbf: Time spent starting tablet: real 0.047s	user 0.001s	sys 0.005s
I20260608 09:57:02.959965  7548 tablet_bootstrap.cc:492] T 3ce5119cef7e47939fcf92b2a1bfce24 P 96c90d1c66ae4e3782841529794edfbf: Bootstrap starting.
I20260608 09:57:02.953058  7551 raft_consensus.cc:515] T 3ce5119cef7e47939fcf92b2a1bfce24 P 035f764377d64103b33e07f5da82935c [term 1 FOLLOWER]: Starting leader election with config: opid_index: -1 OBSOLETE_local: false peers { permanent_uuid: "ed724276aa8e49078b3d14ca422d7908" member_type: VOTER last_known_addr { host: "127.4.53.67" port: 37297 } } peers { permanent_uuid: "96c90d1c66ae4e3782841529794edfbf" member_type: VOTER last_known_addr { host: "127.4.53.65" port: 40041 } } peers { permanent_uuid: "035f764377d64103b33e07f5da82935c" member_type: VOTER last_known_addr { host: "127.4.53.66" port: 34585 } }
I20260608 09:57:02.968286  7498 tablet_service.cc:1917] Received RequestConsensusVote() RPC: tablet_id: "3ce5119cef7e47939fcf92b2a1bfce24" candidate_uuid: "035f764377d64103b33e07f5da82935c" candidate_term: 1 candidate_status { last_received { term: 0 index: 0 } } ignore_live_leader: false dest_uuid: "ed724276aa8e49078b3d14ca422d7908"
I20260608 09:57:02.968905  7498 raft_consensus.cc:3060] T 3ce5119cef7e47939fcf92b2a1bfce24 P ed724276aa8e49078b3d14ca422d7908 [term 0 FOLLOWER]: Advancing to term 1
I20260608 09:57:02.974884  7556 raft_consensus.cc:493] T e6066f3430764854a1e44d70dbbc85cc P 96c90d1c66ae4e3782841529794edfbf [term 0 FOLLOWER]: Starting pre-election (no leader contacted us within the election timeout)
I20260608 09:57:02.975418  7556 raft_consensus.cc:515] T e6066f3430764854a1e44d70dbbc85cc P 96c90d1c66ae4e3782841529794edfbf [term 0 FOLLOWER]: Starting pre-election with config: opid_index: -1 OBSOLETE_local: false peers { permanent_uuid: "035f764377d64103b33e07f5da82935c" member_type: VOTER last_known_addr { host: "127.4.53.66" port: 34585 } } peers { permanent_uuid: "96c90d1c66ae4e3782841529794edfbf" member_type: VOTER last_known_addr { host: "127.4.53.65" port: 40041 } } peers { permanent_uuid: "ed724276aa8e49078b3d14ca422d7908" member_type: VOTER last_known_addr { host: "127.4.53.67" port: 37297 } }
I20260608 09:57:02.976584  7498 raft_consensus.cc:2468] T 3ce5119cef7e47939fcf92b2a1bfce24 P ed724276aa8e49078b3d14ca422d7908 [term 1 FOLLOWER]: Leader election vote request: Granting yes vote for candidate 035f764377d64103b33e07f5da82935c in term 1.
I20260608 09:57:02.982868  7544 tablet_bootstrap.cc:492] T 744b78b476ad4f8b84137829d926f3bb P 035f764377d64103b33e07f5da82935c: No bootstrap required, opened a new log
I20260608 09:57:02.983470  7544 ts_tablet_manager.cc:1403] T 744b78b476ad4f8b84137829d926f3bb P 035f764377d64103b33e07f5da82935c: Time spent bootstrapping tablet: real 0.064s	user 0.008s	sys 0.019s
I20260608 09:57:02.983783  7556 leader_election.cc:290] T e6066f3430764854a1e44d70dbbc85cc P 96c90d1c66ae4e3782841529794edfbf [CANDIDATE]: Term 1 pre-election: Requested pre-vote from peers 035f764377d64103b33e07f5da82935c (127.4.53.66:34585), ed724276aa8e49078b3d14ca422d7908 (127.4.53.67:37297)
I20260608 09:57:02.987313  7544 raft_consensus.cc:359] T 744b78b476ad4f8b84137829d926f3bb P 035f764377d64103b33e07f5da82935c [term 0 FOLLOWER]: Replica starting. Triggering 0 pending ops. Active config: opid_index: -1 OBSOLETE_local: false peers { permanent_uuid: "96c90d1c66ae4e3782841529794edfbf" member_type: VOTER last_known_addr { host: "127.4.53.65" port: 40041 } } peers { permanent_uuid: "035f764377d64103b33e07f5da82935c" member_type: VOTER last_known_addr { host: "127.4.53.66" port: 34585 } } peers { permanent_uuid: "ed724276aa8e49078b3d14ca422d7908" member_type: VOTER last_known_addr { host: "127.4.53.67" port: 37297 } }
I20260608 09:57:02.988325  7544 raft_consensus.cc:385] T 744b78b476ad4f8b84137829d926f3bb P 035f764377d64103b33e07f5da82935c [term 0 FOLLOWER]: Consensus starting up: Expiring failure detector timer to make a prompt election more likely
