I20260608 09:57:06.329840 15790 raft_consensus.cc:2468] T 93eaeeb475bc47328eae23a7c6f512b9 P 2fa0d3aa966c4be9b1d031913a7d2dd2 [term 1 FOLLOWER]: Leader election vote request: Granting yes vote for candidate 178574e766354e69aa38c85e077696cc in term 1.
I20260608 09:57:06.336684 15537 catalog_manager.cc:5696] T 93eaeeb475bc47328eae23a7c6f512b9 P 178574e766354e69aa38c85e077696cc reported cstate change: term changed from 0 to 1, leader changed from <none> to 178574e766354e69aa38c85e077696cc (127.12.93.1). New cstate: current_term: 1 leader_uuid: "178574e766354e69aa38c85e077696cc" committed_config { opid_index: -1 OBSOLETE_local: false peers { permanent_uuid: "178574e766354e69aa38c85e077696cc" member_type: VOTER last_known_addr { host: "127.12.93.1" port: 33725 } health_report { overall_health: HEALTHY } } peers { permanent_uuid: "300e04930fbd4d718dff49dd4df68a72" member_type: VOTER last_known_addr { host: "127.12.93.2" port: 37795 } health_report { overall_health: UNKNOWN } } peers { permanent_uuid: "2fa0d3aa966c4be9b1d031913a7d2dd2" member_type: VOTER last_known_addr { host: "127.12.93.3" port: 42957 } health_report { overall_health: UNKNOWN } } }
I20260608 09:57:06.477108 15868 raft_consensus.cc:493] T efc70786d9af4634bbc138db6b976854 P 2fa0d3aa966c4be9b1d031913a7d2dd2 [term 0 FOLLOWER]: Starting pre-election (no leader contacted us within the election timeout)
I20260608 09:57:06.477599 15868 raft_consensus.cc:515] T efc70786d9af4634bbc138db6b976854 P 2fa0d3aa966c4be9b1d031913a7d2dd2 [term 0 FOLLOWER]: Starting pre-election with config: opid_index: -1 OBSOLETE_local: false peers { permanent_uuid: "178574e766354e69aa38c85e077696cc" member_type: VOTER last_known_addr { host: "127.12.93.1" port: 33725 } } peers { permanent_uuid: "300e04930fbd4d718dff49dd4df68a72" member_type: VOTER last_known_addr { host: "127.12.93.2" port: 37795 } } peers { permanent_uuid: "2fa0d3aa966c4be9b1d031913a7d2dd2" member_type: VOTER last_known_addr { host: "127.12.93.3" port: 42957 } }
I20260608 09:57:06.479530 15868 leader_election.cc:290] T efc70786d9af4634bbc138db6b976854 P 2fa0d3aa966c4be9b1d031913a7d2dd2 [CANDIDATE]: Term 1 pre-election: Requested pre-vote from peers 178574e766354e69aa38c85e077696cc (127.12.93.1:33725), 300e04930fbd4d718dff49dd4df68a72 (127.12.93.2:37795)
I20260608 09:57:06.480360 15642 tablet_service.cc:1917] Received RequestConsensusVote() RPC: tablet_id: "efc70786d9af4634bbc138db6b976854" candidate_uuid: "2fa0d3aa966c4be9b1d031913a7d2dd2" candidate_term: 1 candidate_status { last_received { term: 0 index: 0 } } ignore_live_leader: false dest_uuid: "178574e766354e69aa38c85e077696cc" is_pre_election: true
I20260608 09:57:06.480598 15717 tablet_service.cc:1917] Received RequestConsensusVote() RPC: tablet_id: "efc70786d9af4634bbc138db6b976854" candidate_uuid: "2fa0d3aa966c4be9b1d031913a7d2dd2" candidate_term: 1 candidate_status { last_received { term: 0 index: 0 } } ignore_live_leader: false dest_uuid: "300e04930fbd4d718dff49dd4df68a72" is_pre_election: true
I20260608 09:57:06.481317 15717 raft_consensus.cc:2393] T efc70786d9af4634bbc138db6b976854 P 300e04930fbd4d718dff49dd4df68a72 [term 1 FOLLOWER]: Leader pre-election vote request: Denying vote to candidate 2fa0d3aa966c4be9b1d031913a7d2dd2 in current term 1: Already voted for candidate 178574e766354e69aa38c85e077696cc in this term.
I20260608 09:57:06.482275 15755 leader_election.cc:304] T efc70786d9af4634bbc138db6b976854 P 2fa0d3aa966c4be9b1d031913a7d2dd2 [CANDIDATE]: Term 1 pre-election: Election decided. Result: candidate lost. Election summary: received 3 responses out of 3 voters: 1 yes votes; 2 no votes. yes voters: 2fa0d3aa966c4be9b1d031913a7d2dd2; no voters: 178574e766354e69aa38c85e077696cc, 300e04930fbd4d718dff49dd4df68a72
I20260608 09:57:06.482878 15868 raft_consensus.cc:3060] T efc70786d9af4634bbc138db6b976854 P 2fa0d3aa966c4be9b1d031913a7d2dd2 [term 0 FOLLOWER]: Advancing to term 1
I20260608 09:57:06.487376 15868 raft_consensus.cc:2749] T efc70786d9af4634bbc138db6b976854 P 2fa0d3aa966c4be9b1d031913a7d2dd2 [term 1 FOLLOWER]: Leader pre-election lost for term 1. Reason: could not achieve majority
I20260608 09:57:06.553505 15872 raft_consensus.cc:493] T 23e15e31d8c5462f9e1b77c622290c60 P 178574e766354e69aa38c85e077696cc [term 0 FOLLOWER]: Starting pre-election (no leader contacted us within the election timeout)
I20260608 09:57:06.553987 15872 raft_consensus.cc:515] T 23e15e31d8c5462f9e1b77c622290c60 P 178574e766354e69aa38c85e077696cc [term 0 FOLLOWER]: Starting pre-election with config: opid_index: -1 OBSOLETE_local: false peers { permanent_uuid: "178574e766354e69aa38c85e077696cc" member_type: VOTER last_known_addr { host: "127.12.93.1" port: 33725 } } peers { permanent_uuid: "300e04930fbd4d718dff49dd4df68a72" member_type: VOTER last_known_addr { host: "127.12.93.2" port: 37795 } } peers { permanent_uuid: "2fa0d3aa966c4be9b1d031913a7d2dd2" member_type: VOTER last_known_addr { host: "127.12.93.3" port: 42957 } }
I20260608 09:57:06.555734 15872 leader_election.cc:290] T 23e15e31d8c5462f9e1b77c622290c60 P 178574e766354e69aa38c85e077696cc [CANDIDATE]: Term 1 pre-election: Requested pre-vote from peers 300e04930fbd4d718dff49dd4df68a72 (127.12.93.2:37795), 2fa0d3aa966c4be9b1d031913a7d2dd2 (127.12.93.3:42957)
I20260608 09:57:06.556568 15717 tablet_service.cc:1917] Received RequestConsensusVote() RPC: tablet_id: "23e15e31d8c5462f9e1b77c622290c60" candidate_uuid: "178574e766354e69aa38c85e077696cc" candidate_term: 1 candidate_status { last_received { term: 0 index: 0 } } ignore_live_leader: false dest_uuid: "300e04930fbd4d718dff49dd4df68a72" is_pre_election: true
I20260608 09:57:06.556808 15790 tablet_service.cc:1917] Received RequestConsensusVote() RPC: tablet_id: "23e15e31d8c5462f9e1b77c622290c60" candidate_uuid: "178574e766354e69aa38c85e077696cc" candidate_term: 1 candidate_status { last_received { term: 0 index: 0 } } ignore_live_leader: false dest_uuid: "2fa0d3aa966c4be9b1d031913a7d2dd2" is_pre_election: true
I20260608 09:57:06.557123 15717 raft_consensus.cc:2468] T 23e15e31d8c5462f9e1b77c622290c60 P 300e04930fbd4d718dff49dd4df68a72 [term 0 FOLLOWER]: Leader pre-election vote request: Granting yes vote for candidate 178574e766354e69aa38c85e077696cc in term 0.
I20260608 09:57:06.557366 15790 raft_consensus.cc:2468] T 23e15e31d8c5462f9e1b77c622290c60 P 2fa0d3aa966c4be9b1d031913a7d2dd2 [term 0 FOLLOWER]: Leader pre-election vote request: Granting yes vote for candidate 178574e766354e69aa38c85e077696cc in term 0.
I20260608 09:57:06.558092 15606 leader_election.cc:304] T 23e15e31d8c5462f9e1b77c622290c60 P 178574e766354e69aa38c85e077696cc [CANDIDATE]: Term 1 pre-election: Election decided. Result: candidate won. Election summary: received 2 responses out of 3 voters: 2 yes votes; 0 no votes. yes voters: 178574e766354e69aa38c85e077696cc, 300e04930fbd4d718dff49dd4df68a72; no voters: 
I20260608 09:57:06.558785 15872 raft_consensus.cc:2804] T 23e15e31d8c5462f9e1b77c622290c60 P 178574e766354e69aa38c85e077696cc [term 0 FOLLOWER]: Leader pre-election won for term 1
I20260608 09:57:06.559079 15872 raft_consensus.cc:493] T 23e15e31d8c5462f9e1b77c622290c60 P 178574e766354e69aa38c85e077696cc [term 0 FOLLOWER]: Starting leader election (no leader contacted us within the election timeout)
I20260608 09:57:06.559324 15872 raft_consensus.cc:3060] T 23e15e31d8c5462f9e1b77c622290c60 P 178574e766354e69aa38c85e077696cc [term 0 FOLLOWER]: Advancing to term 1
I20260608 09:57:06.563846 15872 raft_consensus.cc:515] T 23e15e31d8c5462f9e1b77c622290c60 P 178574e766354e69aa38c85e077696cc [term 1 FOLLOWER]: Starting leader election with config: opid_index: -1 OBSOLETE_local: false peers { permanent_uuid: "178574e766354e69aa38c85e077696cc" member_type: VOTER last_known_addr { host: "127.12.93.1" port: 33725 } } peers { permanent_uuid: "300e04930fbd4d718dff49dd4df68a72" member_type: VOTER last_known_addr { host: "127.12.93.2" port: 37795 } } peers { permanent_uuid: "2fa0d3aa966c4be9b1d031913a7d2dd2" member_type: VOTER last_known_addr { host: "127.12.93.3" port: 42957 } }
I20260608 09:57:06.565440 15872 leader_election.cc:290] T 23e15e31d8c5462f9e1b77c622290c60 P 178574e766354e69aa38c85e077696cc [CANDIDATE]: Term 1 election: Requested vote from peers 300e04930fbd4d718dff49dd4df68a72 (127.12.93.2:37795), 2fa0d3aa966c4be9b1d031913a7d2dd2 (127.12.93.3:42957)
I20260608 09:57:06.566201 15717 tablet_service.cc:1917] Received RequestConsensusVote() RPC: tablet_id: "23e15e31d8c5462f9e1b77c622290c60" candidate_uuid: "178574e766354e69aa38c85e077696cc" candidate_term: 1 candidate_status { last_received { term: 0 index: 0 } } ignore_live_leader: false dest_uuid: "300e04930fbd4d718dff49dd4df68a72"
I20260608 09:57:06.566484 15790 tablet_service.cc:1917] Received RequestConsensusVote() RPC: tablet_id: "23e15e31d8c5462f9e1b77c622290c60" candidate_uuid: "178574e766354e69aa38c85e077696cc" candidate_term: 1 candidate_status { last_received { term: 0 index: 0 } } ignore_live_leader: false dest_uuid: "2fa0d3aa966c4be9b1d031913a7d2dd2"
I20260608 09:57:06.566779 15717 raft_consensus.cc:3060] T 23e15e31d8c5462f9e1b77c622290c60 P 300e04930fbd4d718dff49dd4df68a72 [term 0 FOLLOWER]: Advancing to term 1
I20260608 09:57:06.567008 15790 raft_consensus.cc:3060] T 23e15e31d8c5462f9e1b77c622290c60 P 2fa0d3aa966c4be9b1d031913a7d2dd2 [term 0 FOLLOWER]: Advancing to term 1
I20260608 09:57:06.573386 15717 raft_consensus.cc:2468] T 23e15e31d8c5462f9e1b77c622290c60 P 300e04930fbd4d718dff49dd4df68a72 [term 1 FOLLOWER]: Leader election vote request: Granting yes vote for candidate 178574e766354e69aa38c85e077696cc in term 1.
I20260608 09:57:06.573385 15790 raft_consensus.cc:2468] T 23e15e31d8c5462f9e1b77c622290c60 P 2fa0d3aa966c4be9b1d031913a7d2dd2 [term 1 FOLLOWER]: Leader election vote request: Granting yes vote for candidate 178574e766354e69aa38c85e077696cc in term 1.
I20260608 09:57:06.574680 15607 leader_election.cc:304] T 23e15e31d8c5462f9e1b77c622290c60 P 178574e766354e69aa38c85e077696cc [CANDIDATE]: Term 1 election: Election decided. Result: candidate won. Election summary: received 2 responses out of 3 voters: 2 yes votes; 0 no votes. yes voters: 178574e766354e69aa38c85e077696cc, 2fa0d3aa966c4be9b1d031913a7d2dd2; no voters: 
I20260608 09:57:06.575528 15872 raft_consensus.cc:2804] T 23e15e31d8c5462f9e1b77c622290c60 P 178574e766354e69aa38c85e077696cc [term 1 FOLLOWER]: Leader election won for term 1
I20260608 09:57:06.576094 15872 raft_consensus.cc:697] T 23e15e31d8c5462f9e1b77c622290c60 P 178574e766354e69aa38c85e077696cc [term 1 LEADER]: Becoming Leader. State: Replica: 178574e766354e69aa38c85e077696cc, State: Running, Role: LEADER
I20260608 09:57:06.576851 15872 consensus_queue.cc:237] T 23e15e31d8c5462f9e1b77c622290c60 P 178574e766354e69aa38c85e077696cc [LEADER]: Queue going to LEADER mode. State: All replicated index: 0, Majority replicated index: 0, Committed index: 0, Last appended: 0.0, Last appended by leader: 0, Current term: 1, Majority size: 2, State: 0, Mode: LEADER, active raft config: opid_index: -1 OBSOLETE_local: false peers { permanent_uuid: "178574e766354e69aa38c85e077696cc" member_type: VOTER last_known_addr { host: "127.12.93.1" port: 33725 } } peers { permanent_uuid: "300e04930fbd4d718dff49dd4df68a72" member_type: VOTER last_known_addr { host: "127.12.93.2" port: 37795 } } peers { permanent_uuid: "2fa0d3aa966c4be9b1d031913a7d2dd2" member_type: VOTER last_known_addr { host: "127.12.93.3" port: 42957 } }
I20260608 09:57:06.583269 15537 catalog_manager.cc:5696] T 23e15e31d8c5462f9e1b77c622290c60 P 178574e766354e69aa38c85e077696cc reported cstate change: term changed from 0 to 1, leader changed from <none> to 178574e766354e69aa38c85e077696cc (127.12.93.1). New cstate: current_term: 1 leader_uuid: "178574e766354e69aa38c85e077696cc" committed_config { opid_index: -1 OBSOLETE_local: false peers { permanent_uuid: "178574e766354e69aa38c85e077696cc" member_type: VOTER last_known_addr { host: "127.12.93.1" port: 33725 } health_report { overall_health: HEALTHY } } peers { permanent_uuid: "300e04930fbd4d718dff49dd4df68a72" member_type: VOTER last_known_addr { host: "127.12.93.2" port: 37795 } health_report { overall_health: UNKNOWN } } peers { permanent_uuid: "2fa0d3aa966c4be9b1d031913a7d2dd2" member_type: VOTER last_known_addr { host: "127.12.93.3" port: 42957 } health_report { overall_health: UNKNOWN } } }
I20260608 09:57:06.607367 15872 consensus_queue.cc:1048] T 7c7ab067c1004d57adff938d9d35b10c P 178574e766354e69aa38c85e077696cc [LEADER]: Connected to new peer: Peer: permanent_uuid: "300e04930fbd4d718dff49dd4df68a72" member_type: VOTER last_known_addr { host: "127.12.93.2" port: 37795 }, Status: LMP_MISMATCH, Last received: 0.0, Next index: 1, Last known committed idx: 0, Time since last communication: 0.000s
I20260608 09:57:06.616524 15790 raft_consensus.cc:3060] T 7c7ab067c1004d57adff938d9d35b10c P 2fa0d3aa966c4be9b1d031913a7d2dd2 [term 0 FOLLOWER]: Advancing to term 1
I20260608 09:57:06.625074 15872 consensus_queue.cc:1048] T fd4fdd034d0a4d079edd7a1afc2759b5 P 178574e766354e69aa38c85e077696cc [LEADER]: Connected to new peer: Peer: permanent_uuid: "2fa0d3aa966c4be9b1d031913a7d2dd2" member_type: VOTER last_known_addr { host: "127.12.93.3" port: 42957 }, Status: LMP_MISMATCH, Last received: 0.0, Next index: 1, Last known committed idx: 0, Time since last communication: 0.000s
I20260608 09:57:06.626767 15869 consensus_queue.cc:1048] T a8e69d6ee1fd4129beae316edd69ce17 P 300e04930fbd4d718dff49dd4df68a72 [LEADER]: Connected to new peer: Peer: permanent_uuid: "178574e766354e69aa38c85e077696cc" member_type: VOTER last_known_addr { host: "127.12.93.1" port: 33725 }, Status: LMP_MISMATCH, Last received: 0.0, Next index: 1, Last known committed idx: 0, Time since last communication: 0.000s
I20260608 09:57:06.627653 15872 consensus_queue.cc:1048] T 7c7ab067c1004d57adff938d9d35b10c P 178574e766354e69aa38c85e077696cc [LEADER]: Connected to new peer: Peer: permanent_uuid: "2fa0d3aa966c4be9b1d031913a7d2dd2" member_type: VOTER last_known_addr { host: "127.12.93.3" port: 42957 }, Status: LMP_MISMATCH, Last received: 0.0, Next index: 1, Last known committed idx: 0, Time since last communication: 0.000s
I20260608 09:57:06.641105 15875 consensus_queue.cc:1048] T fd4fdd034d0a4d079edd7a1afc2759b5 P 178574e766354e69aa38c85e077696cc [LEADER]: Connected to new peer: Peer: permanent_uuid: "300e04930fbd4d718dff49dd4df68a72" member_type: VOTER last_known_addr { host: "127.12.93.2" port: 37795 }, Status: LMP_MISMATCH, Last received: 0.0, Next index: 1, Last known committed idx: 0, Time since last communication: 0.000s
I20260608 09:57:06.643961 15790 raft_consensus.cc:3060] T a8e69d6ee1fd4129beae316edd69ce17 P 2fa0d3aa966c4be9b1d031913a7d2dd2 [term 0 FOLLOWER]: Advancing to term 1
I20260608 09:57:06.660532 15901 consensus_queue.cc:1048] T a8e69d6ee1fd4129beae316edd69ce17 P 300e04930fbd4d718dff49dd4df68a72 [LEADER]: Connected to new peer: Peer: permanent_uuid: "2fa0d3aa966c4be9b1d031913a7d2dd2" member_type: VOTER last_known_addr { host: "127.12.93.3" port: 42957 }, Status: LMP_MISMATCH, Last received: 0.0, Next index: 1, Last known committed idx: 0, Time since last communication: 0.000s
I20260608 09:57:06.669951 15901 consensus_queue.cc:1048] T e4da3f1a79454af5bb03a29295fa92d7 P 300e04930fbd4d718dff49dd4df68a72 [LEADER]: Connected to new peer: Peer: permanent_uuid: "2fa0d3aa966c4be9b1d031913a7d2dd2" member_type: VOTER last_known_addr { host: "127.12.93.3" port: 42957 }, Status: LMP_MISMATCH, Last received: 0.0, Next index: 1, Last known committed idx: 0, Time since last communication: 0.000s
I20260608 09:57:06.677148 15875 consensus_queue.cc:1048] T efc70786d9af4634bbc138db6b976854 P 178574e766354e69aa38c85e077696cc [LEADER]: Connected to new peer: Peer: permanent_uuid: "2fa0d3aa966c4be9b1d031913a7d2dd2" member_type: VOTER last_known_addr { host: "127.12.93.3" port: 42957 }, Status: LMP_MISMATCH, Last received: 0.0, Next index: 1, Last known committed idx: 0, Time since last communication: 0.000s
I20260608 09:57:06.679803 15642 raft_consensus.cc:3060] T e4da3f1a79454af5bb03a29295fa92d7 P 178574e766354e69aa38c85e077696cc [term 0 FOLLOWER]: Advancing to term 1
I20260608 09:57:06.682556 15717 raft_consensus.cc:3060] T 152d949fe7b544a28879a646a4083a32 P 300e04930fbd4d718dff49dd4df68a72 [term 0 FOLLOWER]: Advancing to term 1
I20260608 09:57:06.687513 15869 consensus_queue.cc:1048] T e4da3f1a79454af5bb03a29295fa92d7 P 300e04930fbd4d718dff49dd4df68a72 [LEADER]: Connected to new peer: Peer: permanent_uuid: "178574e766354e69aa38c85e077696cc" member_type: VOTER last_known_addr { host: "127.12.93.1" port: 33725 }, Status: LMP_MISMATCH, Last received: 0.0, Next index: 1, Last known committed idx: 0, Time since last communication: 0.000s
I20260608 09:57:06.689764 15875 consensus_queue.cc:1048] T 152d949fe7b544a28879a646a4083a32 P 178574e766354e69aa38c85e077696cc [LEADER]: Connected to new peer: Peer: permanent_uuid: "300e04930fbd4d718dff49dd4df68a72" member_type: VOTER last_known_addr { host: "127.12.93.2" port: 37795 }, Status: LMP_MISMATCH, Last received: 0.0, Next index: 1, Last known committed idx: 0, Time since last communication: 0.000s
I20260608 09:57:06.702997 15875 consensus_queue.cc:1048] T 152d949fe7b544a28879a646a4083a32 P 178574e766354e69aa38c85e077696cc [LEADER]: Connected to new peer: Peer: permanent_uuid: "2fa0d3aa966c4be9b1d031913a7d2dd2" member_type: VOTER last_known_addr { host: "127.12.93.3" port: 42957 }, Status: LMP_MISMATCH, Last received: 0.0, Next index: 1, Last known committed idx: 0, Time since last communication: 0.002s
I20260608 09:57:06.713203 15871 consensus_queue.cc:1048] T efc70786d9af4634bbc138db6b976854 P 178574e766354e69aa38c85e077696cc [LEADER]: Connected to new peer: Peer: permanent_uuid: "300e04930fbd4d718dff49dd4df68a72" member_type: VOTER last_known_addr { host: "127.12.93.2" port: 37795 }, Status: LMP_MISMATCH, Last received: 0.0, Next index: 1, Last known committed idx: 0, Time since last communication: 0.000s
I20260608 09:57:06.738272 12660 file_cache.cc:492] Constructed file cache file cache with capacity 419430
W20260608 09:57:06.748268 15911 instance_detector.cc:116] could not retrieve AWS instance metadata: Network error: curl error: HTTP response code said error: The requested URL returned error: 404
W20260608 09:57:06.749668 15912 instance_detector.cc:116] could not retrieve Azure instance metadata: Network error: curl error: HTTP response code said error: The requested URL returned error: 404
W20260608 09:57:06.752310 15914 instance_detector.cc:116] could not retrieve OpenStack instance metadata: Network error: curl error: HTTP response code said error: The requested URL returned error: 404
I20260608 09:57:06.754969 12660 server_base.cc:1061] running on GCE node
I20260608 09:57:06.755993 12660 hybrid_clock.cc:584] initializing the hybrid clock with 'system_unsync' time source
W20260608 09:57:06.756181 12660 system_unsync_time.cc:38] NTP support is disabled. Clock error bounds will not be accurate. This configuration is not suitable for distributed clusters.
I20260608 09:57:06.756378 12660 hybrid_clock.cc:648] HybridClock initialized: now 1780912626756360 us; error 0 us; skew 500 ppm
I20260608 09:57:06.757018 12660 server_base.cc:861] Flag tcmalloc_max_total_thread_cache_bytes is not working since tcmalloc is not enabled.
I20260608 09:57:06.760140 15908 consensus_queue.cc:1048] T 93eaeeb475bc47328eae23a7c6f512b9 P 178574e766354e69aa38c85e077696cc [LEADER]: Connected to new peer: Peer: permanent_uuid: "2fa0d3aa966c4be9b1d031913a7d2dd2" member_type: VOTER last_known_addr { host: "127.12.93.3" port: 42957 }, Status: LMP_MISMATCH, Last received: 0.0, Next index: 1, Last known committed idx: 0, Time since last communication: 0.000s
I20260608 09:57:06.760856 12660 webserver.cc:533] Webserver started at http://127.12.93.4:33881/ using document root <none> and password file <none>
I20260608 09:57:06.761413 12660 fs_manager.cc:362] Metadata directory not provided
I20260608 09:57:06.761605 12660 fs_manager.cc:368] Using write-ahead log directory (fs_wal_dir) as metadata directory
I20260608 09:57:06.761857 12660 server_base.cc:909] This appears to be a new deployment of Kudu; creating new FS layout
I20260608 09:57:06.763152 12660 fs_manager.cc:1068] Generated new instance metadata in path /tmp/dist-test-task_9ktdS/test-tmp/auto_rebalancer-test.0.AutoRebalancerTest.RangeAwareRebalancesNewRangeReplicas.1780912541575354-12660-0/minicluster-data/ts-3-root/instance:
uuid: "622e6cf3c47a4176b596de638ca043be"
format_stamp: "Formatted at 2026-06-08 09:57:06 on dist-test-slave-cqs2"
I20260608 09:57:06.772181 15871 consensus_queue.cc:1048] T 93eaeeb475bc47328eae23a7c6f512b9 P 178574e766354e69aa38c85e077696cc [LEADER]: Connected to new peer: Peer: permanent_uuid: "300e04930fbd4d718dff49dd4df68a72" member_type: VOTER last_known_addr { host: "127.12.93.2" port: 37795 }, Status: LMP_MISMATCH, Last received: 0.0, Next index: 1, Last known committed idx: 0, Time since last communication: 0.000s
I20260608 09:57:06.776355 12660 fs_manager.cc:696] Time spent creating directory manager: real 0.013s	user 0.003s	sys 0.009s
I20260608 09:57:06.781495 15921 log_block_manager.cc:4031] Time spent loading block containers with low live blocks: real 0.000s	user 0.000s	sys 0.000s
I20260608 09:57:06.782342 12660 fs_manager.cc:730] Time spent opening block manager: real 0.003s	user 0.001s	sys 0.001s
I20260608 09:57:06.782652 12660 fs_manager.cc:647] Opened local filesystem: /tmp/dist-test-task_9ktdS/test-tmp/auto_rebalancer-test.0.AutoRebalancerTest.RangeAwareRebalancesNewRangeReplicas.1780912541575354-12660-0/minicluster-data/ts-3-root
uuid: "622e6cf3c47a4176b596de638ca043be"
format_stamp: "Formatted at 2026-06-08 09:57:06 on dist-test-slave-cqs2"
I20260608 09:57:06.782953 12660 fs_report.cc:389] FS layout report
--------------------
wal directory: /tmp/dist-test-task_9ktdS/test-tmp/auto_rebalancer-test.0.AutoRebalancerTest.RangeAwareRebalancesNewRangeReplicas.1780912541575354-12660-0/minicluster-data/ts-3-root
metadata directory: /tmp/dist-test-task_9ktdS/test-tmp/auto_rebalancer-test.0.AutoRebalancerTest.RangeAwareRebalancesNewRangeReplicas.1780912541575354-12660-0/minicluster-data/ts-3-root
1 data directories: /tmp/dist-test-task_9ktdS/test-tmp/auto_rebalancer-test.0.AutoRebalancerTest.RangeAwareRebalancesNewRangeReplicas.1780912541575354-12660-0/minicluster-data/ts-3-root/data
Total live blocks: 0
Total live bytes: 0
Total live bytes (after alignment): 0
Total number of LBM containers: 0 (0 full)
Did not check for missing blocks
Did not check for orphaned blocks
Total full LBM containers with extra space: 0 (0 repaired)
Total full LBM container extra space in bytes: 0 (0 repaired)
Total incomplete LBM containers: 0 (0 repaired)
Total LBM partial records: 0 (0 repaired)
Total corrupted LBM metadata records in RocksDB: 0 (0 repaired)
I20260608 09:57:06.812282 12660 rpc_server.cc:225] running with OpenSSL 1.1.1  11 Sep 2018
I20260608 09:57:06.813539 12660 kserver.cc:163] Server-wide thread pool size limit: 3276
I20260608 09:57:06.814817 12660 txn_system_client.cc:432] TxnSystemClient initialization is disabled...
I20260608 09:57:06.817041 12660 ts_tablet_manager.cc:585] Loaded tablet metadata (0 total tablets, 0 live tablets)
I20260608 09:57:06.817242 12660 ts_tablet_manager.cc:531] Time spent load tablet metadata: real 0.000s	user 0.000s	sys 0.000s
I20260608 09:57:06.817466 12660 ts_tablet_manager.cc:616] Registered 0 tablets
I20260608 09:57:06.817631 12660 ts_tablet_manager.cc:595] Time spent register tablets: real 0.000s	user 0.000s	sys 0.000s
I20260608 09:57:06.854691 12660 rpc_server.cc:307] RPC server started. Bound to: 127.12.93.4:37753
I20260608 09:57:06.854806 15983 acceptor_pool.cc:272] collecting diagnostics on the listening RPC socket 127.12.93.4:37753 every 8 connection(s)
I20260608 09:57:06.861111 15541 catalog_manager.cc:3569] Servicing AlterTable request from {username='slave'} at 127.0.0.1:53778:
table { table_name: "range_aware_rebalance_new_range" } alter_schema_steps { type: ADD_RANGE_PARTITION add_range_partition { range_bounds { rows: "\006\001\n\000\000\000\007\001\024\000\000\000""\006\001\n\000\000\000\007\001\024\000\000\000" indirect_data: """" } } } schema { columns { name: "key" type: INT32 is_key: true is_nullable: false encoding: AUTO_ENCODING compression: DEFAULT_COMPRESSION cfile_block_size: 0 immutable: false } } modify_external_catalogs: true
I20260608 09:57:06.870306 15984 heartbeater.cc:344] Connected to a master server at 127.12.93.62:35499
I20260608 09:57:06.870695 15984 heartbeater.cc:461] Registering TS with master...
I20260608 09:57:06.871457 15984 heartbeater.cc:507] Master 127.12.93.62:35499 requested a full tablet report, sending...
I20260608 09:57:06.873716 15538 ts_manager.cc:194] Registered new tserver with Master: 622e6cf3c47a4176b596de638ca043be (127.12.93.4:37753)
I20260608 09:57:06.875627 15538 master_service.cc:502] Signed X509 certificate for tserver {username='slave'} at 127.0.0.1:53792
W20260608 09:57:06.883671 15541 catalog_manager.cc:5956] Failed to send alter table request: Not found: failed to reset TS proxy: No leader found: Tablet dd1c74655d9f4bf089eb2bcf584d73ce has no consensus state
W20260608 09:57:06.885088 15541 catalog_manager.cc:5956] Failed to send alter table request: Not found: failed to reset TS proxy: No leader found: Tablet a281d8208f8e4ad4a13695efff2ac00d has no consensus state
W20260608 09:57:06.886492 15541 catalog_manager.cc:5956] Failed to send alter table request: Not found: failed to reset TS proxy: No leader found: Tablet 2cb5d355a2224eb4a3c0de33ce0f8fbc has no consensus state
W20260608 09:57:06.887825 15541 catalog_manager.cc:5956] Failed to send alter table request: Not found: failed to reset TS proxy: No leader found: Tablet 1df0b0a6649d41288774cc34a258287b has no consensus state
W20260608 09:57:06.889289 15541 catalog_manager.cc:5956] Failed to send alter table request: Not found: failed to reset TS proxy: No leader found: Tablet 24ea325b38d4414dac908871957ac080 has no consensus state
W20260608 09:57:06.890496 15541 catalog_manager.cc:5956] Failed to send alter table request: Not found: failed to reset TS proxy: No leader found: Tablet 72906b8288a24b4a9710a742819e0841 has no consensus state
W20260608 09:57:06.891785 15541 catalog_manager.cc:5956] Failed to send alter table request: Not found: failed to reset TS proxy: No leader found: Tablet e61594a33091490ab36336f9793c392e has no consensus state
W20260608 09:57:06.892920 15541 catalog_manager.cc:5956] Failed to send alter table request: Not found: failed to reset TS proxy: No leader found: Tablet fef22fdbd015426abca06a2befee9cb0 has no consensus state
W20260608 09:57:06.905318 15526 catalog_manager.cc:4809] Async tablet task AlterTable RPC for tablet 2cb5d355a2224eb4a3c0de33ce0f8fbc (table range_aware_rebalance_new_range [id=6596cfe8b33b4b92b23272478d081cf1], current schema version=0) failed: Not found: failed to reset TS proxy: No leader found: Tablet 2cb5d355a2224eb4a3c0de33ce0f8fbc has no consensus state
I20260608 09:57:06.917572 15631 tablet_service.cc:1511] Processing CreateTablet for tablet dd1c74655d9f4bf089eb2bcf584d73ce (DEFAULT_TABLE table=range_aware_rebalance_new_range [id=6596cfe8b33b4b92b23272478d081cf1]), partition=HASH (key) PARTITION 0, RANGE (key) PARTITION 10 <= VALUES < 20
I20260608 09:57:06.919160 15631 data_dirs.cc:400] Could only allocate 1 dirs of requested 3 for tablet dd1c74655d9f4bf089eb2bcf584d73ce. 1 dirs total, 0 dirs full, 0 dirs failed
I20260608 09:57:06.918828 15707 tablet_service.cc:1511] Processing CreateTablet for tablet dd1c74655d9f4bf089eb2bcf584d73ce (DEFAULT_TABLE table=range_aware_rebalance_new_range [id=6596cfe8b33b4b92b23272478d081cf1]), partition=HASH (key) PARTITION 0, RANGE (key) PARTITION 10 <= VALUES < 20
I20260608 09:57:06.920203 15707 data_dirs.cc:400] Could only allocate 1 dirs of requested 3 for tablet dd1c74655d9f4bf089eb2bcf584d73ce. 1 dirs total, 0 dirs full, 0 dirs failed
I20260608 09:57:06.924415 15776 tablet_service.cc:1511] Processing CreateTablet for tablet a281d8208f8e4ad4a13695efff2ac00d (DEFAULT_TABLE table=range_aware_rebalance_new_range [id=6596cfe8b33b4b92b23272478d081cf1]), partition=HASH (key) PARTITION 1, RANGE (key) PARTITION 10 <= VALUES < 20
I20260608 09:57:06.925745 15776 data_dirs.cc:400] Could only allocate 1 dirs of requested 3 for tablet a281d8208f8e4ad4a13695efff2ac00d. 1 dirs total, 0 dirs full, 0 dirs failed
I20260608 09:57:06.927024 15627 tablet_service.cc:1511] Processing CreateTablet for tablet a281d8208f8e4ad4a13695efff2ac00d (DEFAULT_TABLE table=range_aware_rebalance_new_range [id=6596cfe8b33b4b92b23272478d081cf1]), partition=HASH (key) PARTITION 1, RANGE (key) PARTITION 10 <= VALUES < 20
I20260608 09:57:06.928339 15627 data_dirs.cc:400] Could only allocate 1 dirs of requested 3 for tablet a281d8208f8e4ad4a13695efff2ac00d. 1 dirs total, 0 dirs full, 0 dirs failed
I20260608 09:57:06.930176 15706 tablet_service.cc:1511] Processing CreateTablet for tablet 1df0b0a6649d41288774cc34a258287b (DEFAULT_TABLE table=range_aware_rebalance_new_range [id=6596cfe8b33b4b92b23272478d081cf1]), partition=HASH (key) PARTITION 3, RANGE (key) PARTITION 10 <= VALUES < 20
I20260608 09:57:06.931907 15708 tablet_service.cc:1511] Processing CreateTablet for tablet 2cb5d355a2224eb4a3c0de33ce0f8fbc (DEFAULT_TABLE table=range_aware_rebalance_new_range [id=6596cfe8b33b4b92b23272478d081cf1]), partition=HASH (key) PARTITION 2, RANGE (key) PARTITION 10 <= VALUES < 20
I20260608 09:57:06.932348 15775 tablet_service.cc:1511] Processing CreateTablet for tablet 2cb5d355a2224eb4a3c0de33ce0f8fbc (DEFAULT_TABLE table=range_aware_rebalance_new_range [id=6596cfe8b33b4b92b23272478d081cf1]), partition=HASH (key) PARTITION 2, RANGE (key) PARTITION 10 <= VALUES < 20
I20260608 09:57:06.933681 15775 data_dirs.cc:400] Could only allocate 1 dirs of requested 3 for tablet 2cb5d355a2224eb4a3c0de33ce0f8fbc. 1 dirs total, 0 dirs full, 0 dirs failed
I20260608 09:57:06.937961 15778 tablet_service.cc:1511] Processing CreateTablet for tablet 24ea325b38d4414dac908871957ac080 (DEFAULT_TABLE table=range_aware_rebalance_new_range [id=6596cfe8b33b4b92b23272478d081cf1]), partition=HASH (key) PARTITION 4, RANGE (key) PARTITION 10 <= VALUES < 20
I20260608 09:57:06.938424 15777 tablet_service.cc:1511] Processing CreateTablet for tablet 72906b8288a24b4a9710a742819e0841 (DEFAULT_TABLE table=range_aware_rebalance_new_range [id=6596cfe8b33b4b92b23272478d081cf1]), partition=HASH (key) PARTITION 5, RANGE (key) PARTITION 10 <= VALUES < 20
I20260608 09:57:06.940523 15706 data_dirs.cc:400] Could only allocate 1 dirs of requested 3 for tablet 1df0b0a6649d41288774cc34a258287b. 1 dirs total, 0 dirs full, 0 dirs failed
I20260608 09:57:06.940351 15703 tablet_service.cc:1511] Processing CreateTablet for tablet 72906b8288a24b4a9710a742819e0841 (DEFAULT_TABLE table=range_aware_rebalance_new_range [id=6596cfe8b33b4b92b23272478d081cf1]), partition=HASH (key) PARTITION 5, RANGE (key) PARTITION 10 <= VALUES < 20
I20260608 09:57:06.942727 15626 tablet_service.cc:1511] Processing CreateTablet for tablet 1df0b0a6649d41288774cc34a258287b (DEFAULT_TABLE table=range_aware_rebalance_new_range [id=6596cfe8b33b4b92b23272478d081cf1]), partition=HASH (key) PARTITION 3, RANGE (key) PARTITION 10 <= VALUES < 20
I20260608 09:57:06.943682 15703 data_dirs.cc:400] Could only allocate 1 dirs of requested 3 for tablet 72906b8288a24b4a9710a742819e0841. 1 dirs total, 0 dirs full, 0 dirs failed
I20260608 09:57:06.944065 15626 data_dirs.cc:400] Could only allocate 1 dirs of requested 3 for tablet 1df0b0a6649d41288774cc34a258287b. 1 dirs total, 0 dirs full, 0 dirs failed
I20260608 09:57:06.939334 15778 data_dirs.cc:400] Could only allocate 1 dirs of requested 3 for tablet 24ea325b38d4414dac908871957ac080. 1 dirs total, 0 dirs full, 0 dirs failed
I20260608 09:57:06.947036 15708 data_dirs.cc:400] Could only allocate 1 dirs of requested 3 for tablet 2cb5d355a2224eb4a3c0de33ce0f8fbc. 1 dirs total, 0 dirs full, 0 dirs failed
I20260608 09:57:06.947927 15780 tablet_service.cc:1511] Processing CreateTablet for tablet fef22fdbd015426abca06a2befee9cb0 (DEFAULT_TABLE table=range_aware_rebalance_new_range [id=6596cfe8b33b4b92b23272478d081cf1]), partition=HASH (key) PARTITION 7, RANGE (key) PARTITION 10 <= VALUES < 20
I20260608 09:57:06.949201 15780 data_dirs.cc:400] Could only allocate 1 dirs of requested 3 for tablet fef22fdbd015426abca06a2befee9cb0. 1 dirs total, 0 dirs full, 0 dirs failed
I20260608 09:57:06.955461 15777 data_dirs.cc:400] Could only allocate 1 dirs of requested 3 for tablet 72906b8288a24b4a9710a742819e0841. 1 dirs total, 0 dirs full, 0 dirs failed
I20260608 09:57:06.956020 15630 tablet_service.cc:1511] Processing CreateTablet for tablet 24ea325b38d4414dac908871957ac080 (DEFAULT_TABLE table=range_aware_rebalance_new_range [id=6596cfe8b33b4b92b23272478d081cf1]), partition=HASH (key) PARTITION 4, RANGE (key) PARTITION 10 <= VALUES < 20
I20260608 09:57:06.957367 15630 data_dirs.cc:400] Could only allocate 1 dirs of requested 3 for tablet 24ea325b38d4414dac908871957ac080. 1 dirs total, 0 dirs full, 0 dirs failed
I20260608 09:57:06.959947 15704 tablet_service.cc:1511] Processing CreateTablet for tablet e61594a33091490ab36336f9793c392e (DEFAULT_TABLE table=range_aware_rebalance_new_range [id=6596cfe8b33b4b92b23272478d081cf1]), partition=HASH (key) PARTITION 6, RANGE (key) PARTITION 10 <= VALUES < 20
I20260608 09:57:06.961272 15704 data_dirs.cc:400] Could only allocate 1 dirs of requested 3 for tablet e61594a33091490ab36336f9793c392e. 1 dirs total, 0 dirs full, 0 dirs failed
I20260608 09:57:06.973201 15632 tablet_service.cc:1511] Processing CreateTablet for tablet e61594a33091490ab36336f9793c392e (DEFAULT_TABLE table=range_aware_rebalance_new_range [id=6596cfe8b33b4b92b23272478d081cf1]), partition=HASH (key) PARTITION 6, RANGE (key) PARTITION 10 <= VALUES < 20
I20260608 09:57:06.974669 15632 data_dirs.cc:400] Could only allocate 1 dirs of requested 3 for tablet e61594a33091490ab36336f9793c392e. 1 dirs total, 0 dirs full, 0 dirs failed
I20260608 09:57:06.977718 15628 tablet_service.cc:1511] Processing CreateTablet for tablet fef22fdbd015426abca06a2befee9cb0 (DEFAULT_TABLE table=range_aware_rebalance_new_range [id=6596cfe8b33b4b92b23272478d081cf1]), partition=HASH (key) PARTITION 7, RANGE (key) PARTITION 10 <= VALUES < 20
I20260608 09:57:06.979422 15628 data_dirs.cc:400] Could only allocate 1 dirs of requested 3 for tablet fef22fdbd015426abca06a2befee9cb0. 1 dirs total, 0 dirs full, 0 dirs failed
I20260608 09:57:07.031776 15990 tablet_bootstrap.cc:492] T 24ea325b38d4414dac908871957ac080 P 2fa0d3aa966c4be9b1d031913a7d2dd2: Bootstrap starting.
I20260608 09:57:07.036580 15991 tablet_bootstrap.cc:492] T 1df0b0a6649d41288774cc34a258287b P 178574e766354e69aa38c85e077696cc: Bootstrap starting.
I20260608 09:57:07.039570 15992 tablet_bootstrap.cc:492] T e61594a33091490ab36336f9793c392e P 300e04930fbd4d718dff49dd4df68a72: Bootstrap starting.
I20260608 09:57:07.040346 15990 tablet_bootstrap.cc:654] T 24ea325b38d4414dac908871957ac080 P 2fa0d3aa966c4be9b1d031913a7d2dd2: Neither blocks nor log segments found. Creating new log.
I20260608 09:57:07.051409 15992 tablet_bootstrap.cc:654] T e61594a33091490ab36336f9793c392e P 300e04930fbd4d718dff49dd4df68a72: Neither blocks nor log segments found. Creating new log.
I20260608 09:57:07.053052 15991 tablet_bootstrap.cc:654] T 1df0b0a6649d41288774cc34a258287b P 178574e766354e69aa38c85e077696cc: Neither blocks nor log segments found. Creating new log.
I20260608 09:57:07.075434 15992 tablet_bootstrap.cc:492] T e61594a33091490ab36336f9793c392e P 300e04930fbd4d718dff49dd4df68a72: No bootstrap required, opened a new log
I20260608 09:57:07.076095 15992 ts_tablet_manager.cc:1403] T e61594a33091490ab36336f9793c392e P 300e04930fbd4d718dff49dd4df68a72: Time spent bootstrapping tablet: real 0.037s	user 0.015s	sys 0.013s
I20260608 09:57:07.075434 15990 tablet_bootstrap.cc:492] T 24ea325b38d4414dac908871957ac080 P 2fa0d3aa966c4be9b1d031913a7d2dd2: No bootstrap required, opened a new log
I20260608 09:57:07.078444 15942 tablet_service.cc:1511] Processing CreateTablet for tablet fef22fdbd015426abca06a2befee9cb0 (DEFAULT_TABLE table=range_aware_rebalance_new_range [id=6596cfe8b33b4b92b23272478d081cf1]), partition=HASH (key) PARTITION 7, RANGE (key) PARTITION 10 <= VALUES < 20
I20260608 09:57:07.079360 15990 ts_tablet_manager.cc:1403] T 24ea325b38d4414dac908871957ac080 P 2fa0d3aa966c4be9b1d031913a7d2dd2: Time spent bootstrapping tablet: real 0.049s	user 0.015s	sys 0.015s
I20260608 09:57:07.079304 15992 raft_consensus.cc:359] T e61594a33091490ab36336f9793c392e P 300e04930fbd4d718dff49dd4df68a72 [term 0 FOLLOWER]: Replica starting. Triggering 0 pending ops. Active config: opid_index: -1 OBSOLETE_local: false peers { permanent_uuid: "622e6cf3c47a4176b596de638ca043be" member_type: VOTER last_known_addr { host: "127.12.93.4" port: 37753 } } peers { permanent_uuid: "178574e766354e69aa38c85e077696cc" member_type: VOTER last_known_addr { host: "127.12.93.1" port: 33725 } } peers { permanent_uuid: "300e04930fbd4d718dff49dd4df68a72" member_type: VOTER last_known_addr { host: "127.12.93.2" port: 37795 } }
I20260608 09:57:07.080299 15992 raft_consensus.cc:385] T e61594a33091490ab36336f9793c392e P 300e04930fbd4d718dff49dd4df68a72 [term 0 FOLLOWER]: Consensus starting up: Expiring failure detector timer to make a prompt election more likely
I20260608 09:57:07.080689 15992 raft_consensus.cc:740] T e61594a33091490ab36336f9793c392e P 300e04930fbd4d718dff49dd4df68a72 [term 0 FOLLOWER]: Becoming Follower/Learner. State: Replica: 300e04930fbd4d718dff49dd4df68a72, State: Initialized, Role: FOLLOWER
I20260608 09:57:07.081344 15949 tablet_service.cc:1511] Processing CreateTablet for tablet dd1c74655d9f4bf089eb2bcf584d73ce (DEFAULT_TABLE table=range_aware_rebalance_new_range [id=6596cfe8b33b4b92b23272478d081cf1]), partition=HASH (key) PARTITION 0, RANGE (key) PARTITION 10 <= VALUES < 20
I20260608 09:57:07.081526 15992 consensus_queue.cc:260] T e61594a33091490ab36336f9793c392e P 300e04930fbd4d718dff49dd4df68a72 [NON_LEADER]: Queue going to NON_LEADER mode. State: All replicated index: 0, Majority replicated index: 0, Committed index: 0, Last appended: 0.0, Last appended by leader: 0, Current term: 0, Majority size: -1, State: 0, Mode: NON_LEADER, active raft config: opid_index: -1 OBSOLETE_local: false peers { permanent_uuid: "622e6cf3c47a4176b596de638ca043be" member_type: VOTER last_known_addr { host: "127.12.93.4" port: 37753 } } peers { permanent_uuid: "178574e766354e69aa38c85e077696cc" member_type: VOTER last_known_addr { host: "127.12.93.1" port: 33725 } } peers { permanent_uuid: "300e04930fbd4d718dff49dd4df68a72" member_type: VOTER last_known_addr { host: "127.12.93.2" port: 37795 } }
I20260608 09:57:07.082468 15990 raft_consensus.cc:359] T 24ea325b38d4414dac908871957ac080 P 2fa0d3aa966c4be9b1d031913a7d2dd2 [term 0 FOLLOWER]: Replica starting. Triggering 0 pending ops. Active config: opid_index: -1 OBSOLETE_local: false peers { permanent_uuid: "622e6cf3c47a4176b596de638ca043be" member_type: VOTER last_known_addr { host: "127.12.93.4" port: 37753 } } peers { permanent_uuid: "2fa0d3aa966c4be9b1d031913a7d2dd2" member_type: VOTER last_known_addr { host: "127.12.93.3" port: 42957 } } peers { permanent_uuid: "178574e766354e69aa38c85e077696cc" member_type: VOTER last_known_addr { host: "127.12.93.1" port: 33725 } }
I20260608 09:57:07.083199 15990 raft_consensus.cc:385] T 24ea325b38d4414dac908871957ac080 P 2fa0d3aa966c4be9b1d031913a7d2dd2 [term 0 FOLLOWER]: Consensus starting up: Expiring failure detector timer to make a prompt election more likely
I20260608 09:57:07.083492 15990 raft_consensus.cc:740] T 24ea325b38d4414dac908871957ac080 P 2fa0d3aa966c4be9b1d031913a7d2dd2 [term 0 FOLLOWER]: Becoming Follower/Learner. State: Replica: 2fa0d3aa966c4be9b1d031913a7d2dd2, State: Initialized, Role: FOLLOWER
I20260608 09:57:07.083590 15991 tablet_bootstrap.cc:492] T 1df0b0a6649d41288774cc34a258287b P 178574e766354e69aa38c85e077696cc: No bootstrap required, opened a new log
I20260608 09:57:07.083755 15948 tablet_service.cc:1511] Processing CreateTablet for tablet a281d8208f8e4ad4a13695efff2ac00d (DEFAULT_TABLE table=range_aware_rebalance_new_range [id=6596cfe8b33b4b92b23272478d081cf1]), partition=HASH (key) PARTITION 1, RANGE (key) PARTITION 10 <= VALUES < 20
I20260608 09:57:07.084487 15991 ts_tablet_manager.cc:1403] T 1df0b0a6649d41288774cc34a258287b P 178574e766354e69aa38c85e077696cc: Time spent bootstrapping tablet: real 0.049s	user 0.014s	sys 0.007s
I20260608 09:57:07.086089 15947 tablet_service.cc:1511] Processing CreateTablet for tablet 2cb5d355a2224eb4a3c0de33ce0f8fbc (DEFAULT_TABLE table=range_aware_rebalance_new_range [id=6596cfe8b33b4b92b23272478d081cf1]), partition=HASH (key) PARTITION 2, RANGE (key) PARTITION 10 <= VALUES < 20
I20260608 09:57:07.087464 15991 raft_consensus.cc:359] T 1df0b0a6649d41288774cc34a258287b P 178574e766354e69aa38c85e077696cc [term 0 FOLLOWER]: Replica starting. Triggering 0 pending ops. Active config: opid_index: -1 OBSOLETE_local: false peers { permanent_uuid: "300e04930fbd4d718dff49dd4df68a72" member_type: VOTER last_known_addr { host: "127.12.93.2" port: 37795 } } peers { permanent_uuid: "178574e766354e69aa38c85e077696cc" member_type: VOTER last_known_addr { host: "127.12.93.1" port: 33725 } } peers { permanent_uuid: "622e6cf3c47a4176b596de638ca043be" member_type: VOTER last_known_addr { host: "127.12.93.4" port: 37753 } }
I20260608 09:57:07.088192 15991 raft_consensus.cc:385] T 1df0b0a6649d41288774cc34a258287b P 178574e766354e69aa38c85e077696cc [term 0 FOLLOWER]: Consensus starting up: Expiring failure detector timer to make a prompt election more likely
I20260608 09:57:07.088495 15991 raft_consensus.cc:740] T 1df0b0a6649d41288774cc34a258287b P 178574e766354e69aa38c85e077696cc [term 0 FOLLOWER]: Becoming Follower/Learner. State: Replica: 178574e766354e69aa38c85e077696cc, State: Initialized, Role: FOLLOWER
I20260608 09:57:07.088626 15992 ts_tablet_manager.cc:1434] T e61594a33091490ab36336f9793c392e P 300e04930fbd4d718dff49dd4df68a72: Time spent starting tablet: real 0.012s	user 0.005s	sys 0.002s
I20260608 09:57:07.089820 15992 tablet_bootstrap.cc:492] T 2cb5d355a2224eb4a3c0de33ce0f8fbc P 300e04930fbd4d718dff49dd4df68a72: Bootstrap starting.
I20260608 09:57:07.090267 15990 consensus_queue.cc:260] T 24ea325b38d4414dac908871957ac080 P 2fa0d3aa966c4be9b1d031913a7d2dd2 [NON_LEADER]: Queue going to NON_LEADER mode. State: All replicated index: 0, Majority replicated index: 0, Committed index: 0, Last appended: 0.0, Last appended by leader: 0, Current term: 0, Majority size: -1, State: 0, Mode: NON_LEADER, active raft config: opid_index: -1 OBSOLETE_local: false peers { permanent_uuid: "622e6cf3c47a4176b596de638ca043be" member_type: VOTER last_known_addr { host: "127.12.93.4" port: 37753 } } peers { permanent_uuid: "2fa0d3aa966c4be9b1d031913a7d2dd2" member_type: VOTER last_known_addr { host: "127.12.93.3" port: 42957 } } peers { permanent_uuid: "178574e766354e69aa38c85e077696cc" member_type: VOTER last_known_addr { host: "127.12.93.1" port: 33725 } }
I20260608 09:57:07.090472 15944 tablet_service.cc:1511] Processing CreateTablet for tablet 72906b8288a24b4a9710a742819e0841 (DEFAULT_TABLE table=range_aware_rebalance_new_range [id=6596cfe8b33b4b92b23272478d081cf1]), partition=HASH (key) PARTITION 5, RANGE (key) PARTITION 10 <= VALUES < 20
I20260608 09:57:07.092661 15990 ts_tablet_manager.cc:1434] T 24ea325b38d4414dac908871957ac080 P 2fa0d3aa966c4be9b1d031913a7d2dd2: Time spent starting tablet: real 0.013s	user 0.006s	sys 0.000s
I20260608 09:57:07.092944 15943 tablet_service.cc:1511] Processing CreateTablet for tablet e61594a33091490ab36336f9793c392e (DEFAULT_TABLE table=range_aware_rebalance_new_range [id=6596cfe8b33b4b92b23272478d081cf1]), partition=HASH (key) PARTITION 6, RANGE (key) PARTITION 10 <= VALUES < 20
I20260608 09:57:07.093660 15990 tablet_bootstrap.cc:492] T 2cb5d355a2224eb4a3c0de33ce0f8fbc P 2fa0d3aa966c4be9b1d031913a7d2dd2: Bootstrap starting.
I20260608 09:57:07.089345 15991 consensus_queue.cc:260] T 1df0b0a6649d41288774cc34a258287b P 178574e766354e69aa38c85e077696cc [NON_LEADER]: Queue going to NON_LEADER mode. State: All replicated index: 0, Majority replicated index: 0, Committed index: 0, Last appended: 0.0, Last appended by leader: 0, Current term: 0, Majority size: -1, State: 0, Mode: NON_LEADER, active raft config: opid_index: -1 OBSOLETE_local: false peers { permanent_uuid: "300e04930fbd4d718dff49dd4df68a72" member_type: VOTER last_known_addr { host: "127.12.93.2" port: 37795 } } peers { permanent_uuid: "178574e766354e69aa38c85e077696cc" member_type: VOTER last_known_addr { host: "127.12.93.1" port: 33725 } } peers { permanent_uuid: "622e6cf3c47a4176b596de638ca043be" member_type: VOTER last_known_addr { host: "127.12.93.4" port: 37753 } }
I20260608 09:57:07.098204 15992 tablet_bootstrap.cc:654] T 2cb5d355a2224eb4a3c0de33ce0f8fbc P 300e04930fbd4d718dff49dd4df68a72: Neither blocks nor log segments found. Creating new log.
I20260608 09:57:07.099567 15991 ts_tablet_manager.cc:1434] T 1df0b0a6649d41288774cc34a258287b P 178574e766354e69aa38c85e077696cc: Time spent starting tablet: real 0.015s	user 0.007s	sys 0.000s
I20260608 09:57:07.100622 15945 tablet_service.cc:1511] Processing CreateTablet for tablet 24ea325b38d4414dac908871957ac080 (DEFAULT_TABLE table=range_aware_rebalance_new_range [id=6596cfe8b33b4b92b23272478d081cf1]), partition=HASH (key) PARTITION 4, RANGE (key) PARTITION 10 <= VALUES < 20
I20260608 09:57:07.101864 15946 tablet_service.cc:1511] Processing CreateTablet for tablet 1df0b0a6649d41288774cc34a258287b (DEFAULT_TABLE table=range_aware_rebalance_new_range [id=6596cfe8b33b4b92b23272478d081cf1]), partition=HASH (key) PARTITION 3, RANGE (key) PARTITION 10 <= VALUES < 20
I20260608 09:57:07.102949 15991 tablet_bootstrap.cc:492] T a281d8208f8e4ad4a13695efff2ac00d P 178574e766354e69aa38c85e077696cc: Bootstrap starting.
W20260608 09:57:07.108018 15589 auto_rebalancer.cc:259] Could not retrieve cluster info: Service unavailable: Tablet not running
I20260608 09:57:07.110299 15991 tablet_bootstrap.cc:654] T a281d8208f8e4ad4a13695efff2ac00d P 178574e766354e69aa38c85e077696cc: Neither blocks nor log segments found. Creating new log.
I20260608 09:57:07.080003 15942 data_dirs.cc:400] Could only allocate 1 dirs of requested 3 for tablet fef22fdbd015426abca06a2befee9cb0. 1 dirs total, 0 dirs full, 0 dirs failed
I20260608 09:57:07.111343 15990 tablet_bootstrap.cc:654] T 2cb5d355a2224eb4a3c0de33ce0f8fbc P 2fa0d3aa966c4be9b1d031913a7d2dd2: Neither blocks nor log segments found. Creating new log.
I20260608 09:57:07.115468 15948 data_dirs.cc:400] Could only allocate 1 dirs of requested 3 for tablet a281d8208f8e4ad4a13695efff2ac00d. 1 dirs total, 0 dirs full, 0 dirs failed
I20260608 09:57:07.118168 15992 tablet_bootstrap.cc:492] T 2cb5d355a2224eb4a3c0de33ce0f8fbc P 300e04930fbd4d718dff49dd4df68a72: No bootstrap required, opened a new log
I20260608 09:57:07.118724 15992 ts_tablet_manager.cc:1403] T 2cb5d355a2224eb4a3c0de33ce0f8fbc P 300e04930fbd4d718dff49dd4df68a72: Time spent bootstrapping tablet: real 0.029s	user 0.007s	sys 0.004s
I20260608 09:57:07.119431 15946 data_dirs.cc:400] Could only allocate 1 dirs of requested 3 for tablet 1df0b0a6649d41288774cc34a258287b. 1 dirs total, 0 dirs full, 0 dirs failed
I20260608 09:57:07.120728 15991 tablet_bootstrap.cc:492] T a281d8208f8e4ad4a13695efff2ac00d P 178574e766354e69aa38c85e077696cc: No bootstrap required, opened a new log
I20260608 09:57:07.121294 15991 ts_tablet_manager.cc:1403] T a281d8208f8e4ad4a13695efff2ac00d P 178574e766354e69aa38c85e077696cc: Time spent bootstrapping tablet: real 0.019s	user 0.011s	sys 0.004s
I20260608 09:57:07.123448 15949 data_dirs.cc:400] Could only allocate 1 dirs of requested 3 for tablet dd1c74655d9f4bf089eb2bcf584d73ce. 1 dirs total, 0 dirs full, 0 dirs failed
I20260608 09:57:07.124890 15991 raft_consensus.cc:359] T a281d8208f8e4ad4a13695efff2ac00d P 178574e766354e69aa38c85e077696cc [term 0 FOLLOWER]: Replica starting. Triggering 0 pending ops. Active config: opid_index: -1 OBSOLETE_local: false peers { permanent_uuid: "2fa0d3aa966c4be9b1d031913a7d2dd2" member_type: VOTER last_known_addr { host: "127.12.93.3" port: 42957 } } peers { permanent_uuid: "622e6cf3c47a4176b596de638ca043be" member_type: VOTER last_known_addr { host: "127.12.93.4" port: 37753 } } peers { permanent_uuid: "178574e766354e69aa38c85e077696cc" member_type: VOTER last_known_addr { host: "127.12.93.1" port: 33725 } }
I20260608 09:57:07.125671 15991 raft_consensus.cc:385] T a281d8208f8e4ad4a13695efff2ac00d P 178574e766354e69aa38c85e077696cc [term 0 FOLLOWER]: Consensus starting up: Expiring failure detector timer to make a prompt election more likely
I20260608 09:57:07.125988 15991 raft_consensus.cc:740] T a281d8208f8e4ad4a13695efff2ac00d P 178574e766354e69aa38c85e077696cc [term 0 FOLLOWER]: Becoming Follower/Learner. State: Replica: 178574e766354e69aa38c85e077696cc, State: Initialized, Role: FOLLOWER
I20260608 09:57:07.127485 15945 data_dirs.cc:400] Could only allocate 1 dirs of requested 3 for tablet 24ea325b38d4414dac908871957ac080. 1 dirs total, 0 dirs full, 0 dirs failed
