I20260608 09:56:47.604440 12660 fs_manager.cc:647] Opened local filesystem: /tmp/dist-test-task_9ktdS/test-tmp/auto_rebalancer-test.0.AutoRebalancerTest.NoReplicaMovesIfNoTablets.1780912541575354-12660-0/minicluster-data/ts-2-root
uuid: "f47f5369a6654a2abce1047d4e5eb4c2"
format_stamp: "Formatted at 2026-06-08 09:56:47 on dist-test-slave-cqs2"
I20260608 09:56:47.604696 12660 fs_report.cc:389] FS layout report
--------------------
wal directory: /tmp/dist-test-task_9ktdS/test-tmp/auto_rebalancer-test.0.AutoRebalancerTest.NoReplicaMovesIfNoTablets.1780912541575354-12660-0/minicluster-data/ts-2-root
metadata directory: /tmp/dist-test-task_9ktdS/test-tmp/auto_rebalancer-test.0.AutoRebalancerTest.NoReplicaMovesIfNoTablets.1780912541575354-12660-0/minicluster-data/ts-2-root
1 data directories: /tmp/dist-test-task_9ktdS/test-tmp/auto_rebalancer-test.0.AutoRebalancerTest.NoReplicaMovesIfNoTablets.1780912541575354-12660-0/minicluster-data/ts-2-root/data
Total live blocks: 0
Total live bytes: 0
Total live bytes (after alignment): 0
Total number of LBM containers: 0 (0 full)
Did not check for missing blocks
Did not check for orphaned blocks
Total full LBM containers with extra space: 0 (0 repaired)
Total full LBM container extra space in bytes: 0 (0 repaired)
Total incomplete LBM containers: 0 (0 repaired)
Total LBM partial records: 0 (0 repaired)
Total corrupted LBM metadata records in RocksDB: 0 (0 repaired)
I20260608 09:56:47.620601 12660 rpc_server.cc:225] running with OpenSSL 1.1.1  11 Sep 2018
I20260608 09:56:47.621964 12660 kserver.cc:163] Server-wide thread pool size limit: 3276
I20260608 09:56:47.623561 12660 txn_system_client.cc:432] TxnSystemClient initialization is disabled...
I20260608 09:56:47.625963 12660 ts_tablet_manager.cc:585] Loaded tablet metadata (0 total tablets, 0 live tablets)
I20260608 09:56:47.626184 12660 ts_tablet_manager.cc:531] Time spent load tablet metadata: real 0.000s	user 0.000s	sys 0.000s
I20260608 09:56:47.626421 12660 ts_tablet_manager.cc:616] Registered 0 tablets
I20260608 09:56:47.626579 12660 ts_tablet_manager.cc:595] Time spent register tablets: real 0.000s	user 0.000s	sys 0.000s
I20260608 09:56:47.669591 12660 rpc_server.cc:307] RPC server started. Bound to: 127.12.93.3:33107
I20260608 09:56:47.669713 15157 acceptor_pool.cc:272] collecting diagnostics on the listening RPC socket 127.12.93.3:33107 every 8 connection(s)
I20260608 09:56:47.683470 15158 heartbeater.cc:344] Connected to a master server at 127.12.93.62:39939
I20260608 09:56:47.683840 15158 heartbeater.cc:461] Registering TS with master...
I20260608 09:56:47.684531 15158 heartbeater.cc:507] Master 127.12.93.62:39939 requested a full tablet report, sending...
I20260608 09:56:47.686393 14882 ts_manager.cc:194] Registered new tserver with Master: f47f5369a6654a2abce1047d4e5eb4c2 (127.12.93.3:33107)
I20260608 09:56:47.686527 12660 internal_mini_cluster.cc:371] 3 TS(s) registered with all masters after 0.013460445s
I20260608 09:56:47.687798 14882 master_service.cc:502] Signed X509 certificate for tserver {username='slave'} at 127.0.0.1:44988
I20260608 09:56:48.503253 15009 heartbeater.cc:499] Master 127.12.93.62:39939 was elected leader, sending a full tablet report...
I20260608 09:56:48.596165 15084 heartbeater.cc:499] Master 127.12.93.62:39939 was elected leader, sending a full tablet report...
I20260608 09:56:48.690131 15158 heartbeater.cc:499] Master 127.12.93.62:39939 was elected leader, sending a full tablet report...
I20260608 09:56:49.236771 14935 auto_leader_rebalancer.cc:451] All tables' leader rebalancing finished this round
I20260608 09:56:51.237753 14935 auto_leader_rebalancer.cc:451] All tables' leader rebalancing finished this round
I20260608 09:56:53.238915 14935 auto_leader_rebalancer.cc:451] All tables' leader rebalancing finished this round
I20260608 09:56:56.829020 14935 auto_leader_rebalancer.cc:451] All tables' leader rebalancing finished this round
W20260608 09:56:56.954834 15154 debug-util.cc:398] Leaking SignalData structure 0x7b08002313a0 after lost signal to thread 12663
W20260608 09:56:56.955765 15154 debug-util.cc:398] Leaking SignalData structure 0x7b08002041c0 after lost signal to thread 14916
W20260608 09:56:56.956661 15154 debug-util.cc:398] Leaking SignalData structure 0x7b0800080940 after lost signal to thread 15008
W20260608 09:56:56.957571 15154 debug-util.cc:398] Leaking SignalData structure 0x7b080022f980 after lost signal to thread 15083
W20260608 09:56:56.958348 15154 debug-util.cc:398] Leaking SignalData structure 0x7b08000f1420 after lost signal to thread 15157
W20260608 09:56:57.843787 15005 debug-util.cc:398] Leaking SignalData structure 0x7b08000fa8a0 after lost signal to thread 12663
W20260608 09:56:57.844661 15005 debug-util.cc:398] Leaking SignalData structure 0x7b08000293a0 after lost signal to thread 14916
W20260608 09:56:57.845614 15005 debug-util.cc:398] Leaking SignalData structure 0x7b08000a9f40 after lost signal to thread 15008
W20260608 09:56:57.846408 15005 debug-util.cc:398] Leaking SignalData structure 0x7b08000a1460 after lost signal to thread 15083
W20260608 09:56:57.847235 15005 debug-util.cc:398] Leaking SignalData structure 0x7b08001098a0 after lost signal to thread 15157
W20260608 09:56:57.847447 15005 debug-util.cc:398] Leaking SignalData structure 0x7b080017e6a0 after lost signal to thread 15158
I20260608 09:56:58.830267 14935 auto_leader_rebalancer.cc:451] All tables' leader rebalancing finished this round
I20260608 09:57:00.831383 14935 auto_leader_rebalancer.cc:451] All tables' leader rebalancing finished this round
I20260608 09:57:01.076316 12660 tablet_server.cc:179] TabletServer@127.12.93.1:0 shutting down...
I20260608 09:57:01.098116 12660 ts_tablet_manager.cc:1507] Shutting down tablet manager...
I20260608 09:57:01.132019 12660 tablet_server.cc:196] TabletServer@127.12.93.1:0 shutdown complete.
I20260608 09:57:01.142063 12660 tablet_server.cc:179] TabletServer@127.12.93.2:0 shutting down...
I20260608 09:57:01.160207 12660 ts_tablet_manager.cc:1507] Shutting down tablet manager...
I20260608 09:57:01.176043 12660 tablet_server.cc:196] TabletServer@127.12.93.2:0 shutdown complete.
I20260608 09:57:01.184583 12660 tablet_server.cc:179] TabletServer@127.12.93.3:0 shutting down...
I20260608 09:57:01.201599 12660 ts_tablet_manager.cc:1507] Shutting down tablet manager...
I20260608 09:57:01.233265 12660 tablet_server.cc:196] TabletServer@127.12.93.3:0 shutdown complete.
I20260608 09:57:01.242050 12660 master.cc:562] Master@127.12.93.62:39939 shutting down...
I20260608 09:57:01.259176 12660 raft_consensus.cc:2243] T 00000000000000000000000000000000 P 7872fb382ea44a5fa6c1bf78df397014 [term 1 LEADER]: Raft consensus shutting down.
I20260608 09:57:01.259896 12660 raft_consensus.cc:2272] T 00000000000000000000000000000000 P 7872fb382ea44a5fa6c1bf78df397014 [term 1 FOLLOWER]: Raft consensus is shut down!
I20260608 09:57:01.260254 12660 tablet_replica.cc:333] T 00000000000000000000000000000000 P 7872fb382ea44a5fa6c1bf78df397014: stopping tablet replica
I20260608 09:57:01.277788 12660 master.cc:584] Master@127.12.93.62:39939 shutdown complete.
[       OK ] AutoRebalancerTest.NoReplicaMovesIfNoTablets (14208 ms)
[ RUN      ] AutoRebalancerTest.RangeAwareBuildClusterInfoGroupsByRange
I20260608 09:57:01.309051 12660 internal_mini_cluster.cc:156] Creating distributed mini masters. Addrs: 127.12.93.62:44713
I20260608 09:57:01.310179 12660 file_cache.cc:492] Constructed file cache file cache with capacity 419430
W20260608 09:57:01.315537 15163 instance_detector.cc:116] could not retrieve AWS instance metadata: Network error: curl error: HTTP response code said error: The requested URL returned error: 404
W20260608 09:57:01.315579 15164 instance_detector.cc:116] could not retrieve Azure instance metadata: Network error: curl error: HTTP response code said error: The requested URL returned error: 404
W20260608 09:57:01.316921 15166 instance_detector.cc:116] could not retrieve OpenStack instance metadata: Network error: curl error: HTTP response code said error: The requested URL returned error: 404
I20260608 09:57:01.318753 12660 server_base.cc:1061] running on GCE node
I20260608 09:57:01.319497 12660 hybrid_clock.cc:584] initializing the hybrid clock with 'system_unsync' time source
W20260608 09:57:01.319669 12660 system_unsync_time.cc:38] NTP support is disabled. Clock error bounds will not be accurate. This configuration is not suitable for distributed clusters.
I20260608 09:57:01.319788 12660 hybrid_clock.cc:648] HybridClock initialized: now 1780912621319777 us; error 0 us; skew 500 ppm
I20260608 09:57:01.320272 12660 server_base.cc:861] Flag tcmalloc_max_total_thread_cache_bytes is not working since tcmalloc is not enabled.
I20260608 09:57:01.322544 12660 webserver.cc:533] Webserver started at http://127.12.93.62:45791/ using document root <none> and password file <none>
I20260608 09:57:01.323010 12660 fs_manager.cc:362] Metadata directory not provided
I20260608 09:57:01.323212 12660 fs_manager.cc:368] Using write-ahead log directory (fs_wal_dir) as metadata directory
I20260608 09:57:01.323447 12660 server_base.cc:909] This appears to be a new deployment of Kudu; creating new FS layout
I20260608 09:57:01.324594 12660 fs_manager.cc:1068] Generated new instance metadata in path /tmp/dist-test-task_9ktdS/test-tmp/auto_rebalancer-test.0.AutoRebalancerTest.RangeAwareBuildClusterInfoGroupsByRange.1780912541575354-12660-0/minicluster-data/master-0-root/instance:
uuid: "649469451dcb4661a40d244abea93c89"
format_stamp: "Formatted at 2026-06-08 09:57:01 on dist-test-slave-cqs2"
I20260608 09:57:01.329000 12660 fs_manager.cc:696] Time spent creating directory manager: real 0.004s	user 0.005s	sys 0.000s
I20260608 09:57:01.332427 15171 log_block_manager.cc:4031] Time spent loading block containers with low live blocks: real 0.000s	user 0.000s	sys 0.000s
I20260608 09:57:01.333129 12660 fs_manager.cc:730] Time spent opening block manager: real 0.002s	user 0.000s	sys 0.003s
I20260608 09:57:01.333403 12660 fs_manager.cc:647] Opened local filesystem: /tmp/dist-test-task_9ktdS/test-tmp/auto_rebalancer-test.0.AutoRebalancerTest.RangeAwareBuildClusterInfoGroupsByRange.1780912541575354-12660-0/minicluster-data/master-0-root
uuid: "649469451dcb4661a40d244abea93c89"
format_stamp: "Formatted at 2026-06-08 09:57:01 on dist-test-slave-cqs2"
I20260608 09:57:01.333663 12660 fs_report.cc:389] FS layout report
--------------------
wal directory: /tmp/dist-test-task_9ktdS/test-tmp/auto_rebalancer-test.0.AutoRebalancerTest.RangeAwareBuildClusterInfoGroupsByRange.1780912541575354-12660-0/minicluster-data/master-0-root
metadata directory: /tmp/dist-test-task_9ktdS/test-tmp/auto_rebalancer-test.0.AutoRebalancerTest.RangeAwareBuildClusterInfoGroupsByRange.1780912541575354-12660-0/minicluster-data/master-0-root
1 data directories: /tmp/dist-test-task_9ktdS/test-tmp/auto_rebalancer-test.0.AutoRebalancerTest.RangeAwareBuildClusterInfoGroupsByRange.1780912541575354-12660-0/minicluster-data/master-0-root/data
Total live blocks: 0
Total live bytes: 0
Total live bytes (after alignment): 0
Total number of LBM containers: 0 (0 full)
Did not check for missing blocks
Did not check for orphaned blocks
Total full LBM containers with extra space: 0 (0 repaired)
Total full LBM container extra space in bytes: 0 (0 repaired)
Total incomplete LBM containers: 0 (0 repaired)
Total LBM partial records: 0 (0 repaired)
Total corrupted LBM metadata records in RocksDB: 0 (0 repaired)
I20260608 09:57:01.344830 12660 rpc_server.cc:225] running with OpenSSL 1.1.1  11 Sep 2018
I20260608 09:57:01.345990 12660 kserver.cc:163] Server-wide thread pool size limit: 3276
I20260608 09:57:01.384711 12660 rpc_server.cc:307] RPC server started. Bound to: 127.12.93.62:44713
I20260608 09:57:01.384865 15222 acceptor_pool.cc:272] collecting diagnostics on the listening RPC socket 127.12.93.62:44713 every 8 connection(s)
I20260608 09:57:01.388917 15223 data_dirs.cc:400] Could only allocate 1 dirs of requested 3 for tablet 00000000000000000000000000000000. 1 dirs total, 0 dirs full, 0 dirs failed
I20260608 09:57:01.399991 15223 tablet_bootstrap.cc:492] T 00000000000000000000000000000000 P 649469451dcb4661a40d244abea93c89: Bootstrap starting.
I20260608 09:57:01.405510 15223 tablet_bootstrap.cc:654] T 00000000000000000000000000000000 P 649469451dcb4661a40d244abea93c89: Neither blocks nor log segments found. Creating new log.
I20260608 09:57:01.410740 15223 tablet_bootstrap.cc:492] T 00000000000000000000000000000000 P 649469451dcb4661a40d244abea93c89: No bootstrap required, opened a new log
I20260608 09:57:01.413105 15223 raft_consensus.cc:359] T 00000000000000000000000000000000 P 649469451dcb4661a40d244abea93c89 [term 0 FOLLOWER]: Replica starting. Triggering 0 pending ops. Active config: opid_index: -1 OBSOLETE_local: true peers { permanent_uuid: "649469451dcb4661a40d244abea93c89" member_type: VOTER }
I20260608 09:57:01.413564 15223 raft_consensus.cc:385] T 00000000000000000000000000000000 P 649469451dcb4661a40d244abea93c89 [term 0 FOLLOWER]: Consensus starting up: Expiring failure detector timer to make a prompt election more likely
I20260608 09:57:01.413800 15223 raft_consensus.cc:740] T 00000000000000000000000000000000 P 649469451dcb4661a40d244abea93c89 [term 0 FOLLOWER]: Becoming Follower/Learner. State: Replica: 649469451dcb4661a40d244abea93c89, State: Initialized, Role: FOLLOWER
I20260608 09:57:01.414455 15223 consensus_queue.cc:260] T 00000000000000000000000000000000 P 649469451dcb4661a40d244abea93c89 [NON_LEADER]: Queue going to NON_LEADER mode. State: All replicated index: 0, Majority replicated index: 0, Committed index: 0, Last appended: 0.0, Last appended by leader: 0, Current term: 0, Majority size: -1, State: 0, Mode: NON_LEADER, active raft config: opid_index: -1 OBSOLETE_local: true peers { permanent_uuid: "649469451dcb4661a40d244abea93c89" member_type: VOTER }
I20260608 09:57:01.414933 15223 raft_consensus.cc:399] T 00000000000000000000000000000000 P 649469451dcb4661a40d244abea93c89 [term 0 FOLLOWER]: Only one voter in the Raft config. Triggering election immediately
I20260608 09:57:01.415194 15223 raft_consensus.cc:493] T 00000000000000000000000000000000 P 649469451dcb4661a40d244abea93c89 [term 0 FOLLOWER]: Starting leader election (initial election of a single-replica configuration)
I20260608 09:57:01.415454 15223 raft_consensus.cc:3060] T 00000000000000000000000000000000 P 649469451dcb4661a40d244abea93c89 [term 0 FOLLOWER]: Advancing to term 1
I20260608 09:57:01.419898 15223 raft_consensus.cc:515] T 00000000000000000000000000000000 P 649469451dcb4661a40d244abea93c89 [term 1 FOLLOWER]: Starting leader election with config: opid_index: -1 OBSOLETE_local: true peers { permanent_uuid: "649469451dcb4661a40d244abea93c89" member_type: VOTER }
I20260608 09:57:01.420394 15223 leader_election.cc:304] T 00000000000000000000000000000000 P 649469451dcb4661a40d244abea93c89 [CANDIDATE]: Term 1 election: Election decided. Result: candidate won. Election summary: received 1 responses out of 1 voters: 1 yes votes; 0 no votes. yes voters: 649469451dcb4661a40d244abea93c89; no voters: 
I20260608 09:57:01.421499 15223 leader_election.cc:290] T 00000000000000000000000000000000 P 649469451dcb4661a40d244abea93c89 [CANDIDATE]: Term 1 election: Requested vote from peers 
I20260608 09:57:01.421943 15226 raft_consensus.cc:2804] T 00000000000000000000000000000000 P 649469451dcb4661a40d244abea93c89 [term 1 FOLLOWER]: Leader election won for term 1
I20260608 09:57:01.423288 15226 raft_consensus.cc:697] T 00000000000000000000000000000000 P 649469451dcb4661a40d244abea93c89 [term 1 LEADER]: Becoming Leader. State: Replica: 649469451dcb4661a40d244abea93c89, State: Running, Role: LEADER
I20260608 09:57:01.423914 15226 consensus_queue.cc:237] T 00000000000000000000000000000000 P 649469451dcb4661a40d244abea93c89 [LEADER]: Queue going to LEADER mode. State: All replicated index: 0, Majority replicated index: 0, Committed index: 0, Last appended: 0.0, Last appended by leader: 0, Current term: 1, Majority size: 1, State: 0, Mode: LEADER, active raft config: opid_index: -1 OBSOLETE_local: true peers { permanent_uuid: "649469451dcb4661a40d244abea93c89" member_type: VOTER }
I20260608 09:57:01.424486 15223 sys_catalog.cc:565] T 00000000000000000000000000000000 P 649469451dcb4661a40d244abea93c89 [sys.catalog]: configured and running, proceeding with master startup.
I20260608 09:57:01.428676 15228 sys_catalog.cc:455] T 00000000000000000000000000000000 P 649469451dcb4661a40d244abea93c89 [sys.catalog]: SysCatalogTable state changed. Reason: New leader 649469451dcb4661a40d244abea93c89. Latest consensus state: current_term: 1 leader_uuid: "649469451dcb4661a40d244abea93c89" committed_config { opid_index: -1 OBSOLETE_local: true peers { permanent_uuid: "649469451dcb4661a40d244abea93c89" member_type: VOTER } }
I20260608 09:57:01.429035 15227 sys_catalog.cc:455] T 00000000000000000000000000000000 P 649469451dcb4661a40d244abea93c89 [sys.catalog]: SysCatalogTable state changed. Reason: RaftConsensus started. Latest consensus state: current_term: 1 leader_uuid: "649469451dcb4661a40d244abea93c89" committed_config { opid_index: -1 OBSOLETE_local: true peers { permanent_uuid: "649469451dcb4661a40d244abea93c89" member_type: VOTER } }
I20260608 09:57:01.429368 15228 sys_catalog.cc:458] T 00000000000000000000000000000000 P 649469451dcb4661a40d244abea93c89 [sys.catalog]: This master's current role is: LEADER
I20260608 09:57:01.429713 15227 sys_catalog.cc:458] T 00000000000000000000000000000000 P 649469451dcb4661a40d244abea93c89 [sys.catalog]: This master's current role is: LEADER
I20260608 09:57:01.434829 15233 catalog_manager.cc:1510] Loading table and tablet metadata into memory...
I20260608 09:57:01.442260 15233 catalog_manager.cc:1519] Initializing Kudu cluster ID...
I20260608 09:57:01.443261 12660 internal_mini_cluster.cc:184] Waiting to initialize catalog manager on master 0
I20260608 09:57:01.451877 15233 catalog_manager.cc:1382] Generated new cluster ID: c1394187b1bd4a0b9078655c4aba47a7
I20260608 09:57:01.452173 15233 catalog_manager.cc:1530] Initializing Kudu internal certificate authority...
I20260608 09:57:01.485446 15233 catalog_manager.cc:1405] Generated new certificate authority record
I20260608 09:57:01.486747 15233 catalog_manager.cc:1539] Loading token signing keys...
I20260608 09:57:01.502064 15233 catalog_manager.cc:6069] T 00000000000000000000000000000000 P 649469451dcb4661a40d244abea93c89: Generated new TSK 0
I20260608 09:57:01.502676 15233 catalog_manager.cc:1549] Initializing in-progress tserver states...
I20260608 09:57:01.509620 12660 file_cache.cc:492] Constructed file cache file cache with capacity 419430
W20260608 09:57:01.516114 15244 instance_detector.cc:116] could not retrieve AWS instance metadata: Network error: curl error: HTTP response code said error: The requested URL returned error: 404
W20260608 09:57:01.516937 15245 instance_detector.cc:116] could not retrieve Azure instance metadata: Network error: curl error: HTTP response code said error: The requested URL returned error: 404
W20260608 09:57:01.518464 15247 instance_detector.cc:116] could not retrieve OpenStack instance metadata: Network error: curl error: HTTP response code said error: The requested URL returned error: 404
I20260608 09:57:01.518612 12660 server_base.cc:1061] running on GCE node
I20260608 09:57:01.519675 12660 hybrid_clock.cc:584] initializing the hybrid clock with 'system_unsync' time source
W20260608 09:57:01.519869 12660 system_unsync_time.cc:38] NTP support is disabled. Clock error bounds will not be accurate. This configuration is not suitable for distributed clusters.
I20260608 09:57:01.519994 12660 hybrid_clock.cc:648] HybridClock initialized: now 1780912621519982 us; error 0 us; skew 500 ppm
I20260608 09:57:01.520519 12660 server_base.cc:861] Flag tcmalloc_max_total_thread_cache_bytes is not working since tcmalloc is not enabled.
I20260608 09:57:01.522773 12660 webserver.cc:533] Webserver started at http://127.12.93.1:34471/ using document root <none> and password file <none>
I20260608 09:57:01.523280 12660 fs_manager.cc:362] Metadata directory not provided
I20260608 09:57:01.523442 12660 fs_manager.cc:368] Using write-ahead log directory (fs_wal_dir) as metadata directory
I20260608 09:57:01.523684 12660 server_base.cc:909] This appears to be a new deployment of Kudu; creating new FS layout
I20260608 09:57:01.524775 12660 fs_manager.cc:1068] Generated new instance metadata in path /tmp/dist-test-task_9ktdS/test-tmp/auto_rebalancer-test.0.AutoRebalancerTest.RangeAwareBuildClusterInfoGroupsByRange.1780912541575354-12660-0/minicluster-data/ts-0-root/instance:
uuid: "5dd1a8e653f64398809b30a7eb294f82"
format_stamp: "Formatted at 2026-06-08 09:57:01 on dist-test-slave-cqs2"
I20260608 09:57:01.529676 12660 fs_manager.cc:696] Time spent creating directory manager: real 0.004s	user 0.001s	sys 0.004s
I20260608 09:57:01.533931 15252 log_block_manager.cc:4031] Time spent loading block containers with low live blocks: real 0.000s	user 0.000s	sys 0.000s
I20260608 09:57:01.535032 12660 fs_manager.cc:730] Time spent opening block manager: real 0.003s	user 0.002s	sys 0.000s
I20260608 09:57:01.535457 12660 fs_manager.cc:647] Opened local filesystem: /tmp/dist-test-task_9ktdS/test-tmp/auto_rebalancer-test.0.AutoRebalancerTest.RangeAwareBuildClusterInfoGroupsByRange.1780912541575354-12660-0/minicluster-data/ts-0-root
uuid: "5dd1a8e653f64398809b30a7eb294f82"
format_stamp: "Formatted at 2026-06-08 09:57:01 on dist-test-slave-cqs2"
I20260608 09:57:01.535842 12660 fs_report.cc:389] FS layout report
--------------------
wal directory: /tmp/dist-test-task_9ktdS/test-tmp/auto_rebalancer-test.0.AutoRebalancerTest.RangeAwareBuildClusterInfoGroupsByRange.1780912541575354-12660-0/minicluster-data/ts-0-root
metadata directory: /tmp/dist-test-task_9ktdS/test-tmp/auto_rebalancer-test.0.AutoRebalancerTest.RangeAwareBuildClusterInfoGroupsByRange.1780912541575354-12660-0/minicluster-data/ts-0-root
1 data directories: /tmp/dist-test-task_9ktdS/test-tmp/auto_rebalancer-test.0.AutoRebalancerTest.RangeAwareBuildClusterInfoGroupsByRange.1780912541575354-12660-0/minicluster-data/ts-0-root/data
Total live blocks: 0
Total live bytes: 0
Total live bytes (after alignment): 0
Total number of LBM containers: 0 (0 full)
Did not check for missing blocks
Did not check for orphaned blocks
Total full LBM containers with extra space: 0 (0 repaired)
Total full LBM container extra space in bytes: 0 (0 repaired)
Total incomplete LBM containers: 0 (0 repaired)
Total LBM partial records: 0 (0 repaired)
Total corrupted LBM metadata records in RocksDB: 0 (0 repaired)
I20260608 09:57:01.564775 12660 rpc_server.cc:225] running with OpenSSL 1.1.1  11 Sep 2018
I20260608 09:57:01.566015 12660 kserver.cc:163] Server-wide thread pool size limit: 3276
I20260608 09:57:01.567531 12660 txn_system_client.cc:432] TxnSystemClient initialization is disabled...
I20260608 09:57:01.569988 12660 ts_tablet_manager.cc:585] Loaded tablet metadata (0 total tablets, 0 live tablets)
I20260608 09:57:01.570169 12660 ts_tablet_manager.cc:531] Time spent load tablet metadata: real 0.000s	user 0.000s	sys 0.000s
I20260608 09:57:01.570428 12660 ts_tablet_manager.cc:616] Registered 0 tablets
I20260608 09:57:01.570575 12660 ts_tablet_manager.cc:595] Time spent register tablets: real 0.000s	user 0.000s	sys 0.000s
I20260608 09:57:01.611797 12660 rpc_server.cc:307] RPC server started. Bound to: 127.12.93.1:33115
I20260608 09:57:01.611943 15314 acceptor_pool.cc:272] collecting diagnostics on the listening RPC socket 127.12.93.1:33115 every 8 connection(s)
I20260608 09:57:01.617022 12660 file_cache.cc:492] Constructed file cache file cache with capacity 419430
W20260608 09:57:01.624013 15319 instance_detector.cc:116] could not retrieve AWS instance metadata: Network error: curl error: HTTP response code said error: The requested URL returned error: 404
W20260608 09:57:01.624909 15320 instance_detector.cc:116] could not retrieve Azure instance metadata: Network error: curl error: HTTP response code said error: The requested URL returned error: 404
W20260608 09:57:01.628188 15322 instance_detector.cc:116] could not retrieve OpenStack instance metadata: Network error: curl error: HTTP response code said error: The requested URL returned error: 404
I20260608 09:57:01.628867 12660 server_base.cc:1061] running on GCE node
I20260608 09:57:01.629667 15315 heartbeater.cc:344] Connected to a master server at 127.12.93.62:44713
I20260608 09:57:01.629822 12660 hybrid_clock.cc:584] initializing the hybrid clock with 'system_unsync' time source
I20260608 09:57:01.630069 15315 heartbeater.cc:461] Registering TS with master...
W20260608 09:57:01.630084 12660 system_unsync_time.cc:38] NTP support is disabled. Clock error bounds will not be accurate. This configuration is not suitable for distributed clusters.
I20260608 09:57:01.630472 12660 hybrid_clock.cc:648] HybridClock initialized: now 1780912621630452 us; error 0 us; skew 500 ppm
I20260608 09:57:01.631104 15315 heartbeater.cc:507] Master 127.12.93.62:44713 requested a full tablet report, sending...
I20260608 09:57:01.631371 12660 server_base.cc:861] Flag tcmalloc_max_total_thread_cache_bytes is not working since tcmalloc is not enabled.
I20260608 09:57:01.633435 15188 ts_manager.cc:194] Registered new tserver with Master: 5dd1a8e653f64398809b30a7eb294f82 (127.12.93.1:33115)
I20260608 09:57:01.634011 12660 webserver.cc:533] Webserver started at http://127.12.93.2:43449/ using document root <none> and password file <none>
I20260608 09:57:01.634589 12660 fs_manager.cc:362] Metadata directory not provided
I20260608 09:57:01.634801 12660 fs_manager.cc:368] Using write-ahead log directory (fs_wal_dir) as metadata directory
I20260608 09:57:01.635143 12660 server_base.cc:909] This appears to be a new deployment of Kudu; creating new FS layout
I20260608 09:57:01.635635 15188 master_service.cc:502] Signed X509 certificate for tserver {username='slave'} at 127.0.0.1:53266
I20260608 09:57:01.636360 12660 fs_manager.cc:1068] Generated new instance metadata in path /tmp/dist-test-task_9ktdS/test-tmp/auto_rebalancer-test.0.AutoRebalancerTest.RangeAwareBuildClusterInfoGroupsByRange.1780912541575354-12660-0/minicluster-data/ts-1-root/instance:
uuid: "cdf02477275c4921b353ebf2819dba2d"
format_stamp: "Formatted at 2026-06-08 09:57:01 on dist-test-slave-cqs2"
I20260608 09:57:01.641331 12660 fs_manager.cc:696] Time spent creating directory manager: real 0.004s	user 0.006s	sys 0.000s
I20260608 09:57:01.644615 15327 log_block_manager.cc:4031] Time spent loading block containers with low live blocks: real 0.000s	user 0.000s	sys 0.000s
I20260608 09:57:01.645298 12660 fs_manager.cc:730] Time spent opening block manager: real 0.002s	user 0.001s	sys 0.000s
I20260608 09:57:01.645557 12660 fs_manager.cc:647] Opened local filesystem: /tmp/dist-test-task_9ktdS/test-tmp/auto_rebalancer-test.0.AutoRebalancerTest.RangeAwareBuildClusterInfoGroupsByRange.1780912541575354-12660-0/minicluster-data/ts-1-root
uuid: "cdf02477275c4921b353ebf2819dba2d"
format_stamp: "Formatted at 2026-06-08 09:57:01 on dist-test-slave-cqs2"
I20260608 09:57:01.645816 12660 fs_report.cc:389] FS layout report
--------------------
wal directory: /tmp/dist-test-task_9ktdS/test-tmp/auto_rebalancer-test.0.AutoRebalancerTest.RangeAwareBuildClusterInfoGroupsByRange.1780912541575354-12660-0/minicluster-data/ts-1-root
metadata directory: /tmp/dist-test-task_9ktdS/test-tmp/auto_rebalancer-test.0.AutoRebalancerTest.RangeAwareBuildClusterInfoGroupsByRange.1780912541575354-12660-0/minicluster-data/ts-1-root
1 data directories: /tmp/dist-test-task_9ktdS/test-tmp/auto_rebalancer-test.0.AutoRebalancerTest.RangeAwareBuildClusterInfoGroupsByRange.1780912541575354-12660-0/minicluster-data/ts-1-root/data
Total live blocks: 0
Total live bytes: 0
Total live bytes (after alignment): 0
Total number of LBM containers: 0 (0 full)
Did not check for missing blocks
Did not check for orphaned blocks
Total full LBM containers with extra space: 0 (0 repaired)
Total full LBM container extra space in bytes: 0 (0 repaired)
Total incomplete LBM containers: 0 (0 repaired)
Total LBM partial records: 0 (0 repaired)
Total corrupted LBM metadata records in RocksDB: 0 (0 repaired)
I20260608 09:57:01.664570 12660 rpc_server.cc:225] running with OpenSSL 1.1.1  11 Sep 2018
I20260608 09:57:01.665710 12660 kserver.cc:163] Server-wide thread pool size limit: 3276
I20260608 09:57:01.667187 12660 txn_system_client.cc:432] TxnSystemClient initialization is disabled...
I20260608 09:57:01.669461 12660 ts_tablet_manager.cc:585] Loaded tablet metadata (0 total tablets, 0 live tablets)
I20260608 09:57:01.669644 12660 ts_tablet_manager.cc:531] Time spent load tablet metadata: real 0.000s	user 0.000s	sys 0.000s
I20260608 09:57:01.669886 12660 ts_tablet_manager.cc:616] Registered 0 tablets
I20260608 09:57:01.670034 12660 ts_tablet_manager.cc:595] Time spent register tablets: real 0.000s	user 0.000s	sys 0.000s
I20260608 09:57:01.709069 12660 rpc_server.cc:307] RPC server started. Bound to: 127.12.93.2:36607
I20260608 09:57:01.709182 15389 acceptor_pool.cc:272] collecting diagnostics on the listening RPC socket 127.12.93.2:36607 every 8 connection(s)
I20260608 09:57:01.714285 12660 file_cache.cc:492] Constructed file cache file cache with capacity 419430
W20260608 09:57:01.721541 15393 instance_detector.cc:116] could not retrieve AWS instance metadata: Network error: curl error: HTTP response code said error: The requested URL returned error: 404
W20260608 09:57:01.723434 15394 instance_detector.cc:116] could not retrieve Azure instance metadata: Network error: curl error: HTTP response code said error: The requested URL returned error: 404
I20260608 09:57:01.726261 12660 server_base.cc:1061] running on GCE node
W20260608 09:57:01.727083 15396 instance_detector.cc:116] could not retrieve OpenStack instance metadata: Network error: curl error: HTTP response code said error: The requested URL returned error: 404
I20260608 09:57:01.727604 15390 heartbeater.cc:344] Connected to a master server at 127.12.93.62:44713
I20260608 09:57:01.728013 15390 heartbeater.cc:461] Registering TS with master...
I20260608 09:57:01.728138 12660 hybrid_clock.cc:584] initializing the hybrid clock with 'system_unsync' time source
W20260608 09:57:01.728423 12660 system_unsync_time.cc:38] NTP support is disabled. Clock error bounds will not be accurate. This configuration is not suitable for distributed clusters.
I20260608 09:57:01.728624 12660 hybrid_clock.cc:648] HybridClock initialized: now 1780912621728605 us; error 0 us; skew 500 ppm
I20260608 09:57:01.728960 15390 heartbeater.cc:507] Master 127.12.93.62:44713 requested a full tablet report, sending...
I20260608 09:57:01.729482 12660 server_base.cc:861] Flag tcmalloc_max_total_thread_cache_bytes is not working since tcmalloc is not enabled.
I20260608 09:57:01.731308 15188 ts_manager.cc:194] Registered new tserver with Master: cdf02477275c4921b353ebf2819dba2d (127.12.93.2:36607)
I20260608 09:57:01.732151 12660 webserver.cc:533] Webserver started at http://127.12.93.3:39037/ using document root <none> and password file <none>
I20260608 09:57:01.732671 12660 fs_manager.cc:362] Metadata directory not provided
I20260608 09:57:01.732710 15188 master_service.cc:502] Signed X509 certificate for tserver {username='slave'} at 127.0.0.1:53272
I20260608 09:57:01.732916 12660 fs_manager.cc:368] Using write-ahead log directory (fs_wal_dir) as metadata directory
I20260608 09:57:01.733224 12660 server_base.cc:909] This appears to be a new deployment of Kudu; creating new FS layout
I20260608 09:57:01.734755 12660 fs_manager.cc:1068] Generated new instance metadata in path /tmp/dist-test-task_9ktdS/test-tmp/auto_rebalancer-test.0.AutoRebalancerTest.RangeAwareBuildClusterInfoGroupsByRange.1780912541575354-12660-0/minicluster-data/ts-2-root/instance:
uuid: "12772b9ced9b4b5ea0230f59dddd536a"
format_stamp: "Formatted at 2026-06-08 09:57:01 on dist-test-slave-cqs2"
I20260608 09:57:01.739347 12660 fs_manager.cc:696] Time spent creating directory manager: real 0.004s	user 0.002s	sys 0.002s
I20260608 09:57:01.742591 15401 log_block_manager.cc:4031] Time spent loading block containers with low live blocks: real 0.000s	user 0.000s	sys 0.000s
I20260608 09:57:01.743345 12660 fs_manager.cc:730] Time spent opening block manager: real 0.002s	user 0.002s	sys 0.001s
I20260608 09:57:01.743615 12660 fs_manager.cc:647] Opened local filesystem: /tmp/dist-test-task_9ktdS/test-tmp/auto_rebalancer-test.0.AutoRebalancerTest.RangeAwareBuildClusterInfoGroupsByRange.1780912541575354-12660-0/minicluster-data/ts-2-root
uuid: "12772b9ced9b4b5ea0230f59dddd536a"
format_stamp: "Formatted at 2026-06-08 09:57:01 on dist-test-slave-cqs2"
I20260608 09:57:01.743887 12660 fs_report.cc:389] FS layout report
--------------------
wal directory: /tmp/dist-test-task_9ktdS/test-tmp/auto_rebalancer-test.0.AutoRebalancerTest.RangeAwareBuildClusterInfoGroupsByRange.1780912541575354-12660-0/minicluster-data/ts-2-root
metadata directory: /tmp/dist-test-task_9ktdS/test-tmp/auto_rebalancer-test.0.AutoRebalancerTest.RangeAwareBuildClusterInfoGroupsByRange.1780912541575354-12660-0/minicluster-data/ts-2-root
1 data directories: /tmp/dist-test-task_9ktdS/test-tmp/auto_rebalancer-test.0.AutoRebalancerTest.RangeAwareBuildClusterInfoGroupsByRange.1780912541575354-12660-0/minicluster-data/ts-2-root/data
Total live blocks: 0
Total live bytes: 0
Total live bytes (after alignment): 0
Total number of LBM containers: 0 (0 full)
Did not check for missing blocks
Did not check for orphaned blocks
Total full LBM containers with extra space: 0 (0 repaired)
Total full LBM container extra space in bytes: 0 (0 repaired)
Total incomplete LBM containers: 0 (0 repaired)
Total LBM partial records: 0 (0 repaired)
Total corrupted LBM metadata records in RocksDB: 0 (0 repaired)
I20260608 09:57:01.766770 12660 rpc_server.cc:225] running with OpenSSL 1.1.1  11 Sep 2018
I20260608 09:57:01.768023 12660 kserver.cc:163] Server-wide thread pool size limit: 3276
I20260608 09:57:01.769436 12660 txn_system_client.cc:432] TxnSystemClient initialization is disabled...
I20260608 09:57:01.771660 12660 ts_tablet_manager.cc:585] Loaded tablet metadata (0 total tablets, 0 live tablets)
I20260608 09:57:01.771865 12660 ts_tablet_manager.cc:531] Time spent load tablet metadata: real 0.000s	user 0.000s	sys 0.000s
I20260608 09:57:01.772096 12660 ts_tablet_manager.cc:616] Registered 0 tablets
I20260608 09:57:01.772253 12660 ts_tablet_manager.cc:595] Time spent register tablets: real 0.000s	user 0.000s	sys 0.000s
I20260608 09:57:01.811244 12660 rpc_server.cc:307] RPC server started. Bound to: 127.12.93.3:33815
I20260608 09:57:01.811365 15463 acceptor_pool.cc:272] collecting diagnostics on the listening RPC socket 127.12.93.3:33815 every 8 connection(s)
I20260608 09:57:01.825060 15464 heartbeater.cc:344] Connected to a master server at 127.12.93.62:44713
I20260608 09:57:01.825475 15464 heartbeater.cc:461] Registering TS with master...
I20260608 09:57:01.826190 15464 heartbeater.cc:507] Master 127.12.93.62:44713 requested a full tablet report, sending...
I20260608 09:57:01.828176 15188 ts_manager.cc:194] Registered new tserver with Master: 12772b9ced9b4b5ea0230f59dddd536a (127.12.93.3:33815)
I20260608 09:57:01.828778 12660 internal_mini_cluster.cc:371] 3 TS(s) registered with all masters after 0.014248904s
I20260608 09:57:01.829893 15188 master_service.cc:502] Signed X509 certificate for tserver {username='slave'} at 127.0.0.1:53274
I20260608 09:57:02.638845 15315 heartbeater.cc:499] Master 127.12.93.62:44713 was elected leader, sending a full tablet report...
I20260608 09:57:02.735749 15390 heartbeater.cc:499] Master 127.12.93.62:44713 was elected leader, sending a full tablet report...
I20260608 09:57:02.833052 15464 heartbeater.cc:499] Master 127.12.93.62:44713 was elected leader, sending a full tablet report...
I20260608 09:57:02.885452 15188 catalog_manager.cc:2282] Servicing CreateTable request from {username='slave'} at 127.0.0.1:53286:
name: "range_aware_auto_rebalancer_test"
schema {
  columns {
    name: "key"
    type: INT32
    is_key: true
    is_nullable: false
    encoding: AUTO_ENCODING
    compression: DEFAULT_COMPRESSION
    cfile_block_size: 0
    immutable: false
  }
}
num_replicas: 3
split_rows_range_bounds {
  rows: "\006\001\000\000\000\000\007\001\n\000\000\000\006\001\n\000\000\000\007\001\024\000\000\000""\006\001\000\000\000\000\007\001\n\000\000\000\006\001\n\000\000\000\007\001\024\000\000\000"
  indirect_data: """"
}
partition_schema {
  hash_schema {
    columns {
      name: "key"
    }
    num_buckets: 2
    seed: 0
  }
  range_schema {
    columns {
      name: "key"
    }
  }
}
W20260608 09:57:02.888170 15188 catalog_manager.cc:7076] The number of live tablet servers is not enough to re-replicate a tablet replica of the newly created table range_aware_auto_rebalancer_test in case of a server failure: 4 tablet servers would be needed, 3 are available. Consider bringing up more tablet servers.
I20260608 09:57:02.954280 15429 tablet_service.cc:1511] Processing CreateTablet for tablet 19a2ac2f4f0c426bbd5556121ea5c955 (DEFAULT_TABLE table=range_aware_auto_rebalancer_test [id=7540772c9e60473fa97d667bc51ec23f]), partition=HASH (key) PARTITION 0, RANGE (key) PARTITION 0 <= VALUES < 10
I20260608 09:57:02.954747 15428 tablet_service.cc:1511] Processing CreateTablet for tablet 5bdc6bf265534e9e9a2a0b7874715a5d (DEFAULT_TABLE table=range_aware_auto_rebalancer_test [id=7540772c9e60473fa97d667bc51ec23f]), partition=HASH (key) PARTITION 0, RANGE (key) PARTITION 10 <= VALUES < 20
I20260608 09:57:02.956434 15429 data_dirs.cc:400] Could only allocate 1 dirs of requested 3 for tablet 19a2ac2f4f0c426bbd5556121ea5c955. 1 dirs total, 0 dirs full, 0 dirs failed
I20260608 09:57:02.961156 15428 data_dirs.cc:400] Could only allocate 1 dirs of requested 3 for tablet 5bdc6bf265534e9e9a2a0b7874715a5d. 1 dirs total, 0 dirs full, 0 dirs failed
I20260608 09:57:02.957911 15427 tablet_service.cc:1511] Processing CreateTablet for tablet 1903b8fdfc8b498fa5b2a32fcba8b03e (DEFAULT_TABLE table=range_aware_auto_rebalancer_test [id=7540772c9e60473fa97d667bc51ec23f]), partition=HASH (key) PARTITION 1, RANGE (key) PARTITION 0 <= VALUES < 10
I20260608 09:57:02.959527 15280 tablet_service.cc:1511] Processing CreateTablet for tablet 19a2ac2f4f0c426bbd5556121ea5c955 (DEFAULT_TABLE table=range_aware_auto_rebalancer_test [id=7540772c9e60473fa97d667bc51ec23f]), partition=HASH (key) PARTITION 0, RANGE (key) PARTITION 0 <= VALUES < 10
I20260608 09:57:02.961408 15279 tablet_service.cc:1511] Processing CreateTablet for tablet 5bdc6bf265534e9e9a2a0b7874715a5d (DEFAULT_TABLE table=range_aware_auto_rebalancer_test [id=7540772c9e60473fa97d667bc51ec23f]), partition=HASH (key) PARTITION 0, RANGE (key) PARTITION 10 <= VALUES < 20
I20260608 09:57:02.962317 15427 data_dirs.cc:400] Could only allocate 1 dirs of requested 3 for tablet 1903b8fdfc8b498fa5b2a32fcba8b03e. 1 dirs total, 0 dirs full, 0 dirs failed
I20260608 09:57:02.962486 15280 data_dirs.cc:400] Could only allocate 1 dirs of requested 3 for tablet 19a2ac2f4f0c426bbd5556121ea5c955. 1 dirs total, 0 dirs full, 0 dirs failed
I20260608 09:57:02.959898 15426 tablet_service.cc:1511] Processing CreateTablet for tablet 05cb45d37a0a4c17b467f2e6915721ab (DEFAULT_TABLE table=range_aware_auto_rebalancer_test [id=7540772c9e60473fa97d667bc51ec23f]), partition=HASH (key) PARTITION 1, RANGE (key) PARTITION 10 <= VALUES < 20
I20260608 09:57:02.964929 15426 data_dirs.cc:400] Could only allocate 1 dirs of requested 3 for tablet 05cb45d37a0a4c17b467f2e6915721ab. 1 dirs total, 0 dirs full, 0 dirs failed
I20260608 09:57:02.965308 15277 tablet_service.cc:1511] Processing CreateTablet for tablet 05cb45d37a0a4c17b467f2e6915721ab (DEFAULT_TABLE table=range_aware_auto_rebalancer_test [id=7540772c9e60473fa97d667bc51ec23f]), partition=HASH (key) PARTITION 1, RANGE (key) PARTITION 10 <= VALUES < 20
I20260608 09:57:02.966795 15277 data_dirs.cc:400] Could only allocate 1 dirs of requested 3 for tablet 05cb45d37a0a4c17b467f2e6915721ab. 1 dirs total, 0 dirs full, 0 dirs failed
I20260608 09:57:02.971544 15279 data_dirs.cc:400] Could only allocate 1 dirs of requested 3 for tablet 5bdc6bf265534e9e9a2a0b7874715a5d. 1 dirs total, 0 dirs full, 0 dirs failed
I20260608 09:57:02.973124 15355 tablet_service.cc:1511] Processing CreateTablet for tablet 19a2ac2f4f0c426bbd5556121ea5c955 (DEFAULT_TABLE table=range_aware_auto_rebalancer_test [id=7540772c9e60473fa97d667bc51ec23f]), partition=HASH (key) PARTITION 0, RANGE (key) PARTITION 0 <= VALUES < 10
I20260608 09:57:02.974730 15355 data_dirs.cc:400] Could only allocate 1 dirs of requested 3 for tablet 19a2ac2f4f0c426bbd5556121ea5c955. 1 dirs total, 0 dirs full, 0 dirs failed
I20260608 09:57:02.963972 15278 tablet_service.cc:1511] Processing CreateTablet for tablet 1903b8fdfc8b498fa5b2a32fcba8b03e (DEFAULT_TABLE table=range_aware_auto_rebalancer_test [id=7540772c9e60473fa97d667bc51ec23f]), partition=HASH (key) PARTITION 1, RANGE (key) PARTITION 0 <= VALUES < 10
I20260608 09:57:02.976436 15278 data_dirs.cc:400] Could only allocate 1 dirs of requested 3 for tablet 1903b8fdfc8b498fa5b2a32fcba8b03e. 1 dirs total, 0 dirs full, 0 dirs failed
I20260608 09:57:02.984908 15354 tablet_service.cc:1511] Processing CreateTablet for tablet 5bdc6bf265534e9e9a2a0b7874715a5d (DEFAULT_TABLE table=range_aware_auto_rebalancer_test [id=7540772c9e60473fa97d667bc51ec23f]), partition=HASH (key) PARTITION 0, RANGE (key) PARTITION 10 <= VALUES < 20
I20260608 09:57:02.986533 15354 data_dirs.cc:400] Could only allocate 1 dirs of requested 3 for tablet 5bdc6bf265534e9e9a2a0b7874715a5d. 1 dirs total, 0 dirs full, 0 dirs failed
I20260608 09:57:02.993211 15353 tablet_service.cc:1511] Processing CreateTablet for tablet 1903b8fdfc8b498fa5b2a32fcba8b03e (DEFAULT_TABLE table=range_aware_auto_rebalancer_test [id=7540772c9e60473fa97d667bc51ec23f]), partition=HASH (key) PARTITION 1, RANGE (key) PARTITION 0 <= VALUES < 10
I20260608 09:57:02.994942 15353 data_dirs.cc:400] Could only allocate 1 dirs of requested 3 for tablet 1903b8fdfc8b498fa5b2a32fcba8b03e. 1 dirs total, 0 dirs full, 0 dirs failed
I20260608 09:57:03.000614 15352 tablet_service.cc:1511] Processing CreateTablet for tablet 05cb45d37a0a4c17b467f2e6915721ab (DEFAULT_TABLE table=range_aware_auto_rebalancer_test [id=7540772c9e60473fa97d667bc51ec23f]), partition=HASH (key) PARTITION 1, RANGE (key) PARTITION 10 <= VALUES < 20
I20260608 09:57:03.002238 15352 data_dirs.cc:400] Could only allocate 1 dirs of requested 3 for tablet 05cb45d37a0a4c17b467f2e6915721ab. 1 dirs total, 0 dirs full, 0 dirs failed
I20260608 09:57:03.024622 15486 tablet_bootstrap.cc:492] T 5bdc6bf265534e9e9a2a0b7874715a5d P 12772b9ced9b4b5ea0230f59dddd536a: Bootstrap starting.
I20260608 09:57:03.044679 15486 tablet_bootstrap.cc:654] T 5bdc6bf265534e9e9a2a0b7874715a5d P 12772b9ced9b4b5ea0230f59dddd536a: Neither blocks nor log segments found. Creating new log.
I20260608 09:57:03.053658 15486 tablet_bootstrap.cc:492] T 5bdc6bf265534e9e9a2a0b7874715a5d P 12772b9ced9b4b5ea0230f59dddd536a: No bootstrap required, opened a new log
I20260608 09:57:03.054366 15486 ts_tablet_manager.cc:1403] T 5bdc6bf265534e9e9a2a0b7874715a5d P 12772b9ced9b4b5ea0230f59dddd536a: Time spent bootstrapping tablet: real 0.030s	user 0.010s	sys 0.016s
I20260608 09:57:03.058115 15486 raft_consensus.cc:359] T 5bdc6bf265534e9e9a2a0b7874715a5d P 12772b9ced9b4b5ea0230f59dddd536a [term 0 FOLLOWER]: Replica starting. Triggering 0 pending ops. Active config: opid_index: -1 OBSOLETE_local: false peers { permanent_uuid: "5dd1a8e653f64398809b30a7eb294f82" member_type: VOTER last_known_addr { host: "127.12.93.1" port: 33115 } } peers { permanent_uuid: "cdf02477275c4921b353ebf2819dba2d" member_type: VOTER last_known_addr { host: "127.12.93.2" port: 36607 } } peers { permanent_uuid: "12772b9ced9b4b5ea0230f59dddd536a" member_type: VOTER last_known_addr { host: "127.12.93.3" port: 33815 } }
I20260608 09:57:03.059247 15486 raft_consensus.cc:385] T 5bdc6bf265534e9e9a2a0b7874715a5d P 12772b9ced9b4b5ea0230f59dddd536a [term 0 FOLLOWER]: Consensus starting up: Expiring failure detector timer to make a prompt election more likely
I20260608 09:57:03.059644 15486 raft_consensus.cc:740] T 5bdc6bf265534e9e9a2a0b7874715a5d P 12772b9ced9b4b5ea0230f59dddd536a [term 0 FOLLOWER]: Becoming Follower/Learner. State: Replica: 12772b9ced9b4b5ea0230f59dddd536a, State: Initialized, Role: FOLLOWER
I20260608 09:57:03.060732 15486 consensus_queue.cc:260] T 5bdc6bf265534e9e9a2a0b7874715a5d P 12772b9ced9b4b5ea0230f59dddd536a [NON_LEADER]: Queue going to NON_LEADER mode. State: All replicated index: 0, Majority replicated index: 0, Committed index: 0, Last appended: 0.0, Last appended by leader: 0, Current term: 0, Majority size: -1, State: 0, Mode: NON_LEADER, active raft config: opid_index: -1 OBSOLETE_local: false peers { permanent_uuid: "5dd1a8e653f64398809b30a7eb294f82" member_type: VOTER last_known_addr { host: "127.12.93.1" port: 33115 } } peers { permanent_uuid: "cdf02477275c4921b353ebf2819dba2d" member_type: VOTER last_known_addr { host: "127.12.93.2" port: 36607 } } peers { permanent_uuid: "12772b9ced9b4b5ea0230f59dddd536a" member_type: VOTER last_known_addr { host: "127.12.93.3" port: 33815 } }
I20260608 09:57:03.070573 15486 ts_tablet_manager.cc:1434] T 5bdc6bf265534e9e9a2a0b7874715a5d P 12772b9ced9b4b5ea0230f59dddd536a: Time spent starting tablet: real 0.016s	user 0.000s	sys 0.013s
I20260608 09:57:03.071820 15489 tablet_bootstrap.cc:492] T 1903b8fdfc8b498fa5b2a32fcba8b03e P cdf02477275c4921b353ebf2819dba2d: Bootstrap starting.
I20260608 09:57:03.079149 15489 tablet_bootstrap.cc:654] T 1903b8fdfc8b498fa5b2a32fcba8b03e P cdf02477275c4921b353ebf2819dba2d: Neither blocks nor log segments found. Creating new log.
I20260608 09:57:03.081902 15486 tablet_bootstrap.cc:492] T 1903b8fdfc8b498fa5b2a32fcba8b03e P 12772b9ced9b4b5ea0230f59dddd536a: Bootstrap starting.
I20260608 09:57:03.082406 15485 tablet_bootstrap.cc:492] T 19a2ac2f4f0c426bbd5556121ea5c955 P 5dd1a8e653f64398809b30a7eb294f82: Bootstrap starting.
I20260608 09:57:03.088883 15486 tablet_bootstrap.cc:654] T 1903b8fdfc8b498fa5b2a32fcba8b03e P 12772b9ced9b4b5ea0230f59dddd536a: Neither blocks nor log segments found. Creating new log.
I20260608 09:57:03.091207 15485 tablet_bootstrap.cc:654] T 19a2ac2f4f0c426bbd5556121ea5c955 P 5dd1a8e653f64398809b30a7eb294f82: Neither blocks nor log segments found. Creating new log.
I20260608 09:57:03.091955 15489 tablet_bootstrap.cc:492] T 1903b8fdfc8b498fa5b2a32fcba8b03e P cdf02477275c4921b353ebf2819dba2d: No bootstrap required, opened a new log
I20260608 09:57:03.092458 15489 ts_tablet_manager.cc:1403] T 1903b8fdfc8b498fa5b2a32fcba8b03e P cdf02477275c4921b353ebf2819dba2d: Time spent bootstrapping tablet: real 0.021s	user 0.014s	sys 0.003s
I20260608 09:57:03.095685 15489 raft_consensus.cc:359] T 1903b8fdfc8b498fa5b2a32fcba8b03e P cdf02477275c4921b353ebf2819dba2d [term 0 FOLLOWER]: Replica starting. Triggering 0 pending ops. Active config: opid_index: -1 OBSOLETE_local: false peers { permanent_uuid: "5dd1a8e653f64398809b30a7eb294f82" member_type: VOTER last_known_addr { host: "127.12.93.1" port: 33115 } } peers { permanent_uuid: "cdf02477275c4921b353ebf2819dba2d" member_type: VOTER last_known_addr { host: "127.12.93.2" port: 36607 } } peers { permanent_uuid: "12772b9ced9b4b5ea0230f59dddd536a" member_type: VOTER last_known_addr { host: "127.12.93.3" port: 33815 } }
I20260608 09:57:03.096551 15489 raft_consensus.cc:385] T 1903b8fdfc8b498fa5b2a32fcba8b03e P cdf02477275c4921b353ebf2819dba2d [term 0 FOLLOWER]: Consensus starting up: Expiring failure detector timer to make a prompt election more likely
I20260608 09:57:03.096889 15489 raft_consensus.cc:740] T 1903b8fdfc8b498fa5b2a32fcba8b03e P cdf02477275c4921b353ebf2819dba2d [term 0 FOLLOWER]: Becoming Follower/Learner. State: Replica: cdf02477275c4921b353ebf2819dba2d, State: Initialized, Role: FOLLOWER
I20260608 09:57:03.097690 15489 consensus_queue.cc:260] T 1903b8fdfc8b498fa5b2a32fcba8b03e P cdf02477275c4921b353ebf2819dba2d [NON_LEADER]: Queue going to NON_LEADER mode. State: All replicated index: 0, Majority replicated index: 0, Committed index: 0, Last appended: 0.0, Last appended by leader: 0, Current term: 0, Majority size: -1, State: 0, Mode: NON_LEADER, active raft config: opid_index: -1 OBSOLETE_local: false peers { permanent_uuid: "5dd1a8e653f64398809b30a7eb294f82" member_type: VOTER last_known_addr { host: "127.12.93.1" port: 33115 } } peers { permanent_uuid: "cdf02477275c4921b353ebf2819dba2d" member_type: VOTER last_known_addr { host: "127.12.93.2" port: 36607 } } peers { permanent_uuid: "12772b9ced9b4b5ea0230f59dddd536a" member_type: VOTER last_known_addr { host: "127.12.93.3" port: 33815 } }
I20260608 09:57:03.098040 15486 tablet_bootstrap.cc:492] T 1903b8fdfc8b498fa5b2a32fcba8b03e P 12772b9ced9b4b5ea0230f59dddd536a: No bootstrap required, opened a new log
I20260608 09:57:03.098066 15485 tablet_bootstrap.cc:492] T 19a2ac2f4f0c426bbd5556121ea5c955 P 5dd1a8e653f64398809b30a7eb294f82: No bootstrap required, opened a new log
I20260608 09:57:03.098713 15485 ts_tablet_manager.cc:1403] T 19a2ac2f4f0c426bbd5556121ea5c955 P 5dd1a8e653f64398809b30a7eb294f82: Time spent bootstrapping tablet: real 0.017s	user 0.004s	sys 0.010s
I20260608 09:57:03.100486 15489 ts_tablet_manager.cc:1434] T 1903b8fdfc8b498fa5b2a32fcba8b03e P cdf02477275c4921b353ebf2819dba2d: Time spent starting tablet: real 0.008s	user 0.005s	sys 0.003s
I20260608 09:57:03.098672 15486 ts_tablet_manager.cc:1403] T 1903b8fdfc8b498fa5b2a32fcba8b03e P 12772b9ced9b4b5ea0230f59dddd536a: Time spent bootstrapping tablet: real 0.017s	user 0.014s	sys 0.000s
I20260608 09:57:03.101645 15489 tablet_bootstrap.cc:492] T 5bdc6bf265534e9e9a2a0b7874715a5d P cdf02477275c4921b353ebf2819dba2d: Bootstrap starting.
