I20260608 09:47:24.323091 21057 tablet_service.cc:1511] Processing CreateTablet for tablet 905b293e9d6049f194a59e6d418c09c3 (DEFAULT_TABLE table=test-workload [id=cf20ac32be97449d8e77e81548a0b90b]), partition=RANGE (key) PARTITION 1342177275 <= VALUES < 1610612730
I20260608 09:47:24.323271 21058 tablet_service.cc:1511] Processing CreateTablet for tablet 914637f98e8847948cbb72129ca70c14 (DEFAULT_TABLE table=test-workload [id=cf20ac32be97449d8e77e81548a0b90b]), partition=RANGE (key) PARTITION 1073741820 <= VALUES < 1342177275
I20260608 09:47:24.323597 20908 tablet_service.cc:1511] Processing CreateTablet for tablet 905b293e9d6049f194a59e6d418c09c3 (DEFAULT_TABLE table=test-workload [id=cf20ac32be97449d8e77e81548a0b90b]), partition=RANGE (key) PARTITION 1342177275 <= VALUES < 1610612730
I20260608 09:47:24.324616 21057 data_dirs.cc:400] Could only allocate 1 dirs of requested 3 for tablet 905b293e9d6049f194a59e6d418c09c3. 1 dirs total, 0 dirs full, 0 dirs failed
I20260608 09:47:24.325044 20908 data_dirs.cc:400] Could only allocate 1 dirs of requested 3 for tablet 905b293e9d6049f194a59e6d418c09c3. 1 dirs total, 0 dirs full, 0 dirs failed
I20260608 09:47:24.326038 20911 data_dirs.cc:400] Could only allocate 1 dirs of requested 3 for tablet c3f9e4ee4b504a3abd2c1ff075be4e5e. 1 dirs total, 0 dirs full, 0 dirs failed
I20260608 09:47:24.327211 20984 tablet_service.cc:1511] Processing CreateTablet for tablet 914637f98e8847948cbb72129ca70c14 (DEFAULT_TABLE table=test-workload [id=cf20ac32be97449d8e77e81548a0b90b]), partition=RANGE (key) PARTITION 1073741820 <= VALUES < 1342177275
I20260608 09:47:24.327653 20907 tablet_service.cc:1511] Processing CreateTablet for tablet 7ac09ac504b445eab5eae8c3e6c48474 (DEFAULT_TABLE table=test-workload [id=cf20ac32be97449d8e77e81548a0b90b]), partition=RANGE (key) PARTITION 1610612730 <= VALUES < 1879048185
I20260608 09:47:24.328661 20984 data_dirs.cc:400] Could only allocate 1 dirs of requested 3 for tablet 914637f98e8847948cbb72129ca70c14. 1 dirs total, 0 dirs full, 0 dirs failed
I20260608 09:47:24.328974 20907 data_dirs.cc:400] Could only allocate 1 dirs of requested 3 for tablet 7ac09ac504b445eab5eae8c3e6c48474. 1 dirs total, 0 dirs full, 0 dirs failed
I20260608 09:47:24.331651 20909 data_dirs.cc:400] Could only allocate 1 dirs of requested 3 for tablet 914637f98e8847948cbb72129ca70c14. 1 dirs total, 0 dirs full, 0 dirs failed
I20260608 09:47:24.319152 20910 tablet_service.cc:1511] Processing CreateTablet for tablet e0dc78929e614eba9ee29ed797e101c3 (DEFAULT_TABLE table=test-workload [id=cf20ac32be97449d8e77e81548a0b90b]), partition=RANGE (key) PARTITION 805306365 <= VALUES < 1073741820
I20260608 09:47:24.331665 20983 tablet_service.cc:1511] Processing CreateTablet for tablet 905b293e9d6049f194a59e6d418c09c3 (DEFAULT_TABLE table=test-workload [id=cf20ac32be97449d8e77e81548a0b90b]), partition=RANGE (key) PARTITION 1342177275 <= VALUES < 1610612730
I20260608 09:47:24.332984 20910 data_dirs.cc:400] Could only allocate 1 dirs of requested 3 for tablet e0dc78929e614eba9ee29ed797e101c3. 1 dirs total, 0 dirs full, 0 dirs failed
I20260608 09:47:24.331347 20987 data_dirs.cc:400] Could only allocate 1 dirs of requested 3 for tablet e917afd6090c44a0a4b1b2d1194132f3. 1 dirs total, 0 dirs full, 0 dirs failed
I20260608 09:47:24.325567 20985 tablet_service.cc:1511] Processing CreateTablet for tablet e0dc78929e614eba9ee29ed797e101c3 (DEFAULT_TABLE table=test-workload [id=cf20ac32be97449d8e77e81548a0b90b]), partition=RANGE (key) PARTITION 805306365 <= VALUES < 1073741820
I20260608 09:47:24.336470 21058 data_dirs.cc:400] Could only allocate 1 dirs of requested 3 for tablet 914637f98e8847948cbb72129ca70c14. 1 dirs total, 0 dirs full, 0 dirs failed
I20260608 09:47:24.337517 20985 data_dirs.cc:400] Could only allocate 1 dirs of requested 3 for tablet e0dc78929e614eba9ee29ed797e101c3. 1 dirs total, 0 dirs full, 0 dirs failed
I20260608 09:47:24.338614 20983 data_dirs.cc:400] Could only allocate 1 dirs of requested 3 for tablet 905b293e9d6049f194a59e6d418c09c3. 1 dirs total, 0 dirs full, 0 dirs failed
I20260608 09:47:24.363508 21118 tablet_bootstrap.cc:492] T c3f9e4ee4b504a3abd2c1ff075be4e5e P dd40745890fc43459f2f9d1406944bf8: Bootstrap starting.
I20260608 09:47:24.377409 21056 tablet_service.cc:1511] Processing CreateTablet for tablet 7ac09ac504b445eab5eae8c3e6c48474 (DEFAULT_TABLE table=test-workload [id=cf20ac32be97449d8e77e81548a0b90b]), partition=RANGE (key) PARTITION 1610612730 <= VALUES < 1879048185
I20260608 09:47:24.379631 21056 data_dirs.cc:400] Could only allocate 1 dirs of requested 3 for tablet 7ac09ac504b445eab5eae8c3e6c48474. 1 dirs total, 0 dirs full, 0 dirs failed
I20260608 09:47:24.385468 20982 tablet_service.cc:1511] Processing CreateTablet for tablet 7ac09ac504b445eab5eae8c3e6c48474 (DEFAULT_TABLE table=test-workload [id=cf20ac32be97449d8e77e81548a0b90b]), partition=RANGE (key) PARTITION 1610612730 <= VALUES < 1879048185
I20260608 09:47:24.426153 20982 data_dirs.cc:400] Could only allocate 1 dirs of requested 3 for tablet 7ac09ac504b445eab5eae8c3e6c48474. 1 dirs total, 0 dirs full, 0 dirs failed
I20260608 09:47:24.438032 20986 tablet_service.cc:1511] Processing CreateTablet for tablet ea7f0baeeee341a7883edb0846c92916 (DEFAULT_TABLE table=test-workload [id=cf20ac32be97449d8e77e81548a0b90b]), partition=RANGE (key) PARTITION 1879048185 <= VALUES
I20260608 09:47:24.441118 21055 tablet_service.cc:1511] Processing CreateTablet for tablet ea7f0baeeee341a7883edb0846c92916 (DEFAULT_TABLE table=test-workload [id=cf20ac32be97449d8e77e81548a0b90b]), partition=RANGE (key) PARTITION 1879048185 <= VALUES
I20260608 09:47:24.462092 20986 data_dirs.cc:400] Could only allocate 1 dirs of requested 3 for tablet ea7f0baeeee341a7883edb0846c92916. 1 dirs total, 0 dirs full, 0 dirs failed
I20260608 09:47:24.466259 20911 tablet_service.cc:1511] Processing CreateTablet for tablet ea7f0baeeee341a7883edb0846c92916 (DEFAULT_TABLE table=test-workload [id=cf20ac32be97449d8e77e81548a0b90b]), partition=RANGE (key) PARTITION 1879048185 <= VALUES
I20260608 09:47:24.467664 20911 data_dirs.cc:400] Could only allocate 1 dirs of requested 3 for tablet ea7f0baeeee341a7883edb0846c92916. 1 dirs total, 0 dirs full, 0 dirs failed
I20260608 09:47:24.476071 21119 tablet_bootstrap.cc:492] T 905b293e9d6049f194a59e6d418c09c3 P eca02ab26a9a4360a0ea46bb87dd7549: Bootstrap starting.
I20260608 09:47:24.479223 21055 data_dirs.cc:400] Could only allocate 1 dirs of requested 3 for tablet ea7f0baeeee341a7883edb0846c92916. 1 dirs total, 0 dirs full, 0 dirs failed
I20260608 09:47:24.490190 21118 tablet_bootstrap.cc:654] T c3f9e4ee4b504a3abd2c1ff075be4e5e P dd40745890fc43459f2f9d1406944bf8: Neither blocks nor log segments found. Creating new log.
I20260608 09:47:24.508412 21119 tablet_bootstrap.cc:654] T 905b293e9d6049f194a59e6d418c09c3 P eca02ab26a9a4360a0ea46bb87dd7549: Neither blocks nor log segments found. Creating new log.
I20260608 09:47:24.515405 21120 tablet_bootstrap.cc:492] T e0dc78929e614eba9ee29ed797e101c3 P f2c65185923f45c1aedc57df68b36c8d: Bootstrap starting.
I20260608 09:47:24.519526 21118 tablet_bootstrap.cc:492] T c3f9e4ee4b504a3abd2c1ff075be4e5e P dd40745890fc43459f2f9d1406944bf8: No bootstrap required, opened a new log
I20260608 09:47:24.519526 21119 tablet_bootstrap.cc:492] T 905b293e9d6049f194a59e6d418c09c3 P eca02ab26a9a4360a0ea46bb87dd7549: No bootstrap required, opened a new log
I20260608 09:47:24.520277 21119 ts_tablet_manager.cc:1403] T 905b293e9d6049f194a59e6d418c09c3 P eca02ab26a9a4360a0ea46bb87dd7549: Time spent bootstrapping tablet: real 0.045s	user 0.004s	sys 0.012s
I20260608 09:47:24.520249 21118 ts_tablet_manager.cc:1403] T c3f9e4ee4b504a3abd2c1ff075be4e5e P dd40745890fc43459f2f9d1406944bf8: Time spent bootstrapping tablet: real 0.157s	user 0.012s	sys 0.019s
I20260608 09:47:24.523231 21120 tablet_bootstrap.cc:654] T e0dc78929e614eba9ee29ed797e101c3 P f2c65185923f45c1aedc57df68b36c8d: Neither blocks nor log segments found. Creating new log.
I20260608 09:47:24.524277 21119 raft_consensus.cc:359] T 905b293e9d6049f194a59e6d418c09c3 P eca02ab26a9a4360a0ea46bb87dd7549 [term 0 FOLLOWER]: Replica starting. Triggering 0 pending ops. Active config: opid_index: -1 OBSOLETE_local: false peers { permanent_uuid: "dd40745890fc43459f2f9d1406944bf8" member_type: VOTER last_known_addr { host: "127.19.195.1" port: 36525 } } peers { permanent_uuid: "eca02ab26a9a4360a0ea46bb87dd7549" member_type: VOTER last_known_addr { host: "127.19.195.2" port: 38497 } } peers { permanent_uuid: "f2c65185923f45c1aedc57df68b36c8d" member_type: VOTER last_known_addr { host: "127.19.195.3" port: 41791 } }
I20260608 09:47:24.524133 21118 raft_consensus.cc:359] T c3f9e4ee4b504a3abd2c1ff075be4e5e P dd40745890fc43459f2f9d1406944bf8 [term 0 FOLLOWER]: Replica starting. Triggering 0 pending ops. Active config: opid_index: -1 OBSOLETE_local: false peers { permanent_uuid: "dd40745890fc43459f2f9d1406944bf8" member_type: VOTER last_known_addr { host: "127.19.195.1" port: 36525 } } peers { permanent_uuid: "eca02ab26a9a4360a0ea46bb87dd7549" member_type: VOTER last_known_addr { host: "127.19.195.2" port: 38497 } } peers { permanent_uuid: "f2c65185923f45c1aedc57df68b36c8d" member_type: VOTER last_known_addr { host: "127.19.195.3" port: 41791 } }
I20260608 09:47:24.525175 21119 raft_consensus.cc:385] T 905b293e9d6049f194a59e6d418c09c3 P eca02ab26a9a4360a0ea46bb87dd7549 [term 0 FOLLOWER]: Consensus starting up: Expiring failure detector timer to make a prompt election more likely
I20260608 09:47:24.525282 21118 raft_consensus.cc:385] T c3f9e4ee4b504a3abd2c1ff075be4e5e P dd40745890fc43459f2f9d1406944bf8 [term 0 FOLLOWER]: Consensus starting up: Expiring failure detector timer to make a prompt election more likely
I20260608 09:47:24.525571 21119 raft_consensus.cc:740] T 905b293e9d6049f194a59e6d418c09c3 P eca02ab26a9a4360a0ea46bb87dd7549 [term 0 FOLLOWER]: Becoming Follower/Learner. State: Replica: eca02ab26a9a4360a0ea46bb87dd7549, State: Initialized, Role: FOLLOWER
I20260608 09:47:24.525708 21118 raft_consensus.cc:740] T c3f9e4ee4b504a3abd2c1ff075be4e5e P dd40745890fc43459f2f9d1406944bf8 [term 0 FOLLOWER]: Becoming Follower/Learner. State: Replica: dd40745890fc43459f2f9d1406944bf8, State: Initialized, Role: FOLLOWER
I20260608 09:47:24.526751 21118 consensus_queue.cc:260] T c3f9e4ee4b504a3abd2c1ff075be4e5e P dd40745890fc43459f2f9d1406944bf8 [NON_LEADER]: Queue going to NON_LEADER mode. State: All replicated index: 0, Majority replicated index: 0, Committed index: 0, Last appended: 0.0, Last appended by leader: 0, Current term: 0, Majority size: -1, State: 0, Mode: NON_LEADER, active raft config: opid_index: -1 OBSOLETE_local: false peers { permanent_uuid: "dd40745890fc43459f2f9d1406944bf8" member_type: VOTER last_known_addr { host: "127.19.195.1" port: 36525 } } peers { permanent_uuid: "eca02ab26a9a4360a0ea46bb87dd7549" member_type: VOTER last_known_addr { host: "127.19.195.2" port: 38497 } } peers { permanent_uuid: "f2c65185923f45c1aedc57df68b36c8d" member_type: VOTER last_known_addr { host: "127.19.195.3" port: 41791 } }
I20260608 09:47:24.526752 21119 consensus_queue.cc:260] T 905b293e9d6049f194a59e6d418c09c3 P eca02ab26a9a4360a0ea46bb87dd7549 [NON_LEADER]: Queue going to NON_LEADER mode. State: All replicated index: 0, Majority replicated index: 0, Committed index: 0, Last appended: 0.0, Last appended by leader: 0, Current term: 0, Majority size: -1, State: 0, Mode: NON_LEADER, active raft config: opid_index: -1 OBSOLETE_local: false peers { permanent_uuid: "dd40745890fc43459f2f9d1406944bf8" member_type: VOTER last_known_addr { host: "127.19.195.1" port: 36525 } } peers { permanent_uuid: "eca02ab26a9a4360a0ea46bb87dd7549" member_type: VOTER last_known_addr { host: "127.19.195.2" port: 38497 } } peers { permanent_uuid: "f2c65185923f45c1aedc57df68b36c8d" member_type: VOTER last_known_addr { host: "127.19.195.3" port: 41791 } }
I20260608 09:47:24.528529 21120 tablet_bootstrap.cc:492] T e0dc78929e614eba9ee29ed797e101c3 P f2c65185923f45c1aedc57df68b36c8d: No bootstrap required, opened a new log
I20260608 09:47:24.529131 21120 ts_tablet_manager.cc:1403] T e0dc78929e614eba9ee29ed797e101c3 P f2c65185923f45c1aedc57df68b36c8d: Time spent bootstrapping tablet: real 0.014s	user 0.013s	sys 0.000s
I20260608 09:47:24.530545 21119 ts_tablet_manager.cc:1434] T 905b293e9d6049f194a59e6d418c09c3 P eca02ab26a9a4360a0ea46bb87dd7549: Time spent starting tablet: real 0.010s	user 0.008s	sys 0.000s
I20260608 09:47:24.531059 21118 ts_tablet_manager.cc:1434] T c3f9e4ee4b504a3abd2c1ff075be4e5e P dd40745890fc43459f2f9d1406944bf8: Time spent starting tablet: real 0.010s	user 0.008s	sys 0.001s
I20260608 09:47:24.532635 21120 raft_consensus.cc:359] T e0dc78929e614eba9ee29ed797e101c3 P f2c65185923f45c1aedc57df68b36c8d [term 0 FOLLOWER]: Replica starting. Triggering 0 pending ops. Active config: opid_index: -1 OBSOLETE_local: false peers { permanent_uuid: "dd40745890fc43459f2f9d1406944bf8" member_type: VOTER last_known_addr { host: "127.19.195.1" port: 36525 } } peers { permanent_uuid: "eca02ab26a9a4360a0ea46bb87dd7549" member_type: VOTER last_known_addr { host: "127.19.195.2" port: 38497 } } peers { permanent_uuid: "f2c65185923f45c1aedc57df68b36c8d" member_type: VOTER last_known_addr { host: "127.19.195.3" port: 41791 } }
I20260608 09:47:24.533524 21120 raft_consensus.cc:385] T e0dc78929e614eba9ee29ed797e101c3 P f2c65185923f45c1aedc57df68b36c8d [term 0 FOLLOWER]: Consensus starting up: Expiring failure detector timer to make a prompt election more likely
I20260608 09:47:24.533943 21120 raft_consensus.cc:740] T e0dc78929e614eba9ee29ed797e101c3 P f2c65185923f45c1aedc57df68b36c8d [term 0 FOLLOWER]: Becoming Follower/Learner. State: Replica: f2c65185923f45c1aedc57df68b36c8d, State: Initialized, Role: FOLLOWER
I20260608 09:47:24.534835 21120 consensus_queue.cc:260] T e0dc78929e614eba9ee29ed797e101c3 P f2c65185923f45c1aedc57df68b36c8d [NON_LEADER]: Queue going to NON_LEADER mode. State: All replicated index: 0, Majority replicated index: 0, Committed index: 0, Last appended: 0.0, Last appended by leader: 0, Current term: 0, Majority size: -1, State: 0, Mode: NON_LEADER, active raft config: opid_index: -1 OBSOLETE_local: false peers { permanent_uuid: "dd40745890fc43459f2f9d1406944bf8" member_type: VOTER last_known_addr { host: "127.19.195.1" port: 36525 } } peers { permanent_uuid: "eca02ab26a9a4360a0ea46bb87dd7549" member_type: VOTER last_known_addr { host: "127.19.195.2" port: 38497 } } peers { permanent_uuid: "f2c65185923f45c1aedc57df68b36c8d" member_type: VOTER last_known_addr { host: "127.19.195.3" port: 41791 } }
I20260608 09:47:24.535590 21118 tablet_bootstrap.cc:492] T 7ac09ac504b445eab5eae8c3e6c48474 P dd40745890fc43459f2f9d1406944bf8: Bootstrap starting.
I20260608 09:47:24.545359 21118 tablet_bootstrap.cc:654] T 7ac09ac504b445eab5eae8c3e6c48474 P dd40745890fc43459f2f9d1406944bf8: Neither blocks nor log segments found. Creating new log.
I20260608 09:47:24.546360 21119 tablet_bootstrap.cc:492] T c3f9e4ee4b504a3abd2c1ff075be4e5e P eca02ab26a9a4360a0ea46bb87dd7549: Bootstrap starting.
I20260608 09:47:24.551924 21119 tablet_bootstrap.cc:654] T c3f9e4ee4b504a3abd2c1ff075be4e5e P eca02ab26a9a4360a0ea46bb87dd7549: Neither blocks nor log segments found. Creating new log.
I20260608 09:47:24.556506 21118 tablet_bootstrap.cc:492] T 7ac09ac504b445eab5eae8c3e6c48474 P dd40745890fc43459f2f9d1406944bf8: No bootstrap required, opened a new log
I20260608 09:47:24.556833 21120 ts_tablet_manager.cc:1434] T e0dc78929e614eba9ee29ed797e101c3 P f2c65185923f45c1aedc57df68b36c8d: Time spent starting tablet: real 0.027s	user 0.010s	sys 0.016s
I20260608 09:47:24.557108 21118 ts_tablet_manager.cc:1403] T 7ac09ac504b445eab5eae8c3e6c48474 P dd40745890fc43459f2f9d1406944bf8: Time spent bootstrapping tablet: real 0.022s	user 0.014s	sys 0.004s
I20260608 09:47:24.558079 21120 tablet_bootstrap.cc:492] T 7102ddde20e84ab0a11c576833edc6a9 P f2c65185923f45c1aedc57df68b36c8d: Bootstrap starting.
I20260608 09:47:24.558398 21119 tablet_bootstrap.cc:492] T c3f9e4ee4b504a3abd2c1ff075be4e5e P eca02ab26a9a4360a0ea46bb87dd7549: No bootstrap required, opened a new log
I20260608 09:47:24.558919 21119 ts_tablet_manager.cc:1403] T c3f9e4ee4b504a3abd2c1ff075be4e5e P eca02ab26a9a4360a0ea46bb87dd7549: Time spent bootstrapping tablet: real 0.021s	user 0.010s	sys 0.000s
I20260608 09:47:24.560286 21118 raft_consensus.cc:359] T 7ac09ac504b445eab5eae8c3e6c48474 P dd40745890fc43459f2f9d1406944bf8 [term 0 FOLLOWER]: Replica starting. Triggering 0 pending ops. Active config: opid_index: -1 OBSOLETE_local: false peers { permanent_uuid: "dd40745890fc43459f2f9d1406944bf8" member_type: VOTER last_known_addr { host: "127.19.195.1" port: 36525 } } peers { permanent_uuid: "eca02ab26a9a4360a0ea46bb87dd7549" member_type: VOTER last_known_addr { host: "127.19.195.2" port: 38497 } } peers { permanent_uuid: "f2c65185923f45c1aedc57df68b36c8d" member_type: VOTER last_known_addr { host: "127.19.195.3" port: 41791 } }
I20260608 09:47:24.561082 21118 raft_consensus.cc:385] T 7ac09ac504b445eab5eae8c3e6c48474 P dd40745890fc43459f2f9d1406944bf8 [term 0 FOLLOWER]: Consensus starting up: Expiring failure detector timer to make a prompt election more likely
I20260608 09:47:24.561419 21118 raft_consensus.cc:740] T 7ac09ac504b445eab5eae8c3e6c48474 P dd40745890fc43459f2f9d1406944bf8 [term 0 FOLLOWER]: Becoming Follower/Learner. State: Replica: dd40745890fc43459f2f9d1406944bf8, State: Initialized, Role: FOLLOWER
I20260608 09:47:24.561918 21119 raft_consensus.cc:359] T c3f9e4ee4b504a3abd2c1ff075be4e5e P eca02ab26a9a4360a0ea46bb87dd7549 [term 0 FOLLOWER]: Replica starting. Triggering 0 pending ops. Active config: opid_index: -1 OBSOLETE_local: false peers { permanent_uuid: "dd40745890fc43459f2f9d1406944bf8" member_type: VOTER last_known_addr { host: "127.19.195.1" port: 36525 } } peers { permanent_uuid: "eca02ab26a9a4360a0ea46bb87dd7549" member_type: VOTER last_known_addr { host: "127.19.195.2" port: 38497 } } peers { permanent_uuid: "f2c65185923f45c1aedc57df68b36c8d" member_type: VOTER last_known_addr { host: "127.19.195.3" port: 41791 } }
I20260608 09:47:24.562359 21118 consensus_queue.cc:260] T 7ac09ac504b445eab5eae8c3e6c48474 P dd40745890fc43459f2f9d1406944bf8 [NON_LEADER]: Queue going to NON_LEADER mode. State: All replicated index: 0, Majority replicated index: 0, Committed index: 0, Last appended: 0.0, Last appended by leader: 0, Current term: 0, Majority size: -1, State: 0, Mode: NON_LEADER, active raft config: opid_index: -1 OBSOLETE_local: false peers { permanent_uuid: "dd40745890fc43459f2f9d1406944bf8" member_type: VOTER last_known_addr { host: "127.19.195.1" port: 36525 } } peers { permanent_uuid: "eca02ab26a9a4360a0ea46bb87dd7549" member_type: VOTER last_known_addr { host: "127.19.195.2" port: 38497 } } peers { permanent_uuid: "f2c65185923f45c1aedc57df68b36c8d" member_type: VOTER last_known_addr { host: "127.19.195.3" port: 41791 } }
I20260608 09:47:24.562903 21119 raft_consensus.cc:385] T c3f9e4ee4b504a3abd2c1ff075be4e5e P eca02ab26a9a4360a0ea46bb87dd7549 [term 0 FOLLOWER]: Consensus starting up: Expiring failure detector timer to make a prompt election more likely
I20260608 09:47:24.563374 21119 raft_consensus.cc:740] T c3f9e4ee4b504a3abd2c1ff075be4e5e P eca02ab26a9a4360a0ea46bb87dd7549 [term 0 FOLLOWER]: Becoming Follower/Learner. State: Replica: eca02ab26a9a4360a0ea46bb87dd7549, State: Initialized, Role: FOLLOWER
I20260608 09:47:24.564322 21119 consensus_queue.cc:260] T c3f9e4ee4b504a3abd2c1ff075be4e5e P eca02ab26a9a4360a0ea46bb87dd7549 [NON_LEADER]: Queue going to NON_LEADER mode. State: All replicated index: 0, Majority replicated index: 0, Committed index: 0, Last appended: 0.0, Last appended by leader: 0, Current term: 0, Majority size: -1, State: 0, Mode: NON_LEADER, active raft config: opid_index: -1 OBSOLETE_local: false peers { permanent_uuid: "dd40745890fc43459f2f9d1406944bf8" member_type: VOTER last_known_addr { host: "127.19.195.1" port: 36525 } } peers { permanent_uuid: "eca02ab26a9a4360a0ea46bb87dd7549" member_type: VOTER last_known_addr { host: "127.19.195.2" port: 38497 } } peers { permanent_uuid: "f2c65185923f45c1aedc57df68b36c8d" member_type: VOTER last_known_addr { host: "127.19.195.3" port: 41791 } }
I20260608 09:47:24.564961 21118 ts_tablet_manager.cc:1434] T 7ac09ac504b445eab5eae8c3e6c48474 P dd40745890fc43459f2f9d1406944bf8: Time spent starting tablet: real 0.007s	user 0.003s	sys 0.003s
I20260608 09:47:24.565605 21120 tablet_bootstrap.cc:654] T 7102ddde20e84ab0a11c576833edc6a9 P f2c65185923f45c1aedc57df68b36c8d: Neither blocks nor log segments found. Creating new log.
I20260608 09:47:24.566133 21118 tablet_bootstrap.cc:492] T 7102ddde20e84ab0a11c576833edc6a9 P dd40745890fc43459f2f9d1406944bf8: Bootstrap starting.
I20260608 09:47:24.569133 21119 ts_tablet_manager.cc:1434] T c3f9e4ee4b504a3abd2c1ff075be4e5e P eca02ab26a9a4360a0ea46bb87dd7549: Time spent starting tablet: real 0.010s	user 0.007s	sys 0.000s
I20260608 09:47:24.570315 21119 tablet_bootstrap.cc:492] T 7102ddde20e84ab0a11c576833edc6a9 P eca02ab26a9a4360a0ea46bb87dd7549: Bootstrap starting.
I20260608 09:47:24.574707 21118 tablet_bootstrap.cc:654] T 7102ddde20e84ab0a11c576833edc6a9 P dd40745890fc43459f2f9d1406944bf8: Neither blocks nor log segments found. Creating new log.
I20260608 09:47:24.577018 21119 tablet_bootstrap.cc:654] T 7102ddde20e84ab0a11c576833edc6a9 P eca02ab26a9a4360a0ea46bb87dd7549: Neither blocks nor log segments found. Creating new log.
I20260608 09:47:24.582135 21120 tablet_bootstrap.cc:492] T 7102ddde20e84ab0a11c576833edc6a9 P f2c65185923f45c1aedc57df68b36c8d: No bootstrap required, opened a new log
I20260608 09:47:24.582887 21120 ts_tablet_manager.cc:1403] T 7102ddde20e84ab0a11c576833edc6a9 P f2c65185923f45c1aedc57df68b36c8d: Time spent bootstrapping tablet: real 0.025s	user 0.007s	sys 0.012s
I20260608 09:47:24.586910 21120 raft_consensus.cc:359] T 7102ddde20e84ab0a11c576833edc6a9 P f2c65185923f45c1aedc57df68b36c8d [term 0 FOLLOWER]: Replica starting. Triggering 0 pending ops. Active config: opid_index: -1 OBSOLETE_local: false peers { permanent_uuid: "dd40745890fc43459f2f9d1406944bf8" member_type: VOTER last_known_addr { host: "127.19.195.1" port: 36525 } } peers { permanent_uuid: "f2c65185923f45c1aedc57df68b36c8d" member_type: VOTER last_known_addr { host: "127.19.195.3" port: 41791 } } peers { permanent_uuid: "eca02ab26a9a4360a0ea46bb87dd7549" member_type: VOTER last_known_addr { host: "127.19.195.2" port: 38497 } }
I20260608 09:47:24.588512 21120 raft_consensus.cc:385] T 7102ddde20e84ab0a11c576833edc6a9 P f2c65185923f45c1aedc57df68b36c8d [term 0 FOLLOWER]: Consensus starting up: Expiring failure detector timer to make a prompt election more likely
I20260608 09:47:24.588982 21120 raft_consensus.cc:740] T 7102ddde20e84ab0a11c576833edc6a9 P f2c65185923f45c1aedc57df68b36c8d [term 0 FOLLOWER]: Becoming Follower/Learner. State: Replica: f2c65185923f45c1aedc57df68b36c8d, State: Initialized, Role: FOLLOWER
I20260608 09:47:24.590207 21120 consensus_queue.cc:260] T 7102ddde20e84ab0a11c576833edc6a9 P f2c65185923f45c1aedc57df68b36c8d [NON_LEADER]: Queue going to NON_LEADER mode. State: All replicated index: 0, Majority replicated index: 0, Committed index: 0, Last appended: 0.0, Last appended by leader: 0, Current term: 0, Majority size: -1, State: 0, Mode: NON_LEADER, active raft config: opid_index: -1 OBSOLETE_local: false peers { permanent_uuid: "dd40745890fc43459f2f9d1406944bf8" member_type: VOTER last_known_addr { host: "127.19.195.1" port: 36525 } } peers { permanent_uuid: "f2c65185923f45c1aedc57df68b36c8d" member_type: VOTER last_known_addr { host: "127.19.195.3" port: 41791 } } peers { permanent_uuid: "eca02ab26a9a4360a0ea46bb87dd7549" member_type: VOTER last_known_addr { host: "127.19.195.2" port: 38497 } }
I20260608 09:47:24.593243 21120 ts_tablet_manager.cc:1434] T 7102ddde20e84ab0a11c576833edc6a9 P f2c65185923f45c1aedc57df68b36c8d: Time spent starting tablet: real 0.010s	user 0.007s	sys 0.000s
I20260608 09:47:24.594493 21120 tablet_bootstrap.cc:492] T c3f9e4ee4b504a3abd2c1ff075be4e5e P f2c65185923f45c1aedc57df68b36c8d: Bootstrap starting.
I20260608 09:47:24.596166 21118 tablet_bootstrap.cc:492] T 7102ddde20e84ab0a11c576833edc6a9 P dd40745890fc43459f2f9d1406944bf8: No bootstrap required, opened a new log
I20260608 09:47:24.596689 21118 ts_tablet_manager.cc:1403] T 7102ddde20e84ab0a11c576833edc6a9 P dd40745890fc43459f2f9d1406944bf8: Time spent bootstrapping tablet: real 0.031s	user 0.019s	sys 0.007s
I20260608 09:47:24.602905 21120 tablet_bootstrap.cc:654] T c3f9e4ee4b504a3abd2c1ff075be4e5e P f2c65185923f45c1aedc57df68b36c8d: Neither blocks nor log segments found. Creating new log.
I20260608 09:47:24.603482 21119 tablet_bootstrap.cc:492] T 7102ddde20e84ab0a11c576833edc6a9 P eca02ab26a9a4360a0ea46bb87dd7549: No bootstrap required, opened a new log
I20260608 09:47:24.603266 21118 raft_consensus.cc:359] T 7102ddde20e84ab0a11c576833edc6a9 P dd40745890fc43459f2f9d1406944bf8 [term 0 FOLLOWER]: Replica starting. Triggering 0 pending ops. Active config: opid_index: -1 OBSOLETE_local: false peers { permanent_uuid: "dd40745890fc43459f2f9d1406944bf8" member_type: VOTER last_known_addr { host: "127.19.195.1" port: 36525 } } peers { permanent_uuid: "f2c65185923f45c1aedc57df68b36c8d" member_type: VOTER last_known_addr { host: "127.19.195.3" port: 41791 } } peers { permanent_uuid: "eca02ab26a9a4360a0ea46bb87dd7549" member_type: VOTER last_known_addr { host: "127.19.195.2" port: 38497 } }
I20260608 09:47:24.604012 21119 ts_tablet_manager.cc:1403] T 7102ddde20e84ab0a11c576833edc6a9 P eca02ab26a9a4360a0ea46bb87dd7549: Time spent bootstrapping tablet: real 0.034s	user 0.012s	sys 0.018s
I20260608 09:47:24.604413 21125 raft_consensus.cc:493] T 7ac09ac504b445eab5eae8c3e6c48474 P dd40745890fc43459f2f9d1406944bf8 [term 0 FOLLOWER]: Starting pre-election (no leader contacted us within the election timeout)
I20260608 09:47:24.605001 21125 raft_consensus.cc:515] T 7ac09ac504b445eab5eae8c3e6c48474 P dd40745890fc43459f2f9d1406944bf8 [term 0 FOLLOWER]: Starting pre-election with config: opid_index: -1 OBSOLETE_local: false peers { permanent_uuid: "dd40745890fc43459f2f9d1406944bf8" member_type: VOTER last_known_addr { host: "127.19.195.1" port: 36525 } } peers { permanent_uuid: "eca02ab26a9a4360a0ea46bb87dd7549" member_type: VOTER last_known_addr { host: "127.19.195.2" port: 38497 } } peers { permanent_uuid: "f2c65185923f45c1aedc57df68b36c8d" member_type: VOTER last_known_addr { host: "127.19.195.3" port: 41791 } }
I20260608 09:47:24.607023 21119 raft_consensus.cc:359] T 7102ddde20e84ab0a11c576833edc6a9 P eca02ab26a9a4360a0ea46bb87dd7549 [term 0 FOLLOWER]: Replica starting. Triggering 0 pending ops. Active config: opid_index: -1 OBSOLETE_local: false peers { permanent_uuid: "dd40745890fc43459f2f9d1406944bf8" member_type: VOTER last_known_addr { host: "127.19.195.1" port: 36525 } } peers { permanent_uuid: "f2c65185923f45c1aedc57df68b36c8d" member_type: VOTER last_known_addr { host: "127.19.195.3" port: 41791 } } peers { permanent_uuid: "eca02ab26a9a4360a0ea46bb87dd7549" member_type: VOTER last_known_addr { host: "127.19.195.2" port: 38497 } }
I20260608 09:47:24.607739 21119 raft_consensus.cc:385] T 7102ddde20e84ab0a11c576833edc6a9 P eca02ab26a9a4360a0ea46bb87dd7549 [term 0 FOLLOWER]: Consensus starting up: Expiring failure detector timer to make a prompt election more likely
I20260608 09:47:24.608048 21119 raft_consensus.cc:740] T 7102ddde20e84ab0a11c576833edc6a9 P eca02ab26a9a4360a0ea46bb87dd7549 [term 0 FOLLOWER]: Becoming Follower/Learner. State: Replica: eca02ab26a9a4360a0ea46bb87dd7549, State: Initialized, Role: FOLLOWER
I20260608 09:47:24.608141 21125 leader_election.cc:290] T 7ac09ac504b445eab5eae8c3e6c48474 P dd40745890fc43459f2f9d1406944bf8 [CANDIDATE]: Term 1 pre-election: Requested pre-vote from peers eca02ab26a9a4360a0ea46bb87dd7549 (127.19.195.2:38497), f2c65185923f45c1aedc57df68b36c8d (127.19.195.3:41791)
I20260608 09:47:24.604113 21118 raft_consensus.cc:385] T 7102ddde20e84ab0a11c576833edc6a9 P dd40745890fc43459f2f9d1406944bf8 [term 0 FOLLOWER]: Consensus starting up: Expiring failure detector timer to make a prompt election more likely
I20260608 09:47:24.609191 21118 raft_consensus.cc:740] T 7102ddde20e84ab0a11c576833edc6a9 P dd40745890fc43459f2f9d1406944bf8 [term 0 FOLLOWER]: Becoming Follower/Learner. State: Replica: dd40745890fc43459f2f9d1406944bf8, State: Initialized, Role: FOLLOWER
I20260608 09:47:24.609244 21119 consensus_queue.cc:260] T 7102ddde20e84ab0a11c576833edc6a9 P eca02ab26a9a4360a0ea46bb87dd7549 [NON_LEADER]: Queue going to NON_LEADER mode. State: All replicated index: 0, Majority replicated index: 0, Committed index: 0, Last appended: 0.0, Last appended by leader: 0, Current term: 0, Majority size: -1, State: 0, Mode: NON_LEADER, active raft config: opid_index: -1 OBSOLETE_local: false peers { permanent_uuid: "dd40745890fc43459f2f9d1406944bf8" member_type: VOTER last_known_addr { host: "127.19.195.1" port: 36525 } } peers { permanent_uuid: "f2c65185923f45c1aedc57df68b36c8d" member_type: VOTER last_known_addr { host: "127.19.195.3" port: 41791 } } peers { permanent_uuid: "eca02ab26a9a4360a0ea46bb87dd7549" member_type: VOTER last_known_addr { host: "127.19.195.2" port: 38497 } }
I20260608 09:47:24.610237 21118 consensus_queue.cc:260] T 7102ddde20e84ab0a11c576833edc6a9 P dd40745890fc43459f2f9d1406944bf8 [NON_LEADER]: Queue going to NON_LEADER mode. State: All replicated index: 0, Majority replicated index: 0, Committed index: 0, Last appended: 0.0, Last appended by leader: 0, Current term: 0, Majority size: -1, State: 0, Mode: NON_LEADER, active raft config: opid_index: -1 OBSOLETE_local: false peers { permanent_uuid: "dd40745890fc43459f2f9d1406944bf8" member_type: VOTER last_known_addr { host: "127.19.195.1" port: 36525 } } peers { permanent_uuid: "f2c65185923f45c1aedc57df68b36c8d" member_type: VOTER last_known_addr { host: "127.19.195.3" port: 41791 } } peers { permanent_uuid: "eca02ab26a9a4360a0ea46bb87dd7549" member_type: VOTER last_known_addr { host: "127.19.195.2" port: 38497 } }
I20260608 09:47:24.611788 21119 ts_tablet_manager.cc:1434] T 7102ddde20e84ab0a11c576833edc6a9 P eca02ab26a9a4360a0ea46bb87dd7549: Time spent starting tablet: real 0.007s	user 0.006s	sys 0.000s
I20260608 09:47:24.612802 21119 tablet_bootstrap.cc:492] T e0dc78929e614eba9ee29ed797e101c3 P eca02ab26a9a4360a0ea46bb87dd7549: Bootstrap starting.
I20260608 09:47:24.615361 21118 ts_tablet_manager.cc:1434] T 7102ddde20e84ab0a11c576833edc6a9 P dd40745890fc43459f2f9d1406944bf8: Time spent starting tablet: real 0.018s	user 0.008s	sys 0.001s
I20260608 09:47:24.616431 21118 tablet_bootstrap.cc:492] T 914637f98e8847948cbb72129ca70c14 P dd40745890fc43459f2f9d1406944bf8: Bootstrap starting.
I20260608 09:47:24.617679 21120 tablet_bootstrap.cc:492] T c3f9e4ee4b504a3abd2c1ff075be4e5e P f2c65185923f45c1aedc57df68b36c8d: No bootstrap required, opened a new log
I20260608 09:47:24.618531 21120 ts_tablet_manager.cc:1403] T c3f9e4ee4b504a3abd2c1ff075be4e5e P f2c65185923f45c1aedc57df68b36c8d: Time spent bootstrapping tablet: real 0.024s	user 0.014s	sys 0.000s
I20260608 09:47:24.619390 21119 tablet_bootstrap.cc:654] T e0dc78929e614eba9ee29ed797e101c3 P eca02ab26a9a4360a0ea46bb87dd7549: Neither blocks nor log segments found. Creating new log.
I20260608 09:47:24.622565 21124 raft_consensus.cc:493] T 905b293e9d6049f194a59e6d418c09c3 P eca02ab26a9a4360a0ea46bb87dd7549 [term 0 FOLLOWER]: Starting pre-election (no leader contacted us within the election timeout)
I20260608 09:47:24.623086 21124 raft_consensus.cc:515] T 905b293e9d6049f194a59e6d418c09c3 P eca02ab26a9a4360a0ea46bb87dd7549 [term 0 FOLLOWER]: Starting pre-election with config: opid_index: -1 OBSOLETE_local: false peers { permanent_uuid: "dd40745890fc43459f2f9d1406944bf8" member_type: VOTER last_known_addr { host: "127.19.195.1" port: 36525 } } peers { permanent_uuid: "eca02ab26a9a4360a0ea46bb87dd7549" member_type: VOTER last_known_addr { host: "127.19.195.2" port: 38497 } } peers { permanent_uuid: "f2c65185923f45c1aedc57df68b36c8d" member_type: VOTER last_known_addr { host: "127.19.195.3" port: 41791 } }
I20260608 09:47:24.623733 21118 tablet_bootstrap.cc:654] T 914637f98e8847948cbb72129ca70c14 P dd40745890fc43459f2f9d1406944bf8: Neither blocks nor log segments found. Creating new log.
I20260608 09:47:24.633446 21124 leader_election.cc:290] T 905b293e9d6049f194a59e6d418c09c3 P eca02ab26a9a4360a0ea46bb87dd7549 [CANDIDATE]: Term 1 pre-election: Requested pre-vote from peers dd40745890fc43459f2f9d1406944bf8 (127.19.195.1:36525), f2c65185923f45c1aedc57df68b36c8d (127.19.195.3:41791)
I20260608 09:47:24.688035 21125 raft_consensus.cc:493] T c3f9e4ee4b504a3abd2c1ff075be4e5e P dd40745890fc43459f2f9d1406944bf8 [term 0 FOLLOWER]: Starting pre-election (no leader contacted us within the election timeout)
I20260608 09:47:24.688793 21125 raft_consensus.cc:515] T c3f9e4ee4b504a3abd2c1ff075be4e5e P dd40745890fc43459f2f9d1406944bf8 [term 0 FOLLOWER]: Starting pre-election with config: opid_index: -1 OBSOLETE_local: false peers { permanent_uuid: "dd40745890fc43459f2f9d1406944bf8" member_type: VOTER last_known_addr { host: "127.19.195.1" port: 36525 } } peers { permanent_uuid: "eca02ab26a9a4360a0ea46bb87dd7549" member_type: VOTER last_known_addr { host: "127.19.195.2" port: 38497 } } peers { permanent_uuid: "f2c65185923f45c1aedc57df68b36c8d" member_type: VOTER last_known_addr { host: "127.19.195.3" port: 41791 } }
I20260608 09:47:24.691860 21125 leader_election.cc:290] T c3f9e4ee4b504a3abd2c1ff075be4e5e P dd40745890fc43459f2f9d1406944bf8 [CANDIDATE]: Term 1 pre-election: Requested pre-vote from peers eca02ab26a9a4360a0ea46bb87dd7549 (127.19.195.2:38497), f2c65185923f45c1aedc57df68b36c8d (127.19.195.3:41791)
I20260608 09:47:24.702203 21120 raft_consensus.cc:359] T c3f9e4ee4b504a3abd2c1ff075be4e5e P f2c65185923f45c1aedc57df68b36c8d [term 0 FOLLOWER]: Replica starting. Triggering 0 pending ops. Active config: opid_index: -1 OBSOLETE_local: false peers { permanent_uuid: "dd40745890fc43459f2f9d1406944bf8" member_type: VOTER last_known_addr { host: "127.19.195.1" port: 36525 } } peers { permanent_uuid: "eca02ab26a9a4360a0ea46bb87dd7549" member_type: VOTER last_known_addr { host: "127.19.195.2" port: 38497 } } peers { permanent_uuid: "f2c65185923f45c1aedc57df68b36c8d" member_type: VOTER last_known_addr { host: "127.19.195.3" port: 41791 } }
I20260608 09:47:24.703346 21120 raft_consensus.cc:385] T c3f9e4ee4b504a3abd2c1ff075be4e5e P f2c65185923f45c1aedc57df68b36c8d [term 0 FOLLOWER]: Consensus starting up: Expiring failure detector timer to make a prompt election more likely
I20260608 09:47:24.703817 21120 raft_consensus.cc:740] T c3f9e4ee4b504a3abd2c1ff075be4e5e P f2c65185923f45c1aedc57df68b36c8d [term 0 FOLLOWER]: Becoming Follower/Learner. State: Replica: f2c65185923f45c1aedc57df68b36c8d, State: Initialized, Role: FOLLOWER
I20260608 09:47:24.724961 21120 consensus_queue.cc:260] T c3f9e4ee4b504a3abd2c1ff075be4e5e P f2c65185923f45c1aedc57df68b36c8d [NON_LEADER]: Queue going to NON_LEADER mode. State: All replicated index: 0, Majority replicated index: 0, Committed index: 0, Last appended: 0.0, Last appended by leader: 0, Current term: 0, Majority size: -1, State: 0, Mode: NON_LEADER, active raft config: opid_index: -1 OBSOLETE_local: false peers { permanent_uuid: "dd40745890fc43459f2f9d1406944bf8" member_type: VOTER last_known_addr { host: "127.19.195.1" port: 36525 } } peers { permanent_uuid: "eca02ab26a9a4360a0ea46bb87dd7549" member_type: VOTER last_known_addr { host: "127.19.195.2" port: 38497 } } peers { permanent_uuid: "f2c65185923f45c1aedc57df68b36c8d" member_type: VOTER last_known_addr { host: "127.19.195.3" port: 41791 } }
I20260608 09:47:24.728205 21120 ts_tablet_manager.cc:1434] T c3f9e4ee4b504a3abd2c1ff075be4e5e P f2c65185923f45c1aedc57df68b36c8d: Time spent starting tablet: real 0.109s	user 0.005s	sys 0.002s
I20260608 09:47:24.750109 20997 tablet_service.cc:1917] Received RequestConsensusVote() RPC: tablet_id: "c3f9e4ee4b504a3abd2c1ff075be4e5e" candidate_uuid: "dd40745890fc43459f2f9d1406944bf8" candidate_term: 1 candidate_status { last_received { term: 0 index: 0 } } ignore_live_leader: false dest_uuid: "eca02ab26a9a4360a0ea46bb87dd7549" is_pre_election: true
I20260608 09:47:24.741101 21124 raft_consensus.cc:493] T 7102ddde20e84ab0a11c576833edc6a9 P eca02ab26a9a4360a0ea46bb87dd7549 [term 0 FOLLOWER]: Starting pre-election (no leader contacted us within the election timeout)
I20260608 09:47:24.750840 21124 raft_consensus.cc:515] T 7102ddde20e84ab0a11c576833edc6a9 P eca02ab26a9a4360a0ea46bb87dd7549 [term 0 FOLLOWER]: Starting pre-election with config: opid_index: -1 OBSOLETE_local: false peers { permanent_uuid: "dd40745890fc43459f2f9d1406944bf8" member_type: VOTER last_known_addr { host: "127.19.195.1" port: 36525 } } peers { permanent_uuid: "f2c65185923f45c1aedc57df68b36c8d" member_type: VOTER last_known_addr { host: "127.19.195.3" port: 41791 } } peers { permanent_uuid: "eca02ab26a9a4360a0ea46bb87dd7549" member_type: VOTER last_known_addr { host: "127.19.195.2" port: 38497 } }
I20260608 09:47:24.751334 21120 tablet_bootstrap.cc:492] T 7ac09ac504b445eab5eae8c3e6c48474 P f2c65185923f45c1aedc57df68b36c8d: Bootstrap starting.
I20260608 09:47:24.753065 21124 leader_election.cc:290] T 7102ddde20e84ab0a11c576833edc6a9 P eca02ab26a9a4360a0ea46bb87dd7549 [CANDIDATE]: Term 1 pre-election: Requested pre-vote from peers dd40745890fc43459f2f9d1406944bf8 (127.19.195.1:36525), f2c65185923f45c1aedc57df68b36c8d (127.19.195.3:41791)
I20260608 09:47:24.750846 20997 raft_consensus.cc:2468] T c3f9e4ee4b504a3abd2c1ff075be4e5e P eca02ab26a9a4360a0ea46bb87dd7549 [term 0 FOLLOWER]: Leader pre-election vote request: Granting yes vote for candidate dd40745890fc43459f2f9d1406944bf8 in term 0.
I20260608 09:47:24.749429 21118 tablet_bootstrap.cc:492] T 914637f98e8847948cbb72129ca70c14 P dd40745890fc43459f2f9d1406944bf8: No bootstrap required, opened a new log
W20260608 09:47:24.744736 20869 auto_rebalancer.cc:259] Could not retrieve cluster info: Service unavailable: Tablet not running
I20260608 09:47:24.754601 21126 raft_consensus.cc:493] T 7102ddde20e84ab0a11c576833edc6a9 P f2c65185923f45c1aedc57df68b36c8d [term 0 FOLLOWER]: Starting pre-election (no leader contacted us within the election timeout)
I20260608 09:47:24.747224 20874 auto_leader_rebalancer.cc:140] leader rebalance for table test-workload
W20260608 09:47:24.755985 20874 auto_leader_rebalancer.cc:460] the master instance isn't leader: Service unavailable: Tablet not running
I20260608 09:47:24.749344 20998 tablet_service.cc:1917] Received RequestConsensusVote() RPC: tablet_id: "7ac09ac504b445eab5eae8c3e6c48474" candidate_uuid: "dd40745890fc43459f2f9d1406944bf8" candidate_term: 1 candidate_status { last_received { term: 0 index: 0 } } ignore_live_leader: false dest_uuid: "eca02ab26a9a4360a0ea46bb87dd7549" is_pre_election: true
I20260608 09:47:24.755165 21126 raft_consensus.cc:515] T 7102ddde20e84ab0a11c576833edc6a9 P f2c65185923f45c1aedc57df68b36c8d [term 0 FOLLOWER]: Starting pre-election with config: opid_index: -1 OBSOLETE_local: false peers { permanent_uuid: "dd40745890fc43459f2f9d1406944bf8" member_type: VOTER last_known_addr { host: "127.19.195.1" port: 36525 } } peers { permanent_uuid: "f2c65185923f45c1aedc57df68b36c8d" member_type: VOTER last_known_addr { host: "127.19.195.3" port: 41791 } } peers { permanent_uuid: "eca02ab26a9a4360a0ea46bb87dd7549" member_type: VOTER last_known_addr { host: "127.19.195.2" port: 38497 } }
I20260608 09:47:24.749301 20923 tablet_service.cc:1917] Received RequestConsensusVote() RPC: tablet_id: "905b293e9d6049f194a59e6d418c09c3" candidate_uuid: "eca02ab26a9a4360a0ea46bb87dd7549" candidate_term: 1 candidate_status { last_received { term: 0 index: 0 } } ignore_live_leader: false dest_uuid: "dd40745890fc43459f2f9d1406944bf8" is_pre_election: true
I20260608 09:47:24.758896 21126 leader_election.cc:290] T 7102ddde20e84ab0a11c576833edc6a9 P f2c65185923f45c1aedc57df68b36c8d [CANDIDATE]: Term 1 pre-election: Requested pre-vote from peers dd40745890fc43459f2f9d1406944bf8 (127.19.195.1:36525), eca02ab26a9a4360a0ea46bb87dd7549 (127.19.195.2:38497)
I20260608 09:47:24.759284 21120 tablet_bootstrap.cc:654] T 7ac09ac504b445eab5eae8c3e6c48474 P f2c65185923f45c1aedc57df68b36c8d: Neither blocks nor log segments found. Creating new log.
W20260608 09:47:24.760119 20961 leader_election.cc:343] T 905b293e9d6049f194a59e6d418c09c3 P eca02ab26a9a4360a0ea46bb87dd7549 [CANDIDATE]: Term 1 pre-election: Tablet error from VoteRequest() call to peer dd40745890fc43459f2f9d1406944bf8 (127.19.195.1:36525): Illegal state: must be running to vote when last-logged opid is not known
I20260608 09:47:24.754606 21118 ts_tablet_manager.cc:1403] T 914637f98e8847948cbb72129ca70c14 P dd40745890fc43459f2f9d1406944bf8: Time spent bootstrapping tablet: real 0.138s	user 0.070s	sys 0.057s
I20260608 09:47:24.762071 20923 tablet_service.cc:1917] Received RequestConsensusVote() RPC: tablet_id: "7102ddde20e84ab0a11c576833edc6a9" candidate_uuid: "eca02ab26a9a4360a0ea46bb87dd7549" candidate_term: 1 candidate_status { last_received { term: 0 index: 0 } } ignore_live_leader: false dest_uuid: "dd40745890fc43459f2f9d1406944bf8" is_pre_election: true
I20260608 09:47:24.762729 20923 raft_consensus.cc:2468] T 7102ddde20e84ab0a11c576833edc6a9 P dd40745890fc43459f2f9d1406944bf8 [term 0 FOLLOWER]: Leader pre-election vote request: Granting yes vote for candidate eca02ab26a9a4360a0ea46bb87dd7549 in term 0.
I20260608 09:47:24.763978 20961 leader_election.cc:304] T 7102ddde20e84ab0a11c576833edc6a9 P eca02ab26a9a4360a0ea46bb87dd7549 [CANDIDATE]: Term 1 pre-election: Election decided. Result: candidate won. Election summary: received 2 responses out of 3 voters: 2 yes votes; 0 no votes. yes voters: dd40745890fc43459f2f9d1406944bf8, eca02ab26a9a4360a0ea46bb87dd7549; no voters: 
I20260608 09:47:24.765300 21072 tablet_service.cc:1917] Received RequestConsensusVote() RPC: tablet_id: "905b293e9d6049f194a59e6d418c09c3" candidate_uuid: "eca02ab26a9a4360a0ea46bb87dd7549" candidate_term: 1 candidate_status { last_received { term: 0 index: 0 } } ignore_live_leader: false dest_uuid: "f2c65185923f45c1aedc57df68b36c8d" is_pre_election: true
I20260608 09:47:24.765779 21118 raft_consensus.cc:359] T 914637f98e8847948cbb72129ca70c14 P dd40745890fc43459f2f9d1406944bf8 [term 0 FOLLOWER]: Replica starting. Triggering 0 pending ops. Active config: opid_index: -1 OBSOLETE_local: false peers { permanent_uuid: "dd40745890fc43459f2f9d1406944bf8" member_type: VOTER last_known_addr { host: "127.19.195.1" port: 36525 } } peers { permanent_uuid: "eca02ab26a9a4360a0ea46bb87dd7549" member_type: VOTER last_known_addr { host: "127.19.195.2" port: 38497 } } peers { permanent_uuid: "f2c65185923f45c1aedc57df68b36c8d" member_type: VOTER last_known_addr { host: "127.19.195.3" port: 41791 } }
I20260608 09:47:24.766510 21118 raft_consensus.cc:385] T 914637f98e8847948cbb72129ca70c14 P dd40745890fc43459f2f9d1406944bf8 [term 0 FOLLOWER]: Consensus starting up: Expiring failure detector timer to make a prompt election more likely
I20260608 09:47:24.766842 21118 raft_consensus.cc:740] T 914637f98e8847948cbb72129ca70c14 P dd40745890fc43459f2f9d1406944bf8 [term 0 FOLLOWER]: Becoming Follower/Learner. State: Replica: dd40745890fc43459f2f9d1406944bf8, State: Initialized, Role: FOLLOWER
I20260608 09:47:24.766639 21124 raft_consensus.cc:2804] T 7102ddde20e84ab0a11c576833edc6a9 P eca02ab26a9a4360a0ea46bb87dd7549 [term 0 FOLLOWER]: Leader pre-election won for term 1
I20260608 09:47:24.767412 21124 raft_consensus.cc:493] T 7102ddde20e84ab0a11c576833edc6a9 P eca02ab26a9a4360a0ea46bb87dd7549 [term 0 FOLLOWER]: Starting leader election (no leader contacted us within the election timeout)
I20260608 09:47:24.767788 21124 raft_consensus.cc:3060] T 7102ddde20e84ab0a11c576833edc6a9 P eca02ab26a9a4360a0ea46bb87dd7549 [term 0 FOLLOWER]: Advancing to term 1
I20260608 09:47:24.770434 21118 consensus_queue.cc:260] T 914637f98e8847948cbb72129ca70c14 P dd40745890fc43459f2f9d1406944bf8 [NON_LEADER]: Queue going to NON_LEADER mode. State: All replicated index: 0, Majority replicated index: 0, Committed index: 0, Last appended: 0.0, Last appended by leader: 0, Current term: 0, Majority size: -1, State: 0, Mode: NON_LEADER, active raft config: opid_index: -1 OBSOLETE_local: false peers { permanent_uuid: "dd40745890fc43459f2f9d1406944bf8" member_type: VOTER last_known_addr { host: "127.19.195.1" port: 36525 } } peers { permanent_uuid: "eca02ab26a9a4360a0ea46bb87dd7549" member_type: VOTER last_known_addr { host: "127.19.195.2" port: 38497 } } peers { permanent_uuid: "f2c65185923f45c1aedc57df68b36c8d" member_type: VOTER last_known_addr { host: "127.19.195.3" port: 41791 } }
I20260608 09:47:24.774283 21119 tablet_bootstrap.cc:492] T e0dc78929e614eba9ee29ed797e101c3 P eca02ab26a9a4360a0ea46bb87dd7549: No bootstrap required, opened a new log
I20260608 09:47:24.774767 21119 ts_tablet_manager.cc:1403] T e0dc78929e614eba9ee29ed797e101c3 P eca02ab26a9a4360a0ea46bb87dd7549: Time spent bootstrapping tablet: real 0.162s	user 0.037s	sys 0.095s
I20260608 09:47:24.778653 20889 leader_election.cc:304] T c3f9e4ee4b504a3abd2c1ff075be4e5e P dd40745890fc43459f2f9d1406944bf8 [CANDIDATE]: Term 1 pre-election: Election decided. Result: candidate won. Election summary: received 2 responses out of 3 voters: 2 yes votes; 0 no votes. yes voters: dd40745890fc43459f2f9d1406944bf8, eca02ab26a9a4360a0ea46bb87dd7549; no voters: 
W20260608 09:47:24.780189 20889 leader_election.cc:343] T 7ac09ac504b445eab5eae8c3e6c48474 P dd40745890fc43459f2f9d1406944bf8 [CANDIDATE]: Term 1 pre-election: Tablet error from VoteRequest() call to peer eca02ab26a9a4360a0ea46bb87dd7549 (127.19.195.2:38497): Illegal state: must be running to vote when last-logged opid is not known
I20260608 09:47:24.780854 21118 ts_tablet_manager.cc:1434] T 914637f98e8847948cbb72129ca70c14 P dd40745890fc43459f2f9d1406944bf8: Time spent starting tablet: real 0.019s	user 0.001s	sys 0.006s
I20260608 09:47:24.780583 21119 raft_consensus.cc:359] T e0dc78929e614eba9ee29ed797e101c3 P eca02ab26a9a4360a0ea46bb87dd7549 [term 0 FOLLOWER]: Replica starting. Triggering 0 pending ops. Active config: opid_index: -1 OBSOLETE_local: false peers { permanent_uuid: "dd40745890fc43459f2f9d1406944bf8" member_type: VOTER last_known_addr { host: "127.19.195.1" port: 36525 } } peers { permanent_uuid: "eca02ab26a9a4360a0ea46bb87dd7549" member_type: VOTER last_known_addr { host: "127.19.195.2" port: 38497 } } peers { permanent_uuid: "f2c65185923f45c1aedc57df68b36c8d" member_type: VOTER last_known_addr { host: "127.19.195.3" port: 41791 } }
I20260608 09:47:24.781231 21125 raft_consensus.cc:2804] T c3f9e4ee4b504a3abd2c1ff075be4e5e P dd40745890fc43459f2f9d1406944bf8 [term 0 FOLLOWER]: Leader pre-election won for term 1
I20260608 09:47:24.781339 21119 raft_consensus.cc:385] T e0dc78929e614eba9ee29ed797e101c3 P eca02ab26a9a4360a0ea46bb87dd7549 [term 0 FOLLOWER]: Consensus starting up: Expiring failure detector timer to make a prompt election more likely
I20260608 09:47:24.781781 21125 raft_consensus.cc:493] T c3f9e4ee4b504a3abd2c1ff075be4e5e P dd40745890fc43459f2f9d1406944bf8 [term 0 FOLLOWER]: Starting leader election (no leader contacted us within the election timeout)
I20260608 09:47:24.781759 21119 raft_consensus.cc:740] T e0dc78929e614eba9ee29ed797e101c3 P eca02ab26a9a4360a0ea46bb87dd7549 [term 0 FOLLOWER]: Becoming Follower/Learner. State: Replica: eca02ab26a9a4360a0ea46bb87dd7549, State: Initialized, Role: FOLLOWER
I20260608 09:47:24.782429 21125 raft_consensus.cc:3060] T c3f9e4ee4b504a3abd2c1ff075be4e5e P dd40745890fc43459f2f9d1406944bf8 [term 0 FOLLOWER]: Advancing to term 1
I20260608 09:47:24.783051 21119 consensus_queue.cc:260] T e0dc78929e614eba9ee29ed797e101c3 P eca02ab26a9a4360a0ea46bb87dd7549 [NON_LEADER]: Queue going to NON_LEADER mode. State: All replicated index: 0, Majority replicated index: 0, Committed index: 0, Last appended: 0.0, Last appended by leader: 0, Current term: 0, Majority size: -1, State: 0, Mode: NON_LEADER, active raft config: opid_index: -1 OBSOLETE_local: false peers { permanent_uuid: "dd40745890fc43459f2f9d1406944bf8" member_type: VOTER last_known_addr { host: "127.19.195.1" port: 36525 } } peers { permanent_uuid: "eca02ab26a9a4360a0ea46bb87dd7549" member_type: VOTER last_known_addr { host: "127.19.195.2" port: 38497 } } peers { permanent_uuid: "f2c65185923f45c1aedc57df68b36c8d" member_type: VOTER last_known_addr { host: "127.19.195.3" port: 41791 } }
I20260608 09:47:24.783677 21120 tablet_bootstrap.cc:492] T 7ac09ac504b445eab5eae8c3e6c48474 P f2c65185923f45c1aedc57df68b36c8d: No bootstrap required, opened a new log
I20260608 09:47:24.784168 21120 ts_tablet_manager.cc:1403] T 7ac09ac504b445eab5eae8c3e6c48474 P f2c65185923f45c1aedc57df68b36c8d: Time spent bootstrapping tablet: real 0.033s	user 0.016s	sys 0.004s
I20260608 09:47:24.786648 21124 raft_consensus.cc:515] T 7102ddde20e84ab0a11c576833edc6a9 P eca02ab26a9a4360a0ea46bb87dd7549 [term 1 FOLLOWER]: Starting leader election with config: opid_index: -1 OBSOLETE_local: false peers { permanent_uuid: "dd40745890fc43459f2f9d1406944bf8" member_type: VOTER last_known_addr { host: "127.19.195.1" port: 36525 } } peers { permanent_uuid: "f2c65185923f45c1aedc57df68b36c8d" member_type: VOTER last_known_addr { host: "127.19.195.3" port: 41791 } } peers { permanent_uuid: "eca02ab26a9a4360a0ea46bb87dd7549" member_type: VOTER last_known_addr { host: "127.19.195.2" port: 38497 } }
I20260608 09:47:24.781914 21118 tablet_bootstrap.cc:492] T e917afd6090c44a0a4b1b2d1194132f3 P dd40745890fc43459f2f9d1406944bf8: Bootstrap starting.
