I20260608 09:55:48.078051 23581 fs_manager.cc:1068] Generated new instance metadata in path /tmp/dist-test-task2Ti9jM/test-tmp/auto_rebalancer-test.0.AutoRebalancerTest.AutoRebalancingTurnOffAndOn.1780912540170437-23581-0/minicluster-data/ts-3-root/instance:
uuid: "6ccaabbf2c654a09ba831f5a6113f3a2"
format_stamp: "Formatted at 2026-06-08 09:55:48 on dist-test-slave-6mzx"
I20260608 09:55:48.082669 23581 fs_manager.cc:696] Time spent creating directory manager: real 0.004s	user 0.002s	sys 0.001s
I20260608 09:55:48.086078 24524 log_block_manager.cc:4031] Time spent loading block containers with low live blocks: real 0.000s	user 0.000s	sys 0.000s
I20260608 09:55:48.086933 23581 fs_manager.cc:730] Time spent opening block manager: real 0.002s	user 0.003s	sys 0.000s
I20260608 09:55:48.087247 23581 fs_manager.cc:647] Opened local filesystem: /tmp/dist-test-task2Ti9jM/test-tmp/auto_rebalancer-test.0.AutoRebalancerTest.AutoRebalancingTurnOffAndOn.1780912540170437-23581-0/minicluster-data/ts-3-root
uuid: "6ccaabbf2c654a09ba831f5a6113f3a2"
format_stamp: "Formatted at 2026-06-08 09:55:48 on dist-test-slave-6mzx"
I20260608 09:55:48.087559 23581 fs_report.cc:389] FS layout report
--------------------
wal directory: /tmp/dist-test-task2Ti9jM/test-tmp/auto_rebalancer-test.0.AutoRebalancerTest.AutoRebalancingTurnOffAndOn.1780912540170437-23581-0/minicluster-data/ts-3-root
metadata directory: /tmp/dist-test-task2Ti9jM/test-tmp/auto_rebalancer-test.0.AutoRebalancerTest.AutoRebalancingTurnOffAndOn.1780912540170437-23581-0/minicluster-data/ts-3-root
1 data directories: /tmp/dist-test-task2Ti9jM/test-tmp/auto_rebalancer-test.0.AutoRebalancerTest.AutoRebalancingTurnOffAndOn.1780912540170437-23581-0/minicluster-data/ts-3-root/data
Total live blocks: 0
Total live bytes: 0
Total live bytes (after alignment): 0
Total number of LBM containers: 0 (0 full)
Did not check for missing blocks
Did not check for orphaned blocks
Total full LBM containers with extra space: 0 (0 repaired)
Total full LBM container extra space in bytes: 0 (0 repaired)
Total incomplete LBM containers: 0 (0 repaired)
Total LBM partial records: 0 (0 repaired)
Total corrupted LBM metadata records in RocksDB: 0 (0 repaired)
I20260608 09:55:48.113013 23581 rpc_server.cc:225] running with OpenSSL 1.1.1  11 Sep 2018
I20260608 09:55:48.114182 23581 kserver.cc:163] Server-wide thread pool size limit: 3276
I20260608 09:55:48.115576 23581 txn_system_client.cc:432] TxnSystemClient initialization is disabled...
I20260608 09:55:48.117847 23581 ts_tablet_manager.cc:585] Loaded tablet metadata (0 total tablets, 0 live tablets)
I20260608 09:55:48.118084 23581 ts_tablet_manager.cc:531] Time spent load tablet metadata: real 0.000s	user 0.000s	sys 0.000s
I20260608 09:55:48.118328 23581 ts_tablet_manager.cc:616] Registered 0 tablets
I20260608 09:55:48.118558 23581 ts_tablet_manager.cc:595] Time spent register tablets: real 0.000s	user 0.001s	sys 0.000s
I20260608 09:55:48.142078 24477 consensus_queue.cc:1048] T 16f185ffda6a4ba88dfebf187bc51b55 P 9e464109c8754aa3a7e19b252ae319c4 [LEADER]: Connected to new peer: Peer: permanent_uuid: "0ea79f2509b847f09cbceef5fa258b14" member_type: VOTER last_known_addr { host: "127.23.7.65" port: 40937 }, Status: LMP_MISMATCH, Last received: 0.0, Next index: 1, Last known committed idx: 0, Time since last communication: 0.000s
I20260608 09:55:48.161675 24475 consensus_queue.cc:1048] T 16f185ffda6a4ba88dfebf187bc51b55 P 9e464109c8754aa3a7e19b252ae319c4 [LEADER]: Connected to new peer: Peer: permanent_uuid: "1017d137848947c1b155fc59208917a6" member_type: VOTER last_known_addr { host: "127.23.7.67" port: 37455 }, Status: LMP_MISMATCH, Last received: 0.0, Next index: 1, Last known committed idx: 0, Time since last communication: 0.001s
I20260608 09:55:48.183418 23581 rpc_server.cc:307] RPC server started. Bound to: 127.23.7.68:42681
I20260608 09:55:48.183571 24588 acceptor_pool.cc:272] collecting diagnostics on the listening RPC socket 127.23.7.68:42681 every 8 connection(s)
I20260608 09:55:48.185071 24477 consensus_queue.cc:1048] T 917550dd38bb4293940855483e027565 P 9e464109c8754aa3a7e19b252ae319c4 [LEADER]: Connected to new peer: Peer: permanent_uuid: "0ea79f2509b847f09cbceef5fa258b14" member_type: VOTER last_known_addr { host: "127.23.7.65" port: 40937 }, Status: LMP_MISMATCH, Last received: 0.0, Next index: 1, Last known committed idx: 0, Time since last communication: 0.000s
I20260608 09:55:48.204532 24589 heartbeater.cc:344] Connected to a master server at 127.23.7.126:34333
I20260608 09:55:48.205000 24589 heartbeater.cc:461] Registering TS with master...
I20260608 09:55:48.205801 24589 heartbeater.cc:507] Master 127.23.7.126:34333 requested a full tablet report, sending...
I20260608 09:55:48.207353 24456 consensus_queue.cc:1048] T 917550dd38bb4293940855483e027565 P 9e464109c8754aa3a7e19b252ae319c4 [LEADER]: Connected to new peer: Peer: permanent_uuid: "1017d137848947c1b155fc59208917a6" member_type: VOTER last_known_addr { host: "127.23.7.67" port: 37455 }, Status: LMP_MISMATCH, Last received: 0.0, Next index: 1, Last known committed idx: 0, Time since last communication: 0.000s
I20260608 09:55:48.209167 24145 ts_manager.cc:194] Registered new tserver with Master: 6ccaabbf2c654a09ba831f5a6113f3a2 (127.23.7.68:42681)
I20260608 09:55:48.211167 24145 master_service.cc:502] Signed X509 certificate for tserver {username='slave'} at 127.0.0.1:53060
I20260608 09:55:48.454260 24507 consensus_queue.cc:1048] T f95c2506391646d9bebaa8866210d18e P 0ea79f2509b847f09cbceef5fa258b14 [LEADER]: Connected to new peer: Peer: permanent_uuid: "9e464109c8754aa3a7e19b252ae319c4" member_type: VOTER last_known_addr { host: "127.23.7.66" port: 39011 }, Status: LMP_MISMATCH, Last received: 0.0, Next index: 1, Last known committed idx: 0, Time since last communication: 0.001s
I20260608 09:55:48.465384 24507 consensus_queue.cc:1048] T f95c2506391646d9bebaa8866210d18e P 0ea79f2509b847f09cbceef5fa258b14 [LEADER]: Connected to new peer: Peer: permanent_uuid: "1017d137848947c1b155fc59208917a6" member_type: VOTER last_known_addr { host: "127.23.7.67" port: 37455 }, Status: LMP_MISMATCH, Last received: 0.0, Next index: 1, Last known committed idx: 0, Time since last communication: 0.000s
I20260608 09:55:49.214221 24589 heartbeater.cc:499] Master 127.23.7.126:34333 was elected leader, sending a full tablet report...
I20260608 09:55:49.375041 24202 auto_leader_rebalancer.cc:140] leader rebalance for table test-workload
I20260608 09:55:49.392330 24324 tablet_service.cc:2072] Received LeaderStepDown RPC: tablet_id: "16f185ffda6a4ba88dfebf187bc51b55"
dest_uuid: "9e464109c8754aa3a7e19b252ae319c4"
mode: GRACEFUL
new_leader_uuid: "1017d137848947c1b155fc59208917a6"
 from {username='slave'} at 127.0.0.1:40398
I20260608 09:55:49.392978 24324 raft_consensus.cc:606] T 16f185ffda6a4ba88dfebf187bc51b55 P 9e464109c8754aa3a7e19b252ae319c4 [term 1 LEADER]: Received request to transfer leadership to TS 1017d137848947c1b155fc59208917a6
I20260608 09:55:49.394315 24202 auto_leader_rebalancer.cc:388] table: test-workload, leader rebalance finish, leader transfer count: 1
I20260608 09:55:49.394912 24202 auto_leader_rebalancer.cc:451] All tables' leader rebalancing finished this round
I20260608 09:55:49.903726 24456 raft_consensus.cc:993] T 16f185ffda6a4ba88dfebf187bc51b55 P 9e464109c8754aa3a7e19b252ae319c4: : Instructing follower 1017d137848947c1b155fc59208917a6 to start an election
I20260608 09:55:49.904142 24600 raft_consensus.cc:1081] T 16f185ffda6a4ba88dfebf187bc51b55 P 9e464109c8754aa3a7e19b252ae319c4 [term 1 LEADER]: Signalling peer 1017d137848947c1b155fc59208917a6 to start an election
I20260608 09:55:49.905875 24400 tablet_service.cc:2044] Received Run Leader Election RPC: tablet_id: "16f185ffda6a4ba88dfebf187bc51b55"
dest_uuid: "1017d137848947c1b155fc59208917a6"
 from {username='slave'} at 127.0.0.1:51074
I20260608 09:55:49.906412 24400 raft_consensus.cc:493] T 16f185ffda6a4ba88dfebf187bc51b55 P 1017d137848947c1b155fc59208917a6 [term 1 FOLLOWER]: Starting forced leader election (received explicit request)
I20260608 09:55:49.906857 24400 raft_consensus.cc:3060] T 16f185ffda6a4ba88dfebf187bc51b55 P 1017d137848947c1b155fc59208917a6 [term 1 FOLLOWER]: Advancing to term 2
I20260608 09:55:49.911162 24400 raft_consensus.cc:515] T 16f185ffda6a4ba88dfebf187bc51b55 P 1017d137848947c1b155fc59208917a6 [term 2 FOLLOWER]: Starting forced leader election with config: opid_index: -1 OBSOLETE_local: false peers { permanent_uuid: "0ea79f2509b847f09cbceef5fa258b14" member_type: VOTER last_known_addr { host: "127.23.7.65" port: 40937 } } peers { permanent_uuid: "9e464109c8754aa3a7e19b252ae319c4" member_type: VOTER last_known_addr { host: "127.23.7.66" port: 39011 } } peers { permanent_uuid: "1017d137848947c1b155fc59208917a6" member_type: VOTER last_known_addr { host: "127.23.7.67" port: 37455 } }
I20260608 09:55:49.912878 24400 leader_election.cc:290] T 16f185ffda6a4ba88dfebf187bc51b55 P 1017d137848947c1b155fc59208917a6 [CANDIDATE]: Term 2 election: Requested vote from peers 0ea79f2509b847f09cbceef5fa258b14 (127.23.7.65:40937), 9e464109c8754aa3a7e19b252ae319c4 (127.23.7.66:39011)
I20260608 09:55:49.913822 24251 tablet_service.cc:1917] Received RequestConsensusVote() RPC: tablet_id: "16f185ffda6a4ba88dfebf187bc51b55" candidate_uuid: "1017d137848947c1b155fc59208917a6" candidate_term: 2 candidate_status { last_received { term: 1 index: 1 } } ignore_live_leader: true dest_uuid: "0ea79f2509b847f09cbceef5fa258b14"
I20260608 09:55:49.914136 24324 tablet_service.cc:1917] Received RequestConsensusVote() RPC: tablet_id: "16f185ffda6a4ba88dfebf187bc51b55" candidate_uuid: "1017d137848947c1b155fc59208917a6" candidate_term: 2 candidate_status { last_received { term: 1 index: 1 } } ignore_live_leader: true dest_uuid: "9e464109c8754aa3a7e19b252ae319c4"
I20260608 09:55:49.914440 24251 raft_consensus.cc:3060] T 16f185ffda6a4ba88dfebf187bc51b55 P 0ea79f2509b847f09cbceef5fa258b14 [term 1 FOLLOWER]: Advancing to term 2
I20260608 09:55:49.914752 24324 raft_consensus.cc:3055] T 16f185ffda6a4ba88dfebf187bc51b55 P 9e464109c8754aa3a7e19b252ae319c4 [term 1 LEADER]: Stepping down as leader of term 1
I20260608 09:55:49.915091 24324 raft_consensus.cc:740] T 16f185ffda6a4ba88dfebf187bc51b55 P 9e464109c8754aa3a7e19b252ae319c4 [term 1 LEADER]: Becoming Follower/Learner. State: Replica: 9e464109c8754aa3a7e19b252ae319c4, State: Running, Role: LEADER
I20260608 09:55:49.915997 24324 consensus_queue.cc:260] T 16f185ffda6a4ba88dfebf187bc51b55 P 9e464109c8754aa3a7e19b252ae319c4 [NON_LEADER]: Queue going to NON_LEADER mode. State: All replicated index: 0, Majority replicated index: 1, Committed index: 1, Last appended: 1.1, Last appended by leader: 1, Current term: 1, Majority size: -1, State: 0, Mode: NON_LEADER, active raft config: opid_index: -1 OBSOLETE_local: false peers { permanent_uuid: "0ea79f2509b847f09cbceef5fa258b14" member_type: VOTER last_known_addr { host: "127.23.7.65" port: 40937 } } peers { permanent_uuid: "9e464109c8754aa3a7e19b252ae319c4" member_type: VOTER last_known_addr { host: "127.23.7.66" port: 39011 } } peers { permanent_uuid: "1017d137848947c1b155fc59208917a6" member_type: VOTER last_known_addr { host: "127.23.7.67" port: 37455 } }
I20260608 09:55:49.917202 24324 raft_consensus.cc:3060] T 16f185ffda6a4ba88dfebf187bc51b55 P 9e464109c8754aa3a7e19b252ae319c4 [term 1 FOLLOWER]: Advancing to term 2
I20260608 09:55:49.921118 24251 raft_consensus.cc:2468] T 16f185ffda6a4ba88dfebf187bc51b55 P 0ea79f2509b847f09cbceef5fa258b14 [term 2 FOLLOWER]: Leader election vote request: Granting yes vote for candidate 1017d137848947c1b155fc59208917a6 in term 2.
I20260608 09:55:49.922612 24365 leader_election.cc:304] T 16f185ffda6a4ba88dfebf187bc51b55 P 1017d137848947c1b155fc59208917a6 [CANDIDATE]: Term 2 election: Election decided. Result: candidate won. Election summary: received 2 responses out of 3 voters: 2 yes votes; 0 no votes. yes voters: 0ea79f2509b847f09cbceef5fa258b14, 1017d137848947c1b155fc59208917a6; no voters: 
I20260608 09:55:49.923482 24482 raft_consensus.cc:2804] T 16f185ffda6a4ba88dfebf187bc51b55 P 1017d137848947c1b155fc59208917a6 [term 2 FOLLOWER]: Leader election won for term 2
I20260608 09:55:49.923859 24324 raft_consensus.cc:2468] T 16f185ffda6a4ba88dfebf187bc51b55 P 9e464109c8754aa3a7e19b252ae319c4 [term 2 FOLLOWER]: Leader election vote request: Granting yes vote for candidate 1017d137848947c1b155fc59208917a6 in term 2.
I20260608 09:55:49.924587 24482 raft_consensus.cc:697] T 16f185ffda6a4ba88dfebf187bc51b55 P 1017d137848947c1b155fc59208917a6 [term 2 LEADER]: Becoming Leader. State: Replica: 1017d137848947c1b155fc59208917a6, State: Running, Role: LEADER
I20260608 09:55:49.925433 24482 consensus_queue.cc:237] T 16f185ffda6a4ba88dfebf187bc51b55 P 1017d137848947c1b155fc59208917a6 [LEADER]: Queue going to LEADER mode. State: All replicated index: 0, Majority replicated index: 1, Committed index: 1, Last appended: 1.1, Last appended by leader: 1, Current term: 2, Majority size: 2, State: 0, Mode: LEADER, active raft config: opid_index: -1 OBSOLETE_local: false peers { permanent_uuid: "0ea79f2509b847f09cbceef5fa258b14" member_type: VOTER last_known_addr { host: "127.23.7.65" port: 40937 } } peers { permanent_uuid: "9e464109c8754aa3a7e19b252ae319c4" member_type: VOTER last_known_addr { host: "127.23.7.66" port: 39011 } } peers { permanent_uuid: "1017d137848947c1b155fc59208917a6" member_type: VOTER last_known_addr { host: "127.23.7.67" port: 37455 } }
I20260608 09:55:49.933360 24146 catalog_manager.cc:5696] T 16f185ffda6a4ba88dfebf187bc51b55 P 1017d137848947c1b155fc59208917a6 reported cstate change: term changed from 1 to 2, leader changed from 9e464109c8754aa3a7e19b252ae319c4 (127.23.7.66) to 1017d137848947c1b155fc59208917a6 (127.23.7.67). New cstate: current_term: 2 leader_uuid: "1017d137848947c1b155fc59208917a6" committed_config { opid_index: -1 OBSOLETE_local: false peers { permanent_uuid: "0ea79f2509b847f09cbceef5fa258b14" member_type: VOTER last_known_addr { host: "127.23.7.65" port: 40937 } health_report { overall_health: UNKNOWN } } peers { permanent_uuid: "9e464109c8754aa3a7e19b252ae319c4" member_type: VOTER last_known_addr { host: "127.23.7.66" port: 39011 } health_report { overall_health: UNKNOWN } } peers { permanent_uuid: "1017d137848947c1b155fc59208917a6" member_type: VOTER last_known_addr { host: "127.23.7.67" port: 37455 } health_report { overall_health: HEALTHY } } }
I20260608 09:55:50.394407 24326 raft_consensus.cc:1275] T 16f185ffda6a4ba88dfebf187bc51b55 P 9e464109c8754aa3a7e19b252ae319c4 [term 2 FOLLOWER]: Refusing update from remote peer 1017d137848947c1b155fc59208917a6: Log matching property violated. Preceding OpId in replica: term: 1 index: 1. Preceding OpId from leader: term: 2 index: 2. (index mismatch)
I20260608 09:55:50.396548 24482 consensus_queue.cc:1048] T 16f185ffda6a4ba88dfebf187bc51b55 P 1017d137848947c1b155fc59208917a6 [LEADER]: Connected to new peer: Peer: permanent_uuid: "9e464109c8754aa3a7e19b252ae319c4" member_type: VOTER last_known_addr { host: "127.23.7.66" port: 39011 }, Status: LMP_MISMATCH, Last received: 0.0, Next index: 2, Last known committed idx: 1, Time since last communication: 0.001s
I20260608 09:55:50.415347 24251 raft_consensus.cc:1275] T 16f185ffda6a4ba88dfebf187bc51b55 P 0ea79f2509b847f09cbceef5fa258b14 [term 2 FOLLOWER]: Refusing update from remote peer 1017d137848947c1b155fc59208917a6: Log matching property violated. Preceding OpId in replica: term: 1 index: 1. Preceding OpId from leader: term: 2 index: 2. (index mismatch)
I20260608 09:55:50.417161 24601 consensus_queue.cc:1048] T 16f185ffda6a4ba88dfebf187bc51b55 P 1017d137848947c1b155fc59208917a6 [LEADER]: Connected to new peer: Peer: permanent_uuid: "0ea79f2509b847f09cbceef5fa258b14" member_type: VOTER last_known_addr { host: "127.23.7.65" port: 40937 }, Status: LMP_MISMATCH, Last received: 0.0, Next index: 2, Last known committed idx: 1, Time since last communication: 0.001s
I20260608 09:55:51.396836 24202 auto_leader_rebalancer.cc:140] leader rebalance for table test-workload
I20260608 09:55:51.671617 24400 tablet_service.cc:2072] Received LeaderStepDown RPC: tablet_id: "16f185ffda6a4ba88dfebf187bc51b55"
dest_uuid: "1017d137848947c1b155fc59208917a6"
mode: GRACEFUL
new_leader_uuid: "9e464109c8754aa3a7e19b252ae319c4"
 from {username='slave'} at 127.0.0.1:40888
I20260608 09:55:51.672500 24400 raft_consensus.cc:606] T 16f185ffda6a4ba88dfebf187bc51b55 P 1017d137848947c1b155fc59208917a6 [term 2 LEADER]: Received request to transfer leadership to TS 9e464109c8754aa3a7e19b252ae319c4
I20260608 09:55:51.674414 24202 auto_leader_rebalancer.cc:388] table: test-workload, leader rebalance finish, leader transfer count: 1
I20260608 09:55:51.687574 24202 auto_leader_rebalancer.cc:451] All tables' leader rebalancing finished this round
I20260608 09:55:52.063288 24619 raft_consensus.cc:993] T 16f185ffda6a4ba88dfebf187bc51b55 P 1017d137848947c1b155fc59208917a6: : Instructing follower 9e464109c8754aa3a7e19b252ae319c4 to start an election
I20260608 09:55:52.063872 24619 raft_consensus.cc:1081] T 16f185ffda6a4ba88dfebf187bc51b55 P 1017d137848947c1b155fc59208917a6 [term 2 LEADER]: Signalling peer 9e464109c8754aa3a7e19b252ae319c4 to start an election
I20260608 09:55:52.065586 24325 tablet_service.cc:2044] Received Run Leader Election RPC: tablet_id: "16f185ffda6a4ba88dfebf187bc51b55"
dest_uuid: "9e464109c8754aa3a7e19b252ae319c4"
 from {username='slave'} at 127.0.0.1:40390
I20260608 09:55:52.066187 24325 raft_consensus.cc:493] T 16f185ffda6a4ba88dfebf187bc51b55 P 9e464109c8754aa3a7e19b252ae319c4 [term 2 FOLLOWER]: Starting forced leader election (received explicit request)
I20260608 09:55:52.066588 24325 raft_consensus.cc:3060] T 16f185ffda6a4ba88dfebf187bc51b55 P 9e464109c8754aa3a7e19b252ae319c4 [term 2 FOLLOWER]: Advancing to term 3
I20260608 09:55:52.072055 24325 raft_consensus.cc:515] T 16f185ffda6a4ba88dfebf187bc51b55 P 9e464109c8754aa3a7e19b252ae319c4 [term 3 FOLLOWER]: Starting forced leader election with config: opid_index: -1 OBSOLETE_local: false peers { permanent_uuid: "0ea79f2509b847f09cbceef5fa258b14" member_type: VOTER last_known_addr { host: "127.23.7.65" port: 40937 } } peers { permanent_uuid: "9e464109c8754aa3a7e19b252ae319c4" member_type: VOTER last_known_addr { host: "127.23.7.66" port: 39011 } } peers { permanent_uuid: "1017d137848947c1b155fc59208917a6" member_type: VOTER last_known_addr { host: "127.23.7.67" port: 37455 } }
I20260608 09:55:52.073941 24325 leader_election.cc:290] T 16f185ffda6a4ba88dfebf187bc51b55 P 9e464109c8754aa3a7e19b252ae319c4 [CANDIDATE]: Term 3 election: Requested vote from peers 0ea79f2509b847f09cbceef5fa258b14 (127.23.7.65:40937), 1017d137848947c1b155fc59208917a6 (127.23.7.67:37455)
I20260608 09:55:52.075050 24250 tablet_service.cc:1917] Received RequestConsensusVote() RPC: tablet_id: "16f185ffda6a4ba88dfebf187bc51b55" candidate_uuid: "9e464109c8754aa3a7e19b252ae319c4" candidate_term: 3 candidate_status { last_received { term: 2 index: 2 } } ignore_live_leader: true dest_uuid: "0ea79f2509b847f09cbceef5fa258b14"
I20260608 09:55:52.075241 24399 tablet_service.cc:1917] Received RequestConsensusVote() RPC: tablet_id: "16f185ffda6a4ba88dfebf187bc51b55" candidate_uuid: "9e464109c8754aa3a7e19b252ae319c4" candidate_term: 3 candidate_status { last_received { term: 2 index: 2 } } ignore_live_leader: true dest_uuid: "1017d137848947c1b155fc59208917a6"
I20260608 09:55:52.075672 24250 raft_consensus.cc:3060] T 16f185ffda6a4ba88dfebf187bc51b55 P 0ea79f2509b847f09cbceef5fa258b14 [term 2 FOLLOWER]: Advancing to term 3
I20260608 09:55:52.075887 24399 raft_consensus.cc:3055] T 16f185ffda6a4ba88dfebf187bc51b55 P 1017d137848947c1b155fc59208917a6 [term 2 LEADER]: Stepping down as leader of term 2
I20260608 09:55:52.076393 24399 raft_consensus.cc:740] T 16f185ffda6a4ba88dfebf187bc51b55 P 1017d137848947c1b155fc59208917a6 [term 2 LEADER]: Becoming Follower/Learner. State: Replica: 1017d137848947c1b155fc59208917a6, State: Running, Role: LEADER
I20260608 09:55:52.077215 24399 consensus_queue.cc:260] T 16f185ffda6a4ba88dfebf187bc51b55 P 1017d137848947c1b155fc59208917a6 [NON_LEADER]: Queue going to NON_LEADER mode. State: All replicated index: 0, Majority replicated index: 2, Committed index: 2, Last appended: 2.2, Last appended by leader: 2, Current term: 2, Majority size: -1, State: 0, Mode: NON_LEADER, active raft config: opid_index: -1 OBSOLETE_local: false peers { permanent_uuid: "0ea79f2509b847f09cbceef5fa258b14" member_type: VOTER last_known_addr { host: "127.23.7.65" port: 40937 } } peers { permanent_uuid: "9e464109c8754aa3a7e19b252ae319c4" member_type: VOTER last_known_addr { host: "127.23.7.66" port: 39011 } } peers { permanent_uuid: "1017d137848947c1b155fc59208917a6" member_type: VOTER last_known_addr { host: "127.23.7.67" port: 37455 } }
I20260608 09:55:52.078282 24399 raft_consensus.cc:3060] T 16f185ffda6a4ba88dfebf187bc51b55 P 1017d137848947c1b155fc59208917a6 [term 2 FOLLOWER]: Advancing to term 3
I20260608 09:55:52.080957 24250 raft_consensus.cc:2468] T 16f185ffda6a4ba88dfebf187bc51b55 P 0ea79f2509b847f09cbceef5fa258b14 [term 3 FOLLOWER]: Leader election vote request: Granting yes vote for candidate 9e464109c8754aa3a7e19b252ae319c4 in term 3.
I20260608 09:55:52.082197 24291 leader_election.cc:304] T 16f185ffda6a4ba88dfebf187bc51b55 P 9e464109c8754aa3a7e19b252ae319c4 [CANDIDATE]: Term 3 election: Election decided. Result: candidate won. Election summary: received 2 responses out of 3 voters: 2 yes votes; 0 no votes. yes voters: 0ea79f2509b847f09cbceef5fa258b14, 9e464109c8754aa3a7e19b252ae319c4; no voters: 
I20260608 09:55:52.082998 24615 raft_consensus.cc:2804] T 16f185ffda6a4ba88dfebf187bc51b55 P 9e464109c8754aa3a7e19b252ae319c4 [term 3 FOLLOWER]: Leader election won for term 3
I20260608 09:55:52.083551 24615 raft_consensus.cc:697] T 16f185ffda6a4ba88dfebf187bc51b55 P 9e464109c8754aa3a7e19b252ae319c4 [term 3 LEADER]: Becoming Leader. State: Replica: 9e464109c8754aa3a7e19b252ae319c4, State: Running, Role: LEADER
I20260608 09:55:52.084290 24399 raft_consensus.cc:2468] T 16f185ffda6a4ba88dfebf187bc51b55 P 1017d137848947c1b155fc59208917a6 [term 3 FOLLOWER]: Leader election vote request: Granting yes vote for candidate 9e464109c8754aa3a7e19b252ae319c4 in term 3.
I20260608 09:55:52.084604 24615 consensus_queue.cc:237] T 16f185ffda6a4ba88dfebf187bc51b55 P 9e464109c8754aa3a7e19b252ae319c4 [LEADER]: Queue going to LEADER mode. State: All replicated index: 0, Majority replicated index: 2, Committed index: 2, Last appended: 2.2, Last appended by leader: 2, Current term: 3, Majority size: 2, State: 0, Mode: LEADER, active raft config: opid_index: -1 OBSOLETE_local: false peers { permanent_uuid: "0ea79f2509b847f09cbceef5fa258b14" member_type: VOTER last_known_addr { host: "127.23.7.65" port: 40937 } } peers { permanent_uuid: "9e464109c8754aa3a7e19b252ae319c4" member_type: VOTER last_known_addr { host: "127.23.7.66" port: 39011 } } peers { permanent_uuid: "1017d137848947c1b155fc59208917a6" member_type: VOTER last_known_addr { host: "127.23.7.67" port: 37455 } }
I20260608 09:55:52.094044 24146 catalog_manager.cc:5696] T 16f185ffda6a4ba88dfebf187bc51b55 P 9e464109c8754aa3a7e19b252ae319c4 reported cstate change: term changed from 2 to 3, leader changed from 1017d137848947c1b155fc59208917a6 (127.23.7.67) to 9e464109c8754aa3a7e19b252ae319c4 (127.23.7.66). New cstate: current_term: 3 leader_uuid: "9e464109c8754aa3a7e19b252ae319c4" committed_config { opid_index: -1 OBSOLETE_local: false peers { permanent_uuid: "0ea79f2509b847f09cbceef5fa258b14" member_type: VOTER last_known_addr { host: "127.23.7.65" port: 40937 } health_report { overall_health: UNKNOWN } } peers { permanent_uuid: "9e464109c8754aa3a7e19b252ae319c4" member_type: VOTER last_known_addr { host: "127.23.7.66" port: 39011 } health_report { overall_health: HEALTHY } } peers { permanent_uuid: "1017d137848947c1b155fc59208917a6" member_type: VOTER last_known_addr { host: "127.23.7.67" port: 37455 } health_report { overall_health: UNKNOWN } } }
I20260608 09:55:52.471380 24399 raft_consensus.cc:1275] T 16f185ffda6a4ba88dfebf187bc51b55 P 1017d137848947c1b155fc59208917a6 [term 3 FOLLOWER]: Refusing update from remote peer 9e464109c8754aa3a7e19b252ae319c4: Log matching property violated. Preceding OpId in replica: term: 2 index: 2. Preceding OpId from leader: term: 3 index: 3. (index mismatch)
I20260608 09:55:52.472677 24615 consensus_queue.cc:1048] T 16f185ffda6a4ba88dfebf187bc51b55 P 9e464109c8754aa3a7e19b252ae319c4 [LEADER]: Connected to new peer: Peer: permanent_uuid: "1017d137848947c1b155fc59208917a6" member_type: VOTER last_known_addr { host: "127.23.7.67" port: 37455 }, Status: LMP_MISMATCH, Last received: 0.0, Next index: 3, Last known committed idx: 2, Time since last communication: 0.000s
I20260608 09:55:52.482931 24250 raft_consensus.cc:1275] T 16f185ffda6a4ba88dfebf187bc51b55 P 0ea79f2509b847f09cbceef5fa258b14 [term 3 FOLLOWER]: Refusing update from remote peer 9e464109c8754aa3a7e19b252ae319c4: Log matching property violated. Preceding OpId in replica: term: 2 index: 2. Preceding OpId from leader: term: 3 index: 3. (index mismatch)
I20260608 09:55:52.485092 24628 consensus_queue.cc:1048] T 16f185ffda6a4ba88dfebf187bc51b55 P 9e464109c8754aa3a7e19b252ae319c4 [LEADER]: Connected to new peer: Peer: permanent_uuid: "0ea79f2509b847f09cbceef5fa258b14" member_type: VOTER last_known_addr { host: "127.23.7.65" port: 40937 }, Status: LMP_MISMATCH, Last received: 0.0, Next index: 3, Last known committed idx: 2, Time since last communication: 0.000s
W20260608 09:55:52.567896 24180 debug-util.cc:398] Leaking SignalData structure 0x7b08000c8880 after lost signal to thread 23584
W20260608 09:55:52.568806 24180 debug-util.cc:398] Leaking SignalData structure 0x7b08000c8f60 after lost signal to thread 24183
W20260608 09:55:52.569684 24180 debug-util.cc:398] Leaking SignalData structure 0x7b08001fdb20 after lost signal to thread 24275
W20260608 09:55:52.570537 24180 debug-util.cc:398] Leaking SignalData structure 0x7b0800122080 after lost signal to thread 24350
W20260608 09:55:52.571862 24180 debug-util.cc:398] Leaking SignalData structure 0x7b08001c4d00 after lost signal to thread 24588
I20260608 09:55:53.655118 24250 consensus_queue.cc:237] T c25764c0aa46434ba5230766490ce31d P 0ea79f2509b847f09cbceef5fa258b14 [LEADER]: Queue going to LEADER mode. State: All replicated index: 0, Majority replicated index: 1, Committed index: 1, Last appended: 1.1, Last appended by leader: 0, Current term: 1, Majority size: 2, State: 0, Mode: LEADER, active raft config: opid_index: 2 OBSOLETE_local: false peers { permanent_uuid: "0ea79f2509b847f09cbceef5fa258b14" member_type: VOTER last_known_addr { host: "127.23.7.65" port: 40937 } } peers { permanent_uuid: "9e464109c8754aa3a7e19b252ae319c4" member_type: VOTER last_known_addr { host: "127.23.7.66" port: 39011 } } peers { permanent_uuid: "1017d137848947c1b155fc59208917a6" member_type: VOTER last_known_addr { host: "127.23.7.67" port: 37455 } attrs { replace: true } } peers { permanent_uuid: "6ccaabbf2c654a09ba831f5a6113f3a2" member_type: NON_VOTER last_known_addr { host: "127.23.7.68" port: 42681 } attrs { promote: true } }
I20260608 09:55:53.664469 24399 raft_consensus.cc:1275] T c25764c0aa46434ba5230766490ce31d P 1017d137848947c1b155fc59208917a6 [term 1 FOLLOWER]: Refusing update from remote peer 0ea79f2509b847f09cbceef5fa258b14: Log matching property violated. Preceding OpId in replica: term: 1 index: 1. Preceding OpId from leader: term: 1 index: 2. (index mismatch)
I20260608 09:55:53.667666 24458 consensus_queue.cc:1048] T c25764c0aa46434ba5230766490ce31d P 0ea79f2509b847f09cbceef5fa258b14 [LEADER]: Connected to new peer: Peer: permanent_uuid: "1017d137848947c1b155fc59208917a6" member_type: VOTER last_known_addr { host: "127.23.7.67" port: 37455 } attrs { replace: true }, Status: LMP_MISMATCH, Last received: 0.0, Next index: 2, Last known committed idx: 1, Time since last communication: 0.001s
I20260608 09:55:53.684388 24458 raft_consensus.cc:2955] T c25764c0aa46434ba5230766490ce31d P 0ea79f2509b847f09cbceef5fa258b14 [term 1 LEADER]: Committing config change with OpId 1.2: config changed from index -1 to 2, NON_VOTER 6ccaabbf2c654a09ba831f5a6113f3a2 (127.23.7.68) added. New config: { opid_index: 2 OBSOLETE_local: false peers { permanent_uuid: "0ea79f2509b847f09cbceef5fa258b14" member_type: VOTER last_known_addr { host: "127.23.7.65" port: 40937 } } peers { permanent_uuid: "9e464109c8754aa3a7e19b252ae319c4" member_type: VOTER last_known_addr { host: "127.23.7.66" port: 39011 } } peers { permanent_uuid: "1017d137848947c1b155fc59208917a6" member_type: VOTER last_known_addr { host: "127.23.7.67" port: 37455 } attrs { replace: true } } peers { permanent_uuid: "6ccaabbf2c654a09ba831f5a6113f3a2" member_type: NON_VOTER last_known_addr { host: "127.23.7.68" port: 42681 } attrs { promote: true } } }
I20260608 09:55:53.688712 24202 auto_leader_rebalancer.cc:140] leader rebalance for table test-workload
I20260608 09:55:53.690017 24399 raft_consensus.cc:2955] T c25764c0aa46434ba5230766490ce31d P 1017d137848947c1b155fc59208917a6 [term 1 FOLLOWER]: Committing config change with OpId 1.2: config changed from index -1 to 2, NON_VOTER 6ccaabbf2c654a09ba831f5a6113f3a2 (127.23.7.68) added. New config: { opid_index: 2 OBSOLETE_local: false peers { permanent_uuid: "0ea79f2509b847f09cbceef5fa258b14" member_type: VOTER last_known_addr { host: "127.23.7.65" port: 40937 } } peers { permanent_uuid: "9e464109c8754aa3a7e19b252ae319c4" member_type: VOTER last_known_addr { host: "127.23.7.66" port: 39011 } } peers { permanent_uuid: "1017d137848947c1b155fc59208917a6" member_type: VOTER last_known_addr { host: "127.23.7.67" port: 37455 } attrs { replace: true } } peers { permanent_uuid: "6ccaabbf2c654a09ba831f5a6113f3a2" member_type: NON_VOTER last_known_addr { host: "127.23.7.68" port: 42681 } attrs { promote: true } } }
I20260608 09:55:53.700640 24325 raft_consensus.cc:1275] T c25764c0aa46434ba5230766490ce31d P 9e464109c8754aa3a7e19b252ae319c4 [term 1 FOLLOWER]: Refusing update from remote peer 0ea79f2509b847f09cbceef5fa258b14: Log matching property violated. Preceding OpId in replica: term: 1 index: 1. Preceding OpId from leader: term: 1 index: 2. (index mismatch)
I20260608 09:55:53.701545 24326 tablet_service.cc:2072] Received LeaderStepDown RPC: tablet_id: "16f185ffda6a4ba88dfebf187bc51b55"
dest_uuid: "9e464109c8754aa3a7e19b252ae319c4"
mode: GRACEFUL
new_leader_uuid: "1017d137848947c1b155fc59208917a6"
 from {username='slave'} at 127.0.0.1:40398
I20260608 09:55:53.702191 24326 raft_consensus.cc:606] T 16f185ffda6a4ba88dfebf187bc51b55 P 9e464109c8754aa3a7e19b252ae319c4 [term 3 LEADER]: Received request to transfer leadership to TS 1017d137848947c1b155fc59208917a6
I20260608 09:55:53.702674 24637 consensus_queue.cc:1048] T c25764c0aa46434ba5230766490ce31d P 0ea79f2509b847f09cbceef5fa258b14 [LEADER]: Connected to new peer: Peer: permanent_uuid: "9e464109c8754aa3a7e19b252ae319c4" member_type: VOTER last_known_addr { host: "127.23.7.66" port: 39011 }, Status: LMP_MISMATCH, Last received: 0.0, Next index: 2, Last known committed idx: 1, Time since last communication: 0.001s
I20260608 09:55:53.705134 24202 auto_leader_rebalancer.cc:388] table: test-workload, leader rebalance finish, leader transfer count: 1
I20260608 09:55:53.705715 24202 auto_leader_rebalancer.cc:451] All tables' leader rebalancing finished this round
W20260608 09:55:53.709421 24216 consensus_peers.cc:597] T c25764c0aa46434ba5230766490ce31d P 0ea79f2509b847f09cbceef5fa258b14 -> Peer 6ccaabbf2c654a09ba831f5a6113f3a2 (127.23.7.68:42681): Couldn't send request to peer 6ccaabbf2c654a09ba831f5a6113f3a2. Error code: TABLET_NOT_FOUND (6). Status: Not found: Tablet not found: c25764c0aa46434ba5230766490ce31d. This is attempt 1: this message will repeat every 5th retry.
I20260608 09:55:53.712800 24326 raft_consensus.cc:2955] T c25764c0aa46434ba5230766490ce31d P 9e464109c8754aa3a7e19b252ae319c4 [term 1 FOLLOWER]: Committing config change with OpId 1.2: config changed from index -1 to 2, NON_VOTER 6ccaabbf2c654a09ba831f5a6113f3a2 (127.23.7.68) added. New config: { opid_index: 2 OBSOLETE_local: false peers { permanent_uuid: "0ea79f2509b847f09cbceef5fa258b14" member_type: VOTER last_known_addr { host: "127.23.7.65" port: 40937 } } peers { permanent_uuid: "9e464109c8754aa3a7e19b252ae319c4" member_type: VOTER last_known_addr { host: "127.23.7.66" port: 39011 } } peers { permanent_uuid: "1017d137848947c1b155fc59208917a6" member_type: VOTER last_known_addr { host: "127.23.7.67" port: 37455 } attrs { replace: true } } peers { permanent_uuid: "6ccaabbf2c654a09ba831f5a6113f3a2" member_type: NON_VOTER last_known_addr { host: "127.23.7.68" port: 42681 } attrs { promote: true } } }
I20260608 09:55:53.718866 24250 consensus_queue.cc:237] T f95c2506391646d9bebaa8866210d18e P 0ea79f2509b847f09cbceef5fa258b14 [LEADER]: Queue going to LEADER mode. State: All replicated index: 0, Majority replicated index: 1, Committed index: 1, Last appended: 1.1, Last appended by leader: 0, Current term: 1, Majority size: 2, State: 0, Mode: LEADER, active raft config: opid_index: 2 OBSOLETE_local: false peers { permanent_uuid: "0ea79f2509b847f09cbceef5fa258b14" member_type: VOTER last_known_addr { host: "127.23.7.65" port: 40937 } } peers { permanent_uuid: "9e464109c8754aa3a7e19b252ae319c4" member_type: VOTER last_known_addr { host: "127.23.7.66" port: 39011 } attrs { replace: true } } peers { permanent_uuid: "1017d137848947c1b155fc59208917a6" member_type: VOTER last_known_addr { host: "127.23.7.67" port: 37455 } } peers { permanent_uuid: "6ccaabbf2c654a09ba831f5a6113f3a2" member_type: NON_VOTER last_known_addr { host: "127.23.7.68" port: 42681 } attrs { promote: true } }
I20260608 09:55:53.726583 24146 catalog_manager.cc:5696] T c25764c0aa46434ba5230766490ce31d P 1017d137848947c1b155fc59208917a6 reported cstate change: config changed from index -1 to 2, NON_VOTER 6ccaabbf2c654a09ba831f5a6113f3a2 (127.23.7.68) added. New cstate: current_term: 1 leader_uuid: "0ea79f2509b847f09cbceef5fa258b14" committed_config { opid_index: 2 OBSOLETE_local: false peers { permanent_uuid: "0ea79f2509b847f09cbceef5fa258b14" member_type: VOTER last_known_addr { host: "127.23.7.65" port: 40937 } } peers { permanent_uuid: "9e464109c8754aa3a7e19b252ae319c4" member_type: VOTER last_known_addr { host: "127.23.7.66" port: 39011 } } peers { permanent_uuid: "1017d137848947c1b155fc59208917a6" member_type: VOTER last_known_addr { host: "127.23.7.67" port: 37455 } attrs { replace: true } } peers { permanent_uuid: "6ccaabbf2c654a09ba831f5a6113f3a2" member_type: NON_VOTER last_known_addr { host: "127.23.7.68" port: 42681 } attrs { promote: true } } }
W20260608 09:55:53.737787 24216 consensus_peers.cc:597] T f95c2506391646d9bebaa8866210d18e P 0ea79f2509b847f09cbceef5fa258b14 -> Peer 6ccaabbf2c654a09ba831f5a6113f3a2 (127.23.7.68:42681): Couldn't send request to peer 6ccaabbf2c654a09ba831f5a6113f3a2. Error code: TABLET_NOT_FOUND (6). Status: Not found: Tablet not found: f95c2506391646d9bebaa8866210d18e. This is attempt 1: this message will repeat every 5th retry.
I20260608 09:55:53.741544 24399 raft_consensus.cc:1275] T f95c2506391646d9bebaa8866210d18e P 1017d137848947c1b155fc59208917a6 [term 1 FOLLOWER]: Refusing update from remote peer 0ea79f2509b847f09cbceef5fa258b14: Log matching property violated. Preceding OpId in replica: term: 1 index: 1. Preceding OpId from leader: term: 1 index: 2. (index mismatch)
I20260608 09:55:53.743779 24637 consensus_queue.cc:1048] T f95c2506391646d9bebaa8866210d18e P 0ea79f2509b847f09cbceef5fa258b14 [LEADER]: Connected to new peer: Peer: permanent_uuid: "1017d137848947c1b155fc59208917a6" member_type: VOTER last_known_addr { host: "127.23.7.67" port: 37455 }, Status: LMP_MISMATCH, Last received: 0.0, Next index: 2, Last known committed idx: 1, Time since last communication: 0.000s
I20260608 09:55:53.753391 24325 raft_consensus.cc:1275] T f95c2506391646d9bebaa8866210d18e P 9e464109c8754aa3a7e19b252ae319c4 [term 1 FOLLOWER]: Refusing update from remote peer 0ea79f2509b847f09cbceef5fa258b14: Log matching property violated. Preceding OpId in replica: term: 1 index: 1. Preceding OpId from leader: term: 1 index: 2. (index mismatch)
I20260608 09:55:53.762224 24458 consensus_queue.cc:1048] T f95c2506391646d9bebaa8866210d18e P 0ea79f2509b847f09cbceef5fa258b14 [LEADER]: Connected to new peer: Peer: permanent_uuid: "9e464109c8754aa3a7e19b252ae319c4" member_type: VOTER last_known_addr { host: "127.23.7.66" port: 39011 } attrs { replace: true }, Status: LMP_MISMATCH, Last received: 0.0, Next index: 2, Last known committed idx: 1, Time since last communication: 0.001s
I20260608 09:55:53.769115 24458 raft_consensus.cc:2955] T f95c2506391646d9bebaa8866210d18e P 0ea79f2509b847f09cbceef5fa258b14 [term 1 LEADER]: Committing config change with OpId 1.2: config changed from index -1 to 2, NON_VOTER 6ccaabbf2c654a09ba831f5a6113f3a2 (127.23.7.68) added. New config: { opid_index: 2 OBSOLETE_local: false peers { permanent_uuid: "0ea79f2509b847f09cbceef5fa258b14" member_type: VOTER last_known_addr { host: "127.23.7.65" port: 40937 } } peers { permanent_uuid: "9e464109c8754aa3a7e19b252ae319c4" member_type: VOTER last_known_addr { host: "127.23.7.66" port: 39011 } attrs { replace: true } } peers { permanent_uuid: "1017d137848947c1b155fc59208917a6" member_type: VOTER last_known_addr { host: "127.23.7.67" port: 37455 } } peers { permanent_uuid: "6ccaabbf2c654a09ba831f5a6113f3a2" member_type: NON_VOTER last_known_addr { host: "127.23.7.68" port: 42681 } attrs { promote: true } } }
I20260608 09:55:53.776605 24325 raft_consensus.cc:2955] T f95c2506391646d9bebaa8866210d18e P 9e464109c8754aa3a7e19b252ae319c4 [term 1 FOLLOWER]: Committing config change with OpId 1.2: config changed from index -1 to 2, NON_VOTER 6ccaabbf2c654a09ba831f5a6113f3a2 (127.23.7.68) added. New config: { opid_index: 2 OBSOLETE_local: false peers { permanent_uuid: "0ea79f2509b847f09cbceef5fa258b14" member_type: VOTER last_known_addr { host: "127.23.7.65" port: 40937 } } peers { permanent_uuid: "9e464109c8754aa3a7e19b252ae319c4" member_type: VOTER last_known_addr { host: "127.23.7.66" port: 39011 } attrs { replace: true } } peers { permanent_uuid: "1017d137848947c1b155fc59208917a6" member_type: VOTER last_known_addr { host: "127.23.7.67" port: 37455 } } peers { permanent_uuid: "6ccaabbf2c654a09ba831f5a6113f3a2" member_type: NON_VOTER last_known_addr { host: "127.23.7.68" port: 42681 } attrs { promote: true } } }
I20260608 09:55:53.781433 24399 raft_consensus.cc:2955] T f95c2506391646d9bebaa8866210d18e P 1017d137848947c1b155fc59208917a6 [term 1 FOLLOWER]: Committing config change with OpId 1.2: config changed from index -1 to 2, NON_VOTER 6ccaabbf2c654a09ba831f5a6113f3a2 (127.23.7.68) added. New config: { opid_index: 2 OBSOLETE_local: false peers { permanent_uuid: "0ea79f2509b847f09cbceef5fa258b14" member_type: VOTER last_known_addr { host: "127.23.7.65" port: 40937 } } peers { permanent_uuid: "9e464109c8754aa3a7e19b252ae319c4" member_type: VOTER last_known_addr { host: "127.23.7.66" port: 39011 } attrs { replace: true } } peers { permanent_uuid: "1017d137848947c1b155fc59208917a6" member_type: VOTER last_known_addr { host: "127.23.7.67" port: 37455 } } peers { permanent_uuid: "6ccaabbf2c654a09ba831f5a6113f3a2" member_type: NON_VOTER last_known_addr { host: "127.23.7.68" port: 42681 } attrs { promote: true } } }
I20260608 09:55:53.794905 24145 catalog_manager.cc:5696] T f95c2506391646d9bebaa8866210d18e P 0ea79f2509b847f09cbceef5fa258b14 reported cstate change: config changed from index -1 to 2, NON_VOTER 6ccaabbf2c654a09ba831f5a6113f3a2 (127.23.7.68) added. New cstate: current_term: 1 leader_uuid: "0ea79f2509b847f09cbceef5fa258b14" committed_config { opid_index: 2 OBSOLETE_local: false peers { permanent_uuid: "0ea79f2509b847f09cbceef5fa258b14" member_type: VOTER last_known_addr { host: "127.23.7.65" port: 40937 } health_report { overall_health: HEALTHY } } peers { permanent_uuid: "9e464109c8754aa3a7e19b252ae319c4" member_type: VOTER last_known_addr { host: "127.23.7.66" port: 39011 } attrs { replace: true } health_report { overall_health: HEALTHY } } peers { permanent_uuid: "1017d137848947c1b155fc59208917a6" member_type: VOTER last_known_addr { host: "127.23.7.67" port: 37455 } health_report { overall_health: HEALTHY } } peers { permanent_uuid: "6ccaabbf2c654a09ba831f5a6113f3a2" member_type: NON_VOTER last_known_addr { host: "127.23.7.68" port: 42681 } attrs { promote: true } health_report { overall_health: UNKNOWN } } }
I20260608 09:55:53.823310 24325 consensus_queue.cc:237] T 534fcf331e24437f9b8c5b453180afe3 P 9e464109c8754aa3a7e19b252ae319c4 [LEADER]: Queue going to LEADER mode. State: All replicated index: 0, Majority replicated index: 1, Committed index: 1, Last appended: 1.1, Last appended by leader: 0, Current term: 1, Majority size: 2, State: 0, Mode: LEADER, active raft config: opid_index: 2 OBSOLETE_local: false peers { permanent_uuid: "0ea79f2509b847f09cbceef5fa258b14" member_type: VOTER last_known_addr { host: "127.23.7.65" port: 40937 } attrs { replace: true } } peers { permanent_uuid: "9e464109c8754aa3a7e19b252ae319c4" member_type: VOTER last_known_addr { host: "127.23.7.66" port: 39011 } } peers { permanent_uuid: "1017d137848947c1b155fc59208917a6" member_type: VOTER last_known_addr { host: "127.23.7.67" port: 37455 } } peers { permanent_uuid: "6ccaabbf2c654a09ba831f5a6113f3a2" member_type: NON_VOTER last_known_addr { host: "127.23.7.68" port: 42681 } attrs { promote: true } }
I20260608 09:55:53.831593 24399 raft_consensus.cc:1275] T 534fcf331e24437f9b8c5b453180afe3 P 1017d137848947c1b155fc59208917a6 [term 1 FOLLOWER]: Refusing update from remote peer 9e464109c8754aa3a7e19b252ae319c4: Log matching property violated. Preceding OpId in replica: term: 1 index: 1. Preceding OpId from leader: term: 1 index: 2. (index mismatch)
I20260608 09:55:53.833814 24628 consensus_queue.cc:1048] T 534fcf331e24437f9b8c5b453180afe3 P 9e464109c8754aa3a7e19b252ae319c4 [LEADER]: Connected to new peer: Peer: permanent_uuid: "1017d137848947c1b155fc59208917a6" member_type: VOTER last_known_addr { host: "127.23.7.67" port: 37455 }, Status: LMP_MISMATCH, Last received: 0.0, Next index: 2, Last known committed idx: 1, Time since last communication: 0.001s
I20260608 09:55:53.839558 24250 raft_consensus.cc:1275] T 534fcf331e24437f9b8c5b453180afe3 P 0ea79f2509b847f09cbceef5fa258b14 [term 1 FOLLOWER]: Refusing update from remote peer 9e464109c8754aa3a7e19b252ae319c4: Log matching property violated. Preceding OpId in replica: term: 1 index: 1. Preceding OpId from leader: term: 1 index: 2. (index mismatch)
I20260608 09:55:53.841454 24628 consensus_queue.cc:1048] T 534fcf331e24437f9b8c5b453180afe3 P 9e464109c8754aa3a7e19b252ae319c4 [LEADER]: Connected to new peer: Peer: permanent_uuid: "0ea79f2509b847f09cbceef5fa258b14" member_type: VOTER last_known_addr { host: "127.23.7.65" port: 40937 } attrs { replace: true }, Status: LMP_MISMATCH, Last received: 0.0, Next index: 2, Last known committed idx: 1, Time since last communication: 0.000s
W20260608 09:55:53.848860 24291 consensus_peers.cc:597] T 534fcf331e24437f9b8c5b453180afe3 P 9e464109c8754aa3a7e19b252ae319c4 -> Peer 6ccaabbf2c654a09ba831f5a6113f3a2 (127.23.7.68:42681): Couldn't send request to peer 6ccaabbf2c654a09ba831f5a6113f3a2. Error code: TABLET_NOT_FOUND (6). Status: Not found: Tablet not found: 534fcf331e24437f9b8c5b453180afe3. This is attempt 1: this message will repeat every 5th retry.
I20260608 09:55:53.854097 24628 raft_consensus.cc:2955] T 534fcf331e24437f9b8c5b453180afe3 P 9e464109c8754aa3a7e19b252ae319c4 [term 1 LEADER]: Committing config change with OpId 1.2: config changed from index -1 to 2, NON_VOTER 6ccaabbf2c654a09ba831f5a6113f3a2 (127.23.7.68) added. New config: { opid_index: 2 OBSOLETE_local: false peers { permanent_uuid: "0ea79f2509b847f09cbceef5fa258b14" member_type: VOTER last_known_addr { host: "127.23.7.65" port: 40937 } attrs { replace: true } } peers { permanent_uuid: "9e464109c8754aa3a7e19b252ae319c4" member_type: VOTER last_known_addr { host: "127.23.7.66" port: 39011 } } peers { permanent_uuid: "1017d137848947c1b155fc59208917a6" member_type: VOTER last_known_addr { host: "127.23.7.67" port: 37455 } } peers { permanent_uuid: "6ccaabbf2c654a09ba831f5a6113f3a2" member_type: NON_VOTER last_known_addr { host: "127.23.7.68" port: 42681 } attrs { promote: true } } }
I20260608 09:55:53.856127 24399 raft_consensus.cc:2955] T 534fcf331e24437f9b8c5b453180afe3 P 1017d137848947c1b155fc59208917a6 [term 1 FOLLOWER]: Committing config change with OpId 1.2: config changed from index -1 to 2, NON_VOTER 6ccaabbf2c654a09ba831f5a6113f3a2 (127.23.7.68) added. New config: { opid_index: 2 OBSOLETE_local: false peers { permanent_uuid: "0ea79f2509b847f09cbceef5fa258b14" member_type: VOTER last_known_addr { host: "127.23.7.65" port: 40937 } attrs { replace: true } } peers { permanent_uuid: "9e464109c8754aa3a7e19b252ae319c4" member_type: VOTER last_known_addr { host: "127.23.7.66" port: 39011 } } peers { permanent_uuid: "1017d137848947c1b155fc59208917a6" member_type: VOTER last_known_addr { host: "127.23.7.67" port: 37455 } } peers { permanent_uuid: "6ccaabbf2c654a09ba831f5a6113f3a2" member_type: NON_VOTER last_known_addr { host: "127.23.7.68" port: 42681 } attrs { promote: true } } }
I20260608 09:55:53.858587 24250 raft_consensus.cc:2955] T 534fcf331e24437f9b8c5b453180afe3 P 0ea79f2509b847f09cbceef5fa258b14 [term 1 FOLLOWER]: Committing config change with OpId 1.2: config changed from index -1 to 2, NON_VOTER 6ccaabbf2c654a09ba831f5a6113f3a2 (127.23.7.68) added. New config: { opid_index: 2 OBSOLETE_local: false peers { permanent_uuid: "0ea79f2509b847f09cbceef5fa258b14" member_type: VOTER last_known_addr { host: "127.23.7.65" port: 40937 } attrs { replace: true } } peers { permanent_uuid: "9e464109c8754aa3a7e19b252ae319c4" member_type: VOTER last_known_addr { host: "127.23.7.66" port: 39011 } } peers { permanent_uuid: "1017d137848947c1b155fc59208917a6" member_type: VOTER last_known_addr { host: "127.23.7.67" port: 37455 } } peers { permanent_uuid: "6ccaabbf2c654a09ba831f5a6113f3a2" member_type: NON_VOTER last_known_addr { host: "127.23.7.68" port: 42681 } attrs { promote: true } } }
I20260608 09:55:53.872452 24146 catalog_manager.cc:5696] T 534fcf331e24437f9b8c5b453180afe3 P 1017d137848947c1b155fc59208917a6 reported cstate change: config changed from index -1 to 2, NON_VOTER 6ccaabbf2c654a09ba831f5a6113f3a2 (127.23.7.68) added. New cstate: current_term: 1 leader_uuid: "9e464109c8754aa3a7e19b252ae319c4" committed_config { opid_index: 2 OBSOLETE_local: false peers { permanent_uuid: "0ea79f2509b847f09cbceef5fa258b14" member_type: VOTER last_known_addr { host: "127.23.7.65" port: 40937 } attrs { replace: true } } peers { permanent_uuid: "9e464109c8754aa3a7e19b252ae319c4" member_type: VOTER last_known_addr { host: "127.23.7.66" port: 39011 } } peers { permanent_uuid: "1017d137848947c1b155fc59208917a6" member_type: VOTER last_known_addr { host: "127.23.7.67" port: 37455 } } peers { permanent_uuid: "6ccaabbf2c654a09ba831f5a6113f3a2" member_type: NON_VOTER last_known_addr { host: "127.23.7.68" port: 42681 } attrs { promote: true } } }
I20260608 09:55:53.887094 24653 raft_consensus.cc:993] T 16f185ffda6a4ba88dfebf187bc51b55 P 9e464109c8754aa3a7e19b252ae319c4: : Instructing follower 1017d137848947c1b155fc59208917a6 to start an election
I20260608 09:55:53.902117 24653 raft_consensus.cc:1081] T 16f185ffda6a4ba88dfebf187bc51b55 P 9e464109c8754aa3a7e19b252ae319c4 [term 3 LEADER]: Signalling peer 1017d137848947c1b155fc59208917a6 to start an election
I20260608 09:55:53.904340 24399 tablet_service.cc:2044] Received Run Leader Election RPC: tablet_id: "16f185ffda6a4ba88dfebf187bc51b55"
dest_uuid: "1017d137848947c1b155fc59208917a6"
 from {username='slave'} at 127.0.0.1:51074
I20260608 09:55:53.904948 24399 raft_consensus.cc:493] T 16f185ffda6a4ba88dfebf187bc51b55 P 1017d137848947c1b155fc59208917a6 [term 3 FOLLOWER]: Starting forced leader election (received explicit request)
I20260608 09:55:53.905324 24399 raft_consensus.cc:3060] T 16f185ffda6a4ba88dfebf187bc51b55 P 1017d137848947c1b155fc59208917a6 [term 3 FOLLOWER]: Advancing to term 4
I20260608 09:55:53.912411 24399 raft_consensus.cc:515] T 16f185ffda6a4ba88dfebf187bc51b55 P 1017d137848947c1b155fc59208917a6 [term 4 FOLLOWER]: Starting forced leader election with config: opid_index: -1 OBSOLETE_local: false peers { permanent_uuid: "0ea79f2509b847f09cbceef5fa258b14" member_type: VOTER last_known_addr { host: "127.23.7.65" port: 40937 } } peers { permanent_uuid: "9e464109c8754aa3a7e19b252ae319c4" member_type: VOTER last_known_addr { host: "127.23.7.66" port: 39011 } } peers { permanent_uuid: "1017d137848947c1b155fc59208917a6" member_type: VOTER last_known_addr { host: "127.23.7.67" port: 37455 } }
I20260608 09:55:53.914584 24399 leader_election.cc:290] T 16f185ffda6a4ba88dfebf187bc51b55 P 1017d137848947c1b155fc59208917a6 [CANDIDATE]: Term 4 election: Requested vote from peers 0ea79f2509b847f09cbceef5fa258b14 (127.23.7.65:40937), 9e464109c8754aa3a7e19b252ae319c4 (127.23.7.66:39011)
I20260608 09:55:53.919654 24250 tablet_service.cc:1917] Received RequestConsensusVote() RPC: tablet_id: "16f185ffda6a4ba88dfebf187bc51b55" candidate_uuid: "1017d137848947c1b155fc59208917a6" candidate_term: 4 candidate_status { last_received { term: 3 index: 3 } } ignore_live_leader: true dest_uuid: "0ea79f2509b847f09cbceef5fa258b14"
I20260608 09:55:53.920267 24250 raft_consensus.cc:3060] T 16f185ffda6a4ba88dfebf187bc51b55 P 0ea79f2509b847f09cbceef5fa258b14 [term 3 FOLLOWER]: Advancing to term 4
I20260608 09:55:53.922518 24325 tablet_service.cc:1917] Received RequestConsensusVote() RPC: tablet_id: "16f185ffda6a4ba88dfebf187bc51b55" candidate_uuid: "1017d137848947c1b155fc59208917a6" candidate_term: 4 candidate_status { last_received { term: 3 index: 3 } } ignore_live_leader: true dest_uuid: "9e464109c8754aa3a7e19b252ae319c4"
