I20260608 09:57:43.621079 20775 consensus_queue.cc:260] T 92e1d1405fe445fd805bac220deffc77 P fc33d978a3bd4f25b33baace164ca9f6 [NON_LEADER]: Queue going to NON_LEADER mode. State: All replicated index: 0, Majority replicated index: 0, Committed index: 0, Last appended: 0.0, Last appended by leader: 0, Current term: 0, Majority size: -1, State: 0, Mode: NON_LEADER, active raft config: opid_index: -1 OBSOLETE_local: false peers { permanent_uuid: "fc33d978a3bd4f25b33baace164ca9f6" member_type: VOTER last_known_addr { host: "127.15.174.193" port: 34403 } } peers { permanent_uuid: "f02ba6038e5640f9ac768aff6454e01b" member_type: VOTER last_known_addr { host: "127.15.174.194" port: 34215 } } peers { permanent_uuid: "e60042c11fba4472995184a4dd5beb54" member_type: VOTER last_known_addr { host: "127.15.174.195" port: 44733 } }
I20260608 09:57:43.622987 20776 raft_consensus.cc:359] T 598507be6ed04fc282b19c5ab68e1d7d P f02ba6038e5640f9ac768aff6454e01b [term 0 FOLLOWER]: Replica starting. Triggering 0 pending ops. Active config: opid_index: -1 OBSOLETE_local: false peers { permanent_uuid: "fc33d978a3bd4f25b33baace164ca9f6" member_type: VOTER last_known_addr { host: "127.15.174.193" port: 34403 } } peers { permanent_uuid: "f02ba6038e5640f9ac768aff6454e01b" member_type: VOTER last_known_addr { host: "127.15.174.194" port: 34215 } } peers { permanent_uuid: "e60042c11fba4472995184a4dd5beb54" member_type: VOTER last_known_addr { host: "127.15.174.195" port: 44733 } }
I20260608 09:57:43.623543 20775 ts_tablet_manager.cc:1434] T 92e1d1405fe445fd805bac220deffc77 P fc33d978a3bd4f25b33baace164ca9f6: Time spent starting tablet: real 0.008s	user 0.003s	sys 0.002s
I20260608 09:57:43.623759 20776 raft_consensus.cc:385] T 598507be6ed04fc282b19c5ab68e1d7d P f02ba6038e5640f9ac768aff6454e01b [term 0 FOLLOWER]: Consensus starting up: Expiring failure detector timer to make a prompt election more likely
I20260608 09:57:43.624128 20776 raft_consensus.cc:740] T 598507be6ed04fc282b19c5ab68e1d7d P f02ba6038e5640f9ac768aff6454e01b [term 0 FOLLOWER]: Becoming Follower/Learner. State: Replica: f02ba6038e5640f9ac768aff6454e01b, State: Initialized, Role: FOLLOWER
I20260608 09:57:43.624730 20775 tablet_bootstrap.cc:492] T 43f669bb05a64ead8b80098862b871b5 P fc33d978a3bd4f25b33baace164ca9f6: Bootstrap starting.
I20260608 09:57:43.625265 20782 raft_consensus.cc:493] T d80905857e564256996b3a913d0986c9 P fc33d978a3bd4f25b33baace164ca9f6 [term 0 FOLLOWER]: Starting pre-election (no leader contacted us within the election timeout)
I20260608 09:57:43.625732 20782 raft_consensus.cc:515] T d80905857e564256996b3a913d0986c9 P fc33d978a3bd4f25b33baace164ca9f6 [term 0 FOLLOWER]: Starting pre-election with config: opid_index: -1 OBSOLETE_local: false peers { permanent_uuid: "e60042c11fba4472995184a4dd5beb54" member_type: VOTER last_known_addr { host: "127.15.174.195" port: 44733 } } peers { permanent_uuid: "f02ba6038e5640f9ac768aff6454e01b" member_type: VOTER last_known_addr { host: "127.15.174.194" port: 34215 } } peers { permanent_uuid: "fc33d978a3bd4f25b33baace164ca9f6" member_type: VOTER last_known_addr { host: "127.15.174.193" port: 34403 } }
I20260608 09:57:43.627869 20777 tablet_bootstrap.cc:654] T f9e40f8bf32f42f5add2aebbfede5eeb P e60042c11fba4472995184a4dd5beb54: Neither blocks nor log segments found. Creating new log.
I20260608 09:57:43.629540 20656 tablet_service.cc:1917] Received RequestConsensusVote() RPC: tablet_id: "d80905857e564256996b3a913d0986c9" candidate_uuid: "fc33d978a3bd4f25b33baace164ca9f6" candidate_term: 1 candidate_status { last_received { term: 0 index: 0 } } ignore_live_leader: false dest_uuid: "f02ba6038e5640f9ac768aff6454e01b" is_pre_election: true
I20260608 09:57:43.630246 20656 raft_consensus.cc:2468] T d80905857e564256996b3a913d0986c9 P f02ba6038e5640f9ac768aff6454e01b [term 0 FOLLOWER]: Leader pre-election vote request: Granting yes vote for candidate fc33d978a3bd4f25b33baace164ca9f6 in term 0.
I20260608 09:57:43.631664 20804 raft_consensus.cc:493] T cc78f40dfe7943d591ef6dc38af8f5fa P f02ba6038e5640f9ac768aff6454e01b [term 0 FOLLOWER]: Starting pre-election (no leader contacted us within the election timeout)
I20260608 09:57:43.631850 20775 tablet_bootstrap.cc:654] T 43f669bb05a64ead8b80098862b871b5 P fc33d978a3bd4f25b33baace164ca9f6: Neither blocks nor log segments found. Creating new log.
I20260608 09:57:43.632005 20544 leader_election.cc:304] T d80905857e564256996b3a913d0986c9 P fc33d978a3bd4f25b33baace164ca9f6 [CANDIDATE]: Term 1 pre-election: Election decided. Result: candidate won. Election summary: received 2 responses out of 3 voters: 2 yes votes; 0 no votes. yes voters: f02ba6038e5640f9ac768aff6454e01b, fc33d978a3bd4f25b33baace164ca9f6; no voters: 
I20260608 09:57:43.632193 20804 raft_consensus.cc:515] T cc78f40dfe7943d591ef6dc38af8f5fa P f02ba6038e5640f9ac768aff6454e01b [term 0 FOLLOWER]: Starting pre-election with config: opid_index: -1 OBSOLETE_local: false peers { permanent_uuid: "fc33d978a3bd4f25b33baace164ca9f6" member_type: VOTER last_known_addr { host: "127.15.174.193" port: 34403 } } peers { permanent_uuid: "f02ba6038e5640f9ac768aff6454e01b" member_type: VOTER last_known_addr { host: "127.15.174.194" port: 34215 } } peers { permanent_uuid: "e60042c11fba4472995184a4dd5beb54" member_type: VOTER last_known_addr { host: "127.15.174.195" port: 44733 } }
I20260608 09:57:43.633502 20782 leader_election.cc:290] T d80905857e564256996b3a913d0986c9 P fc33d978a3bd4f25b33baace164ca9f6 [CANDIDATE]: Term 1 pre-election: Requested pre-vote from peers e60042c11fba4472995184a4dd5beb54 (127.15.174.195:44733), f02ba6038e5640f9ac768aff6454e01b (127.15.174.194:34215)
I20260608 09:57:43.634231 20782 raft_consensus.cc:2804] T d80905857e564256996b3a913d0986c9 P fc33d978a3bd4f25b33baace164ca9f6 [term 0 FOLLOWER]: Leader pre-election won for term 1
I20260608 09:57:43.634634 20782 raft_consensus.cc:493] T d80905857e564256996b3a913d0986c9 P fc33d978a3bd4f25b33baace164ca9f6 [term 0 FOLLOWER]: Starting leader election (no leader contacted us within the election timeout)
I20260608 09:57:43.634963 20782 raft_consensus.cc:3060] T d80905857e564256996b3a913d0986c9 P fc33d978a3bd4f25b33baace164ca9f6 [term 0 FOLLOWER]: Advancing to term 1
I20260608 09:57:43.634927 20730 tablet_service.cc:1917] Received RequestConsensusVote() RPC: tablet_id: "d80905857e564256996b3a913d0986c9" candidate_uuid: "fc33d978a3bd4f25b33baace164ca9f6" candidate_term: 1 candidate_status { last_received { term: 0 index: 0 } } ignore_live_leader: false dest_uuid: "e60042c11fba4472995184a4dd5beb54" is_pre_election: true
I20260608 09:57:43.635742 20730 raft_consensus.cc:2468] T d80905857e564256996b3a913d0986c9 P e60042c11fba4472995184a4dd5beb54 [term 0 FOLLOWER]: Leader pre-election vote request: Granting yes vote for candidate fc33d978a3bd4f25b33baace164ca9f6 in term 0.
I20260608 09:57:43.636009 20804 leader_election.cc:290] T cc78f40dfe7943d591ef6dc38af8f5fa P f02ba6038e5640f9ac768aff6454e01b [CANDIDATE]: Term 1 pre-election: Requested pre-vote from peers fc33d978a3bd4f25b33baace164ca9f6 (127.15.174.193:34403), e60042c11fba4472995184a4dd5beb54 (127.15.174.195:44733)
I20260608 09:57:43.637264 20580 tablet_service.cc:1917] Received RequestConsensusVote() RPC: tablet_id: "cc78f40dfe7943d591ef6dc38af8f5fa" candidate_uuid: "f02ba6038e5640f9ac768aff6454e01b" candidate_term: 1 candidate_status { last_received { term: 0 index: 0 } } ignore_live_leader: false dest_uuid: "fc33d978a3bd4f25b33baace164ca9f6" is_pre_election: true
I20260608 09:57:43.637146 20729 tablet_service.cc:1917] Received RequestConsensusVote() RPC: tablet_id: "cc78f40dfe7943d591ef6dc38af8f5fa" candidate_uuid: "f02ba6038e5640f9ac768aff6454e01b" candidate_term: 1 candidate_status { last_received { term: 0 index: 0 } } ignore_live_leader: false dest_uuid: "e60042c11fba4472995184a4dd5beb54" is_pre_election: true
I20260608 09:57:43.638950 20580 raft_consensus.cc:2468] T cc78f40dfe7943d591ef6dc38af8f5fa P fc33d978a3bd4f25b33baace164ca9f6 [term 0 FOLLOWER]: Leader pre-election vote request: Granting yes vote for candidate f02ba6038e5640f9ac768aff6454e01b in term 0.
I20260608 09:57:43.639133 20729 raft_consensus.cc:2468] T cc78f40dfe7943d591ef6dc38af8f5fa P e60042c11fba4472995184a4dd5beb54 [term 0 FOLLOWER]: Leader pre-election vote request: Granting yes vote for candidate f02ba6038e5640f9ac768aff6454e01b in term 0.
I20260608 09:57:43.639855 20776 consensus_queue.cc:260] T 598507be6ed04fc282b19c5ab68e1d7d P f02ba6038e5640f9ac768aff6454e01b [NON_LEADER]: Queue going to NON_LEADER mode. State: All replicated index: 0, Majority replicated index: 0, Committed index: 0, Last appended: 0.0, Last appended by leader: 0, Current term: 0, Majority size: -1, State: 0, Mode: NON_LEADER, active raft config: opid_index: -1 OBSOLETE_local: false peers { permanent_uuid: "fc33d978a3bd4f25b33baace164ca9f6" member_type: VOTER last_known_addr { host: "127.15.174.193" port: 34403 } } peers { permanent_uuid: "f02ba6038e5640f9ac768aff6454e01b" member_type: VOTER last_known_addr { host: "127.15.174.194" port: 34215 } } peers { permanent_uuid: "e60042c11fba4472995184a4dd5beb54" member_type: VOTER last_known_addr { host: "127.15.174.195" port: 44733 } }
I20260608 09:57:43.640648 20622 leader_election.cc:304] T cc78f40dfe7943d591ef6dc38af8f5fa P f02ba6038e5640f9ac768aff6454e01b [CANDIDATE]: Term 1 pre-election: Election decided. Result: candidate won. Election summary: received 2 responses out of 3 voters: 2 yes votes; 0 no votes. yes voters: e60042c11fba4472995184a4dd5beb54, f02ba6038e5640f9ac768aff6454e01b; no voters: 
I20260608 09:57:43.644755 20782 raft_consensus.cc:515] T d80905857e564256996b3a913d0986c9 P fc33d978a3bd4f25b33baace164ca9f6 [term 1 FOLLOWER]: Starting leader election with config: opid_index: -1 OBSOLETE_local: false peers { permanent_uuid: "e60042c11fba4472995184a4dd5beb54" member_type: VOTER last_known_addr { host: "127.15.174.195" port: 44733 } } peers { permanent_uuid: "f02ba6038e5640f9ac768aff6454e01b" member_type: VOTER last_known_addr { host: "127.15.174.194" port: 34215 } } peers { permanent_uuid: "fc33d978a3bd4f25b33baace164ca9f6" member_type: VOTER last_known_addr { host: "127.15.174.193" port: 34403 } }
I20260608 09:57:43.648128 20729 tablet_service.cc:1917] Received RequestConsensusVote() RPC: tablet_id: "d80905857e564256996b3a913d0986c9" candidate_uuid: "fc33d978a3bd4f25b33baace164ca9f6" candidate_term: 1 candidate_status { last_received { term: 0 index: 0 } } ignore_live_leader: false dest_uuid: "e60042c11fba4472995184a4dd5beb54"
I20260608 09:57:43.648794 20729 raft_consensus.cc:3060] T d80905857e564256996b3a913d0986c9 P e60042c11fba4472995184a4dd5beb54 [term 0 FOLLOWER]: Advancing to term 1
I20260608 09:57:43.650877 20782 leader_election.cc:290] T d80905857e564256996b3a913d0986c9 P fc33d978a3bd4f25b33baace164ca9f6 [CANDIDATE]: Term 1 election: Requested vote from peers e60042c11fba4472995184a4dd5beb54 (127.15.174.195:44733), f02ba6038e5640f9ac768aff6454e01b (127.15.174.194:34215)
I20260608 09:57:43.651986 20775 tablet_bootstrap.cc:492] T 43f669bb05a64ead8b80098862b871b5 P fc33d978a3bd4f25b33baace164ca9f6: No bootstrap required, opened a new log
I20260608 09:57:43.652567 20775 ts_tablet_manager.cc:1403] T 43f669bb05a64ead8b80098862b871b5 P fc33d978a3bd4f25b33baace164ca9f6: Time spent bootstrapping tablet: real 0.028s	user 0.010s	sys 0.005s
I20260608 09:57:43.652807 20804 raft_consensus.cc:2804] T cc78f40dfe7943d591ef6dc38af8f5fa P f02ba6038e5640f9ac768aff6454e01b [term 0 FOLLOWER]: Leader pre-election won for term 1
I20260608 09:57:43.653218 20804 raft_consensus.cc:493] T cc78f40dfe7943d591ef6dc38af8f5fa P f02ba6038e5640f9ac768aff6454e01b [term 0 FOLLOWER]: Starting leader election (no leader contacted us within the election timeout)
I20260608 09:57:43.653527 20804 raft_consensus.cc:3060] T cc78f40dfe7943d591ef6dc38af8f5fa P f02ba6038e5640f9ac768aff6454e01b [term 0 FOLLOWER]: Advancing to term 1
I20260608 09:57:43.656008 20656 tablet_service.cc:1917] Received RequestConsensusVote() RPC: tablet_id: "d80905857e564256996b3a913d0986c9" candidate_uuid: "fc33d978a3bd4f25b33baace164ca9f6" candidate_term: 1 candidate_status { last_received { term: 0 index: 0 } } ignore_live_leader: false dest_uuid: "f02ba6038e5640f9ac768aff6454e01b"
I20260608 09:57:43.656613 20656 raft_consensus.cc:3060] T d80905857e564256996b3a913d0986c9 P f02ba6038e5640f9ac768aff6454e01b [term 0 FOLLOWER]: Advancing to term 1
I20260608 09:57:43.656452 20775 raft_consensus.cc:359] T 43f669bb05a64ead8b80098862b871b5 P fc33d978a3bd4f25b33baace164ca9f6 [term 0 FOLLOWER]: Replica starting. Triggering 0 pending ops. Active config: opid_index: -1 OBSOLETE_local: false peers { permanent_uuid: "fc33d978a3bd4f25b33baace164ca9f6" member_type: VOTER last_known_addr { host: "127.15.174.193" port: 34403 } } peers { permanent_uuid: "f02ba6038e5640f9ac768aff6454e01b" member_type: VOTER last_known_addr { host: "127.15.174.194" port: 34215 } } peers { permanent_uuid: "e60042c11fba4472995184a4dd5beb54" member_type: VOTER last_known_addr { host: "127.15.174.195" port: 44733 } }
I20260608 09:57:43.657387 20775 raft_consensus.cc:385] T 43f669bb05a64ead8b80098862b871b5 P fc33d978a3bd4f25b33baace164ca9f6 [term 0 FOLLOWER]: Consensus starting up: Expiring failure detector timer to make a prompt election more likely
I20260608 09:57:43.657692 20775 raft_consensus.cc:740] T 43f669bb05a64ead8b80098862b871b5 P fc33d978a3bd4f25b33baace164ca9f6 [term 0 FOLLOWER]: Becoming Follower/Learner. State: Replica: fc33d978a3bd4f25b33baace164ca9f6, State: Initialized, Role: FOLLOWER
I20260608 09:57:43.658565 20775 consensus_queue.cc:260] T 43f669bb05a64ead8b80098862b871b5 P fc33d978a3bd4f25b33baace164ca9f6 [NON_LEADER]: Queue going to NON_LEADER mode. State: All replicated index: 0, Majority replicated index: 0, Committed index: 0, Last appended: 0.0, Last appended by leader: 0, Current term: 0, Majority size: -1, State: 0, Mode: NON_LEADER, active raft config: opid_index: -1 OBSOLETE_local: false peers { permanent_uuid: "fc33d978a3bd4f25b33baace164ca9f6" member_type: VOTER last_known_addr { host: "127.15.174.193" port: 34403 } } peers { permanent_uuid: "f02ba6038e5640f9ac768aff6454e01b" member_type: VOTER last_known_addr { host: "127.15.174.194" port: 34215 } } peers { permanent_uuid: "e60042c11fba4472995184a4dd5beb54" member_type: VOTER last_known_addr { host: "127.15.174.195" port: 44733 } }
I20260608 09:57:43.660225 20812 raft_consensus.cc:493] T 598507be6ed04fc282b19c5ab68e1d7d P fc33d978a3bd4f25b33baace164ca9f6 [term 0 FOLLOWER]: Starting pre-election (no leader contacted us within the election timeout)
I20260608 09:57:43.648870 20776 ts_tablet_manager.cc:1434] T 598507be6ed04fc282b19c5ab68e1d7d P f02ba6038e5640f9ac768aff6454e01b: Time spent starting tablet: real 0.030s	user 0.006s	sys 0.002s
I20260608 09:57:43.660771 20812 raft_consensus.cc:515] T 598507be6ed04fc282b19c5ab68e1d7d P fc33d978a3bd4f25b33baace164ca9f6 [term 0 FOLLOWER]: Starting pre-election with config: opid_index: -1 OBSOLETE_local: false peers { permanent_uuid: "fc33d978a3bd4f25b33baace164ca9f6" member_type: VOTER last_known_addr { host: "127.15.174.193" port: 34403 } } peers { permanent_uuid: "f02ba6038e5640f9ac768aff6454e01b" member_type: VOTER last_known_addr { host: "127.15.174.194" port: 34215 } } peers { permanent_uuid: "e60042c11fba4472995184a4dd5beb54" member_type: VOTER last_known_addr { host: "127.15.174.195" port: 44733 } }
I20260608 09:57:43.661546 20776 tablet_bootstrap.cc:492] T b6c0d5cfb7574ecfa400fbeabbddaa78 P f02ba6038e5640f9ac768aff6454e01b: Bootstrap starting.
I20260608 09:57:43.663234 20812 leader_election.cc:290] T 598507be6ed04fc282b19c5ab68e1d7d P fc33d978a3bd4f25b33baace164ca9f6 [CANDIDATE]: Term 1 pre-election: Requested pre-vote from peers f02ba6038e5640f9ac768aff6454e01b (127.15.174.194:34215), e60042c11fba4472995184a4dd5beb54 (127.15.174.195:44733)
I20260608 09:57:43.664304 20656 raft_consensus.cc:2468] T d80905857e564256996b3a913d0986c9 P f02ba6038e5640f9ac768aff6454e01b [term 1 FOLLOWER]: Leader election vote request: Granting yes vote for candidate fc33d978a3bd4f25b33baace164ca9f6 in term 1.
I20260608 09:57:43.646770 20777 tablet_bootstrap.cc:492] T f9e40f8bf32f42f5add2aebbfede5eeb P e60042c11fba4472995184a4dd5beb54: No bootstrap required, opened a new log
I20260608 09:57:43.664499 20730 tablet_service.cc:1917] Received RequestConsensusVote() RPC: tablet_id: "598507be6ed04fc282b19c5ab68e1d7d" candidate_uuid: "fc33d978a3bd4f25b33baace164ca9f6" candidate_term: 1 candidate_status { last_received { term: 0 index: 0 } } ignore_live_leader: false dest_uuid: "e60042c11fba4472995184a4dd5beb54" is_pre_election: true
I20260608 09:57:43.665130 20777 ts_tablet_manager.cc:1403] T f9e40f8bf32f42f5add2aebbfede5eeb P e60042c11fba4472995184a4dd5beb54: Time spent bootstrapping tablet: real 0.055s	user 0.018s	sys 0.005s
I20260608 09:57:43.665620 20775 ts_tablet_manager.cc:1434] T 43f669bb05a64ead8b80098862b871b5 P fc33d978a3bd4f25b33baace164ca9f6: Time spent starting tablet: real 0.013s	user 0.006s	sys 0.000s
W20260608 09:57:43.666282 20547 leader_election.cc:343] T 598507be6ed04fc282b19c5ab68e1d7d P fc33d978a3bd4f25b33baace164ca9f6 [CANDIDATE]: Term 1 pre-election: Tablet error from VoteRequest() call to peer e60042c11fba4472995184a4dd5beb54 (127.15.174.195:44733): Illegal state: must be running to vote when last-logged opid is not known
I20260608 09:57:43.666605 20656 tablet_service.cc:1917] Received RequestConsensusVote() RPC: tablet_id: "598507be6ed04fc282b19c5ab68e1d7d" candidate_uuid: "fc33d978a3bd4f25b33baace164ca9f6" candidate_term: 1 candidate_status { last_received { term: 0 index: 0 } } ignore_live_leader: false dest_uuid: "f02ba6038e5640f9ac768aff6454e01b" is_pre_election: true
I20260608 09:57:43.666687 20544 leader_election.cc:304] T d80905857e564256996b3a913d0986c9 P fc33d978a3bd4f25b33baace164ca9f6 [CANDIDATE]: Term 1 election: Election decided. Result: candidate won. Election summary: received 2 responses out of 3 voters: 2 yes votes; 0 no votes. yes voters: f02ba6038e5640f9ac768aff6454e01b, fc33d978a3bd4f25b33baace164ca9f6; no voters: 
I20260608 09:57:43.667339 20656 raft_consensus.cc:2468] T 598507be6ed04fc282b19c5ab68e1d7d P f02ba6038e5640f9ac768aff6454e01b [term 0 FOLLOWER]: Leader pre-election vote request: Granting yes vote for candidate fc33d978a3bd4f25b33baace164ca9f6 in term 0.
I20260608 09:57:43.667573 20812 raft_consensus.cc:2804] T d80905857e564256996b3a913d0986c9 P fc33d978a3bd4f25b33baace164ca9f6 [term 1 FOLLOWER]: Leader election won for term 1
I20260608 09:57:43.668111 20812 raft_consensus.cc:697] T d80905857e564256996b3a913d0986c9 P fc33d978a3bd4f25b33baace164ca9f6 [term 1 LEADER]: Becoming Leader. State: Replica: fc33d978a3bd4f25b33baace164ca9f6, State: Running, Role: LEADER
I20260608 09:57:43.669113 20544 leader_election.cc:304] T 598507be6ed04fc282b19c5ab68e1d7d P fc33d978a3bd4f25b33baace164ca9f6 [CANDIDATE]: Term 1 pre-election: Election decided. Result: candidate won. Election summary: received 3 responses out of 3 voters: 2 yes votes; 1 no votes. yes voters: f02ba6038e5640f9ac768aff6454e01b, fc33d978a3bd4f25b33baace164ca9f6; no voters: e60042c11fba4472995184a4dd5beb54
I20260608 09:57:43.668970 20812 consensus_queue.cc:237] T d80905857e564256996b3a913d0986c9 P fc33d978a3bd4f25b33baace164ca9f6 [LEADER]: Queue going to LEADER mode. State: All replicated index: 0, Majority replicated index: 0, Committed index: 0, Last appended: 0.0, Last appended by leader: 0, Current term: 1, Majority size: 2, State: 0, Mode: LEADER, active raft config: opid_index: -1 OBSOLETE_local: false peers { permanent_uuid: "e60042c11fba4472995184a4dd5beb54" member_type: VOTER last_known_addr { host: "127.15.174.195" port: 44733 } } peers { permanent_uuid: "f02ba6038e5640f9ac768aff6454e01b" member_type: VOTER last_known_addr { host: "127.15.174.194" port: 34215 } } peers { permanent_uuid: "fc33d978a3bd4f25b33baace164ca9f6" member_type: VOTER last_known_addr { host: "127.15.174.193" port: 34403 } }
I20260608 09:57:43.672685 20729 raft_consensus.cc:2468] T d80905857e564256996b3a913d0986c9 P e60042c11fba4472995184a4dd5beb54 [term 1 FOLLOWER]: Leader election vote request: Granting yes vote for candidate fc33d978a3bd4f25b33baace164ca9f6 in term 1.
I20260608 09:57:43.674072 20775 tablet_bootstrap.cc:492] T e605bfce0a0a4517a0a15909fb60e6f9 P fc33d978a3bd4f25b33baace164ca9f6: Bootstrap starting.
I20260608 09:57:43.677913 20776 tablet_bootstrap.cc:654] T b6c0d5cfb7574ecfa400fbeabbddaa78 P f02ba6038e5640f9ac768aff6454e01b: Neither blocks nor log segments found. Creating new log.
I20260608 09:57:43.678689 20782 raft_consensus.cc:2804] T 598507be6ed04fc282b19c5ab68e1d7d P fc33d978a3bd4f25b33baace164ca9f6 [term 0 FOLLOWER]: Leader pre-election won for term 1
I20260608 09:57:43.679200 20782 raft_consensus.cc:493] T 598507be6ed04fc282b19c5ab68e1d7d P fc33d978a3bd4f25b33baace164ca9f6 [term 0 FOLLOWER]: Starting leader election (no leader contacted us within the election timeout)
I20260608 09:57:43.679611 20782 raft_consensus.cc:3060] T 598507be6ed04fc282b19c5ab68e1d7d P fc33d978a3bd4f25b33baace164ca9f6 [term 0 FOLLOWER]: Advancing to term 1
I20260608 09:57:43.668311 20777 raft_consensus.cc:359] T f9e40f8bf32f42f5add2aebbfede5eeb P e60042c11fba4472995184a4dd5beb54 [term 0 FOLLOWER]: Replica starting. Triggering 0 pending ops. Active config: opid_index: -1 OBSOLETE_local: false peers { permanent_uuid: "fc33d978a3bd4f25b33baace164ca9f6" member_type: VOTER last_known_addr { host: "127.15.174.193" port: 34403 } } peers { permanent_uuid: "f02ba6038e5640f9ac768aff6454e01b" member_type: VOTER last_known_addr { host: "127.15.174.194" port: 34215 } } peers { permanent_uuid: "e60042c11fba4472995184a4dd5beb54" member_type: VOTER last_known_addr { host: "127.15.174.195" port: 44733 } }
I20260608 09:57:43.680987 20775 tablet_bootstrap.cc:654] T e605bfce0a0a4517a0a15909fb60e6f9 P fc33d978a3bd4f25b33baace164ca9f6: Neither blocks nor log segments found. Creating new log.
I20260608 09:57:43.681123 20777 raft_consensus.cc:385] T f9e40f8bf32f42f5add2aebbfede5eeb P e60042c11fba4472995184a4dd5beb54 [term 0 FOLLOWER]: Consensus starting up: Expiring failure detector timer to make a prompt election more likely
I20260608 09:57:43.681525 20777 raft_consensus.cc:740] T f9e40f8bf32f42f5add2aebbfede5eeb P e60042c11fba4472995184a4dd5beb54 [term 0 FOLLOWER]: Becoming Follower/Learner. State: Replica: e60042c11fba4472995184a4dd5beb54, State: Initialized, Role: FOLLOWER
I20260608 09:57:43.682392 20777 consensus_queue.cc:260] T f9e40f8bf32f42f5add2aebbfede5eeb P e60042c11fba4472995184a4dd5beb54 [NON_LEADER]: Queue going to NON_LEADER mode. State: All replicated index: 0, Majority replicated index: 0, Committed index: 0, Last appended: 0.0, Last appended by leader: 0, Current term: 0, Majority size: -1, State: 0, Mode: NON_LEADER, active raft config: opid_index: -1 OBSOLETE_local: false peers { permanent_uuid: "fc33d978a3bd4f25b33baace164ca9f6" member_type: VOTER last_known_addr { host: "127.15.174.193" port: 34403 } } peers { permanent_uuid: "f02ba6038e5640f9ac768aff6454e01b" member_type: VOTER last_known_addr { host: "127.15.174.194" port: 34215 } } peers { permanent_uuid: "e60042c11fba4472995184a4dd5beb54" member_type: VOTER last_known_addr { host: "127.15.174.195" port: 44733 } }
I20260608 09:57:43.683717 20804 raft_consensus.cc:515] T cc78f40dfe7943d591ef6dc38af8f5fa P f02ba6038e5640f9ac768aff6454e01b [term 1 FOLLOWER]: Starting leader election with config: opid_index: -1 OBSOLETE_local: false peers { permanent_uuid: "fc33d978a3bd4f25b33baace164ca9f6" member_type: VOTER last_known_addr { host: "127.15.174.193" port: 34403 } } peers { permanent_uuid: "f02ba6038e5640f9ac768aff6454e01b" member_type: VOTER last_known_addr { host: "127.15.174.194" port: 34215 } } peers { permanent_uuid: "e60042c11fba4472995184a4dd5beb54" member_type: VOTER last_known_addr { host: "127.15.174.195" port: 44733 } }
I20260608 09:57:43.686600 20580 tablet_service.cc:1917] Received RequestConsensusVote() RPC: tablet_id: "cc78f40dfe7943d591ef6dc38af8f5fa" candidate_uuid: "f02ba6038e5640f9ac768aff6454e01b" candidate_term: 1 candidate_status { last_received { term: 0 index: 0 } } ignore_live_leader: false dest_uuid: "fc33d978a3bd4f25b33baace164ca9f6"
I20260608 09:57:43.687167 20580 raft_consensus.cc:3060] T cc78f40dfe7943d591ef6dc38af8f5fa P fc33d978a3bd4f25b33baace164ca9f6 [term 0 FOLLOWER]: Advancing to term 1
I20260608 09:57:43.690146 20781 raft_consensus.cc:493] T 43f669bb05a64ead8b80098862b871b5 P f02ba6038e5640f9ac768aff6454e01b [term 0 FOLLOWER]: Starting pre-election (no leader contacted us within the election timeout)
I20260608 09:57:43.690642 20781 raft_consensus.cc:515] T 43f669bb05a64ead8b80098862b871b5 P f02ba6038e5640f9ac768aff6454e01b [term 0 FOLLOWER]: Starting pre-election with config: opid_index: -1 OBSOLETE_local: false peers { permanent_uuid: "fc33d978a3bd4f25b33baace164ca9f6" member_type: VOTER last_known_addr { host: "127.15.174.193" port: 34403 } } peers { permanent_uuid: "f02ba6038e5640f9ac768aff6454e01b" member_type: VOTER last_known_addr { host: "127.15.174.194" port: 34215 } } peers { permanent_uuid: "e60042c11fba4472995184a4dd5beb54" member_type: VOTER last_known_addr { host: "127.15.174.195" port: 44733 } }
I20260608 09:57:43.692878 20781 leader_election.cc:290] T 43f669bb05a64ead8b80098862b871b5 P f02ba6038e5640f9ac768aff6454e01b [CANDIDATE]: Term 1 pre-election: Requested pre-vote from peers fc33d978a3bd4f25b33baace164ca9f6 (127.15.174.193:34403), e60042c11fba4472995184a4dd5beb54 (127.15.174.195:44733)
I20260608 09:57:43.694520 20581 tablet_service.cc:1917] Received RequestConsensusVote() RPC: tablet_id: "43f669bb05a64ead8b80098862b871b5" candidate_uuid: "f02ba6038e5640f9ac768aff6454e01b" candidate_term: 1 candidate_status { last_received { term: 0 index: 0 } } ignore_live_leader: false dest_uuid: "fc33d978a3bd4f25b33baace164ca9f6" is_pre_election: true
I20260608 09:57:43.694934 20729 tablet_service.cc:1917] Received RequestConsensusVote() RPC: tablet_id: "43f669bb05a64ead8b80098862b871b5" candidate_uuid: "f02ba6038e5640f9ac768aff6454e01b" candidate_term: 1 candidate_status { last_received { term: 0 index: 0 } } ignore_live_leader: false dest_uuid: "e60042c11fba4472995184a4dd5beb54" is_pre_election: true
I20260608 09:57:43.695252 20581 raft_consensus.cc:2468] T 43f669bb05a64ead8b80098862b871b5 P fc33d978a3bd4f25b33baace164ca9f6 [term 0 FOLLOWER]: Leader pre-election vote request: Granting yes vote for candidate f02ba6038e5640f9ac768aff6454e01b in term 0.
W20260608 09:57:43.696252 20622 leader_election.cc:343] T 43f669bb05a64ead8b80098862b871b5 P f02ba6038e5640f9ac768aff6454e01b [CANDIDATE]: Term 1 pre-election: Tablet error from VoteRequest() call to peer e60042c11fba4472995184a4dd5beb54 (127.15.174.195:44733): Illegal state: must be running to vote when last-logged opid is not known
I20260608 09:57:43.696911 20621 leader_election.cc:304] T 43f669bb05a64ead8b80098862b871b5 P f02ba6038e5640f9ac768aff6454e01b [CANDIDATE]: Term 1 pre-election: Election decided. Result: candidate won. Election summary: received 3 responses out of 3 voters: 2 yes votes; 1 no votes. yes voters: f02ba6038e5640f9ac768aff6454e01b, fc33d978a3bd4f25b33baace164ca9f6; no voters: e60042c11fba4472995184a4dd5beb54
I20260608 09:57:43.698125 20781 raft_consensus.cc:2804] T 43f669bb05a64ead8b80098862b871b5 P f02ba6038e5640f9ac768aff6454e01b [term 0 FOLLOWER]: Leader pre-election won for term 1
I20260608 09:57:43.698544 20781 raft_consensus.cc:493] T 43f669bb05a64ead8b80098862b871b5 P f02ba6038e5640f9ac768aff6454e01b [term 0 FOLLOWER]: Starting leader election (no leader contacted us within the election timeout)
I20260608 09:57:43.698639 20729 tablet_service.cc:1917] Received RequestConsensusVote() RPC: tablet_id: "cc78f40dfe7943d591ef6dc38af8f5fa" candidate_uuid: "f02ba6038e5640f9ac768aff6454e01b" candidate_term: 1 candidate_status { last_received { term: 0 index: 0 } } ignore_live_leader: false dest_uuid: "e60042c11fba4472995184a4dd5beb54"
I20260608 09:57:43.698989 20781 raft_consensus.cc:3060] T 43f669bb05a64ead8b80098862b871b5 P f02ba6038e5640f9ac768aff6454e01b [term 0 FOLLOWER]: Advancing to term 1
I20260608 09:57:43.699203 20729 raft_consensus.cc:3060] T cc78f40dfe7943d591ef6dc38af8f5fa P e60042c11fba4472995184a4dd5beb54 [term 0 FOLLOWER]: Advancing to term 1
I20260608 09:57:43.704102 20580 raft_consensus.cc:2468] T cc78f40dfe7943d591ef6dc38af8f5fa P fc33d978a3bd4f25b33baace164ca9f6 [term 1 FOLLOWER]: Leader election vote request: Granting yes vote for candidate f02ba6038e5640f9ac768aff6454e01b in term 1.
I20260608 09:57:43.704715 20804 leader_election.cc:290] T cc78f40dfe7943d591ef6dc38af8f5fa P f02ba6038e5640f9ac768aff6454e01b [CANDIDATE]: Term 1 election: Requested vote from peers fc33d978a3bd4f25b33baace164ca9f6 (127.15.174.193:34403), e60042c11fba4472995184a4dd5beb54 (127.15.174.195:44733)
I20260608 09:57:43.705345 20777 ts_tablet_manager.cc:1434] T f9e40f8bf32f42f5add2aebbfede5eeb P e60042c11fba4472995184a4dd5beb54: Time spent starting tablet: real 0.040s	user 0.008s	sys 0.000s
I20260608 09:57:43.709806 20621 leader_election.cc:304] T cc78f40dfe7943d591ef6dc38af8f5fa P f02ba6038e5640f9ac768aff6454e01b [CANDIDATE]: Term 1 election: Election decided. Result: candidate won. Election summary: received 2 responses out of 3 voters: 2 yes votes; 0 no votes. yes voters: f02ba6038e5640f9ac768aff6454e01b, fc33d978a3bd4f25b33baace164ca9f6; no voters: 
I20260608 09:57:43.711361 20804 raft_consensus.cc:2804] T cc78f40dfe7943d591ef6dc38af8f5fa P f02ba6038e5640f9ac768aff6454e01b [term 1 FOLLOWER]: Leader election won for term 1
I20260608 09:57:43.713078 20777 tablet_bootstrap.cc:492] T e605bfce0a0a4517a0a15909fb60e6f9 P e60042c11fba4472995184a4dd5beb54: Bootstrap starting.
I20260608 09:57:43.719372 20782 raft_consensus.cc:515] T 598507be6ed04fc282b19c5ab68e1d7d P fc33d978a3bd4f25b33baace164ca9f6 [term 1 FOLLOWER]: Starting leader election with config: opid_index: -1 OBSOLETE_local: false peers { permanent_uuid: "fc33d978a3bd4f25b33baace164ca9f6" member_type: VOTER last_known_addr { host: "127.15.174.193" port: 34403 } } peers { permanent_uuid: "f02ba6038e5640f9ac768aff6454e01b" member_type: VOTER last_known_addr { host: "127.15.174.194" port: 34215 } } peers { permanent_uuid: "e60042c11fba4472995184a4dd5beb54" member_type: VOTER last_known_addr { host: "127.15.174.195" port: 44733 } }
I20260608 09:57:43.707552 20729 raft_consensus.cc:2468] T cc78f40dfe7943d591ef6dc38af8f5fa P e60042c11fba4472995184a4dd5beb54 [term 1 FOLLOWER]: Leader election vote request: Granting yes vote for candidate f02ba6038e5640f9ac768aff6454e01b in term 1.
I20260608 09:57:43.708118 20781 raft_consensus.cc:515] T 43f669bb05a64ead8b80098862b871b5 P f02ba6038e5640f9ac768aff6454e01b [term 1 FOLLOWER]: Starting leader election with config: opid_index: -1 OBSOLETE_local: false peers { permanent_uuid: "fc33d978a3bd4f25b33baace164ca9f6" member_type: VOTER last_known_addr { host: "127.15.174.193" port: 34403 } } peers { permanent_uuid: "f02ba6038e5640f9ac768aff6454e01b" member_type: VOTER last_known_addr { host: "127.15.174.194" port: 34215 } } peers { permanent_uuid: "e60042c11fba4472995184a4dd5beb54" member_type: VOTER last_known_addr { host: "127.15.174.195" port: 44733 } }
I20260608 09:57:43.726524 20781 leader_election.cc:290] T 43f669bb05a64ead8b80098862b871b5 P f02ba6038e5640f9ac768aff6454e01b [CANDIDATE]: Term 1 election: Requested vote from peers fc33d978a3bd4f25b33baace164ca9f6 (127.15.174.193:34403), e60042c11fba4472995184a4dd5beb54 (127.15.174.195:44733)
I20260608 09:57:43.726725 20730 tablet_service.cc:1917] Received RequestConsensusVote() RPC: tablet_id: "43f669bb05a64ead8b80098862b871b5" candidate_uuid: "f02ba6038e5640f9ac768aff6454e01b" candidate_term: 1 candidate_status { last_received { term: 0 index: 0 } } ignore_live_leader: false dest_uuid: "e60042c11fba4472995184a4dd5beb54"
I20260608 09:57:43.723089 20478 catalog_manager.cc:5696] T d80905857e564256996b3a913d0986c9 P fc33d978a3bd4f25b33baace164ca9f6 reported cstate change: term changed from 0 to 1, leader changed from <none> to fc33d978a3bd4f25b33baace164ca9f6 (127.15.174.193). New cstate: current_term: 1 leader_uuid: "fc33d978a3bd4f25b33baace164ca9f6" committed_config { opid_index: -1 OBSOLETE_local: false peers { permanent_uuid: "e60042c11fba4472995184a4dd5beb54" member_type: VOTER last_known_addr { host: "127.15.174.195" port: 44733 } health_report { overall_health: UNKNOWN } } peers { permanent_uuid: "f02ba6038e5640f9ac768aff6454e01b" member_type: VOTER last_known_addr { host: "127.15.174.194" port: 34215 } health_report { overall_health: UNKNOWN } } peers { permanent_uuid: "fc33d978a3bd4f25b33baace164ca9f6" member_type: VOTER last_known_addr { host: "127.15.174.193" port: 34403 } health_report { overall_health: HEALTHY } } }
I20260608 09:57:43.727681 20580 tablet_service.cc:1917] Received RequestConsensusVote() RPC: tablet_id: "43f669bb05a64ead8b80098862b871b5" candidate_uuid: "f02ba6038e5640f9ac768aff6454e01b" candidate_term: 1 candidate_status { last_received { term: 0 index: 0 } } ignore_live_leader: false dest_uuid: "fc33d978a3bd4f25b33baace164ca9f6"
I20260608 09:57:43.728413 20580 raft_consensus.cc:3060] T 43f669bb05a64ead8b80098862b871b5 P fc33d978a3bd4f25b33baace164ca9f6 [term 0 FOLLOWER]: Advancing to term 1
W20260608 09:57:43.728765 20622 leader_election.cc:343] T 43f669bb05a64ead8b80098862b871b5 P f02ba6038e5640f9ac768aff6454e01b [CANDIDATE]: Term 1 election: Tablet error from VoteRequest() call to peer e60042c11fba4472995184a4dd5beb54 (127.15.174.195:44733): Illegal state: must be running to vote when last-logged opid is not known
I20260608 09:57:43.732874 20804 raft_consensus.cc:697] T cc78f40dfe7943d591ef6dc38af8f5fa P f02ba6038e5640f9ac768aff6454e01b [term 1 LEADER]: Becoming Leader. State: Replica: f02ba6038e5640f9ac768aff6454e01b, State: Running, Role: LEADER
I20260608 09:57:43.733912 20804 consensus_queue.cc:237] T cc78f40dfe7943d591ef6dc38af8f5fa P f02ba6038e5640f9ac768aff6454e01b [LEADER]: Queue going to LEADER mode. State: All replicated index: 0, Majority replicated index: 0, Committed index: 0, Last appended: 0.0, Last appended by leader: 0, Current term: 1, Majority size: 2, State: 0, Mode: LEADER, active raft config: opid_index: -1 OBSOLETE_local: false peers { permanent_uuid: "fc33d978a3bd4f25b33baace164ca9f6" member_type: VOTER last_known_addr { host: "127.15.174.193" port: 34403 } } peers { permanent_uuid: "f02ba6038e5640f9ac768aff6454e01b" member_type: VOTER last_known_addr { host: "127.15.174.194" port: 34215 } } peers { permanent_uuid: "e60042c11fba4472995184a4dd5beb54" member_type: VOTER last_known_addr { host: "127.15.174.195" port: 44733 } }
I20260608 09:57:43.736559 20729 tablet_service.cc:1917] Received RequestConsensusVote() RPC: tablet_id: "598507be6ed04fc282b19c5ab68e1d7d" candidate_uuid: "fc33d978a3bd4f25b33baace164ca9f6" candidate_term: 1 candidate_status { last_received { term: 0 index: 0 } } ignore_live_leader: false dest_uuid: "e60042c11fba4472995184a4dd5beb54"
W20260608 09:57:43.737296 20544 outbound_call.cc:321] RPC callback for RPC call kudu.consensus.ConsensusService.RequestConsensusVote -> {remote=127.15.174.194:34215, user_credentials={real_user=slave}} blocked reactor thread for 68282.3us
W20260608 09:57:43.738227 20547 leader_election.cc:343] T 598507be6ed04fc282b19c5ab68e1d7d P fc33d978a3bd4f25b33baace164ca9f6 [CANDIDATE]: Term 1 election: Tablet error from VoteRequest() call to peer e60042c11fba4472995184a4dd5beb54 (127.15.174.195:44733): Illegal state: must be running to vote when last-logged opid is not known
I20260608 09:57:43.738551 20777 tablet_bootstrap.cc:654] T e605bfce0a0a4517a0a15909fb60e6f9 P e60042c11fba4472995184a4dd5beb54: Neither blocks nor log segments found. Creating new log.
I20260608 09:57:43.739051 20656 tablet_service.cc:1917] Received RequestConsensusVote() RPC: tablet_id: "598507be6ed04fc282b19c5ab68e1d7d" candidate_uuid: "fc33d978a3bd4f25b33baace164ca9f6" candidate_term: 1 candidate_status { last_received { term: 0 index: 0 } } ignore_live_leader: false dest_uuid: "f02ba6038e5640f9ac768aff6454e01b"
I20260608 09:57:43.739655 20656 raft_consensus.cc:3060] T 598507be6ed04fc282b19c5ab68e1d7d P f02ba6038e5640f9ac768aff6454e01b [term 0 FOLLOWER]: Advancing to term 1
I20260608 09:57:43.741694 20776 tablet_bootstrap.cc:492] T b6c0d5cfb7574ecfa400fbeabbddaa78 P f02ba6038e5640f9ac768aff6454e01b: No bootstrap required, opened a new log
I20260608 09:57:43.741854 20580 raft_consensus.cc:2468] T 43f669bb05a64ead8b80098862b871b5 P fc33d978a3bd4f25b33baace164ca9f6 [term 1 FOLLOWER]: Leader election vote request: Granting yes vote for candidate f02ba6038e5640f9ac768aff6454e01b in term 1.
I20260608 09:57:43.744550 20621 leader_election.cc:304] T 43f669bb05a64ead8b80098862b871b5 P f02ba6038e5640f9ac768aff6454e01b [CANDIDATE]: Term 1 election: Election decided. Result: candidate won. Election summary: received 3 responses out of 3 voters: 2 yes votes; 1 no votes. yes voters: f02ba6038e5640f9ac768aff6454e01b, fc33d978a3bd4f25b33baace164ca9f6; no voters: e60042c11fba4472995184a4dd5beb54
I20260608 09:57:43.746135 20775 tablet_bootstrap.cc:492] T e605bfce0a0a4517a0a15909fb60e6f9 P fc33d978a3bd4f25b33baace164ca9f6: No bootstrap required, opened a new log
I20260608 09:57:43.746356 20804 raft_consensus.cc:2804] T 43f669bb05a64ead8b80098862b871b5 P f02ba6038e5640f9ac768aff6454e01b [term 1 FOLLOWER]: Leader election won for term 1
I20260608 09:57:43.746613 20775 ts_tablet_manager.cc:1403] T e605bfce0a0a4517a0a15909fb60e6f9 P fc33d978a3bd4f25b33baace164ca9f6: Time spent bootstrapping tablet: real 0.073s	user 0.030s	sys 0.012s
I20260608 09:57:43.747251 20804 raft_consensus.cc:697] T 43f669bb05a64ead8b80098862b871b5 P f02ba6038e5640f9ac768aff6454e01b [term 1 LEADER]: Becoming Leader. State: Replica: f02ba6038e5640f9ac768aff6454e01b, State: Running, Role: LEADER
I20260608 09:57:43.748140 20804 consensus_queue.cc:237] T 43f669bb05a64ead8b80098862b871b5 P f02ba6038e5640f9ac768aff6454e01b [LEADER]: Queue going to LEADER mode. State: All replicated index: 0, Majority replicated index: 0, Committed index: 0, Last appended: 0.0, Last appended by leader: 0, Current term: 1, Majority size: 2, State: 0, Mode: LEADER, active raft config: opid_index: -1 OBSOLETE_local: false peers { permanent_uuid: "fc33d978a3bd4f25b33baace164ca9f6" member_type: VOTER last_known_addr { host: "127.15.174.193" port: 34403 } } peers { permanent_uuid: "f02ba6038e5640f9ac768aff6454e01b" member_type: VOTER last_known_addr { host: "127.15.174.194" port: 34215 } } peers { permanent_uuid: "e60042c11fba4472995184a4dd5beb54" member_type: VOTER last_known_addr { host: "127.15.174.195" port: 44733 } }
I20260608 09:57:43.749811 20775 raft_consensus.cc:359] T e605bfce0a0a4517a0a15909fb60e6f9 P fc33d978a3bd4f25b33baace164ca9f6 [term 0 FOLLOWER]: Replica starting. Triggering 0 pending ops. Active config: opid_index: -1 OBSOLETE_local: false peers { permanent_uuid: "fc33d978a3bd4f25b33baace164ca9f6" member_type: VOTER last_known_addr { host: "127.15.174.193" port: 34403 } } peers { permanent_uuid: "f02ba6038e5640f9ac768aff6454e01b" member_type: VOTER last_known_addr { host: "127.15.174.194" port: 34215 } } peers { permanent_uuid: "e60042c11fba4472995184a4dd5beb54" member_type: VOTER last_known_addr { host: "127.15.174.195" port: 44733 } }
I20260608 09:57:43.750051 20656 raft_consensus.cc:2468] T 598507be6ed04fc282b19c5ab68e1d7d P f02ba6038e5640f9ac768aff6454e01b [term 1 FOLLOWER]: Leader election vote request: Granting yes vote for candidate fc33d978a3bd4f25b33baace164ca9f6 in term 1.
I20260608 09:57:43.739068 20782 leader_election.cc:290] T 598507be6ed04fc282b19c5ab68e1d7d P fc33d978a3bd4f25b33baace164ca9f6 [CANDIDATE]: Term 1 election: Requested vote from peers f02ba6038e5640f9ac768aff6454e01b (127.15.174.194:34215), e60042c11fba4472995184a4dd5beb54 (127.15.174.195:44733)
I20260608 09:57:43.750499 20775 raft_consensus.cc:385] T e605bfce0a0a4517a0a15909fb60e6f9 P fc33d978a3bd4f25b33baace164ca9f6 [term 0 FOLLOWER]: Consensus starting up: Expiring failure detector timer to make a prompt election more likely
I20260608 09:57:43.750844 20775 raft_consensus.cc:740] T e605bfce0a0a4517a0a15909fb60e6f9 P fc33d978a3bd4f25b33baace164ca9f6 [term 0 FOLLOWER]: Becoming Follower/Learner. State: Replica: fc33d978a3bd4f25b33baace164ca9f6, State: Initialized, Role: FOLLOWER
I20260608 09:57:43.751804 20544 leader_election.cc:304] T 598507be6ed04fc282b19c5ab68e1d7d P fc33d978a3bd4f25b33baace164ca9f6 [CANDIDATE]: Term 1 election: Election decided. Result: candidate won. Election summary: received 3 responses out of 3 voters: 2 yes votes; 1 no votes. yes voters: f02ba6038e5640f9ac768aff6454e01b, fc33d978a3bd4f25b33baace164ca9f6; no voters: e60042c11fba4472995184a4dd5beb54
I20260608 09:57:43.749505 20479 catalog_manager.cc:5696] T cc78f40dfe7943d591ef6dc38af8f5fa P f02ba6038e5640f9ac768aff6454e01b reported cstate change: term changed from 0 to 1, leader changed from <none> to f02ba6038e5640f9ac768aff6454e01b (127.15.174.194). New cstate: current_term: 1 leader_uuid: "f02ba6038e5640f9ac768aff6454e01b" committed_config { opid_index: -1 OBSOLETE_local: false peers { permanent_uuid: "fc33d978a3bd4f25b33baace164ca9f6" member_type: VOTER last_known_addr { host: "127.15.174.193" port: 34403 } health_report { overall_health: UNKNOWN } } peers { permanent_uuid: "f02ba6038e5640f9ac768aff6454e01b" member_type: VOTER last_known_addr { host: "127.15.174.194" port: 34215 } health_report { overall_health: HEALTHY } } peers { permanent_uuid: "e60042c11fba4472995184a4dd5beb54" member_type: VOTER last_known_addr { host: "127.15.174.195" port: 44733 } health_report { overall_health: UNKNOWN } } }
I20260608 09:57:43.752779 20782 raft_consensus.cc:2804] T 598507be6ed04fc282b19c5ab68e1d7d P fc33d978a3bd4f25b33baace164ca9f6 [term 1 FOLLOWER]: Leader election won for term 1
I20260608 09:57:43.753460 20782 raft_consensus.cc:697] T 598507be6ed04fc282b19c5ab68e1d7d P fc33d978a3bd4f25b33baace164ca9f6 [term 1 LEADER]: Becoming Leader. State: Replica: fc33d978a3bd4f25b33baace164ca9f6, State: Running, Role: LEADER
I20260608 09:57:43.742233 20776 ts_tablet_manager.cc:1403] T b6c0d5cfb7574ecfa400fbeabbddaa78 P f02ba6038e5640f9ac768aff6454e01b: Time spent bootstrapping tablet: real 0.081s	user 0.016s	sys 0.000s
I20260608 09:57:43.755321 20775 consensus_queue.cc:260] T e605bfce0a0a4517a0a15909fb60e6f9 P fc33d978a3bd4f25b33baace164ca9f6 [NON_LEADER]: Queue going to NON_LEADER mode. State: All replicated index: 0, Majority replicated index: 0, Committed index: 0, Last appended: 0.0, Last appended by leader: 0, Current term: 0, Majority size: -1, State: 0, Mode: NON_LEADER, active raft config: opid_index: -1 OBSOLETE_local: false peers { permanent_uuid: "fc33d978a3bd4f25b33baace164ca9f6" member_type: VOTER last_known_addr { host: "127.15.174.193" port: 34403 } } peers { permanent_uuid: "f02ba6038e5640f9ac768aff6454e01b" member_type: VOTER last_known_addr { host: "127.15.174.194" port: 34215 } } peers { permanent_uuid: "e60042c11fba4472995184a4dd5beb54" member_type: VOTER last_known_addr { host: "127.15.174.195" port: 44733 } }
I20260608 09:57:43.760414 20775 ts_tablet_manager.cc:1434] T e605bfce0a0a4517a0a15909fb60e6f9 P fc33d978a3bd4f25b33baace164ca9f6: Time spent starting tablet: real 0.013s	user 0.004s	sys 0.004s
I20260608 09:57:43.759934 20782 consensus_queue.cc:237] T 598507be6ed04fc282b19c5ab68e1d7d P fc33d978a3bd4f25b33baace164ca9f6 [LEADER]: Queue going to LEADER mode. State: All replicated index: 0, Majority replicated index: 0, Committed index: 0, Last appended: 0.0, Last appended by leader: 0, Current term: 1, Majority size: 2, State: 0, Mode: LEADER, active raft config: opid_index: -1 OBSOLETE_local: false peers { permanent_uuid: "fc33d978a3bd4f25b33baace164ca9f6" member_type: VOTER last_known_addr { host: "127.15.174.193" port: 34403 } } peers { permanent_uuid: "f02ba6038e5640f9ac768aff6454e01b" member_type: VOTER last_known_addr { host: "127.15.174.194" port: 34215 } } peers { permanent_uuid: "e60042c11fba4472995184a4dd5beb54" member_type: VOTER last_known_addr { host: "127.15.174.195" port: 44733 } }
I20260608 09:57:43.761432 20775 tablet_bootstrap.cc:492] T f9e40f8bf32f42f5add2aebbfede5eeb P fc33d978a3bd4f25b33baace164ca9f6: Bootstrap starting.
I20260608 09:57:43.761664 20776 raft_consensus.cc:359] T b6c0d5cfb7574ecfa400fbeabbddaa78 P f02ba6038e5640f9ac768aff6454e01b [term 0 FOLLOWER]: Replica starting. Triggering 0 pending ops. Active config: opid_index: -1 OBSOLETE_local: false peers { permanent_uuid: "fc33d978a3bd4f25b33baace164ca9f6" member_type: VOTER last_known_addr { host: "127.15.174.193" port: 34403 } } peers { permanent_uuid: "f02ba6038e5640f9ac768aff6454e01b" member_type: VOTER last_known_addr { host: "127.15.174.194" port: 34215 } } peers { permanent_uuid: "e60042c11fba4472995184a4dd5beb54" member_type: VOTER last_known_addr { host: "127.15.174.195" port: 44733 } }
I20260608 09:57:43.762372 20776 raft_consensus.cc:385] T b6c0d5cfb7574ecfa400fbeabbddaa78 P f02ba6038e5640f9ac768aff6454e01b [term 0 FOLLOWER]: Consensus starting up: Expiring failure detector timer to make a prompt election more likely
I20260608 09:57:43.762661 20776 raft_consensus.cc:740] T b6c0d5cfb7574ecfa400fbeabbddaa78 P f02ba6038e5640f9ac768aff6454e01b [term 0 FOLLOWER]: Becoming Follower/Learner. State: Replica: f02ba6038e5640f9ac768aff6454e01b, State: Initialized, Role: FOLLOWER
I20260608 09:57:43.762778 20814 raft_consensus.cc:493] T 92e1d1405fe445fd805bac220deffc77 P fc33d978a3bd4f25b33baace164ca9f6 [term 0 FOLLOWER]: Starting pre-election (no leader contacted us within the election timeout)
I20260608 09:57:43.763303 20814 raft_consensus.cc:515] T 92e1d1405fe445fd805bac220deffc77 P fc33d978a3bd4f25b33baace164ca9f6 [term 0 FOLLOWER]: Starting pre-election with config: opid_index: -1 OBSOLETE_local: false peers { permanent_uuid: "fc33d978a3bd4f25b33baace164ca9f6" member_type: VOTER last_known_addr { host: "127.15.174.193" port: 34403 } } peers { permanent_uuid: "f02ba6038e5640f9ac768aff6454e01b" member_type: VOTER last_known_addr { host: "127.15.174.194" port: 34215 } } peers { permanent_uuid: "e60042c11fba4472995184a4dd5beb54" member_type: VOTER last_known_addr { host: "127.15.174.195" port: 44733 } }
I20260608 09:57:43.763537 20776 consensus_queue.cc:260] T b6c0d5cfb7574ecfa400fbeabbddaa78 P f02ba6038e5640f9ac768aff6454e01b [NON_LEADER]: Queue going to NON_LEADER mode. State: All replicated index: 0, Majority replicated index: 0, Committed index: 0, Last appended: 0.0, Last appended by leader: 0, Current term: 0, Majority size: -1, State: 0, Mode: NON_LEADER, active raft config: opid_index: -1 OBSOLETE_local: false peers { permanent_uuid: "fc33d978a3bd4f25b33baace164ca9f6" member_type: VOTER last_known_addr { host: "127.15.174.193" port: 34403 } } peers { permanent_uuid: "f02ba6038e5640f9ac768aff6454e01b" member_type: VOTER last_known_addr { host: "127.15.174.194" port: 34215 } } peers { permanent_uuid: "e60042c11fba4472995184a4dd5beb54" member_type: VOTER last_known_addr { host: "127.15.174.195" port: 44733 } }
I20260608 09:57:43.766994 20729 tablet_service.cc:1917] Received RequestConsensusVote() RPC: tablet_id: "92e1d1405fe445fd805bac220deffc77" candidate_uuid: "fc33d978a3bd4f25b33baace164ca9f6" candidate_term: 1 candidate_status { last_received { term: 0 index: 0 } } ignore_live_leader: false dest_uuid: "e60042c11fba4472995184a4dd5beb54" is_pre_election: true
I20260608 09:57:43.767643 20729 raft_consensus.cc:2468] T 92e1d1405fe445fd805bac220deffc77 P e60042c11fba4472995184a4dd5beb54 [term 0 FOLLOWER]: Leader pre-election vote request: Granting yes vote for candidate fc33d978a3bd4f25b33baace164ca9f6 in term 0.
I20260608 09:57:43.767737 20776 ts_tablet_manager.cc:1434] T b6c0d5cfb7574ecfa400fbeabbddaa78 P f02ba6038e5640f9ac768aff6454e01b: Time spent starting tablet: real 0.012s	user 0.006s	sys 0.000s
I20260608 09:57:43.768057 20775 tablet_bootstrap.cc:654] T f9e40f8bf32f42f5add2aebbfede5eeb P fc33d978a3bd4f25b33baace164ca9f6: Neither blocks nor log segments found. Creating new log.
I20260608 09:57:43.769445 20547 leader_election.cc:304] T 92e1d1405fe445fd805bac220deffc77 P fc33d978a3bd4f25b33baace164ca9f6 [CANDIDATE]: Term 1 pre-election: Election decided. Result: candidate won. Election summary: received 2 responses out of 3 voters: 2 yes votes; 0 no votes. yes voters: e60042c11fba4472995184a4dd5beb54, fc33d978a3bd4f25b33baace164ca9f6; no voters: 
I20260608 09:57:43.770340 20812 raft_consensus.cc:2804] T 92e1d1405fe445fd805bac220deffc77 P fc33d978a3bd4f25b33baace164ca9f6 [term 0 FOLLOWER]: Leader pre-election won for term 1
I20260608 09:57:43.770690 20812 raft_consensus.cc:493] T 92e1d1405fe445fd805bac220deffc77 P fc33d978a3bd4f25b33baace164ca9f6 [term 0 FOLLOWER]: Starting leader election (no leader contacted us within the election timeout)
I20260608 09:57:43.770903 20777 tablet_bootstrap.cc:492] T e605bfce0a0a4517a0a15909fb60e6f9 P e60042c11fba4472995184a4dd5beb54: No bootstrap required, opened a new log
I20260608 09:57:43.771039 20812 raft_consensus.cc:3060] T 92e1d1405fe445fd805bac220deffc77 P fc33d978a3bd4f25b33baace164ca9f6 [term 0 FOLLOWER]: Advancing to term 1
I20260608 09:57:43.771430 20777 ts_tablet_manager.cc:1403] T e605bfce0a0a4517a0a15909fb60e6f9 P e60042c11fba4472995184a4dd5beb54: Time spent bootstrapping tablet: real 0.059s	user 0.010s	sys 0.003s
I20260608 09:57:43.772140 20776 tablet_bootstrap.cc:492] T f3fb1e61733a4060b269656267ce1baf P f02ba6038e5640f9ac768aff6454e01b: Bootstrap starting.
