I20260608 09:57:19.629845  3968 consensus_queue.cc:1048] T bc81e477c03141399f117fdd408a0162 P d7e395c7894c48b58242a765aa6547a7 [LEADER]: Connected to new peer: Peer: permanent_uuid: "90d116370ffa4f318889fb827244957b" member_type: VOTER last_known_addr { host: "127.31.242.132" port: 37367 } attrs { promote: false }, Status: LMP_MISMATCH, Last received: 0.0, Next index: 8, Last known committed idx: 7, Time since last communication: 0.001s
I20260608 09:57:19.631313  3298 raft_consensus.cc:1275] T bc81e477c03141399f117fdd408a0162 P 35cf82dc7bb74b778f1f72d1a16a445b [term 4 FOLLOWER]: Refusing update from remote peer d7e395c7894c48b58242a765aa6547a7: Log matching property violated. Preceding OpId in replica: term: 4 index: 7. Preceding OpId from leader: term: 4 index: 8. (index mismatch)
I20260608 09:57:19.633350  3970 consensus_queue.cc:1048] T bc81e477c03141399f117fdd408a0162 P d7e395c7894c48b58242a765aa6547a7 [LEADER]: Connected to new peer: Peer: permanent_uuid: "35cf82dc7bb74b778f1f72d1a16a445b" member_type: VOTER last_known_addr { host: "127.31.242.130" port: 34329 } attrs { replace: true }, Status: LMP_MISMATCH, Last received: 0.0, Next index: 8, Last known committed idx: 7, Time since last communication: 0.000s
I20260608 09:57:19.643374  3968 raft_consensus.cc:2955] T bc81e477c03141399f117fdd408a0162 P d7e395c7894c48b58242a765aa6547a7 [term 4 LEADER]: Committing config change with OpId 4.8: config changed from index 7 to 8, NON_VOTER 13d78ac77eb34218a78bc21bb29b63ae (127.31.242.131) added. New config: { opid_index: 8 OBSOLETE_local: false peers { permanent_uuid: "d7e395c7894c48b58242a765aa6547a7" member_type: VOTER last_known_addr { host: "127.31.242.129" port: 34087 } } peers { permanent_uuid: "35cf82dc7bb74b778f1f72d1a16a445b" member_type: VOTER last_known_addr { host: "127.31.242.130" port: 34329 } attrs { replace: true } } peers { permanent_uuid: "90d116370ffa4f318889fb827244957b" member_type: VOTER last_known_addr { host: "127.31.242.132" port: 37367 } attrs { promote: false } } peers { permanent_uuid: "13d78ac77eb34218a78bc21bb29b63ae" member_type: NON_VOTER last_known_addr { host: "127.31.242.131" port: 44279 } attrs { promote: true } } }
I20260608 09:57:19.645511  3519 raft_consensus.cc:2955] T bc81e477c03141399f117fdd408a0162 P 90d116370ffa4f318889fb827244957b [term 4 FOLLOWER]: Committing config change with OpId 4.8: config changed from index 7 to 8, NON_VOTER 13d78ac77eb34218a78bc21bb29b63ae (127.31.242.131) added. New config: { opid_index: 8 OBSOLETE_local: false peers { permanent_uuid: "d7e395c7894c48b58242a765aa6547a7" member_type: VOTER last_known_addr { host: "127.31.242.129" port: 34087 } } peers { permanent_uuid: "35cf82dc7bb74b778f1f72d1a16a445b" member_type: VOTER last_known_addr { host: "127.31.242.130" port: 34329 } attrs { replace: true } } peers { permanent_uuid: "90d116370ffa4f318889fb827244957b" member_type: VOTER last_known_addr { host: "127.31.242.132" port: 37367 } attrs { promote: false } } peers { permanent_uuid: "13d78ac77eb34218a78bc21bb29b63ae" member_type: NON_VOTER last_known_addr { host: "127.31.242.131" port: 44279 } attrs { promote: true } } }
I20260608 09:57:19.646965  3301 raft_consensus.cc:2955] T bc81e477c03141399f117fdd408a0162 P 35cf82dc7bb74b778f1f72d1a16a445b [term 4 FOLLOWER]: Committing config change with OpId 4.8: config changed from index 7 to 8, NON_VOTER 13d78ac77eb34218a78bc21bb29b63ae (127.31.242.131) added. New config: { opid_index: 8 OBSOLETE_local: false peers { permanent_uuid: "d7e395c7894c48b58242a765aa6547a7" member_type: VOTER last_known_addr { host: "127.31.242.129" port: 34087 } } peers { permanent_uuid: "35cf82dc7bb74b778f1f72d1a16a445b" member_type: VOTER last_known_addr { host: "127.31.242.130" port: 34329 } attrs { replace: true } } peers { permanent_uuid: "90d116370ffa4f318889fb827244957b" member_type: VOTER last_known_addr { host: "127.31.242.132" port: 37367 } attrs { promote: false } } peers { permanent_uuid: "13d78ac77eb34218a78bc21bb29b63ae" member_type: NON_VOTER last_known_addr { host: "127.31.242.131" port: 44279 } attrs { promote: true } } }
I20260608 09:57:19.661104  3120 catalog_manager.cc:5696] T bc81e477c03141399f117fdd408a0162 P 35cf82dc7bb74b778f1f72d1a16a445b reported cstate change: config changed from index 7 to 8, NON_VOTER 13d78ac77eb34218a78bc21bb29b63ae (127.31.242.131) added. New cstate: current_term: 4 leader_uuid: "d7e395c7894c48b58242a765aa6547a7" committed_config { opid_index: 8 OBSOLETE_local: false peers { permanent_uuid: "d7e395c7894c48b58242a765aa6547a7" member_type: VOTER last_known_addr { host: "127.31.242.129" port: 34087 } } peers { permanent_uuid: "35cf82dc7bb74b778f1f72d1a16a445b" member_type: VOTER last_known_addr { host: "127.31.242.130" port: 34329 } attrs { replace: true } } peers { permanent_uuid: "90d116370ffa4f318889fb827244957b" member_type: VOTER last_known_addr { host: "127.31.242.132" port: 37367 } attrs { promote: false } } peers { permanent_uuid: "13d78ac77eb34218a78bc21bb29b63ae" member_type: NON_VOTER last_known_addr { host: "127.31.242.131" port: 44279 } attrs { promote: true } } }
I20260608 09:57:19.667665  3177 auto_leader_rebalancer.cc:140] leader rebalance for table range_aware_rebalance_new_range
I20260608 09:57:19.691545  3177 auto_leader_rebalancer.cc:388] table: range_aware_rebalance_new_range, leader rebalance finish, leader transfer count: 0
I20260608 09:57:19.692546  3177 auto_leader_rebalancer.cc:451] All tables' leader rebalancing finished this round
I20260608 09:57:20.119633  3980 ts_tablet_manager.cc:933] T bc81e477c03141399f117fdd408a0162 P 13d78ac77eb34218a78bc21bb29b63ae: Initiating tablet copy from peer d7e395c7894c48b58242a765aa6547a7 (127.31.242.129:34087)
I20260608 09:57:20.122249  3980 tablet_copy_client.cc:323] T bc81e477c03141399f117fdd408a0162 P 13d78ac77eb34218a78bc21bb29b63ae: tablet copy: Beginning tablet copy session from remote peer at address 127.31.242.129:34087
I20260608 09:57:20.124351  3235 tablet_copy_service.cc:140] P d7e395c7894c48b58242a765aa6547a7: Received BeginTabletCopySession request for tablet bc81e477c03141399f117fdd408a0162 from peer 13d78ac77eb34218a78bc21bb29b63ae ({username='slave'} at 127.0.0.1:35486)
I20260608 09:57:20.125056  3235 tablet_copy_service.cc:161] P d7e395c7894c48b58242a765aa6547a7: Beginning new tablet copy session on tablet bc81e477c03141399f117fdd408a0162 from peer 13d78ac77eb34218a78bc21bb29b63ae at {username='slave'} at 127.0.0.1:35486: session id = 13d78ac77eb34218a78bc21bb29b63ae-bc81e477c03141399f117fdd408a0162
I20260608 09:57:20.133646  3235 tablet_copy_source_session.cc:215] T bc81e477c03141399f117fdd408a0162 P d7e395c7894c48b58242a765aa6547a7: Tablet Copy: opened 0 blocks and 1 log segments
I20260608 09:57:20.136631  3980 ts_tablet_manager.cc:1916] T bc81e477c03141399f117fdd408a0162 P 13d78ac77eb34218a78bc21bb29b63ae: Deleting tablet data with delete state TABLET_DATA_COPYING
I20260608 09:57:20.147979  3980 ts_tablet_manager.cc:1929] T bc81e477c03141399f117fdd408a0162 P 13d78ac77eb34218a78bc21bb29b63ae: tablet deleted with delete type TABLET_DATA_COPYING: last-logged OpId 4.6
I20260608 09:57:20.148761  3980 data_dirs.cc:400] Could only allocate 1 dirs of requested 3 for tablet bc81e477c03141399f117fdd408a0162. 1 dirs total, 0 dirs full, 0 dirs failed
I20260608 09:57:20.154250  3980 tablet_copy_client.cc:806] T bc81e477c03141399f117fdd408a0162 P 13d78ac77eb34218a78bc21bb29b63ae: tablet copy: Starting download of 0 data blocks...
I20260608 09:57:20.154794  3980 tablet_copy_client.cc:670] T bc81e477c03141399f117fdd408a0162 P 13d78ac77eb34218a78bc21bb29b63ae: tablet copy: Starting download of 1 WAL segments...
I20260608 09:57:20.159173  3980 tablet_copy_client.cc:538] T bc81e477c03141399f117fdd408a0162 P 13d78ac77eb34218a78bc21bb29b63ae: tablet copy: Tablet Copy complete. Replacing tablet superblock.
I20260608 09:57:20.165861  3980 tablet_bootstrap.cc:492] T bc81e477c03141399f117fdd408a0162 P 13d78ac77eb34218a78bc21bb29b63ae: Bootstrap starting.
I20260608 09:57:20.200891  3980 tablet_bootstrap.cc:492] T bc81e477c03141399f117fdd408a0162 P 13d78ac77eb34218a78bc21bb29b63ae: Bootstrap replayed 1/1 log segments. Stats: ops{read=8 overwritten=0 applied=8 ignored=0} inserts{seen=0 ignored=0} mutations{seen=0 ignored=0} orphaned_commits=0. Pending: 0 replicates
I20260608 09:57:20.201997  3980 tablet_bootstrap.cc:492] T bc81e477c03141399f117fdd408a0162 P 13d78ac77eb34218a78bc21bb29b63ae: Bootstrap complete.
I20260608 09:57:20.202756  3980 ts_tablet_manager.cc:1403] T bc81e477c03141399f117fdd408a0162 P 13d78ac77eb34218a78bc21bb29b63ae: Time spent bootstrapping tablet: real 0.037s	user 0.030s	sys 0.006s
I20260608 09:57:20.206609  3980 raft_consensus.cc:359] T bc81e477c03141399f117fdd408a0162 P 13d78ac77eb34218a78bc21bb29b63ae [term 4 LEARNER]: Replica starting. Triggering 0 pending ops. Active config: opid_index: 8 OBSOLETE_local: false peers { permanent_uuid: "d7e395c7894c48b58242a765aa6547a7" member_type: VOTER last_known_addr { host: "127.31.242.129" port: 34087 } } peers { permanent_uuid: "35cf82dc7bb74b778f1f72d1a16a445b" member_type: VOTER last_known_addr { host: "127.31.242.130" port: 34329 } attrs { replace: true } } peers { permanent_uuid: "90d116370ffa4f318889fb827244957b" member_type: VOTER last_known_addr { host: "127.31.242.132" port: 37367 } attrs { promote: false } } peers { permanent_uuid: "13d78ac77eb34218a78bc21bb29b63ae" member_type: NON_VOTER last_known_addr { host: "127.31.242.131" port: 44279 } attrs { promote: true } }
I20260608 09:57:20.207639  3980 raft_consensus.cc:740] T bc81e477c03141399f117fdd408a0162 P 13d78ac77eb34218a78bc21bb29b63ae [term 4 LEARNER]: Becoming Follower/Learner. State: Replica: 13d78ac77eb34218a78bc21bb29b63ae, State: Initialized, Role: LEARNER
I20260608 09:57:20.208262  3980 consensus_queue.cc:260] T bc81e477c03141399f117fdd408a0162 P 13d78ac77eb34218a78bc21bb29b63ae [NON_LEADER]: Queue going to NON_LEADER mode. State: All replicated index: 0, Majority replicated index: 0, Committed index: 8, Last appended: 4.8, Last appended by leader: 8, Current term: 0, Majority size: -1, State: 0, Mode: NON_LEADER, active raft config: opid_index: 8 OBSOLETE_local: false peers { permanent_uuid: "d7e395c7894c48b58242a765aa6547a7" member_type: VOTER last_known_addr { host: "127.31.242.129" port: 34087 } } peers { permanent_uuid: "35cf82dc7bb74b778f1f72d1a16a445b" member_type: VOTER last_known_addr { host: "127.31.242.130" port: 34329 } attrs { replace: true } } peers { permanent_uuid: "90d116370ffa4f318889fb827244957b" member_type: VOTER last_known_addr { host: "127.31.242.132" port: 37367 } attrs { promote: false } } peers { permanent_uuid: "13d78ac77eb34218a78bc21bb29b63ae" member_type: NON_VOTER last_known_addr { host: "127.31.242.131" port: 44279 } attrs { promote: true } }
I20260608 09:57:20.210937  3980 ts_tablet_manager.cc:1434] T bc81e477c03141399f117fdd408a0162 P 13d78ac77eb34218a78bc21bb29b63ae: Time spent starting tablet: real 0.008s	user 0.005s	sys 0.003s
I20260608 09:57:20.216097  3235 tablet_copy_service.cc:342] P d7e395c7894c48b58242a765aa6547a7: Request end of tablet copy session 13d78ac77eb34218a78bc21bb29b63ae-bc81e477c03141399f117fdd408a0162 received from {username='slave'} at 127.0.0.1:35486
I20260608 09:57:20.216688  3235 tablet_copy_service.cc:434] P d7e395c7894c48b58242a765aa6547a7: ending tablet copy session 13d78ac77eb34218a78bc21bb29b63ae-bc81e477c03141399f117fdd408a0162 on tablet bc81e477c03141399f117fdd408a0162 with peer 13d78ac77eb34218a78bc21bb29b63ae
I20260608 09:57:20.572783  3370 raft_consensus.cc:1217] T bc81e477c03141399f117fdd408a0162 P 13d78ac77eb34218a78bc21bb29b63ae [term 4 LEARNER]: Deduplicated request from leader. Original: 4.7->[4.8-4.8]   Dedup: 4.8->[]
I20260608 09:57:20.964198  3983 raft_consensus.cc:1064] T bc81e477c03141399f117fdd408a0162 P d7e395c7894c48b58242a765aa6547a7: attempting to promote NON_VOTER 13d78ac77eb34218a78bc21bb29b63ae to VOTER
I20260608 09:57:20.967427  3983 consensus_queue.cc:237] T bc81e477c03141399f117fdd408a0162 P d7e395c7894c48b58242a765aa6547a7 [LEADER]: Queue going to LEADER mode. State: All replicated index: 0, Majority replicated index: 8, Committed index: 8, Last appended: 4.8, Last appended by leader: 4, Current term: 4, Majority size: 3, State: 0, Mode: LEADER, active raft config: opid_index: 9 OBSOLETE_local: false peers { permanent_uuid: "d7e395c7894c48b58242a765aa6547a7" member_type: VOTER last_known_addr { host: "127.31.242.129" port: 34087 } } peers { permanent_uuid: "35cf82dc7bb74b778f1f72d1a16a445b" member_type: VOTER last_known_addr { host: "127.31.242.130" port: 34329 } attrs { replace: true } } peers { permanent_uuid: "90d116370ffa4f318889fb827244957b" member_type: VOTER last_known_addr { host: "127.31.242.132" port: 37367 } attrs { promote: false } } peers { permanent_uuid: "13d78ac77eb34218a78bc21bb29b63ae" member_type: VOTER last_known_addr { host: "127.31.242.131" port: 44279 } attrs { promote: false } }
I20260608 09:57:20.985158  3515 raft_consensus.cc:1275] T bc81e477c03141399f117fdd408a0162 P 90d116370ffa4f318889fb827244957b [term 4 FOLLOWER]: Refusing update from remote peer d7e395c7894c48b58242a765aa6547a7: Log matching property violated. Preceding OpId in replica: term: 4 index: 8. Preceding OpId from leader: term: 4 index: 9. (index mismatch)
I20260608 09:57:20.987134  3985 consensus_queue.cc:1048] T bc81e477c03141399f117fdd408a0162 P d7e395c7894c48b58242a765aa6547a7 [LEADER]: Connected to new peer: Peer: permanent_uuid: "90d116370ffa4f318889fb827244957b" member_type: VOTER last_known_addr { host: "127.31.242.132" port: 37367 } attrs { promote: false }, Status: LMP_MISMATCH, Last received: 0.0, Next index: 9, Last known committed idx: 8, Time since last communication: 0.000s
I20260608 09:57:20.991272  3370 raft_consensus.cc:1275] T bc81e477c03141399f117fdd408a0162 P 13d78ac77eb34218a78bc21bb29b63ae [term 4 LEARNER]: Refusing update from remote peer d7e395c7894c48b58242a765aa6547a7: Log matching property violated. Preceding OpId in replica: term: 4 index: 8. Preceding OpId from leader: term: 4 index: 9. (index mismatch)
I20260608 09:57:20.994314  3985 consensus_queue.cc:1048] T bc81e477c03141399f117fdd408a0162 P d7e395c7894c48b58242a765aa6547a7 [LEADER]: Connected to new peer: Peer: permanent_uuid: "13d78ac77eb34218a78bc21bb29b63ae" member_type: VOTER last_known_addr { host: "127.31.242.131" port: 44279 } attrs { promote: false }, Status: LMP_MISMATCH, Last received: 0.0, Next index: 9, Last known committed idx: 8, Time since last communication: 0.000s
I20260608 09:57:21.001677  3298 raft_consensus.cc:1275] T bc81e477c03141399f117fdd408a0162 P 35cf82dc7bb74b778f1f72d1a16a445b [term 4 FOLLOWER]: Refusing update from remote peer d7e395c7894c48b58242a765aa6547a7: Log matching property violated. Preceding OpId in replica: term: 4 index: 8. Preceding OpId from leader: term: 4 index: 9. (index mismatch)
I20260608 09:57:21.004189  3974 consensus_queue.cc:1048] T bc81e477c03141399f117fdd408a0162 P d7e395c7894c48b58242a765aa6547a7 [LEADER]: Connected to new peer: Peer: permanent_uuid: "35cf82dc7bb74b778f1f72d1a16a445b" member_type: VOTER last_known_addr { host: "127.31.242.130" port: 34329 } attrs { replace: true }, Status: LMP_MISMATCH, Last received: 0.0, Next index: 9, Last known committed idx: 8, Time since last communication: 0.001s
I20260608 09:57:21.007464  3983 raft_consensus.cc:2955] T bc81e477c03141399f117fdd408a0162 P d7e395c7894c48b58242a765aa6547a7 [term 4 LEADER]: Committing config change with OpId 4.9: config changed from index 8 to 9, 13d78ac77eb34218a78bc21bb29b63ae (127.31.242.131) changed from NON_VOTER to VOTER. New config: { opid_index: 9 OBSOLETE_local: false peers { permanent_uuid: "d7e395c7894c48b58242a765aa6547a7" member_type: VOTER last_known_addr { host: "127.31.242.129" port: 34087 } } peers { permanent_uuid: "35cf82dc7bb74b778f1f72d1a16a445b" member_type: VOTER last_known_addr { host: "127.31.242.130" port: 34329 } attrs { replace: true } } peers { permanent_uuid: "90d116370ffa4f318889fb827244957b" member_type: VOTER last_known_addr { host: "127.31.242.132" port: 37367 } attrs { promote: false } } peers { permanent_uuid: "13d78ac77eb34218a78bc21bb29b63ae" member_type: VOTER last_known_addr { host: "127.31.242.131" port: 44279 } attrs { promote: false } } }
I20260608 09:57:21.009528  3370 raft_consensus.cc:2955] T bc81e477c03141399f117fdd408a0162 P 13d78ac77eb34218a78bc21bb29b63ae [term 4 FOLLOWER]: Committing config change with OpId 4.9: config changed from index 8 to 9, 13d78ac77eb34218a78bc21bb29b63ae (127.31.242.131) changed from NON_VOTER to VOTER. New config: { opid_index: 9 OBSOLETE_local: false peers { permanent_uuid: "d7e395c7894c48b58242a765aa6547a7" member_type: VOTER last_known_addr { host: "127.31.242.129" port: 34087 } } peers { permanent_uuid: "35cf82dc7bb74b778f1f72d1a16a445b" member_type: VOTER last_known_addr { host: "127.31.242.130" port: 34329 } attrs { replace: true } } peers { permanent_uuid: "90d116370ffa4f318889fb827244957b" member_type: VOTER last_known_addr { host: "127.31.242.132" port: 37367 } attrs { promote: false } } peers { permanent_uuid: "13d78ac77eb34218a78bc21bb29b63ae" member_type: VOTER last_known_addr { host: "127.31.242.131" port: 44279 } attrs { promote: false } } }
I20260608 09:57:21.020668  3515 raft_consensus.cc:2955] T bc81e477c03141399f117fdd408a0162 P 90d116370ffa4f318889fb827244957b [term 4 FOLLOWER]: Committing config change with OpId 4.9: config changed from index 8 to 9, 13d78ac77eb34218a78bc21bb29b63ae (127.31.242.131) changed from NON_VOTER to VOTER. New config: { opid_index: 9 OBSOLETE_local: false peers { permanent_uuid: "d7e395c7894c48b58242a765aa6547a7" member_type: VOTER last_known_addr { host: "127.31.242.129" port: 34087 } } peers { permanent_uuid: "35cf82dc7bb74b778f1f72d1a16a445b" member_type: VOTER last_known_addr { host: "127.31.242.130" port: 34329 } attrs { replace: true } } peers { permanent_uuid: "90d116370ffa4f318889fb827244957b" member_type: VOTER last_known_addr { host: "127.31.242.132" port: 37367 } attrs { promote: false } } peers { permanent_uuid: "13d78ac77eb34218a78bc21bb29b63ae" member_type: VOTER last_known_addr { host: "127.31.242.131" port: 44279 } attrs { promote: false } } }
I20260608 09:57:21.026119  3120 catalog_manager.cc:5696] T bc81e477c03141399f117fdd408a0162 P 13d78ac77eb34218a78bc21bb29b63ae reported cstate change: config changed from index 8 to 9, 13d78ac77eb34218a78bc21bb29b63ae (127.31.242.131) changed from NON_VOTER to VOTER. New cstate: current_term: 4 leader_uuid: "d7e395c7894c48b58242a765aa6547a7" committed_config { opid_index: 9 OBSOLETE_local: false peers { permanent_uuid: "d7e395c7894c48b58242a765aa6547a7" member_type: VOTER last_known_addr { host: "127.31.242.129" port: 34087 } } peers { permanent_uuid: "35cf82dc7bb74b778f1f72d1a16a445b" member_type: VOTER last_known_addr { host: "127.31.242.130" port: 34329 } attrs { replace: true } } peers { permanent_uuid: "90d116370ffa4f318889fb827244957b" member_type: VOTER last_known_addr { host: "127.31.242.132" port: 37367 } attrs { promote: false } } peers { permanent_uuid: "13d78ac77eb34218a78bc21bb29b63ae" member_type: VOTER last_known_addr { host: "127.31.242.131" port: 44279 } attrs { promote: false } } }
I20260608 09:57:21.040452  3298 raft_consensus.cc:2955] T bc81e477c03141399f117fdd408a0162 P 35cf82dc7bb74b778f1f72d1a16a445b [term 4 FOLLOWER]: Committing config change with OpId 4.9: config changed from index 8 to 9, 13d78ac77eb34218a78bc21bb29b63ae (127.31.242.131) changed from NON_VOTER to VOTER. New config: { opid_index: 9 OBSOLETE_local: false peers { permanent_uuid: "d7e395c7894c48b58242a765aa6547a7" member_type: VOTER last_known_addr { host: "127.31.242.129" port: 34087 } } peers { permanent_uuid: "35cf82dc7bb74b778f1f72d1a16a445b" member_type: VOTER last_known_addr { host: "127.31.242.130" port: 34329 } attrs { replace: true } } peers { permanent_uuid: "90d116370ffa4f318889fb827244957b" member_type: VOTER last_known_addr { host: "127.31.242.132" port: 37367 } attrs { promote: false } } peers { permanent_uuid: "13d78ac77eb34218a78bc21bb29b63ae" member_type: VOTER last_known_addr { host: "127.31.242.131" port: 44279 } attrs { promote: false } } }
I20260608 09:57:21.057508  3225 consensus_queue.cc:237] T bc81e477c03141399f117fdd408a0162 P d7e395c7894c48b58242a765aa6547a7 [LEADER]: Queue going to LEADER mode. State: All replicated index: 0, Majority replicated index: 9, Committed index: 9, Last appended: 4.9, Last appended by leader: 4, Current term: 4, Majority size: 2, State: 0, Mode: LEADER, active raft config: opid_index: 10 OBSOLETE_local: false peers { permanent_uuid: "d7e395c7894c48b58242a765aa6547a7" member_type: VOTER last_known_addr { host: "127.31.242.129" port: 34087 } } peers { permanent_uuid: "90d116370ffa4f318889fb827244957b" member_type: VOTER last_known_addr { host: "127.31.242.132" port: 37367 } attrs { promote: false } } peers { permanent_uuid: "13d78ac77eb34218a78bc21bb29b63ae" member_type: VOTER last_known_addr { host: "127.31.242.131" port: 44279 } attrs { promote: false } }
I20260608 09:57:21.062938  3370 raft_consensus.cc:1275] T bc81e477c03141399f117fdd408a0162 P 13d78ac77eb34218a78bc21bb29b63ae [term 4 FOLLOWER]: Refusing update from remote peer d7e395c7894c48b58242a765aa6547a7: Log matching property violated. Preceding OpId in replica: term: 4 index: 9. Preceding OpId from leader: term: 4 index: 10. (index mismatch)
I20260608 09:57:21.063827  3515 raft_consensus.cc:1275] T bc81e477c03141399f117fdd408a0162 P 90d116370ffa4f318889fb827244957b [term 4 FOLLOWER]: Refusing update from remote peer d7e395c7894c48b58242a765aa6547a7: Log matching property violated. Preceding OpId in replica: term: 4 index: 9. Preceding OpId from leader: term: 4 index: 10. (index mismatch)
I20260608 09:57:21.064416  3983 consensus_queue.cc:1048] T bc81e477c03141399f117fdd408a0162 P d7e395c7894c48b58242a765aa6547a7 [LEADER]: Connected to new peer: Peer: permanent_uuid: "13d78ac77eb34218a78bc21bb29b63ae" member_type: VOTER last_known_addr { host: "127.31.242.131" port: 44279 } attrs { promote: false }, Status: LMP_MISMATCH, Last received: 0.0, Next index: 10, Last known committed idx: 9, Time since last communication: 0.000s
I20260608 09:57:21.065635  3974 consensus_queue.cc:1048] T bc81e477c03141399f117fdd408a0162 P d7e395c7894c48b58242a765aa6547a7 [LEADER]: Connected to new peer: Peer: permanent_uuid: "90d116370ffa4f318889fb827244957b" member_type: VOTER last_known_addr { host: "127.31.242.132" port: 37367 } attrs { promote: false }, Status: LMP_MISMATCH, Last received: 0.0, Next index: 10, Last known committed idx: 9, Time since last communication: 0.000s
I20260608 09:57:21.071280  3983 raft_consensus.cc:2955] T bc81e477c03141399f117fdd408a0162 P d7e395c7894c48b58242a765aa6547a7 [term 4 LEADER]: Committing config change with OpId 4.10: config changed from index 9 to 10, VOTER 35cf82dc7bb74b778f1f72d1a16a445b (127.31.242.130) evicted. New config: { opid_index: 10 OBSOLETE_local: false peers { permanent_uuid: "d7e395c7894c48b58242a765aa6547a7" member_type: VOTER last_known_addr { host: "127.31.242.129" port: 34087 } } peers { permanent_uuid: "90d116370ffa4f318889fb827244957b" member_type: VOTER last_known_addr { host: "127.31.242.132" port: 37367 } attrs { promote: false } } peers { permanent_uuid: "13d78ac77eb34218a78bc21bb29b63ae" member_type: VOTER last_known_addr { host: "127.31.242.131" port: 44279 } attrs { promote: false } } }
I20260608 09:57:21.073036  3370 raft_consensus.cc:2955] T bc81e477c03141399f117fdd408a0162 P 13d78ac77eb34218a78bc21bb29b63ae [term 4 FOLLOWER]: Committing config change with OpId 4.10: config changed from index 9 to 10, VOTER 35cf82dc7bb74b778f1f72d1a16a445b (127.31.242.130) evicted. New config: { opid_index: 10 OBSOLETE_local: false peers { permanent_uuid: "d7e395c7894c48b58242a765aa6547a7" member_type: VOTER last_known_addr { host: "127.31.242.129" port: 34087 } } peers { permanent_uuid: "90d116370ffa4f318889fb827244957b" member_type: VOTER last_known_addr { host: "127.31.242.132" port: 37367 } attrs { promote: false } } peers { permanent_uuid: "13d78ac77eb34218a78bc21bb29b63ae" member_type: VOTER last_known_addr { host: "127.31.242.131" port: 44279 } attrs { promote: false } } }
I20260608 09:57:21.074780  3515 raft_consensus.cc:2955] T bc81e477c03141399f117fdd408a0162 P 90d116370ffa4f318889fb827244957b [term 4 FOLLOWER]: Committing config change with OpId 4.10: config changed from index 9 to 10, VOTER 35cf82dc7bb74b778f1f72d1a16a445b (127.31.242.130) evicted. New config: { opid_index: 10 OBSOLETE_local: false peers { permanent_uuid: "d7e395c7894c48b58242a765aa6547a7" member_type: VOTER last_known_addr { host: "127.31.242.129" port: 34087 } } peers { permanent_uuid: "90d116370ffa4f318889fb827244957b" member_type: VOTER last_known_addr { host: "127.31.242.132" port: 37367 } attrs { promote: false } } peers { permanent_uuid: "13d78ac77eb34218a78bc21bb29b63ae" member_type: VOTER last_known_addr { host: "127.31.242.131" port: 44279 } attrs { promote: false } } }
I20260608 09:57:21.084070  3108 catalog_manager.cc:5209] ChangeConfig:REMOVE_PEER RPC for tablet bc81e477c03141399f117fdd408a0162 with cas_config_opid_index 9: ChangeConfig:REMOVE_PEER succeeded (attempt 1)
I20260608 09:57:21.089293  3120 catalog_manager.cc:5696] T bc81e477c03141399f117fdd408a0162 P 13d78ac77eb34218a78bc21bb29b63ae reported cstate change: config changed from index 9 to 10, VOTER 35cf82dc7bb74b778f1f72d1a16a445b (127.31.242.130) evicted. New cstate: current_term: 4 leader_uuid: "d7e395c7894c48b58242a765aa6547a7" committed_config { opid_index: 10 OBSOLETE_local: false peers { permanent_uuid: "d7e395c7894c48b58242a765aa6547a7" member_type: VOTER last_known_addr { host: "127.31.242.129" port: 34087 } } peers { permanent_uuid: "90d116370ffa4f318889fb827244957b" member_type: VOTER last_known_addr { host: "127.31.242.132" port: 37367 } attrs { promote: false } } peers { permanent_uuid: "13d78ac77eb34218a78bc21bb29b63ae" member_type: VOTER last_known_addr { host: "127.31.242.131" port: 44279 } attrs { promote: false } } }
I20260608 09:57:21.100967  3289 tablet_service.cc:1558] Processing DeleteTablet for tablet bc81e477c03141399f117fdd408a0162 with delete_type TABLET_DATA_TOMBSTONED (TS 35cf82dc7bb74b778f1f72d1a16a445b not found in new config with opid_index 10) from {username='slave'} at 127.0.0.1:47462
I20260608 09:57:21.103152  3996 tablet_replica.cc:333] T bc81e477c03141399f117fdd408a0162 P 35cf82dc7bb74b778f1f72d1a16a445b: stopping tablet replica
I20260608 09:57:21.104135  3996 raft_consensus.cc:2243] T bc81e477c03141399f117fdd408a0162 P 35cf82dc7bb74b778f1f72d1a16a445b [term 4 FOLLOWER]: Raft consensus shutting down.
I20260608 09:57:21.104794  3996 raft_consensus.cc:2272] T bc81e477c03141399f117fdd408a0162 P 35cf82dc7bb74b778f1f72d1a16a445b [term 4 FOLLOWER]: Raft consensus is shut down!
I20260608 09:57:21.107934  3996 ts_tablet_manager.cc:1916] T bc81e477c03141399f117fdd408a0162 P 35cf82dc7bb74b778f1f72d1a16a445b: Deleting tablet data with delete state TABLET_DATA_TOMBSTONED
I20260608 09:57:21.118752  3996 ts_tablet_manager.cc:1929] T bc81e477c03141399f117fdd408a0162 P 35cf82dc7bb74b778f1f72d1a16a445b: tablet deleted with delete type TABLET_DATA_TOMBSTONED: last-logged OpId 4.9
I20260608 09:57:21.119093  3996 log.cc:1199] T bc81e477c03141399f117fdd408a0162 P 35cf82dc7bb74b778f1f72d1a16a445b: Deleting WAL directory at /tmp/dist-test-taskV2mFdL/test-tmp/auto_rebalancer-test.0.AutoRebalancerTest.RangeAwareRebalancesNewRangeReplicas.1780912537825627-32714-0/minicluster-data/ts-1-root/wals/bc81e477c03141399f117fdd408a0162
I20260608 09:57:21.120505  3108 catalog_manager.cc:5027] TS 35cf82dc7bb74b778f1f72d1a16a445b (127.31.242.130:34329): tablet bc81e477c03141399f117fdd408a0162 (table range_aware_rebalance_new_range [id=4a3adf0a96994b55a9cbd5a2e3b603de]) successfully deleted
I20260608 09:57:21.306161 32714 tablet_server.cc:179] TabletServer@127.31.242.129:0 shutting down...
W20260608 09:57:21.333586  3338 proxy.cc:239] Call had error, refreshing address and retrying: Remote error: Service unavailable: service kudu.consensus.ConsensusService not registered on TabletServer [suppressed 1 similar messages]
W20260608 09:57:21.337113  3338 consensus_peers.cc:597] T 7e758909a7e84fbebef43d1db16f9285 P 13d78ac77eb34218a78bc21bb29b63ae -> Peer d7e395c7894c48b58242a765aa6547a7 (127.31.242.129:34087): Couldn't send request to peer d7e395c7894c48b58242a765aa6547a7. Status: Remote error: Service unavailable: service kudu.consensus.ConsensusService not registered on TabletServer. This is attempt 1: this message will repeat every 5th retry.
I20260608 09:57:21.339534 32714 ts_tablet_manager.cc:1507] Shutting down tablet manager...
I20260608 09:57:21.340575 32714 tablet_replica.cc:333] T 0e909e244b1b49748d87ab104d4f9d7e P d7e395c7894c48b58242a765aa6547a7: stopping tablet replica
I20260608 09:57:21.341585 32714 raft_consensus.cc:2243] T 0e909e244b1b49748d87ab104d4f9d7e P d7e395c7894c48b58242a765aa6547a7 [term 1 FOLLOWER]: Raft consensus shutting down.
I20260608 09:57:21.342213 32714 raft_consensus.cc:2272] T 0e909e244b1b49748d87ab104d4f9d7e P d7e395c7894c48b58242a765aa6547a7 [term 1 FOLLOWER]: Raft consensus is shut down!
I20260608 09:57:21.344238 32714 tablet_replica.cc:333] T 05aacd593695439a8efcfb63c6eabb07 P d7e395c7894c48b58242a765aa6547a7: stopping tablet replica
I20260608 09:57:21.344863 32714 raft_consensus.cc:2243] T 05aacd593695439a8efcfb63c6eabb07 P d7e395c7894c48b58242a765aa6547a7 [term 1 FOLLOWER]: Raft consensus shutting down.
I20260608 09:57:21.345933 32714 raft_consensus.cc:2272] T 05aacd593695439a8efcfb63c6eabb07 P d7e395c7894c48b58242a765aa6547a7 [term 1 FOLLOWER]: Raft consensus is shut down!
I20260608 09:57:21.349215 32714 tablet_replica.cc:333] T 7c1f8b69ed0a451c92cf9b92d126922e P d7e395c7894c48b58242a765aa6547a7: stopping tablet replica
I20260608 09:57:21.350071 32714 raft_consensus.cc:2243] T 7c1f8b69ed0a451c92cf9b92d126922e P d7e395c7894c48b58242a765aa6547a7 [term 2 LEADER]: Raft consensus shutting down.
I20260608 09:57:21.351140 32714 raft_consensus.cc:2272] T 7c1f8b69ed0a451c92cf9b92d126922e P d7e395c7894c48b58242a765aa6547a7 [term 2 FOLLOWER]: Raft consensus is shut down!
I20260608 09:57:21.353432 32714 tablet_replica.cc:333] T 4e97cc632f684be4ad12e863315750c1 P d7e395c7894c48b58242a765aa6547a7: stopping tablet replica
I20260608 09:57:21.354038 32714 raft_consensus.cc:2243] T 4e97cc632f684be4ad12e863315750c1 P d7e395c7894c48b58242a765aa6547a7 [term 3 FOLLOWER]: Raft consensus shutting down.
I20260608 09:57:21.354709 32714 raft_consensus.cc:2272] T 4e97cc632f684be4ad12e863315750c1 P d7e395c7894c48b58242a765aa6547a7 [term 3 FOLLOWER]: Raft consensus is shut down!
I20260608 09:57:21.356772 32714 tablet_replica.cc:333] T 2f5bbda104084a008f85bf5f44ea6ffe P d7e395c7894c48b58242a765aa6547a7: stopping tablet replica
I20260608 09:57:21.357364 32714 raft_consensus.cc:2243] T 2f5bbda104084a008f85bf5f44ea6ffe P d7e395c7894c48b58242a765aa6547a7 [term 3 LEADER]: Raft consensus shutting down.
I20260608 09:57:21.358335 32714 raft_consensus.cc:2272] T 2f5bbda104084a008f85bf5f44ea6ffe P d7e395c7894c48b58242a765aa6547a7 [term 3 FOLLOWER]: Raft consensus is shut down!
I20260608 09:57:21.360414 32714 tablet_replica.cc:333] T 7539c222fa204206a9fd24efcbce627e P d7e395c7894c48b58242a765aa6547a7: stopping tablet replica
I20260608 09:57:21.361048 32714 raft_consensus.cc:2243] T 7539c222fa204206a9fd24efcbce627e P d7e395c7894c48b58242a765aa6547a7 [term 4 FOLLOWER]: Raft consensus shutting down.
I20260608 09:57:21.361649 32714 raft_consensus.cc:2272] T 7539c222fa204206a9fd24efcbce627e P d7e395c7894c48b58242a765aa6547a7 [term 4 FOLLOWER]: Raft consensus is shut down!
I20260608 09:57:21.364353 32714 tablet_replica.cc:333] T 39a72f4efe7647e6a995d1c915409d98 P d7e395c7894c48b58242a765aa6547a7: stopping tablet replica
I20260608 09:57:21.365085 32714 raft_consensus.cc:2243] T 39a72f4efe7647e6a995d1c915409d98 P d7e395c7894c48b58242a765aa6547a7 [term 5 FOLLOWER]: Raft consensus shutting down.
I20260608 09:57:21.365592 32714 raft_consensus.cc:2272] T 39a72f4efe7647e6a995d1c915409d98 P d7e395c7894c48b58242a765aa6547a7 [term 5 FOLLOWER]: Raft consensus is shut down!
I20260608 09:57:21.367472 32714 tablet_replica.cc:333] T 3e77fb9df88d4e9f92dac9fde970913f P d7e395c7894c48b58242a765aa6547a7: stopping tablet replica
I20260608 09:57:21.367957 32714 raft_consensus.cc:2243] T 3e77fb9df88d4e9f92dac9fde970913f P d7e395c7894c48b58242a765aa6547a7 [term 1 LEADER]: Raft consensus shutting down.
I20260608 09:57:21.368851 32714 raft_consensus.cc:2272] T 3e77fb9df88d4e9f92dac9fde970913f P d7e395c7894c48b58242a765aa6547a7 [term 1 FOLLOWER]: Raft consensus is shut down!
I20260608 09:57:21.370853 32714 tablet_replica.cc:333] T 7e758909a7e84fbebef43d1db16f9285 P d7e395c7894c48b58242a765aa6547a7: stopping tablet replica
I20260608 09:57:21.371418 32714 raft_consensus.cc:2243] T 7e758909a7e84fbebef43d1db16f9285 P d7e395c7894c48b58242a765aa6547a7 [term 4 FOLLOWER]: Raft consensus shutting down.
I20260608 09:57:21.371891 32714 raft_consensus.cc:2272] T 7e758909a7e84fbebef43d1db16f9285 P d7e395c7894c48b58242a765aa6547a7 [term 4 FOLLOWER]: Raft consensus is shut down!
I20260608 09:57:21.373816 32714 tablet_replica.cc:333] T bc81e477c03141399f117fdd408a0162 P d7e395c7894c48b58242a765aa6547a7: stopping tablet replica
I20260608 09:57:21.374397 32714 raft_consensus.cc:2243] T bc81e477c03141399f117fdd408a0162 P d7e395c7894c48b58242a765aa6547a7 [term 4 LEADER]: Raft consensus shutting down.
I20260608 09:57:21.375168 32714 raft_consensus.cc:2272] T bc81e477c03141399f117fdd408a0162 P d7e395c7894c48b58242a765aa6547a7 [term 4 FOLLOWER]: Raft consensus is shut down!
I20260608 09:57:21.377815 32714 tablet_replica.cc:333] T 9d5f1932e71642e5a0bca6c66b32445d P d7e395c7894c48b58242a765aa6547a7: stopping tablet replica
I20260608 09:57:21.378429 32714 raft_consensus.cc:2243] T 9d5f1932e71642e5a0bca6c66b32445d P d7e395c7894c48b58242a765aa6547a7 [term 4 FOLLOWER]: Raft consensus shutting down.
I20260608 09:57:21.379175 32714 raft_consensus.cc:2272] T 9d5f1932e71642e5a0bca6c66b32445d P d7e395c7894c48b58242a765aa6547a7 [term 4 FOLLOWER]: Raft consensus is shut down!
I20260608 09:57:21.381637 32714 tablet_replica.cc:333] T 5b3d0d8c710a4827b5933b2979cbf3cb P d7e395c7894c48b58242a765aa6547a7: stopping tablet replica
I20260608 09:57:21.382231 32714 raft_consensus.cc:2243] T 5b3d0d8c710a4827b5933b2979cbf3cb P d7e395c7894c48b58242a765aa6547a7 [term 3 FOLLOWER]: Raft consensus shutting down.
I20260608 09:57:21.382782 32714 raft_consensus.cc:2272] T 5b3d0d8c710a4827b5933b2979cbf3cb P d7e395c7894c48b58242a765aa6547a7 [term 3 FOLLOWER]: Raft consensus is shut down!
W20260608 09:57:21.393421  3264 consensus_peers.cc:597] T 0e909e244b1b49748d87ab104d4f9d7e P 35cf82dc7bb74b778f1f72d1a16a445b -> Peer d7e395c7894c48b58242a765aa6547a7 (127.31.242.129:34087): Couldn't send request to peer d7e395c7894c48b58242a765aa6547a7. Status: Remote error: Service unavailable: service kudu.consensus.ConsensusService not registered on TabletServer. This is attempt 1: this message will repeat every 5th retry.
I20260608 09:57:21.423548 32714 tablet_server.cc:196] TabletServer@127.31.242.129:0 shutdown complete.
W20260608 09:57:21.437062  3338 consensus_peers.cc:597] T 7539c222fa204206a9fd24efcbce627e P 13d78ac77eb34218a78bc21bb29b63ae -> Peer d7e395c7894c48b58242a765aa6547a7 (127.31.242.129:34087): Couldn't send request to peer d7e395c7894c48b58242a765aa6547a7. Status: Network error: Client connection negotiation failed: client connection to 127.31.242.129:34087: connect: Connection refused (error 111). This is attempt 1: this message will repeat every 5th retry.
W20260608 09:57:21.457661  3338 consensus_peers.cc:597] T 9d5f1932e71642e5a0bca6c66b32445d P 13d78ac77eb34218a78bc21bb29b63ae -> Peer d7e395c7894c48b58242a765aa6547a7 (127.31.242.129:34087): Couldn't send request to peer d7e395c7894c48b58242a765aa6547a7. Status: Network error: Client connection negotiation failed: client connection to 127.31.242.129:34087: connect: Connection refused (error 111). This is attempt 1: this message will repeat every 5th retry.
I20260608 09:57:21.463092 32714 tablet_server.cc:179] TabletServer@127.31.242.130:0 shutting down...
W20260608 09:57:21.488976  3338 consensus_peers.cc:597] T 9d5f1932e71642e5a0bca6c66b32445d P 13d78ac77eb34218a78bc21bb29b63ae -> Peer 35cf82dc7bb74b778f1f72d1a16a445b (127.31.242.130:34329): Couldn't send request to peer 35cf82dc7bb74b778f1f72d1a16a445b. Status: Remote error: Service unavailable: service kudu.consensus.ConsensusService not registered on TabletServer. This is attempt 1: this message will repeat every 5th retry.
I20260608 09:57:21.502571 32714 ts_tablet_manager.cc:1507] Shutting down tablet manager...
I20260608 09:57:21.503616 32714 tablet_replica.cc:333] T 05aacd593695439a8efcfb63c6eabb07 P 35cf82dc7bb74b778f1f72d1a16a445b: stopping tablet replica
I20260608 09:57:21.504630 32714 raft_consensus.cc:2243] T 05aacd593695439a8efcfb63c6eabb07 P 35cf82dc7bb74b778f1f72d1a16a445b [term 1 FOLLOWER]: Raft consensus shutting down.
I20260608 09:57:21.505270 32714 raft_consensus.cc:2272] T 05aacd593695439a8efcfb63c6eabb07 P 35cf82dc7bb74b778f1f72d1a16a445b [term 1 FOLLOWER]: Raft consensus is shut down!
I20260608 09:57:21.507339 32714 tablet_replica.cc:333] T 4e97cc632f684be4ad12e863315750c1 P 35cf82dc7bb74b778f1f72d1a16a445b: stopping tablet replica
I20260608 09:57:21.507887 32714 raft_consensus.cc:2243] T 4e97cc632f684be4ad12e863315750c1 P 35cf82dc7bb74b778f1f72d1a16a445b [term 3 LEADER]: Raft consensus shutting down.
I20260608 09:57:21.508734 32714 raft_consensus.cc:2272] T 4e97cc632f684be4ad12e863315750c1 P 35cf82dc7bb74b778f1f72d1a16a445b [term 3 FOLLOWER]: Raft consensus is shut down!
I20260608 09:57:21.510706 32714 tablet_replica.cc:333] T 2f5bbda104084a008f85bf5f44ea6ffe P 35cf82dc7bb74b778f1f72d1a16a445b: stopping tablet replica
I20260608 09:57:21.511240 32714 raft_consensus.cc:2243] T 2f5bbda104084a008f85bf5f44ea6ffe P 35cf82dc7bb74b778f1f72d1a16a445b [term 3 FOLLOWER]: Raft consensus shutting down.
I20260608 09:57:21.511678 32714 raft_consensus.cc:2272] T 2f5bbda104084a008f85bf5f44ea6ffe P 35cf82dc7bb74b778f1f72d1a16a445b [term 3 FOLLOWER]: Raft consensus is shut down!
I20260608 09:57:21.513761 32714 tablet_replica.cc:333] T 2294444a87454404b1b322f8c3f036df P 35cf82dc7bb74b778f1f72d1a16a445b: stopping tablet replica
I20260608 09:57:21.514276 32714 raft_consensus.cc:2243] T 2294444a87454404b1b322f8c3f036df P 35cf82dc7bb74b778f1f72d1a16a445b [term 2 FOLLOWER]: Raft consensus shutting down.
I20260608 09:57:21.514694 32714 raft_consensus.cc:2272] T 2294444a87454404b1b322f8c3f036df P 35cf82dc7bb74b778f1f72d1a16a445b [term 2 FOLLOWER]: Raft consensus is shut down!
I20260608 09:57:21.516386 32714 tablet_replica.cc:333] T 9df0a8e1c93243c5a520def9e5c2e075 P 35cf82dc7bb74b778f1f72d1a16a445b: stopping tablet replica
I20260608 09:57:21.516928 32714 raft_consensus.cc:2243] T 9df0a8e1c93243c5a520def9e5c2e075 P 35cf82dc7bb74b778f1f72d1a16a445b [term 2 LEADER]: Raft consensus shutting down.
I20260608 09:57:21.517747 32714 raft_consensus.cc:2272] T 9df0a8e1c93243c5a520def9e5c2e075 P 35cf82dc7bb74b778f1f72d1a16a445b [term 2 FOLLOWER]: Raft consensus is shut down!
I20260608 09:57:21.519681 32714 tablet_replica.cc:333] T 5b3d0d8c710a4827b5933b2979cbf3cb P 35cf82dc7bb74b778f1f72d1a16a445b: stopping tablet replica
I20260608 09:57:21.520274 32714 raft_consensus.cc:2243] T 5b3d0d8c710a4827b5933b2979cbf3cb P 35cf82dc7bb74b778f1f72d1a16a445b [term 3 LEADER]: Raft consensus shutting down.
I20260608 09:57:21.521082 32714 raft_consensus.cc:2272] T 5b3d0d8c710a4827b5933b2979cbf3cb P 35cf82dc7bb74b778f1f72d1a16a445b [term 3 FOLLOWER]: Raft consensus is shut down!
I20260608 09:57:21.522887 32714 tablet_replica.cc:333] T 69ca5cb8e755465980ba632fd5220da5 P 35cf82dc7bb74b778f1f72d1a16a445b: stopping tablet replica
I20260608 09:57:21.523435 32714 raft_consensus.cc:2243] T 69ca5cb8e755465980ba632fd5220da5 P 35cf82dc7bb74b778f1f72d1a16a445b [term 4 FOLLOWER]: Raft consensus shutting down.
I20260608 09:57:21.523869 32714 raft_consensus.cc:2272] T 69ca5cb8e755465980ba632fd5220da5 P 35cf82dc7bb74b778f1f72d1a16a445b [term 4 FOLLOWER]: Raft consensus is shut down!
I20260608 09:57:21.525738 32714 tablet_replica.cc:333] T 9d5f1932e71642e5a0bca6c66b32445d P 35cf82dc7bb74b778f1f72d1a16a445b: stopping tablet replica
I20260608 09:57:21.526348 32714 raft_consensus.cc:2243] T 9d5f1932e71642e5a0bca6c66b32445d P 35cf82dc7bb74b778f1f72d1a16a445b [term 4 FOLLOWER]: Raft consensus shutting down.
I20260608 09:57:21.526775 32714 raft_consensus.cc:2272] T 9d5f1932e71642e5a0bca6c66b32445d P 35cf82dc7bb74b778f1f72d1a16a445b [term 4 FOLLOWER]: Raft consensus is shut down!
I20260608 09:57:21.528597 32714 tablet_replica.cc:333] T 0e909e244b1b49748d87ab104d4f9d7e P 35cf82dc7bb74b778f1f72d1a16a445b: stopping tablet replica
I20260608 09:57:21.529143 32714 raft_consensus.cc:2243] T 0e909e244b1b49748d87ab104d4f9d7e P 35cf82dc7bb74b778f1f72d1a16a445b [term 1 LEADER]: Raft consensus shutting down.
I20260608 09:57:21.529925 32714 raft_consensus.cc:2272] T 0e909e244b1b49748d87ab104d4f9d7e P 35cf82dc7bb74b778f1f72d1a16a445b [term 1 FOLLOWER]: Raft consensus is shut down!
I20260608 09:57:21.531924 32714 tablet_replica.cc:333] T 7c1f8b69ed0a451c92cf9b92d126922e P 35cf82dc7bb74b778f1f72d1a16a445b: stopping tablet replica
I20260608 09:57:21.532490 32714 raft_consensus.cc:2243] T 7c1f8b69ed0a451c92cf9b92d126922e P 35cf82dc7bb74b778f1f72d1a16a445b [term 2 FOLLOWER]: Raft consensus shutting down.
I20260608 09:57:21.533133 32714 raft_consensus.cc:2272] T 7c1f8b69ed0a451c92cf9b92d126922e P 35cf82dc7bb74b778f1f72d1a16a445b [term 2 FOLLOWER]: Raft consensus is shut down!
I20260608 09:57:21.534830 32714 tablet_replica.cc:333] T 9945d14c28a945beab868eae26f31882 P 35cf82dc7bb74b778f1f72d1a16a445b: stopping tablet replica
I20260608 09:57:21.535303 32714 raft_consensus.cc:2243] T 9945d14c28a945beab868eae26f31882 P 35cf82dc7bb74b778f1f72d1a16a445b [term 2 FOLLOWER]: Raft consensus shutting down.
I20260608 09:57:21.535972 32714 raft_consensus.cc:2272] T 9945d14c28a945beab868eae26f31882 P 35cf82dc7bb74b778f1f72d1a16a445b [term 2 FOLLOWER]: Raft consensus is shut down!
I20260608 09:57:21.538172 32714 tablet_replica.cc:333] T 7e758909a7e84fbebef43d1db16f9285 P 35cf82dc7bb74b778f1f72d1a16a445b: stopping tablet replica
I20260608 09:57:21.538795 32714 raft_consensus.cc:2243] T 7e758909a7e84fbebef43d1db16f9285 P 35cf82dc7bb74b778f1f72d1a16a445b [term 4 FOLLOWER]: Raft consensus shutting down.
I20260608 09:57:21.539453 32714 raft_consensus.cc:2272] T 7e758909a7e84fbebef43d1db16f9285 P 35cf82dc7bb74b778f1f72d1a16a445b [term 4 FOLLOWER]: Raft consensus is shut down!
W20260608 09:57:21.542161  3483 consensus_peers.cc:597] T 05aacd593695439a8efcfb63c6eabb07 P 90d116370ffa4f318889fb827244957b -> Peer 35cf82dc7bb74b778f1f72d1a16a445b (127.31.242.130:34329): Couldn't send request to peer 35cf82dc7bb74b778f1f72d1a16a445b. Status: Remote error: Service unavailable: service kudu.consensus.ConsensusService not registered on TabletServer. This is attempt 1: this message will repeat every 5th retry.
I20260608 09:57:21.575004 32714 tablet_server.cc:196] TabletServer@127.31.242.130:0 shutdown complete.
W20260608 09:57:21.591275  3338 consensus_peers.cc:597] T 7e758909a7e84fbebef43d1db16f9285 P 13d78ac77eb34218a78bc21bb29b63ae -> Peer 35cf82dc7bb74b778f1f72d1a16a445b (127.31.242.130:34329): Couldn't send request to peer 35cf82dc7bb74b778f1f72d1a16a445b. Status: Network error: Client connection negotiation failed: client connection to 127.31.242.130:34329: connect: Connection refused (error 111). This is attempt 1: this message will repeat every 5th retry.
I20260608 09:57:21.606515 32714 tablet_server.cc:179] TabletServer@127.31.242.131:0 shutting down...
I20260608 09:57:21.645967 32714 ts_tablet_manager.cc:1507] Shutting down tablet manager...
I20260608 09:57:21.646858 32714 tablet_replica.cc:333] T bc81e477c03141399f117fdd408a0162 P 13d78ac77eb34218a78bc21bb29b63ae: stopping tablet replica
I20260608 09:57:21.647670 32714 raft_consensus.cc:2243] T bc81e477c03141399f117fdd408a0162 P 13d78ac77eb34218a78bc21bb29b63ae [term 4 FOLLOWER]: Raft consensus shutting down.
I20260608 09:57:21.648344 32714 raft_consensus.cc:2272] T bc81e477c03141399f117fdd408a0162 P 13d78ac77eb34218a78bc21bb29b63ae [term 4 FOLLOWER]: Raft consensus is shut down!
W20260608 09:57:21.648437  3484 consensus_peers.cc:597] T 39a72f4efe7647e6a995d1c915409d98 P 90d116370ffa4f318889fb827244957b -> Peer 13d78ac77eb34218a78bc21bb29b63ae (127.31.242.131:44279): Couldn't send request to peer 13d78ac77eb34218a78bc21bb29b63ae. Status: Remote error: Service unavailable: service kudu.consensus.ConsensusService not registered on TabletServer. This is attempt 1: this message will repeat every 5th retry.
I20260608 09:57:21.651346 32714 tablet_replica.cc:333] T 0e909e244b1b49748d87ab104d4f9d7e P 13d78ac77eb34218a78bc21bb29b63ae: stopping tablet replica
I20260608 09:57:21.651921 32714 raft_consensus.cc:2243] T 0e909e244b1b49748d87ab104d4f9d7e P 13d78ac77eb34218a78bc21bb29b63ae [term 1 FOLLOWER]: Raft consensus shutting down.
I20260608 09:57:21.652361 32714 raft_consensus.cc:2272] T 0e909e244b1b49748d87ab104d4f9d7e P 13d78ac77eb34218a78bc21bb29b63ae [term 1 FOLLOWER]: Raft consensus is shut down!
I20260608 09:57:21.654438 32714 tablet_replica.cc:333] T 9945d14c28a945beab868eae26f31882 P 13d78ac77eb34218a78bc21bb29b63ae: stopping tablet replica
I20260608 09:57:21.654974 32714 raft_consensus.cc:2243] T 9945d14c28a945beab868eae26f31882 P 13d78ac77eb34218a78bc21bb29b63ae [term 2 FOLLOWER]: Raft consensus shutting down.
I20260608 09:57:21.655367 32714 raft_consensus.cc:2272] T 9945d14c28a945beab868eae26f31882 P 13d78ac77eb34218a78bc21bb29b63ae [term 2 FOLLOWER]: Raft consensus is shut down!
I20260608 09:57:21.657325 32714 tablet_replica.cc:333] T 7c1f8b69ed0a451c92cf9b92d126922e P 13d78ac77eb34218a78bc21bb29b63ae: stopping tablet replica
I20260608 09:57:21.657815 32714 raft_consensus.cc:2243] T 7c1f8b69ed0a451c92cf9b92d126922e P 13d78ac77eb34218a78bc21bb29b63ae [term 2 FOLLOWER]: Raft consensus shutting down.
I20260608 09:57:21.658305 32714 raft_consensus.cc:2272] T 7c1f8b69ed0a451c92cf9b92d126922e P 13d78ac77eb34218a78bc21bb29b63ae [term 2 FOLLOWER]: Raft consensus is shut down!
I20260608 09:57:21.660184 32714 tablet_replica.cc:333] T 69ca5cb8e755465980ba632fd5220da5 P 13d78ac77eb34218a78bc21bb29b63ae: stopping tablet replica
I20260608 09:57:21.660676 32714 raft_consensus.cc:2243] T 69ca5cb8e755465980ba632fd5220da5 P 13d78ac77eb34218a78bc21bb29b63ae [term 4 LEADER]: Raft consensus shutting down.
I20260608 09:57:21.661487 32714 raft_consensus.cc:2272] T 69ca5cb8e755465980ba632fd5220da5 P 13d78ac77eb34218a78bc21bb29b63ae [term 4 FOLLOWER]: Raft consensus is shut down!
I20260608 09:57:21.663203 32714 tablet_replica.cc:333] T 9d5f1932e71642e5a0bca6c66b32445d P 13d78ac77eb34218a78bc21bb29b63ae: stopping tablet replica
I20260608 09:57:21.663849 32714 raft_consensus.cc:2243] T 9d5f1932e71642e5a0bca6c66b32445d P 13d78ac77eb34218a78bc21bb29b63ae [term 4 LEADER]: Raft consensus shutting down.
I20260608 09:57:21.664808 32714 raft_consensus.cc:2272] T 9d5f1932e71642e5a0bca6c66b32445d P 13d78ac77eb34218a78bc21bb29b63ae [term 4 FOLLOWER]: Raft consensus is shut down!
I20260608 09:57:21.667408 32714 tablet_replica.cc:333] T 2294444a87454404b1b322f8c3f036df P 13d78ac77eb34218a78bc21bb29b63ae: stopping tablet replica
I20260608 09:57:21.667914 32714 raft_consensus.cc:2243] T 2294444a87454404b1b322f8c3f036df P 13d78ac77eb34218a78bc21bb29b63ae [term 2 FOLLOWER]: Raft consensus shutting down.
I20260608 09:57:21.668445 32714 raft_consensus.cc:2272] T 2294444a87454404b1b322f8c3f036df P 13d78ac77eb34218a78bc21bb29b63ae [term 2 FOLLOWER]: Raft consensus is shut down!
W20260608 09:57:21.669369  3483 consensus_peers.cc:597] T 05aacd593695439a8efcfb63c6eabb07 P 90d116370ffa4f318889fb827244957b -> Peer d7e395c7894c48b58242a765aa6547a7 (127.31.242.129:34087): Couldn't send request to peer d7e395c7894c48b58242a765aa6547a7. Status: Network error: Client connection negotiation failed: client connection to 127.31.242.129:34087: connect: Connection refused (error 111). This is attempt 1: this message will repeat every 5th retry.
I20260608 09:57:21.670691 32714 tablet_replica.cc:333] T 9df0a8e1c93243c5a520def9e5c2e075 P 13d78ac77eb34218a78bc21bb29b63ae: stopping tablet replica
I20260608 09:57:21.671254 32714 raft_consensus.cc:2243] T 9df0a8e1c93243c5a520def9e5c2e075 P 13d78ac77eb34218a78bc21bb29b63ae [term 2 FOLLOWER]: Raft consensus shutting down.
I20260608 09:57:21.671674 32714 raft_consensus.cc:2272] T 9df0a8e1c93243c5a520def9e5c2e075 P 13d78ac77eb34218a78bc21bb29b63ae [term 2 FOLLOWER]: Raft consensus is shut down!
I20260608 09:57:21.673575 32714 tablet_replica.cc:333] T 7539c222fa204206a9fd24efcbce627e P 13d78ac77eb34218a78bc21bb29b63ae: stopping tablet replica
I20260608 09:57:21.674098 32714 raft_consensus.cc:2243] T 7539c222fa204206a9fd24efcbce627e P 13d78ac77eb34218a78bc21bb29b63ae [term 4 LEADER]: Raft consensus shutting down.
I20260608 09:57:21.674898 32714 raft_consensus.cc:2272] T 7539c222fa204206a9fd24efcbce627e P 13d78ac77eb34218a78bc21bb29b63ae [term 4 FOLLOWER]: Raft consensus is shut down!
I20260608 09:57:21.677039 32714 tablet_replica.cc:333] T 39a72f4efe7647e6a995d1c915409d98 P 13d78ac77eb34218a78bc21bb29b63ae: stopping tablet replica
I20260608 09:57:21.677531 32714 raft_consensus.cc:2243] T 39a72f4efe7647e6a995d1c915409d98 P 13d78ac77eb34218a78bc21bb29b63ae [term 5 FOLLOWER]: Raft consensus shutting down.
I20260608 09:57:21.678000 32714 raft_consensus.cc:2272] T 39a72f4efe7647e6a995d1c915409d98 P 13d78ac77eb34218a78bc21bb29b63ae [term 5 FOLLOWER]: Raft consensus is shut down!
I20260608 09:57:21.679705 32714 tablet_replica.cc:333] T 3e77fb9df88d4e9f92dac9fde970913f P 13d78ac77eb34218a78bc21bb29b63ae: stopping tablet replica
