I20260608 09:56:56.504443 15218 raft_consensus.cc:2393] T 43ad704d2a884fc480bef91aeea61338 P 9c3d80464f694344bb6a33cc5e8357b7 [term 1 FOLLOWER]: Leader pre-election vote request: Denying vote to candidate d04f46f1eb704b5d9fa3961e1c083f65 in current term 1: Already voted for candidate 4cc89e449f3e4236a1326a454983126b in this term.
I20260608 09:56:56.512620 15294 tablet_service.cc:1917] Received RequestConsensusVote() RPC: tablet_id: "43ad704d2a884fc480bef91aeea61338" candidate_uuid: "d04f46f1eb704b5d9fa3961e1c083f65" candidate_term: 1 candidate_status { last_received { term: 0 index: 0 } } ignore_live_leader: false dest_uuid: "4cc89e449f3e4236a1326a454983126b" is_pre_election: true
I20260608 09:56:56.513073 15113 catalog_manager.cc:5696] T 7d9502ae5b024ded9cd3bcac534b9de5 P 4cc89e449f3e4236a1326a454983126b reported cstate change: term changed from 0 to 1, leader changed from <none> to 4cc89e449f3e4236a1326a454983126b (127.11.232.194). New cstate: current_term: 1 leader_uuid: "4cc89e449f3e4236a1326a454983126b" committed_config { opid_index: -1 OBSOLETE_local: false peers { permanent_uuid: "9c3d80464f694344bb6a33cc5e8357b7" member_type: VOTER last_known_addr { host: "127.11.232.193" port: 34251 } health_report { overall_health: UNKNOWN } } peers { permanent_uuid: "4cc89e449f3e4236a1326a454983126b" member_type: VOTER last_known_addr { host: "127.11.232.194" port: 45463 } health_report { overall_health: HEALTHY } } peers { permanent_uuid: "d04f46f1eb704b5d9fa3961e1c083f65" member_type: VOTER last_known_addr { host: "127.11.232.195" port: 36397 } health_report { overall_health: UNKNOWN } } }
W20260608 09:56:56.515214 15182 leader_election.cc:343] T fce38f647ddd481caa2b7fc1905600b8 P 9c3d80464f694344bb6a33cc5e8357b7 [CANDIDATE]: Term 1 pre-election: Tablet error from VoteRequest() call to peer d04f46f1eb704b5d9fa3961e1c083f65 (127.11.232.195:36397): Illegal state: must be running to vote when last-logged opid is not known
I20260608 09:56:56.516149 15294 tablet_service.cc:1917] Received RequestConsensusVote() RPC: tablet_id: "88b28d4fea2f4562a2f318e9537db4b1" candidate_uuid: "9c3d80464f694344bb6a33cc5e8357b7" candidate_term: 1 candidate_status { last_received { term: 0 index: 0 } } ignore_live_leader: false dest_uuid: "4cc89e449f3e4236a1326a454983126b" is_pre_election: true
I20260608 09:56:56.516810 15294 raft_consensus.cc:2468] T 88b28d4fea2f4562a2f318e9537db4b1 P 4cc89e449f3e4236a1326a454983126b [term 0 FOLLOWER]: Leader pre-election vote request: Granting yes vote for candidate 9c3d80464f694344bb6a33cc5e8357b7 in term 0.
I20260608 09:56:56.517556 15439 leader_election.cc:290] T 88b28d4fea2f4562a2f318e9537db4b1 P 4cc89e449f3e4236a1326a454983126b [CANDIDATE]: Term 1 pre-election: Requested pre-vote from peers 9c3d80464f694344bb6a33cc5e8357b7 (127.11.232.193:34251), d04f46f1eb704b5d9fa3961e1c083f65 (127.11.232.195:36397)
I20260608 09:56:56.517920 15181 leader_election.cc:304] T 88b28d4fea2f4562a2f318e9537db4b1 P 9c3d80464f694344bb6a33cc5e8357b7 [CANDIDATE]: Term 1 pre-election: Election decided. Result: candidate won. Election summary: received 2 responses out of 3 voters: 2 yes votes; 0 no votes. yes voters: 4cc89e449f3e4236a1326a454983126b, 9c3d80464f694344bb6a33cc5e8357b7; no voters: 
I20260608 09:56:56.518720 15218 tablet_service.cc:1917] Received RequestConsensusVote() RPC: tablet_id: "88b28d4fea2f4562a2f318e9537db4b1" candidate_uuid: "4cc89e449f3e4236a1326a454983126b" candidate_term: 1 candidate_status { last_received { term: 0 index: 0 } } ignore_live_leader: false dest_uuid: "9c3d80464f694344bb6a33cc5e8357b7" is_pre_election: true
I20260608 09:56:56.519212 15218 raft_consensus.cc:2468] T 88b28d4fea2f4562a2f318e9537db4b1 P 9c3d80464f694344bb6a33cc5e8357b7 [term 0 FOLLOWER]: Leader pre-election vote request: Granting yes vote for candidate 4cc89e449f3e4236a1326a454983126b in term 0.
I20260608 09:56:56.519064 15334 leader_election.cc:304] T 43ad704d2a884fc480bef91aeea61338 P d04f46f1eb704b5d9fa3961e1c083f65 [CANDIDATE]: Term 1 pre-election: Election decided. Result: candidate lost. Election summary: received 3 responses out of 3 voters: 1 yes votes; 2 no votes. yes voters: d04f46f1eb704b5d9fa3961e1c083f65; no voters: 4cc89e449f3e4236a1326a454983126b, 9c3d80464f694344bb6a33cc5e8357b7
I20260608 09:56:56.519721 15419 raft_consensus.cc:2804] T 88b28d4fea2f4562a2f318e9537db4b1 P 9c3d80464f694344bb6a33cc5e8357b7 [term 0 FOLLOWER]: Leader pre-election won for term 1
I20260608 09:56:56.520462 15257 leader_election.cc:304] T 88b28d4fea2f4562a2f318e9537db4b1 P 4cc89e449f3e4236a1326a454983126b [CANDIDATE]: Term 1 pre-election: Election decided. Result: candidate won. Election summary: received 2 responses out of 3 voters: 2 yes votes; 0 no votes. yes voters: 4cc89e449f3e4236a1326a454983126b, 9c3d80464f694344bb6a33cc5e8357b7; no voters: 
I20260608 09:56:56.523952 15419 raft_consensus.cc:493] T 88b28d4fea2f4562a2f318e9537db4b1 P 9c3d80464f694344bb6a33cc5e8357b7 [term 0 FOLLOWER]: Starting leader election (no leader contacted us within the election timeout)
I20260608 09:56:56.524497 15419 raft_consensus.cc:3060] T 88b28d4fea2f4562a2f318e9537db4b1 P 9c3d80464f694344bb6a33cc5e8357b7 [term 0 FOLLOWER]: Advancing to term 1
I20260608 09:56:56.524622 15454 raft_consensus.cc:2804] T fce38f647ddd481caa2b7fc1905600b8 P 9c3d80464f694344bb6a33cc5e8357b7 [term 1 FOLLOWER]: Leader election won for term 1
I20260608 09:56:56.526190 15370 tablet_service.cc:1917] Received RequestConsensusVote() RPC: tablet_id: "fce38f647ddd481caa2b7fc1905600b8" candidate_uuid: "9c3d80464f694344bb6a33cc5e8357b7" candidate_term: 1 candidate_status { last_received { term: 0 index: 0 } } ignore_live_leader: false dest_uuid: "d04f46f1eb704b5d9fa3961e1c083f65"
I20260608 09:56:56.528409 15439 raft_consensus.cc:2804] T 88b28d4fea2f4562a2f318e9537db4b1 P 4cc89e449f3e4236a1326a454983126b [term 0 FOLLOWER]: Leader pre-election won for term 1
I20260608 09:56:56.528856 15439 raft_consensus.cc:493] T 88b28d4fea2f4562a2f318e9537db4b1 P 4cc89e449f3e4236a1326a454983126b [term 0 FOLLOWER]: Starting leader election (no leader contacted us within the election timeout)
I20260608 09:56:56.528973 15452 raft_consensus.cc:3060] T 43ad704d2a884fc480bef91aeea61338 P d04f46f1eb704b5d9fa3961e1c083f65 [term 0 FOLLOWER]: Advancing to term 1
I20260608 09:56:56.531822 15439 raft_consensus.cc:3060] T 88b28d4fea2f4562a2f318e9537db4b1 P 4cc89e449f3e4236a1326a454983126b [term 0 FOLLOWER]: Advancing to term 1
I20260608 09:56:56.530020 15369 tablet_service.cc:1917] Received RequestConsensusVote() RPC: tablet_id: "adbd7f0cdc5249449a8bb2371146f72f" candidate_uuid: "9c3d80464f694344bb6a33cc5e8357b7" candidate_term: 1 candidate_status { last_received { term: 0 index: 0 } } ignore_live_leader: false dest_uuid: "d04f46f1eb704b5d9fa3961e1c083f65" is_pre_election: true
I20260608 09:56:56.538010 15368 tablet_service.cc:1917] Received RequestConsensusVote() RPC: tablet_id: "88b28d4fea2f4562a2f318e9537db4b1" candidate_uuid: "9c3d80464f694344bb6a33cc5e8357b7" candidate_term: 1 candidate_status { last_received { term: 0 index: 0 } } ignore_live_leader: false dest_uuid: "d04f46f1eb704b5d9fa3961e1c083f65" is_pre_election: true
I20260608 09:56:56.538669 15368 raft_consensus.cc:2468] T 88b28d4fea2f4562a2f318e9537db4b1 P d04f46f1eb704b5d9fa3961e1c083f65 [term 0 FOLLOWER]: Leader pre-election vote request: Granting yes vote for candidate 9c3d80464f694344bb6a33cc5e8357b7 in term 0.
I20260608 09:56:56.539759 15454 raft_consensus.cc:697] T fce38f647ddd481caa2b7fc1905600b8 P 9c3d80464f694344bb6a33cc5e8357b7 [term 1 LEADER]: Becoming Leader. State: Replica: 9c3d80464f694344bb6a33cc5e8357b7, State: Running, Role: LEADER
I20260608 09:56:56.541136 15454 consensus_queue.cc:237] T fce38f647ddd481caa2b7fc1905600b8 P 9c3d80464f694344bb6a33cc5e8357b7 [LEADER]: Queue going to LEADER mode. State: All replicated index: 0, Majority replicated index: 0, Committed index: 0, Last appended: 0.0, Last appended by leader: 0, Current term: 1, Majority size: 2, State: 0, Mode: LEADER, active raft config: opid_index: -1 OBSOLETE_local: false peers { permanent_uuid: "4cc89e449f3e4236a1326a454983126b" member_type: VOTER last_known_addr { host: "127.11.232.194" port: 45463 } } peers { permanent_uuid: "9c3d80464f694344bb6a33cc5e8357b7" member_type: VOTER last_known_addr { host: "127.11.232.193" port: 34251 } } peers { permanent_uuid: "d04f46f1eb704b5d9fa3961e1c083f65" member_type: VOTER last_known_addr { host: "127.11.232.195" port: 36397 } }
I20260608 09:56:56.543190 15370 tablet_service.cc:1917] Received RequestConsensusVote() RPC: tablet_id: "88b28d4fea2f4562a2f318e9537db4b1" candidate_uuid: "4cc89e449f3e4236a1326a454983126b" candidate_term: 1 candidate_status { last_received { term: 0 index: 0 } } ignore_live_leader: false dest_uuid: "d04f46f1eb704b5d9fa3961e1c083f65" is_pre_election: true
I20260608 09:56:56.544616 15370 raft_consensus.cc:2468] T 88b28d4fea2f4562a2f318e9537db4b1 P d04f46f1eb704b5d9fa3961e1c083f65 [term 0 FOLLOWER]: Leader pre-election vote request: Granting yes vote for candidate 4cc89e449f3e4236a1326a454983126b in term 0.
I20260608 09:56:56.555819 15419 raft_consensus.cc:515] T 88b28d4fea2f4562a2f318e9537db4b1 P 9c3d80464f694344bb6a33cc5e8357b7 [term 1 FOLLOWER]: Starting leader election with config: opid_index: -1 OBSOLETE_local: false peers { permanent_uuid: "9c3d80464f694344bb6a33cc5e8357b7" member_type: VOTER last_known_addr { host: "127.11.232.193" port: 34251 } } peers { permanent_uuid: "4cc89e449f3e4236a1326a454983126b" member_type: VOTER last_known_addr { host: "127.11.232.194" port: 45463 } } peers { permanent_uuid: "d04f46f1eb704b5d9fa3961e1c083f65" member_type: VOTER last_known_addr { host: "127.11.232.195" port: 36397 } }
I20260608 09:56:56.556947 15420 tablet_bootstrap.cc:492] T 497a66018567465ebd144852e926bbd4 P d04f46f1eb704b5d9fa3961e1c083f65: Bootstrap starting.
W20260608 09:56:56.545498 15182 leader_election.cc:343] T fce38f647ddd481caa2b7fc1905600b8 P 9c3d80464f694344bb6a33cc5e8357b7 [CANDIDATE]: Term 1 election: Tablet error from VoteRequest() call to peer d04f46f1eb704b5d9fa3961e1c083f65 (127.11.232.195:36397): Illegal state: must be running to vote when last-logged opid is not known
W20260608 09:56:56.558905 15182 leader_election.cc:343] T adbd7f0cdc5249449a8bb2371146f72f P 9c3d80464f694344bb6a33cc5e8357b7 [CANDIDATE]: Term 1 pre-election: Tablet error from VoteRequest() call to peer d04f46f1eb704b5d9fa3961e1c083f65 (127.11.232.195:36397): Illegal state: must be running to vote when last-logged opid is not known
I20260608 09:56:56.559329 15182 leader_election.cc:304] T adbd7f0cdc5249449a8bb2371146f72f P 9c3d80464f694344bb6a33cc5e8357b7 [CANDIDATE]: Term 1 pre-election: Election decided. Result: candidate lost. Election summary: received 3 responses out of 3 voters: 1 yes votes; 2 no votes. yes voters: 9c3d80464f694344bb6a33cc5e8357b7; no voters: 4cc89e449f3e4236a1326a454983126b, d04f46f1eb704b5d9fa3961e1c083f65
I20260608 09:56:56.559396 15112 catalog_manager.cc:5696] T ee1d93bc07fd440ebd9237688d579340 P d04f46f1eb704b5d9fa3961e1c083f65 reported cstate change: term changed from 0 to 1, leader changed from <none> to d04f46f1eb704b5d9fa3961e1c083f65 (127.11.232.195). New cstate: current_term: 1 leader_uuid: "d04f46f1eb704b5d9fa3961e1c083f65" committed_config { opid_index: -1 OBSOLETE_local: false peers { permanent_uuid: "4cc89e449f3e4236a1326a454983126b" member_type: VOTER last_known_addr { host: "127.11.232.194" port: 45463 } health_report { overall_health: UNKNOWN } } peers { permanent_uuid: "9c3d80464f694344bb6a33cc5e8357b7" member_type: VOTER last_known_addr { host: "127.11.232.193" port: 34251 } health_report { overall_health: UNKNOWN } } peers { permanent_uuid: "d04f46f1eb704b5d9fa3961e1c083f65" member_type: VOTER last_known_addr { host: "127.11.232.195" port: 36397 } health_report { overall_health: HEALTHY } } }
I20260608 09:56:56.561203 15458 raft_consensus.cc:2749] T adbd7f0cdc5249449a8bb2371146f72f P 9c3d80464f694344bb6a33cc5e8357b7 [term 0 FOLLOWER]: Leader pre-election lost for term 1. Reason: could not achieve majority
I20260608 09:56:56.542660 15452 raft_consensus.cc:2749] T 43ad704d2a884fc480bef91aeea61338 P d04f46f1eb704b5d9fa3961e1c083f65 [term 1 FOLLOWER]: Leader pre-election lost for term 1. Reason: could not achieve majority
I20260608 09:56:56.547073 15439 raft_consensus.cc:515] T 88b28d4fea2f4562a2f318e9537db4b1 P 4cc89e449f3e4236a1326a454983126b [term 1 FOLLOWER]: Starting leader election with config: opid_index: -1 OBSOLETE_local: false peers { permanent_uuid: "9c3d80464f694344bb6a33cc5e8357b7" member_type: VOTER last_known_addr { host: "127.11.232.193" port: 34251 } } peers { permanent_uuid: "4cc89e449f3e4236a1326a454983126b" member_type: VOTER last_known_addr { host: "127.11.232.194" port: 45463 } } peers { permanent_uuid: "d04f46f1eb704b5d9fa3961e1c083f65" member_type: VOTER last_known_addr { host: "127.11.232.195" port: 36397 } }
I20260608 09:56:56.565572 15416 tablet_bootstrap.cc:492] T 497a66018567465ebd144852e926bbd4 P 4cc89e449f3e4236a1326a454983126b: No bootstrap required, opened a new log
I20260608 09:56:56.566082 15416 ts_tablet_manager.cc:1403] T 497a66018567465ebd144852e926bbd4 P 4cc89e449f3e4236a1326a454983126b: Time spent bootstrapping tablet: real 0.096s	user 0.040s	sys 0.012s
I20260608 09:56:56.566464 15439 leader_election.cc:290] T 88b28d4fea2f4562a2f318e9537db4b1 P 4cc89e449f3e4236a1326a454983126b [CANDIDATE]: Term 1 election: Requested vote from peers 9c3d80464f694344bb6a33cc5e8357b7 (127.11.232.193:34251), d04f46f1eb704b5d9fa3961e1c083f65 (127.11.232.195:36397)
I20260608 09:56:56.568114 15420 tablet_bootstrap.cc:654] T 497a66018567465ebd144852e926bbd4 P d04f46f1eb704b5d9fa3961e1c083f65: Neither blocks nor log segments found. Creating new log.
I20260608 09:56:56.568775 15370 tablet_service.cc:1917] Received RequestConsensusVote() RPC: tablet_id: "88b28d4fea2f4562a2f318e9537db4b1" candidate_uuid: "4cc89e449f3e4236a1326a454983126b" candidate_term: 1 candidate_status { last_received { term: 0 index: 0 } } ignore_live_leader: false dest_uuid: "d04f46f1eb704b5d9fa3961e1c083f65"
I20260608 09:56:56.569502 15370 raft_consensus.cc:3060] T 88b28d4fea2f4562a2f318e9537db4b1 P d04f46f1eb704b5d9fa3961e1c083f65 [term 0 FOLLOWER]: Advancing to term 1
I20260608 09:56:56.569392 15111 catalog_manager.cc:5696] T fce38f647ddd481caa2b7fc1905600b8 P 9c3d80464f694344bb6a33cc5e8357b7 reported cstate change: term changed from 0 to 1, leader changed from <none> to 9c3d80464f694344bb6a33cc5e8357b7 (127.11.232.193). New cstate: current_term: 1 leader_uuid: "9c3d80464f694344bb6a33cc5e8357b7" committed_config { opid_index: -1 OBSOLETE_local: false peers { permanent_uuid: "4cc89e449f3e4236a1326a454983126b" member_type: VOTER last_known_addr { host: "127.11.232.194" port: 45463 } health_report { overall_health: UNKNOWN } } peers { permanent_uuid: "9c3d80464f694344bb6a33cc5e8357b7" member_type: VOTER last_known_addr { host: "127.11.232.193" port: 34251 } health_report { overall_health: HEALTHY } } peers { permanent_uuid: "d04f46f1eb704b5d9fa3961e1c083f65" member_type: VOTER last_known_addr { host: "127.11.232.195" port: 36397 } health_report { overall_health: UNKNOWN } } }
I20260608 09:56:56.568799 15218 tablet_service.cc:1917] Received RequestConsensusVote() RPC: tablet_id: "88b28d4fea2f4562a2f318e9537db4b1" candidate_uuid: "4cc89e449f3e4236a1326a454983126b" candidate_term: 1 candidate_status { last_received { term: 0 index: 0 } } ignore_live_leader: false dest_uuid: "9c3d80464f694344bb6a33cc5e8357b7"
I20260608 09:56:56.571905 15218 raft_consensus.cc:2393] T 88b28d4fea2f4562a2f318e9537db4b1 P 9c3d80464f694344bb6a33cc5e8357b7 [term 1 FOLLOWER]: Leader election vote request: Denying vote to candidate 4cc89e449f3e4236a1326a454983126b in current term 1: Already voted for candidate 9c3d80464f694344bb6a33cc5e8357b7 in this term.
I20260608 09:56:56.570701 15416 raft_consensus.cc:359] T 497a66018567465ebd144852e926bbd4 P 4cc89e449f3e4236a1326a454983126b [term 0 FOLLOWER]: Replica starting. Triggering 0 pending ops. Active config: opid_index: -1 OBSOLETE_local: false peers { permanent_uuid: "9c3d80464f694344bb6a33cc5e8357b7" member_type: VOTER last_known_addr { host: "127.11.232.193" port: 34251 } } peers { permanent_uuid: "4cc89e449f3e4236a1326a454983126b" member_type: VOTER last_known_addr { host: "127.11.232.194" port: 45463 } } peers { permanent_uuid: "d04f46f1eb704b5d9fa3961e1c083f65" member_type: VOTER last_known_addr { host: "127.11.232.195" port: 36397 } }
I20260608 09:56:56.573935 15416 raft_consensus.cc:385] T 497a66018567465ebd144852e926bbd4 P 4cc89e449f3e4236a1326a454983126b [term 0 FOLLOWER]: Consensus starting up: Expiring failure detector timer to make a prompt election more likely
I20260608 09:56:56.574242 15416 raft_consensus.cc:740] T 497a66018567465ebd144852e926bbd4 P 4cc89e449f3e4236a1326a454983126b [term 0 FOLLOWER]: Becoming Follower/Learner. State: Replica: 4cc89e449f3e4236a1326a454983126b, State: Initialized, Role: FOLLOWER
I20260608 09:56:56.575033 15416 consensus_queue.cc:260] T 497a66018567465ebd144852e926bbd4 P 4cc89e449f3e4236a1326a454983126b [NON_LEADER]: Queue going to NON_LEADER mode. State: All replicated index: 0, Majority replicated index: 0, Committed index: 0, Last appended: 0.0, Last appended by leader: 0, Current term: 0, Majority size: -1, State: 0, Mode: NON_LEADER, active raft config: opid_index: -1 OBSOLETE_local: false peers { permanent_uuid: "9c3d80464f694344bb6a33cc5e8357b7" member_type: VOTER last_known_addr { host: "127.11.232.193" port: 34251 } } peers { permanent_uuid: "4cc89e449f3e4236a1326a454983126b" member_type: VOTER last_known_addr { host: "127.11.232.194" port: 45463 } } peers { permanent_uuid: "d04f46f1eb704b5d9fa3961e1c083f65" member_type: VOTER last_known_addr { host: "127.11.232.195" port: 36397 } }
I20260608 09:56:56.577838 15417 tablet_bootstrap.cc:492] T 497a66018567465ebd144852e926bbd4 P 9c3d80464f694344bb6a33cc5e8357b7: No bootstrap required, opened a new log
I20260608 09:56:56.579111 15417 ts_tablet_manager.cc:1403] T 497a66018567465ebd144852e926bbd4 P 9c3d80464f694344bb6a33cc5e8357b7: Time spent bootstrapping tablet: real 0.099s	user 0.015s	sys 0.011s
I20260608 09:56:56.577989 15416 ts_tablet_manager.cc:1434] T 497a66018567465ebd144852e926bbd4 P 4cc89e449f3e4236a1326a454983126b: Time spent starting tablet: real 0.012s	user 0.006s	sys 0.000s
I20260608 09:56:56.579655 15419 leader_election.cc:290] T 88b28d4fea2f4562a2f318e9537db4b1 P 9c3d80464f694344bb6a33cc5e8357b7 [CANDIDATE]: Term 1 election: Requested vote from peers 4cc89e449f3e4236a1326a454983126b (127.11.232.194:45463), d04f46f1eb704b5d9fa3961e1c083f65 (127.11.232.195:36397)
I20260608 09:56:56.579921 15294 tablet_service.cc:1917] Received RequestConsensusVote() RPC: tablet_id: "88b28d4fea2f4562a2f318e9537db4b1" candidate_uuid: "9c3d80464f694344bb6a33cc5e8357b7" candidate_term: 1 candidate_status { last_received { term: 0 index: 0 } } ignore_live_leader: false dest_uuid: "4cc89e449f3e4236a1326a454983126b"
I20260608 09:56:56.580564 15416 tablet_bootstrap.cc:492] T adbd7f0cdc5249449a8bb2371146f72f P 4cc89e449f3e4236a1326a454983126b: Bootstrap starting.
I20260608 09:56:56.580745 15294 raft_consensus.cc:2393] T 88b28d4fea2f4562a2f318e9537db4b1 P 4cc89e449f3e4236a1326a454983126b [term 1 FOLLOWER]: Leader election vote request: Denying vote to candidate 9c3d80464f694344bb6a33cc5e8357b7 in current term 1: Already voted for candidate 4cc89e449f3e4236a1326a454983126b in this term.
I20260608 09:56:56.581414 15368 tablet_service.cc:1917] Received RequestConsensusVote() RPC: tablet_id: "88b28d4fea2f4562a2f318e9537db4b1" candidate_uuid: "9c3d80464f694344bb6a33cc5e8357b7" candidate_term: 1 candidate_status { last_received { term: 0 index: 0 } } ignore_live_leader: false dest_uuid: "d04f46f1eb704b5d9fa3961e1c083f65"
I20260608 09:56:56.581879 15417 raft_consensus.cc:359] T 497a66018567465ebd144852e926bbd4 P 9c3d80464f694344bb6a33cc5e8357b7 [term 0 FOLLOWER]: Replica starting. Triggering 0 pending ops. Active config: opid_index: -1 OBSOLETE_local: false peers { permanent_uuid: "9c3d80464f694344bb6a33cc5e8357b7" member_type: VOTER last_known_addr { host: "127.11.232.193" port: 34251 } } peers { permanent_uuid: "4cc89e449f3e4236a1326a454983126b" member_type: VOTER last_known_addr { host: "127.11.232.194" port: 45463 } } peers { permanent_uuid: "d04f46f1eb704b5d9fa3961e1c083f65" member_type: VOTER last_known_addr { host: "127.11.232.195" port: 36397 } }
I20260608 09:56:56.582522 15417 raft_consensus.cc:385] T 497a66018567465ebd144852e926bbd4 P 9c3d80464f694344bb6a33cc5e8357b7 [term 0 FOLLOWER]: Consensus starting up: Expiring failure detector timer to make a prompt election more likely
I20260608 09:56:56.582782 15417 raft_consensus.cc:740] T 497a66018567465ebd144852e926bbd4 P 9c3d80464f694344bb6a33cc5e8357b7 [term 0 FOLLOWER]: Becoming Follower/Learner. State: Replica: 9c3d80464f694344bb6a33cc5e8357b7, State: Initialized, Role: FOLLOWER
I20260608 09:56:56.578305 15370 raft_consensus.cc:2468] T 88b28d4fea2f4562a2f318e9537db4b1 P d04f46f1eb704b5d9fa3961e1c083f65 [term 1 FOLLOWER]: Leader election vote request: Granting yes vote for candidate 4cc89e449f3e4236a1326a454983126b in term 1.
I20260608 09:56:56.583012 15182 leader_election.cc:304] T 88b28d4fea2f4562a2f318e9537db4b1 P 9c3d80464f694344bb6a33cc5e8357b7 [CANDIDATE]: Term 1 election: Election decided. Result: candidate lost. Election summary: received 3 responses out of 3 voters: 1 yes votes; 2 no votes. yes voters: 9c3d80464f694344bb6a33cc5e8357b7; no voters: 4cc89e449f3e4236a1326a454983126b, d04f46f1eb704b5d9fa3961e1c083f65
I20260608 09:56:56.583575 15417 consensus_queue.cc:260] T 497a66018567465ebd144852e926bbd4 P 9c3d80464f694344bb6a33cc5e8357b7 [NON_LEADER]: Queue going to NON_LEADER mode. State: All replicated index: 0, Majority replicated index: 0, Committed index: 0, Last appended: 0.0, Last appended by leader: 0, Current term: 0, Majority size: -1, State: 0, Mode: NON_LEADER, active raft config: opid_index: -1 OBSOLETE_local: false peers { permanent_uuid: "9c3d80464f694344bb6a33cc5e8357b7" member_type: VOTER last_known_addr { host: "127.11.232.193" port: 34251 } } peers { permanent_uuid: "4cc89e449f3e4236a1326a454983126b" member_type: VOTER last_known_addr { host: "127.11.232.194" port: 45463 } } peers { permanent_uuid: "d04f46f1eb704b5d9fa3961e1c083f65" member_type: VOTER last_known_addr { host: "127.11.232.195" port: 36397 } }
I20260608 09:56:56.584151 15259 leader_election.cc:304] T 88b28d4fea2f4562a2f318e9537db4b1 P 4cc89e449f3e4236a1326a454983126b [CANDIDATE]: Term 1 election: Election decided. Result: candidate won. Election summary: received 3 responses out of 3 voters: 2 yes votes; 1 no votes. yes voters: 4cc89e449f3e4236a1326a454983126b, d04f46f1eb704b5d9fa3961e1c083f65; no voters: 9c3d80464f694344bb6a33cc5e8357b7
I20260608 09:56:56.585773 15417 ts_tablet_manager.cc:1434] T 497a66018567465ebd144852e926bbd4 P 9c3d80464f694344bb6a33cc5e8357b7: Time spent starting tablet: real 0.006s	user 0.005s	sys 0.000s
I20260608 09:56:56.585862 15454 raft_consensus.cc:2749] T 88b28d4fea2f4562a2f318e9537db4b1 P 9c3d80464f694344bb6a33cc5e8357b7 [term 1 FOLLOWER]: Leader election lost for term 1. Reason: could not achieve majority
I20260608 09:56:56.587172 15439 raft_consensus.cc:2804] T 88b28d4fea2f4562a2f318e9537db4b1 P 4cc89e449f3e4236a1326a454983126b [term 1 FOLLOWER]: Leader election won for term 1
I20260608 09:56:56.587376 15416 tablet_bootstrap.cc:654] T adbd7f0cdc5249449a8bb2371146f72f P 4cc89e449f3e4236a1326a454983126b: Neither blocks nor log segments found. Creating new log.
I20260608 09:56:56.587742 15439 raft_consensus.cc:697] T 88b28d4fea2f4562a2f318e9537db4b1 P 4cc89e449f3e4236a1326a454983126b [term 1 LEADER]: Becoming Leader. State: Replica: 4cc89e449f3e4236a1326a454983126b, State: Running, Role: LEADER
I20260608 09:56:56.588768 15439 consensus_queue.cc:237] T 88b28d4fea2f4562a2f318e9537db4b1 P 4cc89e449f3e4236a1326a454983126b [LEADER]: Queue going to LEADER mode. State: All replicated index: 0, Majority replicated index: 0, Committed index: 0, Last appended: 0.0, Last appended by leader: 0, Current term: 1, Majority size: 2, State: 0, Mode: LEADER, active raft config: opid_index: -1 OBSOLETE_local: false peers { permanent_uuid: "9c3d80464f694344bb6a33cc5e8357b7" member_type: VOTER last_known_addr { host: "127.11.232.193" port: 34251 } } peers { permanent_uuid: "4cc89e449f3e4236a1326a454983126b" member_type: VOTER last_known_addr { host: "127.11.232.194" port: 45463 } } peers { permanent_uuid: "d04f46f1eb704b5d9fa3961e1c083f65" member_type: VOTER last_known_addr { host: "127.11.232.195" port: 36397 } }
I20260608 09:56:56.594991 15420 tablet_bootstrap.cc:492] T 497a66018567465ebd144852e926bbd4 P d04f46f1eb704b5d9fa3961e1c083f65: No bootstrap required, opened a new log
I20260608 09:56:56.595590 15420 ts_tablet_manager.cc:1403] T 497a66018567465ebd144852e926bbd4 P d04f46f1eb704b5d9fa3961e1c083f65: Time spent bootstrapping tablet: real 0.047s	user 0.012s	sys 0.005s
I20260608 09:56:56.600764 15416 tablet_bootstrap.cc:492] T adbd7f0cdc5249449a8bb2371146f72f P 4cc89e449f3e4236a1326a454983126b: No bootstrap required, opened a new log
I20260608 09:56:56.601382 15416 ts_tablet_manager.cc:1403] T adbd7f0cdc5249449a8bb2371146f72f P 4cc89e449f3e4236a1326a454983126b: Time spent bootstrapping tablet: real 0.021s	user 0.014s	sys 0.004s
I20260608 09:56:56.598924 15420 raft_consensus.cc:359] T 497a66018567465ebd144852e926bbd4 P d04f46f1eb704b5d9fa3961e1c083f65 [term 0 FOLLOWER]: Replica starting. Triggering 0 pending ops. Active config: opid_index: -1 OBSOLETE_local: false peers { permanent_uuid: "9c3d80464f694344bb6a33cc5e8357b7" member_type: VOTER last_known_addr { host: "127.11.232.193" port: 34251 } } peers { permanent_uuid: "4cc89e449f3e4236a1326a454983126b" member_type: VOTER last_known_addr { host: "127.11.232.194" port: 45463 } } peers { permanent_uuid: "d04f46f1eb704b5d9fa3961e1c083f65" member_type: VOTER last_known_addr { host: "127.11.232.195" port: 36397 } }
I20260608 09:56:56.602962 15420 raft_consensus.cc:385] T 497a66018567465ebd144852e926bbd4 P d04f46f1eb704b5d9fa3961e1c083f65 [term 0 FOLLOWER]: Consensus starting up: Expiring failure detector timer to make a prompt election more likely
I20260608 09:56:56.603278 15420 raft_consensus.cc:740] T 497a66018567465ebd144852e926bbd4 P d04f46f1eb704b5d9fa3961e1c083f65 [term 0 FOLLOWER]: Becoming Follower/Learner. State: Replica: d04f46f1eb704b5d9fa3961e1c083f65, State: Initialized, Role: FOLLOWER
I20260608 09:56:56.604393 15416 raft_consensus.cc:359] T adbd7f0cdc5249449a8bb2371146f72f P 4cc89e449f3e4236a1326a454983126b [term 0 FOLLOWER]: Replica starting. Triggering 0 pending ops. Active config: opid_index: -1 OBSOLETE_local: false peers { permanent_uuid: "9c3d80464f694344bb6a33cc5e8357b7" member_type: VOTER last_known_addr { host: "127.11.232.193" port: 34251 } } peers { permanent_uuid: "4cc89e449f3e4236a1326a454983126b" member_type: VOTER last_known_addr { host: "127.11.232.194" port: 45463 } } peers { permanent_uuid: "d04f46f1eb704b5d9fa3961e1c083f65" member_type: VOTER last_known_addr { host: "127.11.232.195" port: 36397 } }
I20260608 09:56:56.605149 15416 raft_consensus.cc:385] T adbd7f0cdc5249449a8bb2371146f72f P 4cc89e449f3e4236a1326a454983126b [term 0 FOLLOWER]: Consensus starting up: Expiring failure detector timer to make a prompt election more likely
I20260608 09:56:56.604867 15420 consensus_queue.cc:260] T 497a66018567465ebd144852e926bbd4 P d04f46f1eb704b5d9fa3961e1c083f65 [NON_LEADER]: Queue going to NON_LEADER mode. State: All replicated index: 0, Majority replicated index: 0, Committed index: 0, Last appended: 0.0, Last appended by leader: 0, Current term: 0, Majority size: -1, State: 0, Mode: NON_LEADER, active raft config: opid_index: -1 OBSOLETE_local: false peers { permanent_uuid: "9c3d80464f694344bb6a33cc5e8357b7" member_type: VOTER last_known_addr { host: "127.11.232.193" port: 34251 } } peers { permanent_uuid: "4cc89e449f3e4236a1326a454983126b" member_type: VOTER last_known_addr { host: "127.11.232.194" port: 45463 } } peers { permanent_uuid: "d04f46f1eb704b5d9fa3961e1c083f65" member_type: VOTER last_known_addr { host: "127.11.232.195" port: 36397 } }
I20260608 09:56:56.605432 15416 raft_consensus.cc:740] T adbd7f0cdc5249449a8bb2371146f72f P 4cc89e449f3e4236a1326a454983126b [term 0 FOLLOWER]: Becoming Follower/Learner. State: Replica: 4cc89e449f3e4236a1326a454983126b, State: Initialized, Role: FOLLOWER
I20260608 09:56:56.607394 15416 consensus_queue.cc:260] T adbd7f0cdc5249449a8bb2371146f72f P 4cc89e449f3e4236a1326a454983126b [NON_LEADER]: Queue going to NON_LEADER mode. State: All replicated index: 0, Majority replicated index: 0, Committed index: 0, Last appended: 0.0, Last appended by leader: 0, Current term: 0, Majority size: -1, State: 0, Mode: NON_LEADER, active raft config: opid_index: -1 OBSOLETE_local: false peers { permanent_uuid: "9c3d80464f694344bb6a33cc5e8357b7" member_type: VOTER last_known_addr { host: "127.11.232.193" port: 34251 } } peers { permanent_uuid: "4cc89e449f3e4236a1326a454983126b" member_type: VOTER last_known_addr { host: "127.11.232.194" port: 45463 } } peers { permanent_uuid: "d04f46f1eb704b5d9fa3961e1c083f65" member_type: VOTER last_known_addr { host: "127.11.232.195" port: 36397 } }
I20260608 09:56:56.610033 15416 ts_tablet_manager.cc:1434] T adbd7f0cdc5249449a8bb2371146f72f P 4cc89e449f3e4236a1326a454983126b: Time spent starting tablet: real 0.008s	user 0.008s	sys 0.000s
I20260608 09:56:56.613582 15420 ts_tablet_manager.cc:1434] T 497a66018567465ebd144852e926bbd4 P d04f46f1eb704b5d9fa3961e1c083f65: Time spent starting tablet: real 0.018s	user 0.006s	sys 0.000s
I20260608 09:56:56.614862 15420 tablet_bootstrap.cc:492] T fce38f647ddd481caa2b7fc1905600b8 P d04f46f1eb704b5d9fa3961e1c083f65: Bootstrap starting.
I20260608 09:56:56.622275 15420 tablet_bootstrap.cc:654] T fce38f647ddd481caa2b7fc1905600b8 P d04f46f1eb704b5d9fa3961e1c083f65: Neither blocks nor log segments found. Creating new log.
I20260608 09:56:56.626915 15420 tablet_bootstrap.cc:492] T fce38f647ddd481caa2b7fc1905600b8 P d04f46f1eb704b5d9fa3961e1c083f65: No bootstrap required, opened a new log
I20260608 09:56:56.627424 15420 ts_tablet_manager.cc:1403] T fce38f647ddd481caa2b7fc1905600b8 P d04f46f1eb704b5d9fa3961e1c083f65: Time spent bootstrapping tablet: real 0.013s	user 0.011s	sys 0.000s
I20260608 09:56:56.627535 15439 raft_consensus.cc:493] T 5b2a6dcad92246d2b513caa1e88eec4e P 4cc89e449f3e4236a1326a454983126b [term 0 FOLLOWER]: Starting pre-election (no leader contacted us within the election timeout)
I20260608 09:56:56.626972 15112 catalog_manager.cc:5696] T 43ad704d2a884fc480bef91aeea61338 P 4cc89e449f3e4236a1326a454983126b reported cstate change: term changed from 0 to 1, leader changed from <none> to 4cc89e449f3e4236a1326a454983126b (127.11.232.194). New cstate: current_term: 1 leader_uuid: "4cc89e449f3e4236a1326a454983126b" committed_config { opid_index: -1 OBSOLETE_local: false peers { permanent_uuid: "4cc89e449f3e4236a1326a454983126b" member_type: VOTER last_known_addr { host: "127.11.232.194" port: 45463 } health_report { overall_health: HEALTHY } } peers { permanent_uuid: "9c3d80464f694344bb6a33cc5e8357b7" member_type: VOTER last_known_addr { host: "127.11.232.193" port: 34251 } health_report { overall_health: UNKNOWN } } peers { permanent_uuid: "d04f46f1eb704b5d9fa3961e1c083f65" member_type: VOTER last_known_addr { host: "127.11.232.195" port: 36397 } health_report { overall_health: UNKNOWN } } }
I20260608 09:56:56.628042 15439 raft_consensus.cc:515] T 5b2a6dcad92246d2b513caa1e88eec4e P 4cc89e449f3e4236a1326a454983126b [term 0 FOLLOWER]: Starting pre-election with config: opid_index: -1 OBSOLETE_local: false peers { permanent_uuid: "4cc89e449f3e4236a1326a454983126b" member_type: VOTER last_known_addr { host: "127.11.232.194" port: 45463 } } peers { permanent_uuid: "9c3d80464f694344bb6a33cc5e8357b7" member_type: VOTER last_known_addr { host: "127.11.232.193" port: 34251 } } peers { permanent_uuid: "d04f46f1eb704b5d9fa3961e1c083f65" member_type: VOTER last_known_addr { host: "127.11.232.195" port: 36397 } }
I20260608 09:56:56.628682 15112 catalog_manager.cc:5696] T 88b28d4fea2f4562a2f318e9537db4b1 P 4cc89e449f3e4236a1326a454983126b reported cstate change: term changed from 0 to 1, leader changed from <none> to 4cc89e449f3e4236a1326a454983126b (127.11.232.194). New cstate: current_term: 1 leader_uuid: "4cc89e449f3e4236a1326a454983126b" committed_config { opid_index: -1 OBSOLETE_local: false peers { permanent_uuid: "9c3d80464f694344bb6a33cc5e8357b7" member_type: VOTER last_known_addr { host: "127.11.232.193" port: 34251 } health_report { overall_health: UNKNOWN } } peers { permanent_uuid: "4cc89e449f3e4236a1326a454983126b" member_type: VOTER last_known_addr { host: "127.11.232.194" port: 45463 } health_report { overall_health: HEALTHY } } peers { permanent_uuid: "d04f46f1eb704b5d9fa3961e1c083f65" member_type: VOTER last_known_addr { host: "127.11.232.195" port: 36397 } health_report { overall_health: UNKNOWN } } }
I20260608 09:56:56.630846 15439 leader_election.cc:290] T 5b2a6dcad92246d2b513caa1e88eec4e P 4cc89e449f3e4236a1326a454983126b [CANDIDATE]: Term 1 pre-election: Requested pre-vote from peers 9c3d80464f694344bb6a33cc5e8357b7 (127.11.232.193:34251), d04f46f1eb704b5d9fa3961e1c083f65 (127.11.232.195:36397)
I20260608 09:56:56.630712 15420 raft_consensus.cc:359] T fce38f647ddd481caa2b7fc1905600b8 P d04f46f1eb704b5d9fa3961e1c083f65 [term 0 FOLLOWER]: Replica starting. Triggering 0 pending ops. Active config: opid_index: -1 OBSOLETE_local: false peers { permanent_uuid: "4cc89e449f3e4236a1326a454983126b" member_type: VOTER last_known_addr { host: "127.11.232.194" port: 45463 } } peers { permanent_uuid: "9c3d80464f694344bb6a33cc5e8357b7" member_type: VOTER last_known_addr { host: "127.11.232.193" port: 34251 } } peers { permanent_uuid: "d04f46f1eb704b5d9fa3961e1c083f65" member_type: VOTER last_known_addr { host: "127.11.232.195" port: 36397 } }
I20260608 09:56:56.631443 15420 raft_consensus.cc:385] T fce38f647ddd481caa2b7fc1905600b8 P d04f46f1eb704b5d9fa3961e1c083f65 [term 0 FOLLOWER]: Consensus starting up: Expiring failure detector timer to make a prompt election more likely
I20260608 09:56:56.631664 15370 tablet_service.cc:1917] Received RequestConsensusVote() RPC: tablet_id: "5b2a6dcad92246d2b513caa1e88eec4e" candidate_uuid: "4cc89e449f3e4236a1326a454983126b" candidate_term: 1 candidate_status { last_received { term: 0 index: 0 } } ignore_live_leader: false dest_uuid: "d04f46f1eb704b5d9fa3961e1c083f65" is_pre_election: true
I20260608 09:56:56.631872 15420 raft_consensus.cc:740] T fce38f647ddd481caa2b7fc1905600b8 P d04f46f1eb704b5d9fa3961e1c083f65 [term 0 FOLLOWER]: Becoming Follower/Learner. State: Replica: d04f46f1eb704b5d9fa3961e1c083f65, State: Initialized, Role: FOLLOWER
I20260608 09:56:56.631753 15218 tablet_service.cc:1917] Received RequestConsensusVote() RPC: tablet_id: "5b2a6dcad92246d2b513caa1e88eec4e" candidate_uuid: "4cc89e449f3e4236a1326a454983126b" candidate_term: 1 candidate_status { last_received { term: 0 index: 0 } } ignore_live_leader: false dest_uuid: "9c3d80464f694344bb6a33cc5e8357b7" is_pre_election: true
I20260608 09:56:56.632279 15370 raft_consensus.cc:2468] T 5b2a6dcad92246d2b513caa1e88eec4e P d04f46f1eb704b5d9fa3961e1c083f65 [term 0 FOLLOWER]: Leader pre-election vote request: Granting yes vote for candidate 4cc89e449f3e4236a1326a454983126b in term 0.
I20260608 09:56:56.632592 15218 raft_consensus.cc:2468] T 5b2a6dcad92246d2b513caa1e88eec4e P 9c3d80464f694344bb6a33cc5e8357b7 [term 0 FOLLOWER]: Leader pre-election vote request: Granting yes vote for candidate 4cc89e449f3e4236a1326a454983126b in term 0.
I20260608 09:56:56.633033 15420 consensus_queue.cc:260] T fce38f647ddd481caa2b7fc1905600b8 P d04f46f1eb704b5d9fa3961e1c083f65 [NON_LEADER]: Queue going to NON_LEADER mode. State: All replicated index: 0, Majority replicated index: 0, Committed index: 0, Last appended: 0.0, Last appended by leader: 0, Current term: 0, Majority size: -1, State: 0, Mode: NON_LEADER, active raft config: opid_index: -1 OBSOLETE_local: false peers { permanent_uuid: "4cc89e449f3e4236a1326a454983126b" member_type: VOTER last_known_addr { host: "127.11.232.194" port: 45463 } } peers { permanent_uuid: "9c3d80464f694344bb6a33cc5e8357b7" member_type: VOTER last_known_addr { host: "127.11.232.193" port: 34251 } } peers { permanent_uuid: "d04f46f1eb704b5d9fa3961e1c083f65" member_type: VOTER last_known_addr { host: "127.11.232.195" port: 36397 } }
I20260608 09:56:56.633673 15259 leader_election.cc:304] T 5b2a6dcad92246d2b513caa1e88eec4e P 4cc89e449f3e4236a1326a454983126b [CANDIDATE]: Term 1 pre-election: Election decided. Result: candidate won. Election summary: received 2 responses out of 3 voters: 2 yes votes; 0 no votes. yes voters: 4cc89e449f3e4236a1326a454983126b, d04f46f1eb704b5d9fa3961e1c083f65; no voters: 
I20260608 09:56:56.634542 15439 raft_consensus.cc:2804] T 5b2a6dcad92246d2b513caa1e88eec4e P 4cc89e449f3e4236a1326a454983126b [term 0 FOLLOWER]: Leader pre-election won for term 1
I20260608 09:56:56.634927 15439 raft_consensus.cc:493] T 5b2a6dcad92246d2b513caa1e88eec4e P 4cc89e449f3e4236a1326a454983126b [term 0 FOLLOWER]: Starting leader election (no leader contacted us within the election timeout)
I20260608 09:56:56.635272 15439 raft_consensus.cc:3060] T 5b2a6dcad92246d2b513caa1e88eec4e P 4cc89e449f3e4236a1326a454983126b [term 0 FOLLOWER]: Advancing to term 1
I20260608 09:56:56.635797 15420 ts_tablet_manager.cc:1434] T fce38f647ddd481caa2b7fc1905600b8 P d04f46f1eb704b5d9fa3961e1c083f65: Time spent starting tablet: real 0.008s	user 0.005s	sys 0.003s
I20260608 09:56:56.636891 15420 tablet_bootstrap.cc:492] T adbd7f0cdc5249449a8bb2371146f72f P d04f46f1eb704b5d9fa3961e1c083f65: Bootstrap starting.
I20260608 09:56:56.638145 15452 raft_consensus.cc:493] T fce38f647ddd481caa2b7fc1905600b8 P d04f46f1eb704b5d9fa3961e1c083f65 [term 0 FOLLOWER]: Starting pre-election (no leader contacted us within the election timeout)
I20260608 09:56:56.638645 15452 raft_consensus.cc:515] T fce38f647ddd481caa2b7fc1905600b8 P d04f46f1eb704b5d9fa3961e1c083f65 [term 0 FOLLOWER]: Starting pre-election with config: opid_index: -1 OBSOLETE_local: false peers { permanent_uuid: "4cc89e449f3e4236a1326a454983126b" member_type: VOTER last_known_addr { host: "127.11.232.194" port: 45463 } } peers { permanent_uuid: "9c3d80464f694344bb6a33cc5e8357b7" member_type: VOTER last_known_addr { host: "127.11.232.193" port: 34251 } } peers { permanent_uuid: "d04f46f1eb704b5d9fa3961e1c083f65" member_type: VOTER last_known_addr { host: "127.11.232.195" port: 36397 } }
I20260608 09:56:56.641032 15452 leader_election.cc:290] T fce38f647ddd481caa2b7fc1905600b8 P d04f46f1eb704b5d9fa3961e1c083f65 [CANDIDATE]: Term 1 pre-election: Requested pre-vote from peers 4cc89e449f3e4236a1326a454983126b (127.11.232.194:45463), 9c3d80464f694344bb6a33cc5e8357b7 (127.11.232.193:34251)
I20260608 09:56:56.642305 15218 tablet_service.cc:1917] Received RequestConsensusVote() RPC: tablet_id: "fce38f647ddd481caa2b7fc1905600b8" candidate_uuid: "d04f46f1eb704b5d9fa3961e1c083f65" candidate_term: 1 candidate_status { last_received { term: 0 index: 0 } } ignore_live_leader: false dest_uuid: "9c3d80464f694344bb6a33cc5e8357b7" is_pre_election: true
I20260608 09:56:56.642524 15294 tablet_service.cc:1917] Received RequestConsensusVote() RPC: tablet_id: "fce38f647ddd481caa2b7fc1905600b8" candidate_uuid: "d04f46f1eb704b5d9fa3961e1c083f65" candidate_term: 1 candidate_status { last_received { term: 0 index: 0 } } ignore_live_leader: false dest_uuid: "4cc89e449f3e4236a1326a454983126b" is_pre_election: true
I20260608 09:56:56.644603 15294 raft_consensus.cc:2393] T fce38f647ddd481caa2b7fc1905600b8 P 4cc89e449f3e4236a1326a454983126b [term 1 FOLLOWER]: Leader pre-election vote request: Denying vote to candidate d04f46f1eb704b5d9fa3961e1c083f65 in current term 1: Already voted for candidate 9c3d80464f694344bb6a33cc5e8357b7 in this term.
I20260608 09:56:56.642258 15439 raft_consensus.cc:515] T 5b2a6dcad92246d2b513caa1e88eec4e P 4cc89e449f3e4236a1326a454983126b [term 1 FOLLOWER]: Starting leader election with config: opid_index: -1 OBSOLETE_local: false peers { permanent_uuid: "4cc89e449f3e4236a1326a454983126b" member_type: VOTER last_known_addr { host: "127.11.232.194" port: 45463 } } peers { permanent_uuid: "9c3d80464f694344bb6a33cc5e8357b7" member_type: VOTER last_known_addr { host: "127.11.232.193" port: 34251 } } peers { permanent_uuid: "d04f46f1eb704b5d9fa3961e1c083f65" member_type: VOTER last_known_addr { host: "127.11.232.195" port: 36397 } }
I20260608 09:56:56.647221 15334 leader_election.cc:304] T fce38f647ddd481caa2b7fc1905600b8 P d04f46f1eb704b5d9fa3961e1c083f65 [CANDIDATE]: Term 1 pre-election: Election decided. Result: candidate lost. Election summary: received 3 responses out of 3 voters: 1 yes votes; 2 no votes. yes voters: d04f46f1eb704b5d9fa3961e1c083f65; no voters: 4cc89e449f3e4236a1326a454983126b, 9c3d80464f694344bb6a33cc5e8357b7
I20260608 09:56:56.647522 15420 tablet_bootstrap.cc:654] T adbd7f0cdc5249449a8bb2371146f72f P d04f46f1eb704b5d9fa3961e1c083f65: Neither blocks nor log segments found. Creating new log.
I20260608 09:56:56.647754 15218 tablet_service.cc:1917] Received RequestConsensusVote() RPC: tablet_id: "5b2a6dcad92246d2b513caa1e88eec4e" candidate_uuid: "4cc89e449f3e4236a1326a454983126b" candidate_term: 1 candidate_status { last_received { term: 0 index: 0 } } ignore_live_leader: false dest_uuid: "9c3d80464f694344bb6a33cc5e8357b7"
I20260608 09:56:56.648078 15452 raft_consensus.cc:3060] T fce38f647ddd481caa2b7fc1905600b8 P d04f46f1eb704b5d9fa3961e1c083f65 [term 0 FOLLOWER]: Advancing to term 1
I20260608 09:56:56.648325 15218 raft_consensus.cc:3060] T 5b2a6dcad92246d2b513caa1e88eec4e P 9c3d80464f694344bb6a33cc5e8357b7 [term 0 FOLLOWER]: Advancing to term 1
I20260608 09:56:56.650303 15439 leader_election.cc:290] T 5b2a6dcad92246d2b513caa1e88eec4e P 4cc89e449f3e4236a1326a454983126b [CANDIDATE]: Term 1 election: Requested vote from peers 9c3d80464f694344bb6a33cc5e8357b7 (127.11.232.193:34251), d04f46f1eb704b5d9fa3961e1c083f65 (127.11.232.195:36397)
I20260608 09:56:56.651563 15370 tablet_service.cc:1917] Received RequestConsensusVote() RPC: tablet_id: "5b2a6dcad92246d2b513caa1e88eec4e" candidate_uuid: "4cc89e449f3e4236a1326a454983126b" candidate_term: 1 candidate_status { last_received { term: 0 index: 0 } } ignore_live_leader: false dest_uuid: "d04f46f1eb704b5d9fa3961e1c083f65"
I20260608 09:56:56.652144 15370 raft_consensus.cc:3060] T 5b2a6dcad92246d2b513caa1e88eec4e P d04f46f1eb704b5d9fa3961e1c083f65 [term 0 FOLLOWER]: Advancing to term 1
I20260608 09:56:56.654840 15218 raft_consensus.cc:2468] T 5b2a6dcad92246d2b513caa1e88eec4e P 9c3d80464f694344bb6a33cc5e8357b7 [term 1 FOLLOWER]: Leader election vote request: Granting yes vote for candidate 4cc89e449f3e4236a1326a454983126b in term 1.
I20260608 09:56:56.656174 15257 leader_election.cc:304] T 5b2a6dcad92246d2b513caa1e88eec4e P 4cc89e449f3e4236a1326a454983126b [CANDIDATE]: Term 1 election: Election decided. Result: candidate won. Election summary: received 2 responses out of 3 voters: 2 yes votes; 0 no votes. yes voters: 4cc89e449f3e4236a1326a454983126b, 9c3d80464f694344bb6a33cc5e8357b7; no voters: 
I20260608 09:56:56.656695 15452 raft_consensus.cc:2749] T fce38f647ddd481caa2b7fc1905600b8 P d04f46f1eb704b5d9fa3961e1c083f65 [term 1 FOLLOWER]: Leader pre-election lost for term 1. Reason: could not achieve majority
I20260608 09:56:56.657009 15439 raft_consensus.cc:2804] T 5b2a6dcad92246d2b513caa1e88eec4e P 4cc89e449f3e4236a1326a454983126b [term 1 FOLLOWER]: Leader election won for term 1
I20260608 09:56:56.657681 15439 raft_consensus.cc:697] T 5b2a6dcad92246d2b513caa1e88eec4e P 4cc89e449f3e4236a1326a454983126b [term 1 LEADER]: Becoming Leader. State: Replica: 4cc89e449f3e4236a1326a454983126b, State: Running, Role: LEADER
I20260608 09:56:56.658476 15370 raft_consensus.cc:2468] T 5b2a6dcad92246d2b513caa1e88eec4e P d04f46f1eb704b5d9fa3961e1c083f65 [term 1 FOLLOWER]: Leader election vote request: Granting yes vote for candidate 4cc89e449f3e4236a1326a454983126b in term 1.
I20260608 09:56:56.658506 15439 consensus_queue.cc:237] T 5b2a6dcad92246d2b513caa1e88eec4e P 4cc89e449f3e4236a1326a454983126b [LEADER]: Queue going to LEADER mode. State: All replicated index: 0, Majority replicated index: 0, Committed index: 0, Last appended: 0.0, Last appended by leader: 0, Current term: 1, Majority size: 2, State: 0, Mode: LEADER, active raft config: opid_index: -1 OBSOLETE_local: false peers { permanent_uuid: "4cc89e449f3e4236a1326a454983126b" member_type: VOTER last_known_addr { host: "127.11.232.194" port: 45463 } } peers { permanent_uuid: "9c3d80464f694344bb6a33cc5e8357b7" member_type: VOTER last_known_addr { host: "127.11.232.193" port: 34251 } } peers { permanent_uuid: "d04f46f1eb704b5d9fa3961e1c083f65" member_type: VOTER last_known_addr { host: "127.11.232.195" port: 36397 } }
I20260608 09:56:56.661780 15420 tablet_bootstrap.cc:492] T adbd7f0cdc5249449a8bb2371146f72f P d04f46f1eb704b5d9fa3961e1c083f65: No bootstrap required, opened a new log
I20260608 09:56:56.662310 15420 ts_tablet_manager.cc:1403] T adbd7f0cdc5249449a8bb2371146f72f P d04f46f1eb704b5d9fa3961e1c083f65: Time spent bootstrapping tablet: real 0.026s	user 0.010s	sys 0.000s
I20260608 09:56:56.665019 15420 raft_consensus.cc:359] T adbd7f0cdc5249449a8bb2371146f72f P d04f46f1eb704b5d9fa3961e1c083f65 [term 0 FOLLOWER]: Replica starting. Triggering 0 pending ops. Active config: opid_index: -1 OBSOLETE_local: false peers { permanent_uuid: "9c3d80464f694344bb6a33cc5e8357b7" member_type: VOTER last_known_addr { host: "127.11.232.193" port: 34251 } } peers { permanent_uuid: "4cc89e449f3e4236a1326a454983126b" member_type: VOTER last_known_addr { host: "127.11.232.194" port: 45463 } } peers { permanent_uuid: "d04f46f1eb704b5d9fa3961e1c083f65" member_type: VOTER last_known_addr { host: "127.11.232.195" port: 36397 } }
I20260608 09:56:56.665467 15420 raft_consensus.cc:385] T adbd7f0cdc5249449a8bb2371146f72f P d04f46f1eb704b5d9fa3961e1c083f65 [term 0 FOLLOWER]: Consensus starting up: Expiring failure detector timer to make a prompt election more likely
I20260608 09:56:56.665673 15420 raft_consensus.cc:740] T adbd7f0cdc5249449a8bb2371146f72f P d04f46f1eb704b5d9fa3961e1c083f65 [term 0 FOLLOWER]: Becoming Follower/Learner. State: Replica: d04f46f1eb704b5d9fa3961e1c083f65, State: Initialized, Role: FOLLOWER
I20260608 09:56:56.666186 15420 consensus_queue.cc:260] T adbd7f0cdc5249449a8bb2371146f72f P d04f46f1eb704b5d9fa3961e1c083f65 [NON_LEADER]: Queue going to NON_LEADER mode. State: All replicated index: 0, Majority replicated index: 0, Committed index: 0, Last appended: 0.0, Last appended by leader: 0, Current term: 0, Majority size: -1, State: 0, Mode: NON_LEADER, active raft config: opid_index: -1 OBSOLETE_local: false peers { permanent_uuid: "9c3d80464f694344bb6a33cc5e8357b7" member_type: VOTER last_known_addr { host: "127.11.232.193" port: 34251 } } peers { permanent_uuid: "4cc89e449f3e4236a1326a454983126b" member_type: VOTER last_known_addr { host: "127.11.232.194" port: 45463 } } peers { permanent_uuid: "d04f46f1eb704b5d9fa3961e1c083f65" member_type: VOTER last_known_addr { host: "127.11.232.195" port: 36397 } }
I20260608 09:56:56.666689 15112 catalog_manager.cc:5696] T 5b2a6dcad92246d2b513caa1e88eec4e P 4cc89e449f3e4236a1326a454983126b reported cstate change: term changed from 0 to 1, leader changed from <none> to 4cc89e449f3e4236a1326a454983126b (127.11.232.194). New cstate: current_term: 1 leader_uuid: "4cc89e449f3e4236a1326a454983126b" committed_config { opid_index: -1 OBSOLETE_local: false peers { permanent_uuid: "4cc89e449f3e4236a1326a454983126b" member_type: VOTER last_known_addr { host: "127.11.232.194" port: 45463 } health_report { overall_health: HEALTHY } } peers { permanent_uuid: "9c3d80464f694344bb6a33cc5e8357b7" member_type: VOTER last_known_addr { host: "127.11.232.193" port: 34251 } health_report { overall_health: UNKNOWN } } peers { permanent_uuid: "d04f46f1eb704b5d9fa3961e1c083f65" member_type: VOTER last_known_addr { host: "127.11.232.195" port: 36397 } health_report { overall_health: UNKNOWN } } }
I20260608 09:56:56.667693 15420 ts_tablet_manager.cc:1434] T adbd7f0cdc5249449a8bb2371146f72f P d04f46f1eb704b5d9fa3961e1c083f65: Time spent starting tablet: real 0.005s	user 0.007s	sys 0.000s
I20260608 09:56:56.680850 15419 raft_consensus.cc:493] T 497a66018567465ebd144852e926bbd4 P 9c3d80464f694344bb6a33cc5e8357b7 [term 0 FOLLOWER]: Starting pre-election (no leader contacted us within the election timeout)
I20260608 09:56:56.681325 15419 raft_consensus.cc:515] T 497a66018567465ebd144852e926bbd4 P 9c3d80464f694344bb6a33cc5e8357b7 [term 0 FOLLOWER]: Starting pre-election with config: opid_index: -1 OBSOLETE_local: false peers { permanent_uuid: "9c3d80464f694344bb6a33cc5e8357b7" member_type: VOTER last_known_addr { host: "127.11.232.193" port: 34251 } } peers { permanent_uuid: "4cc89e449f3e4236a1326a454983126b" member_type: VOTER last_known_addr { host: "127.11.232.194" port: 45463 } } peers { permanent_uuid: "d04f46f1eb704b5d9fa3961e1c083f65" member_type: VOTER last_known_addr { host: "127.11.232.195" port: 36397 } }
I20260608 09:56:56.683117 15419 leader_election.cc:290] T 497a66018567465ebd144852e926bbd4 P 9c3d80464f694344bb6a33cc5e8357b7 [CANDIDATE]: Term 1 pre-election: Requested pre-vote from peers 4cc89e449f3e4236a1326a454983126b (127.11.232.194:45463), d04f46f1eb704b5d9fa3961e1c083f65 (127.11.232.195:36397)
