W20260608 09:55:54.917194 13428 instance_detector.cc:116] could not retrieve AWS instance metadata: Network error: curl error: HTTP response code said error: The requested URL returned error: 404
I20260608 09:55:54.920097 13425 sys_catalog.cc:422] member_type: VOTER last_known_addr { host: "127.11.232.254" port: 34433 } has no permanent_uuid. Determining permanent_uuid...
W20260608 09:55:54.921000 13429 instance_detector.cc:116] could not retrieve Azure instance metadata: Network error: curl error: HTTP response code said error: The requested URL returned error: 404
W20260608 09:55:54.925511 13431 instance_detector.cc:116] could not retrieve OpenStack instance metadata: Network error: curl error: HTTP response code said error: The requested URL returned error: 404
I20260608 09:55:54.926896 12195 server_base.cc:1061] running on GCE node
I20260608 09:55:54.927873 12195 hybrid_clock.cc:584] initializing the hybrid clock with 'system_unsync' time source
W20260608 09:55:54.928179 12195 system_unsync_time.cc:38] NTP support is disabled. Clock error bounds will not be accurate. This configuration is not suitable for distributed clusters.
I20260608 09:55:54.928208 13360 sys_catalog.cc:422] member_type: VOTER last_known_addr { host: "127.11.232.252" port: 46495 } has no permanent_uuid. Determining permanent_uuid...
I20260608 09:55:54.928524 12195 hybrid_clock.cc:648] HybridClock initialized: now 1780912554928501 us; error 0 us; skew 500 ppm
I20260608 09:55:54.929399 12195 server_base.cc:861] Flag tcmalloc_max_total_thread_cache_bytes is not working since tcmalloc is not enabled.
I20260608 09:55:54.933811 12195 webserver.cc:533] Webserver started at http://127.11.232.252:38267/ using document root <none> and password file <none>
I20260608 09:55:54.934522 12195 fs_manager.cc:362] Metadata directory not provided
W20260608 09:55:54.934564 13360 consensus_peers.cc:760] Error getting permanent uuid from config peer 127.11.232.252:46495: Network error: Client connection negotiation failed: client connection to 127.11.232.252:46495: connect: Connection refused (error 111)
I20260608 09:55:54.934757 12195 fs_manager.cc:368] Using write-ahead log directory (fs_wal_dir) as metadata directory
I20260608 09:55:54.935168 12195 server_base.cc:909] This appears to be a new deployment of Kudu; creating new FS layout
I20260608 09:55:54.936458 12195 fs_manager.cc:1068] Generated new instance metadata in path /tmp/dist-test-taskarBHCI/test-tmp/auto_rebalancer-test.0.AutoRebalancerTest.NextLeaderResumesAutoRebalancing.1780912533924945-12195-0/minicluster-data/master-2-root/instance:
uuid: "b04a109fbc0c40b3bbef1e413ce33624"
format_stamp: "Formatted at 2026-06-08 09:55:54 on dist-test-slave-tpgn"
I20260608 09:55:54.937294 13425 sys_catalog.cc:422] member_type: VOTER last_known_addr { host: "127.11.232.253" port: 39427 } has no permanent_uuid. Determining permanent_uuid...
I20260608 09:55:54.941573 12195 fs_manager.cc:696] Time spent creating directory manager: real 0.005s	user 0.005s	sys 0.000s
I20260608 09:55:54.946123 13437 log_block_manager.cc:4031] Time spent loading block containers with low live blocks: real 0.000s	user 0.000s	sys 0.000s
I20260608 09:55:54.947048 12195 fs_manager.cc:730] Time spent opening block manager: real 0.003s	user 0.002s	sys 0.000s
I20260608 09:55:54.947340 12195 fs_manager.cc:647] Opened local filesystem: /tmp/dist-test-taskarBHCI/test-tmp/auto_rebalancer-test.0.AutoRebalancerTest.NextLeaderResumesAutoRebalancing.1780912533924945-12195-0/minicluster-data/master-2-root
uuid: "b04a109fbc0c40b3bbef1e413ce33624"
format_stamp: "Formatted at 2026-06-08 09:55:54 on dist-test-slave-tpgn"
I20260608 09:55:54.947642 12195 fs_report.cc:389] FS layout report
--------------------
wal directory: /tmp/dist-test-taskarBHCI/test-tmp/auto_rebalancer-test.0.AutoRebalancerTest.NextLeaderResumesAutoRebalancing.1780912533924945-12195-0/minicluster-data/master-2-root
metadata directory: /tmp/dist-test-taskarBHCI/test-tmp/auto_rebalancer-test.0.AutoRebalancerTest.NextLeaderResumesAutoRebalancing.1780912533924945-12195-0/minicluster-data/master-2-root
1 data directories: /tmp/dist-test-taskarBHCI/test-tmp/auto_rebalancer-test.0.AutoRebalancerTest.NextLeaderResumesAutoRebalancing.1780912533924945-12195-0/minicluster-data/master-2-root/data
Total live blocks: 0
Total live bytes: 0
Total live bytes (after alignment): 0
Total number of LBM containers: 0 (0 full)
Did not check for missing blocks
Did not check for orphaned blocks
Total full LBM containers with extra space: 0 (0 repaired)
Total full LBM container extra space in bytes: 0 (0 repaired)
Total incomplete LBM containers: 0 (0 repaired)
Total LBM partial records: 0 (0 repaired)
Total corrupted LBM metadata records in RocksDB: 0 (0 repaired)
I20260608 09:55:54.948143 13425 sys_catalog.cc:422] member_type: VOTER last_known_addr { host: "127.11.232.252" port: 46495 } has no permanent_uuid. Determining permanent_uuid...
W20260608 09:55:54.954737 13425 consensus_peers.cc:760] Error getting permanent uuid from config peer 127.11.232.252:46495: Network error: Client connection negotiation failed: client connection to 127.11.232.252:46495: connect: Connection refused (error 111)
I20260608 09:55:54.980111 12195 rpc_server.cc:225] running with OpenSSL 1.1.1  11 Sep 2018
I20260608 09:55:54.981387 12195 kserver.cc:163] Server-wide thread pool size limit: 3276
I20260608 09:55:54.984201 13425 consensus_peers.cc:770] Retrying to get permanent uuid for remote peer: member_type: VOTER last_known_addr { host: "127.11.232.252" port: 46495 } attempt: 1
W20260608 09:55:54.988821 13425 consensus_peers.cc:760] Error getting permanent uuid from config peer 127.11.232.252:46495: Network error: Client connection negotiation failed: client connection to 127.11.232.252:46495: connect: Connection refused (error 111)
I20260608 09:55:54.992133 13360 consensus_peers.cc:770] Retrying to get permanent uuid for remote peer: member_type: VOTER last_known_addr { host: "127.11.232.252" port: 46495 } attempt: 1
W20260608 09:55:54.997807 13360 consensus_peers.cc:760] Error getting permanent uuid from config peer 127.11.232.252:46495: Network error: Client connection negotiation failed: client connection to 127.11.232.252:46495: connect: Connection refused (error 111)
I20260608 09:55:55.021536 12195 rpc_server.cc:307] RPC server started. Bound to: 127.11.232.252:46495
I20260608 09:55:55.021641 13490 acceptor_pool.cc:272] collecting diagnostics on the listening RPC socket 127.11.232.252:46495 every 8 connection(s)
I20260608 09:55:55.024670 12195 internal_mini_cluster.cc:184] Waiting to initialize catalog manager on master 0
I20260608 09:55:55.025749 13491 data_dirs.cc:400] Could only allocate 1 dirs of requested 3 for tablet 00000000000000000000000000000000. 1 dirs total, 0 dirs full, 0 dirs failed
I20260608 09:55:55.031379 13491 sys_catalog.cc:422] member_type: VOTER last_known_addr { host: "127.11.232.254" port: 34433 } has no permanent_uuid. Determining permanent_uuid...
I20260608 09:55:55.035367 13425 consensus_peers.cc:770] Retrying to get permanent uuid for remote peer: member_type: VOTER last_known_addr { host: "127.11.232.252" port: 46495 } attempt: 2
I20260608 09:55:55.044025 13491 sys_catalog.cc:422] member_type: VOTER last_known_addr { host: "127.11.232.253" port: 39427 } has no permanent_uuid. Determining permanent_uuid...
I20260608 09:55:55.053825 13425 tablet_bootstrap.cc:492] T 00000000000000000000000000000000 P d8db82a8bff14661aa0ad771c2da903c: Bootstrap starting.
I20260608 09:55:55.054870 13491 sys_catalog.cc:422] member_type: VOTER last_known_addr { host: "127.11.232.252" port: 46495 } has no permanent_uuid. Determining permanent_uuid...
I20260608 09:55:55.059820 13425 tablet_bootstrap.cc:654] T 00000000000000000000000000000000 P d8db82a8bff14661aa0ad771c2da903c: Neither blocks nor log segments found. Creating new log.
I20260608 09:55:55.064729 13425 tablet_bootstrap.cc:492] T 00000000000000000000000000000000 P d8db82a8bff14661aa0ad771c2da903c: No bootstrap required, opened a new log
I20260608 09:55:55.067068 13425 raft_consensus.cc:359] T 00000000000000000000000000000000 P d8db82a8bff14661aa0ad771c2da903c [term 0 FOLLOWER]: Replica starting. Triggering 0 pending ops. Active config: opid_index: -1 OBSOLETE_local: false peers { permanent_uuid: "fa28bd5c25f54a82b76cf40b417dc0d0" member_type: VOTER last_known_addr { host: "127.11.232.254" port: 34433 } } peers { permanent_uuid: "d8db82a8bff14661aa0ad771c2da903c" member_type: VOTER last_known_addr { host: "127.11.232.253" port: 39427 } } peers { permanent_uuid: "b04a109fbc0c40b3bbef1e413ce33624" member_type: VOTER last_known_addr { host: "127.11.232.252" port: 46495 } }
I20260608 09:55:55.067639 13425 raft_consensus.cc:385] T 00000000000000000000000000000000 P d8db82a8bff14661aa0ad771c2da903c [term 0 FOLLOWER]: Consensus starting up: Expiring failure detector timer to make a prompt election more likely
I20260608 09:55:55.067869 13425 raft_consensus.cc:740] T 00000000000000000000000000000000 P d8db82a8bff14661aa0ad771c2da903c [term 0 FOLLOWER]: Becoming Follower/Learner. State: Replica: d8db82a8bff14661aa0ad771c2da903c, State: Initialized, Role: FOLLOWER
I20260608 09:55:55.068331 13360 consensus_peers.cc:770] Retrying to get permanent uuid for remote peer: member_type: VOTER last_known_addr { host: "127.11.232.252" port: 46495 } attempt: 2
I20260608 09:55:55.068568 13425 consensus_queue.cc:260] T 00000000000000000000000000000000 P d8db82a8bff14661aa0ad771c2da903c [NON_LEADER]: Queue going to NON_LEADER mode. State: All replicated index: 0, Majority replicated index: 0, Committed index: 0, Last appended: 0.0, Last appended by leader: 0, Current term: 0, Majority size: -1, State: 0, Mode: NON_LEADER, active raft config: opid_index: -1 OBSOLETE_local: false peers { permanent_uuid: "fa28bd5c25f54a82b76cf40b417dc0d0" member_type: VOTER last_known_addr { host: "127.11.232.254" port: 34433 } } peers { permanent_uuid: "d8db82a8bff14661aa0ad771c2da903c" member_type: VOTER last_known_addr { host: "127.11.232.253" port: 39427 } } peers { permanent_uuid: "b04a109fbc0c40b3bbef1e413ce33624" member_type: VOTER last_known_addr { host: "127.11.232.252" port: 46495 } }
I20260608 09:55:55.070523 13491 tablet_bootstrap.cc:492] T 00000000000000000000000000000000 P b04a109fbc0c40b3bbef1e413ce33624: Bootstrap starting.
I20260608 09:55:55.071992 13496 sys_catalog.cc:455] T 00000000000000000000000000000000 P d8db82a8bff14661aa0ad771c2da903c [sys.catalog]: SysCatalogTable state changed. Reason: RaftConsensus started. Latest consensus state: current_term: 0 committed_config { opid_index: -1 OBSOLETE_local: false peers { permanent_uuid: "fa28bd5c25f54a82b76cf40b417dc0d0" member_type: VOTER last_known_addr { host: "127.11.232.254" port: 34433 } } peers { permanent_uuid: "d8db82a8bff14661aa0ad771c2da903c" member_type: VOTER last_known_addr { host: "127.11.232.253" port: 39427 } } peers { permanent_uuid: "b04a109fbc0c40b3bbef1e413ce33624" member_type: VOTER last_known_addr { host: "127.11.232.252" port: 46495 } } }
I20260608 09:55:55.072696 13496 sys_catalog.cc:458] T 00000000000000000000000000000000 P d8db82a8bff14661aa0ad771c2da903c [sys.catalog]: This master's current role is: FOLLOWER
I20260608 09:55:55.073398 13425 sys_catalog.cc:565] T 00000000000000000000000000000000 P d8db82a8bff14661aa0ad771c2da903c [sys.catalog]: configured and running, proceeding with master startup.
I20260608 09:55:55.076397 13491 tablet_bootstrap.cc:654] T 00000000000000000000000000000000 P b04a109fbc0c40b3bbef1e413ce33624: Neither blocks nor log segments found. Creating new log.
I20260608 09:55:55.083986 13491 tablet_bootstrap.cc:492] T 00000000000000000000000000000000 P b04a109fbc0c40b3bbef1e413ce33624: No bootstrap required, opened a new log
I20260608 09:55:55.086282 13491 raft_consensus.cc:359] T 00000000000000000000000000000000 P b04a109fbc0c40b3bbef1e413ce33624 [term 0 FOLLOWER]: Replica starting. Triggering 0 pending ops. Active config: opid_index: -1 OBSOLETE_local: false peers { permanent_uuid: "fa28bd5c25f54a82b76cf40b417dc0d0" member_type: VOTER last_known_addr { host: "127.11.232.254" port: 34433 } } peers { permanent_uuid: "d8db82a8bff14661aa0ad771c2da903c" member_type: VOTER last_known_addr { host: "127.11.232.253" port: 39427 } } peers { permanent_uuid: "b04a109fbc0c40b3bbef1e413ce33624" member_type: VOTER last_known_addr { host: "127.11.232.252" port: 46495 } }
I20260608 09:55:55.086791 13491 raft_consensus.cc:385] T 00000000000000000000000000000000 P b04a109fbc0c40b3bbef1e413ce33624 [term 0 FOLLOWER]: Consensus starting up: Expiring failure detector timer to make a prompt election more likely
I20260608 09:55:55.087332 13491 raft_consensus.cc:740] T 00000000000000000000000000000000 P b04a109fbc0c40b3bbef1e413ce33624 [term 0 FOLLOWER]: Becoming Follower/Learner. State: Replica: b04a109fbc0c40b3bbef1e413ce33624, State: Initialized, Role: FOLLOWER
I20260608 09:55:55.088320 13491 consensus_queue.cc:260] T 00000000000000000000000000000000 P b04a109fbc0c40b3bbef1e413ce33624 [NON_LEADER]: Queue going to NON_LEADER mode. State: All replicated index: 0, Majority replicated index: 0, Committed index: 0, Last appended: 0.0, Last appended by leader: 0, Current term: 0, Majority size: -1, State: 0, Mode: NON_LEADER, active raft config: opid_index: -1 OBSOLETE_local: false peers { permanent_uuid: "fa28bd5c25f54a82b76cf40b417dc0d0" member_type: VOTER last_known_addr { host: "127.11.232.254" port: 34433 } } peers { permanent_uuid: "d8db82a8bff14661aa0ad771c2da903c" member_type: VOTER last_known_addr { host: "127.11.232.253" port: 39427 } } peers { permanent_uuid: "b04a109fbc0c40b3bbef1e413ce33624" member_type: VOTER last_known_addr { host: "127.11.232.252" port: 46495 } }
I20260608 09:55:55.091584 13360 tablet_bootstrap.cc:492] T 00000000000000000000000000000000 P fa28bd5c25f54a82b76cf40b417dc0d0: Bootstrap starting.
I20260608 09:55:55.092448 13509 sys_catalog.cc:455] T 00000000000000000000000000000000 P b04a109fbc0c40b3bbef1e413ce33624 [sys.catalog]: SysCatalogTable state changed. Reason: RaftConsensus started. Latest consensus state: current_term: 0 committed_config { opid_index: -1 OBSOLETE_local: false peers { permanent_uuid: "fa28bd5c25f54a82b76cf40b417dc0d0" member_type: VOTER last_known_addr { host: "127.11.232.254" port: 34433 } } peers { permanent_uuid: "d8db82a8bff14661aa0ad771c2da903c" member_type: VOTER last_known_addr { host: "127.11.232.253" port: 39427 } } peers { permanent_uuid: "b04a109fbc0c40b3bbef1e413ce33624" member_type: VOTER last_known_addr { host: "127.11.232.252" port: 46495 } } }
I20260608 09:55:55.093250 13509 sys_catalog.cc:458] T 00000000000000000000000000000000 P b04a109fbc0c40b3bbef1e413ce33624 [sys.catalog]: This master's current role is: FOLLOWER
I20260608 09:55:55.094027 13491 sys_catalog.cc:565] T 00000000000000000000000000000000 P b04a109fbc0c40b3bbef1e413ce33624 [sys.catalog]: configured and running, proceeding with master startup.
W20260608 09:55:55.095095 13508 catalog_manager.cc:1593] T 00000000000000000000000000000000 P d8db82a8bff14661aa0ad771c2da903c: loading cluster ID for follower catalog manager: Not found: cluster ID entry not found
W20260608 09:55:55.095463 13508 catalog_manager.cc:883] Not found: cluster ID entry not found: failed to prepare follower catalog manager, will retry
I20260608 09:55:55.098258 13360 tablet_bootstrap.cc:654] T 00000000000000000000000000000000 P fa28bd5c25f54a82b76cf40b417dc0d0: Neither blocks nor log segments found. Creating new log.
I20260608 09:55:55.103304 13360 tablet_bootstrap.cc:492] T 00000000000000000000000000000000 P fa28bd5c25f54a82b76cf40b417dc0d0: No bootstrap required, opened a new log
I20260608 09:55:55.106220 13360 raft_consensus.cc:359] T 00000000000000000000000000000000 P fa28bd5c25f54a82b76cf40b417dc0d0 [term 0 FOLLOWER]: Replica starting. Triggering 0 pending ops. Active config: opid_index: -1 OBSOLETE_local: false peers { permanent_uuid: "fa28bd5c25f54a82b76cf40b417dc0d0" member_type: VOTER last_known_addr { host: "127.11.232.254" port: 34433 } } peers { permanent_uuid: "d8db82a8bff14661aa0ad771c2da903c" member_type: VOTER last_known_addr { host: "127.11.232.253" port: 39427 } } peers { permanent_uuid: "b04a109fbc0c40b3bbef1e413ce33624" member_type: VOTER last_known_addr { host: "127.11.232.252" port: 46495 } }
I20260608 09:55:55.107010 13360 raft_consensus.cc:385] T 00000000000000000000000000000000 P fa28bd5c25f54a82b76cf40b417dc0d0 [term 0 FOLLOWER]: Consensus starting up: Expiring failure detector timer to make a prompt election more likely
I20260608 09:55:55.107365 13360 raft_consensus.cc:740] T 00000000000000000000000000000000 P fa28bd5c25f54a82b76cf40b417dc0d0 [term 0 FOLLOWER]: Becoming Follower/Learner. State: Replica: fa28bd5c25f54a82b76cf40b417dc0d0, State: Initialized, Role: FOLLOWER
I20260608 09:55:55.108211 13360 consensus_queue.cc:260] T 00000000000000000000000000000000 P fa28bd5c25f54a82b76cf40b417dc0d0 [NON_LEADER]: Queue going to NON_LEADER mode. State: All replicated index: 0, Majority replicated index: 0, Committed index: 0, Last appended: 0.0, Last appended by leader: 0, Current term: 0, Majority size: -1, State: 0, Mode: NON_LEADER, active raft config: opid_index: -1 OBSOLETE_local: false peers { permanent_uuid: "fa28bd5c25f54a82b76cf40b417dc0d0" member_type: VOTER last_known_addr { host: "127.11.232.254" port: 34433 } } peers { permanent_uuid: "d8db82a8bff14661aa0ad771c2da903c" member_type: VOTER last_known_addr { host: "127.11.232.253" port: 39427 } } peers { permanent_uuid: "b04a109fbc0c40b3bbef1e413ce33624" member_type: VOTER last_known_addr { host: "127.11.232.252" port: 46495 } }
I20260608 09:55:55.110483 13522 sys_catalog.cc:455] T 00000000000000000000000000000000 P fa28bd5c25f54a82b76cf40b417dc0d0 [sys.catalog]: SysCatalogTable state changed. Reason: RaftConsensus started. Latest consensus state: current_term: 0 committed_config { opid_index: -1 OBSOLETE_local: false peers { permanent_uuid: "fa28bd5c25f54a82b76cf40b417dc0d0" member_type: VOTER last_known_addr { host: "127.11.232.254" port: 34433 } } peers { permanent_uuid: "d8db82a8bff14661aa0ad771c2da903c" member_type: VOTER last_known_addr { host: "127.11.232.253" port: 39427 } } peers { permanent_uuid: "b04a109fbc0c40b3bbef1e413ce33624" member_type: VOTER last_known_addr { host: "127.11.232.252" port: 46495 } } }
I20260608 09:55:55.111222 13522 sys_catalog.cc:458] T 00000000000000000000000000000000 P fa28bd5c25f54a82b76cf40b417dc0d0 [sys.catalog]: This master's current role is: FOLLOWER
W20260608 09:55:55.111683 13521 catalog_manager.cc:1593] T 00000000000000000000000000000000 P b04a109fbc0c40b3bbef1e413ce33624: loading cluster ID for follower catalog manager: Not found: cluster ID entry not found
W20260608 09:55:55.111953 13521 catalog_manager.cc:883] Not found: cluster ID entry not found: failed to prepare follower catalog manager, will retry
I20260608 09:55:55.111974 13360 sys_catalog.cc:565] T 00000000000000000000000000000000 P fa28bd5c25f54a82b76cf40b417dc0d0 [sys.catalog]: configured and running, proceeding with master startup.
I20260608 09:55:55.122395 12195 internal_mini_cluster.cc:184] Waiting to initialize catalog manager on master 1
I20260608 09:55:55.122650 12195 internal_mini_cluster.cc:184] Waiting to initialize catalog manager on master 2
I20260608 09:55:55.124179 12195 file_cache.cc:492] Constructed file cache file cache with capacity 419430
W20260608 09:55:55.125742 13533 catalog_manager.cc:1593] T 00000000000000000000000000000000 P fa28bd5c25f54a82b76cf40b417dc0d0: loading cluster ID for follower catalog manager: Not found: cluster ID entry not found
W20260608 09:55:55.126015 13533 catalog_manager.cc:883] Not found: cluster ID entry not found: failed to prepare follower catalog manager, will retry
W20260608 09:55:55.130662 13534 instance_detector.cc:116] could not retrieve AWS instance metadata: Network error: curl error: HTTP response code said error: The requested URL returned error: 404
W20260608 09:55:55.131781 13535 instance_detector.cc:116] could not retrieve Azure instance metadata: Network error: curl error: HTTP response code said error: The requested URL returned error: 404
W20260608 09:55:55.133072 13537 instance_detector.cc:116] could not retrieve OpenStack instance metadata: Network error: curl error: HTTP response code said error: The requested URL returned error: 404
I20260608 09:55:55.133404 12195 server_base.cc:1061] running on GCE node
I20260608 09:55:55.134195 12195 hybrid_clock.cc:584] initializing the hybrid clock with 'system_unsync' time source
W20260608 09:55:55.134382 12195 system_unsync_time.cc:38] NTP support is disabled. Clock error bounds will not be accurate. This configuration is not suitable for distributed clusters.
I20260608 09:55:55.134529 12195 hybrid_clock.cc:648] HybridClock initialized: now 1780912555134516 us; error 0 us; skew 500 ppm
I20260608 09:55:55.135061 12195 server_base.cc:861] Flag tcmalloc_max_total_thread_cache_bytes is not working since tcmalloc is not enabled.
I20260608 09:55:55.137297 12195 webserver.cc:533] Webserver started at http://127.11.232.193:36375/ using document root <none> and password file <none>
I20260608 09:55:55.137766 12195 fs_manager.cc:362] Metadata directory not provided
I20260608 09:55:55.137923 12195 fs_manager.cc:368] Using write-ahead log directory (fs_wal_dir) as metadata directory
I20260608 09:55:55.138134 12195 server_base.cc:909] This appears to be a new deployment of Kudu; creating new FS layout
I20260608 09:55:55.139196 12195 fs_manager.cc:1068] Generated new instance metadata in path /tmp/dist-test-taskarBHCI/test-tmp/auto_rebalancer-test.0.AutoRebalancerTest.NextLeaderResumesAutoRebalancing.1780912533924945-12195-0/minicluster-data/ts-0-root/instance:
uuid: "13d643ddd8dc479ea235a43f8f8bc287"
format_stamp: "Formatted at 2026-06-08 09:55:55 on dist-test-slave-tpgn"
I20260608 09:55:55.143759 12195 fs_manager.cc:696] Time spent creating directory manager: real 0.004s	user 0.001s	sys 0.002s
I20260608 09:55:55.147101 13542 log_block_manager.cc:4031] Time spent loading block containers with low live blocks: real 0.000s	user 0.000s	sys 0.000s
I20260608 09:55:55.147887 12195 fs_manager.cc:730] Time spent opening block manager: real 0.002s	user 0.003s	sys 0.000s
I20260608 09:55:55.148161 12195 fs_manager.cc:647] Opened local filesystem: /tmp/dist-test-taskarBHCI/test-tmp/auto_rebalancer-test.0.AutoRebalancerTest.NextLeaderResumesAutoRebalancing.1780912533924945-12195-0/minicluster-data/ts-0-root
uuid: "13d643ddd8dc479ea235a43f8f8bc287"
format_stamp: "Formatted at 2026-06-08 09:55:55 on dist-test-slave-tpgn"
I20260608 09:55:55.148458 12195 fs_report.cc:389] FS layout report
--------------------
wal directory: /tmp/dist-test-taskarBHCI/test-tmp/auto_rebalancer-test.0.AutoRebalancerTest.NextLeaderResumesAutoRebalancing.1780912533924945-12195-0/minicluster-data/ts-0-root
metadata directory: /tmp/dist-test-taskarBHCI/test-tmp/auto_rebalancer-test.0.AutoRebalancerTest.NextLeaderResumesAutoRebalancing.1780912533924945-12195-0/minicluster-data/ts-0-root
1 data directories: /tmp/dist-test-taskarBHCI/test-tmp/auto_rebalancer-test.0.AutoRebalancerTest.NextLeaderResumesAutoRebalancing.1780912533924945-12195-0/minicluster-data/ts-0-root/data
Total live blocks: 0
Total live bytes: 0
Total live bytes (after alignment): 0
Total number of LBM containers: 0 (0 full)
Did not check for missing blocks
Did not check for orphaned blocks
Total full LBM containers with extra space: 0 (0 repaired)
Total full LBM container extra space in bytes: 0 (0 repaired)
Total incomplete LBM containers: 0 (0 repaired)
Total LBM partial records: 0 (0 repaired)
Total corrupted LBM metadata records in RocksDB: 0 (0 repaired)
I20260608 09:55:55.157895 12195 rpc_server.cc:225] running with OpenSSL 1.1.1  11 Sep 2018
I20260608 09:55:55.159041 12195 kserver.cc:163] Server-wide thread pool size limit: 3276
I20260608 09:55:55.160528 12195 txn_system_client.cc:432] TxnSystemClient initialization is disabled...
I20260608 09:55:55.162954 12195 ts_tablet_manager.cc:585] Loaded tablet metadata (0 total tablets, 0 live tablets)
I20260608 09:55:55.163152 12195 ts_tablet_manager.cc:531] Time spent load tablet metadata: real 0.000s	user 0.000s	sys 0.000s
I20260608 09:55:55.163391 12195 ts_tablet_manager.cc:616] Registered 0 tablets
I20260608 09:55:55.163592 12195 ts_tablet_manager.cc:595] Time spent register tablets: real 0.000s	user 0.000s	sys 0.001s
I20260608 09:55:55.202915 12195 rpc_server.cc:307] RPC server started. Bound to: 127.11.232.193:44367
I20260608 09:55:55.203045 13606 acceptor_pool.cc:272] collecting diagnostics on the listening RPC socket 127.11.232.193:44367 every 8 connection(s)
I20260608 09:55:55.225333 12195 file_cache.cc:492] Constructed file cache file cache with capacity 419430
I20260608 09:55:55.229518 13607 heartbeater.cc:344] Connected to a master server at 127.11.232.252:46495
I20260608 09:55:55.229997 13607 heartbeater.cc:461] Registering TS with master...
I20260608 09:55:55.230942 13607 heartbeater.cc:507] Master 127.11.232.252:46495 requested a full tablet report, sending...
I20260608 09:55:55.234875 13455 ts_manager.cc:194] Registered new tserver with Master: 13d643ddd8dc479ea235a43f8f8bc287 (127.11.232.193:44367)
I20260608 09:55:55.236513 13609 heartbeater.cc:344] Connected to a master server at 127.11.232.254:34433
I20260608 09:55:55.236953 13609 heartbeater.cc:461] Registering TS with master...
I20260608 09:55:55.237926 13609 heartbeater.cc:507] Master 127.11.232.254:34433 requested a full tablet report, sending...
I20260608 09:55:55.238497 13608 heartbeater.cc:344] Connected to a master server at 127.11.232.253:39427
I20260608 09:55:55.238979 13608 heartbeater.cc:461] Registering TS with master...
W20260608 09:55:55.239955 13614 instance_detector.cc:116] could not retrieve AWS instance metadata: Network error: curl error: HTTP response code said error: The requested URL returned error: 404
I20260608 09:55:55.240012 13608 heartbeater.cc:507] Master 127.11.232.253:39427 requested a full tablet report, sending...
I20260608 09:55:55.241189 13323 ts_manager.cc:194] Registered new tserver with Master: 13d643ddd8dc479ea235a43f8f8bc287 (127.11.232.193:44367)
W20260608 09:55:55.242189 13615 instance_detector.cc:116] could not retrieve Azure instance metadata: Network error: curl error: HTTP response code said error: The requested URL returned error: 404
I20260608 09:55:55.243284 13390 ts_manager.cc:194] Registered new tserver with Master: 13d643ddd8dc479ea235a43f8f8bc287 (127.11.232.193:44367)
W20260608 09:55:55.245878 13617 instance_detector.cc:116] could not retrieve OpenStack instance metadata: Network error: curl error: HTTP response code said error: The requested URL returned error: 404
I20260608 09:55:55.245997 12195 server_base.cc:1061] running on GCE node
I20260608 09:55:55.246907 12195 hybrid_clock.cc:584] initializing the hybrid clock with 'system_unsync' time source
W20260608 09:55:55.247105 12195 system_unsync_time.cc:38] NTP support is disabled. Clock error bounds will not be accurate. This configuration is not suitable for distributed clusters.
I20260608 09:55:55.247287 12195 hybrid_clock.cc:648] HybridClock initialized: now 1780912555247268 us; error 0 us; skew 500 ppm
I20260608 09:55:55.247890 12195 server_base.cc:861] Flag tcmalloc_max_total_thread_cache_bytes is not working since tcmalloc is not enabled.
I20260608 09:55:55.250188 12195 webserver.cc:533] Webserver started at http://127.11.232.194:43697/ using document root <none> and password file <none>
I20260608 09:55:55.250660 12195 fs_manager.cc:362] Metadata directory not provided
I20260608 09:55:55.250859 12195 fs_manager.cc:368] Using write-ahead log directory (fs_wal_dir) as metadata directory
I20260608 09:55:55.251102 12195 server_base.cc:909] This appears to be a new deployment of Kudu; creating new FS layout
I20260608 09:55:55.252234 12195 fs_manager.cc:1068] Generated new instance metadata in path /tmp/dist-test-taskarBHCI/test-tmp/auto_rebalancer-test.0.AutoRebalancerTest.NextLeaderResumesAutoRebalancing.1780912533924945-12195-0/minicluster-data/ts-1-root/instance:
uuid: "32c7658bff654d18b079ff60e10a347b"
format_stamp: "Formatted at 2026-06-08 09:55:55 on dist-test-slave-tpgn"
I20260608 09:55:55.256682 12195 fs_manager.cc:696] Time spent creating directory manager: real 0.004s	user 0.004s	sys 0.000s
I20260608 09:55:55.260301 13622 log_block_manager.cc:4031] Time spent loading block containers with low live blocks: real 0.000s	user 0.000s	sys 0.000s
I20260608 09:55:55.261195 12195 fs_manager.cc:730] Time spent opening block manager: real 0.002s	user 0.003s	sys 0.000s
I20260608 09:55:55.261500 12195 fs_manager.cc:647] Opened local filesystem: /tmp/dist-test-taskarBHCI/test-tmp/auto_rebalancer-test.0.AutoRebalancerTest.NextLeaderResumesAutoRebalancing.1780912533924945-12195-0/minicluster-data/ts-1-root
uuid: "32c7658bff654d18b079ff60e10a347b"
format_stamp: "Formatted at 2026-06-08 09:55:55 on dist-test-slave-tpgn"
I20260608 09:55:55.261754 12195 fs_report.cc:389] FS layout report
--------------------
wal directory: /tmp/dist-test-taskarBHCI/test-tmp/auto_rebalancer-test.0.AutoRebalancerTest.NextLeaderResumesAutoRebalancing.1780912533924945-12195-0/minicluster-data/ts-1-root
metadata directory: /tmp/dist-test-taskarBHCI/test-tmp/auto_rebalancer-test.0.AutoRebalancerTest.NextLeaderResumesAutoRebalancing.1780912533924945-12195-0/minicluster-data/ts-1-root
1 data directories: /tmp/dist-test-taskarBHCI/test-tmp/auto_rebalancer-test.0.AutoRebalancerTest.NextLeaderResumesAutoRebalancing.1780912533924945-12195-0/minicluster-data/ts-1-root/data
Total live blocks: 0
Total live bytes: 0
Total live bytes (after alignment): 0
Total number of LBM containers: 0 (0 full)
Did not check for missing blocks
Did not check for orphaned blocks
Total full LBM containers with extra space: 0 (0 repaired)
Total full LBM container extra space in bytes: 0 (0 repaired)
Total incomplete LBM containers: 0 (0 repaired)
Total LBM partial records: 0 (0 repaired)
Total corrupted LBM metadata records in RocksDB: 0 (0 repaired)
I20260608 09:55:55.271013 12195 rpc_server.cc:225] running with OpenSSL 1.1.1  11 Sep 2018
I20260608 09:55:55.272290 12195 kserver.cc:163] Server-wide thread pool size limit: 3276
I20260608 09:55:55.273708 12195 txn_system_client.cc:432] TxnSystemClient initialization is disabled...
I20260608 09:55:55.276062 12195 ts_tablet_manager.cc:585] Loaded tablet metadata (0 total tablets, 0 live tablets)
I20260608 09:55:55.276247 12195 ts_tablet_manager.cc:531] Time spent load tablet metadata: real 0.000s	user 0.000s	sys 0.000s
I20260608 09:55:55.276485 12195 ts_tablet_manager.cc:616] Registered 0 tablets
I20260608 09:55:55.276633 12195 ts_tablet_manager.cc:595] Time spent register tablets: real 0.000s	user 0.000s	sys 0.000s
I20260608 09:55:55.315410 12195 rpc_server.cc:307] RPC server started. Bound to: 127.11.232.194:42565
I20260608 09:55:55.315543 13686 acceptor_pool.cc:272] collecting diagnostics on the listening RPC socket 127.11.232.194:42565 every 8 connection(s)
I20260608 09:55:55.335843 13687 heartbeater.cc:344] Connected to a master server at 127.11.232.252:46495
I20260608 09:55:55.336313 13687 heartbeater.cc:461] Registering TS with master...
I20260608 09:55:55.336576 12195 file_cache.cc:492] Constructed file cache file cache with capacity 419430
I20260608 09:55:55.337216 13687 heartbeater.cc:507] Master 127.11.232.252:46495 requested a full tablet report, sending...
I20260608 09:55:55.340427 13455 ts_manager.cc:194] Registered new tserver with Master: 32c7658bff654d18b079ff60e10a347b (127.11.232.194:42565)
W20260608 09:55:55.346316 13694 instance_detector.cc:116] could not retrieve AWS instance metadata: Network error: curl error: HTTP response code said error: The requested URL returned error: 404
I20260608 09:55:55.347846 13688 heartbeater.cc:344] Connected to a master server at 127.11.232.253:39427
I20260608 09:55:55.347325 13496 raft_consensus.cc:493] T 00000000000000000000000000000000 P d8db82a8bff14661aa0ad771c2da903c [term 0 FOLLOWER]: Starting pre-election (no leader contacted us within the election timeout)
I20260608 09:55:55.348572 13688 heartbeater.cc:461] Registering TS with master...
I20260608 09:55:55.348706 13496 raft_consensus.cc:515] T 00000000000000000000000000000000 P d8db82a8bff14661aa0ad771c2da903c [term 0 FOLLOWER]: Starting pre-election with config: opid_index: -1 OBSOLETE_local: false peers { permanent_uuid: "fa28bd5c25f54a82b76cf40b417dc0d0" member_type: VOTER last_known_addr { host: "127.11.232.254" port: 34433 } } peers { permanent_uuid: "d8db82a8bff14661aa0ad771c2da903c" member_type: VOTER last_known_addr { host: "127.11.232.253" port: 39427 } } peers { permanent_uuid: "b04a109fbc0c40b3bbef1e413ce33624" member_type: VOTER last_known_addr { host: "127.11.232.252" port: 46495 } }
I20260608 09:55:55.349527 13688 heartbeater.cc:507] Master 127.11.232.253:39427 requested a full tablet report, sending...
I20260608 09:55:55.350814 13689 heartbeater.cc:344] Connected to a master server at 127.11.232.254:34433
I20260608 09:55:55.351156 13689 heartbeater.cc:461] Registering TS with master...
I20260608 09:55:55.352012 13689 heartbeater.cc:507] Master 127.11.232.254:34433 requested a full tablet report, sending...
I20260608 09:55:55.353368 13390 ts_manager.cc:194] Registered new tserver with Master: 32c7658bff654d18b079ff60e10a347b (127.11.232.194:42565)
I20260608 09:55:55.353765 13333 tablet_service.cc:1917] Received RequestConsensusVote() RPC: tablet_id: "00000000000000000000000000000000" candidate_uuid: "d8db82a8bff14661aa0ad771c2da903c" candidate_term: 1 candidate_status { last_received { term: 0 index: 0 } } ignore_live_leader: false dest_uuid: "fa28bd5c25f54a82b76cf40b417dc0d0" is_pre_election: true
I20260608 09:55:55.354148 13496 leader_election.cc:290] T 00000000000000000000000000000000 P d8db82a8bff14661aa0ad771c2da903c [CANDIDATE]: Term 1 pre-election: Requested pre-vote from peers fa28bd5c25f54a82b76cf40b417dc0d0 (127.11.232.254:34433), b04a109fbc0c40b3bbef1e413ce33624 (127.11.232.252:46495)
I20260608 09:55:55.354532 13333 raft_consensus.cc:2468] T 00000000000000000000000000000000 P fa28bd5c25f54a82b76cf40b417dc0d0 [term 0 FOLLOWER]: Leader pre-election vote request: Granting yes vote for candidate d8db82a8bff14661aa0ad771c2da903c in term 0.
W20260608 09:55:55.355023 13695 instance_detector.cc:116] could not retrieve Azure instance metadata: Network error: curl error: HTTP response code said error: The requested URL returned error: 404
I20260608 09:55:55.355985 13377 leader_election.cc:304] T 00000000000000000000000000000000 P d8db82a8bff14661aa0ad771c2da903c [CANDIDATE]: Term 1 pre-election: Election decided. Result: candidate won. Election summary: received 2 responses out of 3 voters: 2 yes votes; 0 no votes. yes voters: d8db82a8bff14661aa0ad771c2da903c, fa28bd5c25f54a82b76cf40b417dc0d0; no voters: 
I20260608 09:55:55.356389 13323 ts_manager.cc:194] Registered new tserver with Master: 32c7658bff654d18b079ff60e10a347b (127.11.232.194:42565)
I20260608 09:55:55.357127 13465 tablet_service.cc:1917] Received RequestConsensusVote() RPC: tablet_id: "00000000000000000000000000000000" candidate_uuid: "d8db82a8bff14661aa0ad771c2da903c" candidate_term: 1 candidate_status { last_received { term: 0 index: 0 } } ignore_live_leader: false dest_uuid: "b04a109fbc0c40b3bbef1e413ce33624" is_pre_election: true
I20260608 09:55:55.357775 13465 raft_consensus.cc:2468] T 00000000000000000000000000000000 P b04a109fbc0c40b3bbef1e413ce33624 [term 0 FOLLOWER]: Leader pre-election vote request: Granting yes vote for candidate d8db82a8bff14661aa0ad771c2da903c in term 0.
I20260608 09:55:55.358160 13496 raft_consensus.cc:2804] T 00000000000000000000000000000000 P d8db82a8bff14661aa0ad771c2da903c [term 0 FOLLOWER]: Leader pre-election won for term 1
I20260608 09:55:55.358572 13496 raft_consensus.cc:493] T 00000000000000000000000000000000 P d8db82a8bff14661aa0ad771c2da903c [term 0 FOLLOWER]: Starting leader election (no leader contacted us within the election timeout)
I20260608 09:55:55.360121 13496 raft_consensus.cc:3060] T 00000000000000000000000000000000 P d8db82a8bff14661aa0ad771c2da903c [term 0 FOLLOWER]: Advancing to term 1
W20260608 09:55:55.364917 13697 instance_detector.cc:116] could not retrieve OpenStack instance metadata: Network error: curl error: HTTP response code said error: The requested URL returned error: 404
I20260608 09:55:55.365113 12195 server_base.cc:1061] running on GCE node
I20260608 09:55:55.366149 12195 hybrid_clock.cc:584] initializing the hybrid clock with 'system_unsync' time source
W20260608 09:55:55.366365 12195 system_unsync_time.cc:38] NTP support is disabled. Clock error bounds will not be accurate. This configuration is not suitable for distributed clusters.
I20260608 09:55:55.366559 12195 hybrid_clock.cc:648] HybridClock initialized: now 1780912555366542 us; error 0 us; skew 500 ppm
I20260608 09:55:55.367205 12195 server_base.cc:861] Flag tcmalloc_max_total_thread_cache_bytes is not working since tcmalloc is not enabled.
I20260608 09:55:55.367676 13496 raft_consensus.cc:515] T 00000000000000000000000000000000 P d8db82a8bff14661aa0ad771c2da903c [term 1 FOLLOWER]: Starting leader election with config: opid_index: -1 OBSOLETE_local: false peers { permanent_uuid: "fa28bd5c25f54a82b76cf40b417dc0d0" member_type: VOTER last_known_addr { host: "127.11.232.254" port: 34433 } } peers { permanent_uuid: "d8db82a8bff14661aa0ad771c2da903c" member_type: VOTER last_known_addr { host: "127.11.232.253" port: 39427 } } peers { permanent_uuid: "b04a109fbc0c40b3bbef1e413ce33624" member_type: VOTER last_known_addr { host: "127.11.232.252" port: 46495 } }
I20260608 09:55:55.369972 12195 webserver.cc:533] Webserver started at http://127.11.232.195:41845/ using document root <none> and password file <none>
I20260608 09:55:55.370015 13496 leader_election.cc:290] T 00000000000000000000000000000000 P d8db82a8bff14661aa0ad771c2da903c [CANDIDATE]: Term 1 election: Requested vote from peers fa28bd5c25f54a82b76cf40b417dc0d0 (127.11.232.254:34433), b04a109fbc0c40b3bbef1e413ce33624 (127.11.232.252:46495)
I20260608 09:55:55.370411 13333 tablet_service.cc:1917] Received RequestConsensusVote() RPC: tablet_id: "00000000000000000000000000000000" candidate_uuid: "d8db82a8bff14661aa0ad771c2da903c" candidate_term: 1 candidate_status { last_received { term: 0 index: 0 } } ignore_live_leader: false dest_uuid: "fa28bd5c25f54a82b76cf40b417dc0d0"
I20260608 09:55:55.370599 13465 tablet_service.cc:1917] Received RequestConsensusVote() RPC: tablet_id: "00000000000000000000000000000000" candidate_uuid: "d8db82a8bff14661aa0ad771c2da903c" candidate_term: 1 candidate_status { last_received { term: 0 index: 0 } } ignore_live_leader: false dest_uuid: "b04a109fbc0c40b3bbef1e413ce33624"
I20260608 09:55:55.370842 12195 fs_manager.cc:362] Metadata directory not provided
I20260608 09:55:55.370915 13333 raft_consensus.cc:3060] T 00000000000000000000000000000000 P fa28bd5c25f54a82b76cf40b417dc0d0 [term 0 FOLLOWER]: Advancing to term 1
I20260608 09:55:55.371194 12195 fs_manager.cc:368] Using write-ahead log directory (fs_wal_dir) as metadata directory
I20260608 09:55:55.371212 13465 raft_consensus.cc:3060] T 00000000000000000000000000000000 P b04a109fbc0c40b3bbef1e413ce33624 [term 0 FOLLOWER]: Advancing to term 1
I20260608 09:55:55.371798 12195 server_base.cc:909] This appears to be a new deployment of Kudu; creating new FS layout
I20260608 09:55:55.373206 12195 fs_manager.cc:1068] Generated new instance metadata in path /tmp/dist-test-taskarBHCI/test-tmp/auto_rebalancer-test.0.AutoRebalancerTest.NextLeaderResumesAutoRebalancing.1780912533924945-12195-0/minicluster-data/ts-2-root/instance:
uuid: "45615d6734914210ab046df7c8329408"
format_stamp: "Formatted at 2026-06-08 09:55:55 on dist-test-slave-tpgn"
I20260608 09:55:55.375989 13333 raft_consensus.cc:2468] T 00000000000000000000000000000000 P fa28bd5c25f54a82b76cf40b417dc0d0 [term 1 FOLLOWER]: Leader election vote request: Granting yes vote for candidate d8db82a8bff14661aa0ad771c2da903c in term 1.
I20260608 09:55:55.376969 13377 leader_election.cc:304] T 00000000000000000000000000000000 P d8db82a8bff14661aa0ad771c2da903c [CANDIDATE]: Term 1 election: Election decided. Result: candidate won. Election summary: received 2 responses out of 3 voters: 2 yes votes; 0 no votes. yes voters: d8db82a8bff14661aa0ad771c2da903c, fa28bd5c25f54a82b76cf40b417dc0d0; no voters: 
I20260608 09:55:55.377669 13496 raft_consensus.cc:2804] T 00000000000000000000000000000000 P d8db82a8bff14661aa0ad771c2da903c [term 1 FOLLOWER]: Leader election won for term 1
I20260608 09:55:55.379031 13465 raft_consensus.cc:2468] T 00000000000000000000000000000000 P b04a109fbc0c40b3bbef1e413ce33624 [term 1 FOLLOWER]: Leader election vote request: Granting yes vote for candidate d8db82a8bff14661aa0ad771c2da903c in term 1.
I20260608 09:55:55.379679 12195 fs_manager.cc:696] Time spent creating directory manager: real 0.006s	user 0.003s	sys 0.004s
I20260608 09:55:55.380110 13496 raft_consensus.cc:697] T 00000000000000000000000000000000 P d8db82a8bff14661aa0ad771c2da903c [term 1 LEADER]: Becoming Leader. State: Replica: d8db82a8bff14661aa0ad771c2da903c, State: Running, Role: LEADER
I20260608 09:55:55.381011 13496 consensus_queue.cc:237] T 00000000000000000000000000000000 P d8db82a8bff14661aa0ad771c2da903c [LEADER]: Queue going to LEADER mode. State: All replicated index: 0, Majority replicated index: 0, Committed index: 0, Last appended: 0.0, Last appended by leader: 0, Current term: 1, Majority size: 2, State: 0, Mode: LEADER, active raft config: opid_index: -1 OBSOLETE_local: false peers { permanent_uuid: "fa28bd5c25f54a82b76cf40b417dc0d0" member_type: VOTER last_known_addr { host: "127.11.232.254" port: 34433 } } peers { permanent_uuid: "d8db82a8bff14661aa0ad771c2da903c" member_type: VOTER last_known_addr { host: "127.11.232.253" port: 39427 } } peers { permanent_uuid: "b04a109fbc0c40b3bbef1e413ce33624" member_type: VOTER last_known_addr { host: "127.11.232.252" port: 46495 } }
I20260608 09:55:55.384049 13703 log_block_manager.cc:4031] Time spent loading block containers with low live blocks: real 0.000s	user 0.000s	sys 0.000s
I20260608 09:55:55.384883 13702 sys_catalog.cc:455] T 00000000000000000000000000000000 P d8db82a8bff14661aa0ad771c2da903c [sys.catalog]: SysCatalogTable state changed. Reason: New leader d8db82a8bff14661aa0ad771c2da903c. Latest consensus state: current_term: 1 leader_uuid: "d8db82a8bff14661aa0ad771c2da903c" committed_config { opid_index: -1 OBSOLETE_local: false peers { permanent_uuid: "fa28bd5c25f54a82b76cf40b417dc0d0" member_type: VOTER last_known_addr { host: "127.11.232.254" port: 34433 } } peers { permanent_uuid: "d8db82a8bff14661aa0ad771c2da903c" member_type: VOTER last_known_addr { host: "127.11.232.253" port: 39427 } } peers { permanent_uuid: "b04a109fbc0c40b3bbef1e413ce33624" member_type: VOTER last_known_addr { host: "127.11.232.252" port: 46495 } } }
I20260608 09:55:55.385437 13702 sys_catalog.cc:458] T 00000000000000000000000000000000 P d8db82a8bff14661aa0ad771c2da903c [sys.catalog]: This master's current role is: LEADER
I20260608 09:55:55.386983 13705 catalog_manager.cc:1510] Loading table and tablet metadata into memory...
I20260608 09:55:55.387091 12195 fs_manager.cc:730] Time spent opening block manager: real 0.005s	user 0.003s	sys 0.000s
I20260608 09:55:55.387470 12195 fs_manager.cc:647] Opened local filesystem: /tmp/dist-test-taskarBHCI/test-tmp/auto_rebalancer-test.0.AutoRebalancerTest.NextLeaderResumesAutoRebalancing.1780912533924945-12195-0/minicluster-data/ts-2-root
uuid: "45615d6734914210ab046df7c8329408"
format_stamp: "Formatted at 2026-06-08 09:55:55 on dist-test-slave-tpgn"
I20260608 09:55:55.387790 12195 fs_report.cc:389] FS layout report
--------------------
wal directory: /tmp/dist-test-taskarBHCI/test-tmp/auto_rebalancer-test.0.AutoRebalancerTest.NextLeaderResumesAutoRebalancing.1780912533924945-12195-0/minicluster-data/ts-2-root
metadata directory: /tmp/dist-test-taskarBHCI/test-tmp/auto_rebalancer-test.0.AutoRebalancerTest.NextLeaderResumesAutoRebalancing.1780912533924945-12195-0/minicluster-data/ts-2-root
1 data directories: /tmp/dist-test-taskarBHCI/test-tmp/auto_rebalancer-test.0.AutoRebalancerTest.NextLeaderResumesAutoRebalancing.1780912533924945-12195-0/minicluster-data/ts-2-root/data
Total live blocks: 0
Total live bytes: 0
Total live bytes (after alignment): 0
Total number of LBM containers: 0 (0 full)
Did not check for missing blocks
Did not check for orphaned blocks
Total full LBM containers with extra space: 0 (0 repaired)
Total full LBM container extra space in bytes: 0 (0 repaired)
Total incomplete LBM containers: 0 (0 repaired)
Total LBM partial records: 0 (0 repaired)
Total corrupted LBM metadata records in RocksDB: 0 (0 repaired)
I20260608 09:55:55.392203 13705 catalog_manager.cc:1519] Initializing Kudu cluster ID...
I20260608 09:55:55.401296 13333 raft_consensus.cc:1275] T 00000000000000000000000000000000 P fa28bd5c25f54a82b76cf40b417dc0d0 [term 1 FOLLOWER]: Refusing update from remote peer d8db82a8bff14661aa0ad771c2da903c: Log matching property violated. Preceding OpId in replica: term: 0 index: 0. Preceding OpId from leader: term: 1 index: 2. (index mismatch)
I20260608 09:55:55.401346 13465 raft_consensus.cc:1275] T 00000000000000000000000000000000 P b04a109fbc0c40b3bbef1e413ce33624 [term 1 FOLLOWER]: Refusing update from remote peer d8db82a8bff14661aa0ad771c2da903c: Log matching property violated. Preceding OpId in replica: term: 0 index: 0. Preceding OpId from leader: term: 1 index: 2. (index mismatch)
I20260608 09:55:55.402740 13496 consensus_queue.cc:1048] T 00000000000000000000000000000000 P d8db82a8bff14661aa0ad771c2da903c [LEADER]: Connected to new peer: Peer: permanent_uuid: "fa28bd5c25f54a82b76cf40b417dc0d0" member_type: VOTER last_known_addr { host: "127.11.232.254" port: 34433 }, Status: LMP_MISMATCH, Last received: 0.0, Next index: 1, Last known committed idx: 0, Time since last communication: 0.000s
I20260608 09:55:55.403432 13702 consensus_queue.cc:1048] T 00000000000000000000000000000000 P d8db82a8bff14661aa0ad771c2da903c [LEADER]: Connected to new peer: Peer: permanent_uuid: "b04a109fbc0c40b3bbef1e413ce33624" member_type: VOTER last_known_addr { host: "127.11.232.252" port: 46495 }, Status: LMP_MISMATCH, Last received: 0.0, Next index: 1, Last known committed idx: 0, Time since last communication: 0.000s
I20260608 09:55:55.412303 13522 sys_catalog.cc:455] T 00000000000000000000000000000000 P fa28bd5c25f54a82b76cf40b417dc0d0 [sys.catalog]: SysCatalogTable state changed. Reason: New leader d8db82a8bff14661aa0ad771c2da903c. Latest consensus state: current_term: 1 leader_uuid: "d8db82a8bff14661aa0ad771c2da903c" committed_config { opid_index: -1 OBSOLETE_local: false peers { permanent_uuid: "fa28bd5c25f54a82b76cf40b417dc0d0" member_type: VOTER last_known_addr { host: "127.11.232.254" port: 34433 } } peers { permanent_uuid: "d8db82a8bff14661aa0ad771c2da903c" member_type: VOTER last_known_addr { host: "127.11.232.253" port: 39427 } } peers { permanent_uuid: "b04a109fbc0c40b3bbef1e413ce33624" member_type: VOTER last_known_addr { host: "127.11.232.252" port: 46495 } } }
I20260608 09:55:55.413071 13522 sys_catalog.cc:458] T 00000000000000000000000000000000 P fa28bd5c25f54a82b76cf40b417dc0d0 [sys.catalog]: This master's current role is: FOLLOWER
I20260608 09:55:55.417330 13509 sys_catalog.cc:455] T 00000000000000000000000000000000 P b04a109fbc0c40b3bbef1e413ce33624 [sys.catalog]: SysCatalogTable state changed. Reason: New leader d8db82a8bff14661aa0ad771c2da903c. Latest consensus state: current_term: 1 leader_uuid: "d8db82a8bff14661aa0ad771c2da903c" committed_config { opid_index: -1 OBSOLETE_local: false peers { permanent_uuid: "fa28bd5c25f54a82b76cf40b417dc0d0" member_type: VOTER last_known_addr { host: "127.11.232.254" port: 34433 } } peers { permanent_uuid: "d8db82a8bff14661aa0ad771c2da903c" member_type: VOTER last_known_addr { host: "127.11.232.253" port: 39427 } } peers { permanent_uuid: "b04a109fbc0c40b3bbef1e413ce33624" member_type: VOTER last_known_addr { host: "127.11.232.252" port: 46495 } } }
I20260608 09:55:55.418349 13509 sys_catalog.cc:458] T 00000000000000000000000000000000 P b04a109fbc0c40b3bbef1e413ce33624 [sys.catalog]: This master's current role is: FOLLOWER
I20260608 09:55:55.424593 13702 sys_catalog.cc:455] T 00000000000000000000000000000000 P d8db82a8bff14661aa0ad771c2da903c [sys.catalog]: SysCatalogTable state changed. Reason: Peer health change. Latest consensus state: current_term: 1 leader_uuid: "d8db82a8bff14661aa0ad771c2da903c" committed_config { opid_index: -1 OBSOLETE_local: false peers { permanent_uuid: "fa28bd5c25f54a82b76cf40b417dc0d0" member_type: VOTER last_known_addr { host: "127.11.232.254" port: 34433 } } peers { permanent_uuid: "d8db82a8bff14661aa0ad771c2da903c" member_type: VOTER last_known_addr { host: "127.11.232.253" port: 39427 } } peers { permanent_uuid: "b04a109fbc0c40b3bbef1e413ce33624" member_type: VOTER last_known_addr { host: "127.11.232.252" port: 46495 } } }
I20260608 09:55:55.425372 13702 sys_catalog.cc:458] T 00000000000000000000000000000000 P d8db82a8bff14661aa0ad771c2da903c [sys.catalog]: This master's current role is: LEADER
I20260608 09:55:55.426194 13705 catalog_manager.cc:1382] Generated new cluster ID: 68b63343d58749cfa654aa5b4e6522f9
I20260608 09:55:55.426504 13705 catalog_manager.cc:1530] Initializing Kudu internal certificate authority...
