I20260608 09:55:41.277819  8853 raft_consensus.cc:359] T 8ce678a72dbc4ecfae6d1bc8495a3546 P f1d50c9156cd4f87b6b2945264d7c87d [term 0 FOLLOWER]: Replica starting. Triggering 0 pending ops. Active config: opid_index: -1 OBSOLETE_local: false peers { permanent_uuid: "5806942159bd4a38af94f9a88788aa8a" member_type: VOTER last_known_addr { host: "127.7.204.65" port: 35595 } } peers { permanent_uuid: "4a47eccfea5d492c9eb8ef0d26634316" member_type: VOTER last_known_addr { host: "127.7.204.66" port: 38639 } } peers { permanent_uuid: "f1d50c9156cd4f87b6b2945264d7c87d" member_type: VOTER last_known_addr { host: "127.7.204.67" port: 46515 } }
I20260608 09:55:41.278566  8853 raft_consensus.cc:385] T 8ce678a72dbc4ecfae6d1bc8495a3546 P f1d50c9156cd4f87b6b2945264d7c87d [term 0 FOLLOWER]: Consensus starting up: Expiring failure detector timer to make a prompt election more likely
I20260608 09:55:41.278283  8851 raft_consensus.cc:359] T b6b2c9671c8b4fafaa605452fddd15db P 4a47eccfea5d492c9eb8ef0d26634316 [term 0 FOLLOWER]: Replica starting. Triggering 0 pending ops. Active config: opid_index: -1 OBSOLETE_local: false peers { permanent_uuid: "5806942159bd4a38af94f9a88788aa8a" member_type: VOTER last_known_addr { host: "127.7.204.65" port: 35595 } } peers { permanent_uuid: "4a47eccfea5d492c9eb8ef0d26634316" member_type: VOTER last_known_addr { host: "127.7.204.66" port: 38639 } } peers { permanent_uuid: "f1d50c9156cd4f87b6b2945264d7c87d" member_type: VOTER last_known_addr { host: "127.7.204.67" port: 46515 } }
I20260608 09:55:41.278923  8853 raft_consensus.cc:740] T 8ce678a72dbc4ecfae6d1bc8495a3546 P f1d50c9156cd4f87b6b2945264d7c87d [term 0 FOLLOWER]: Becoming Follower/Learner. State: Replica: f1d50c9156cd4f87b6b2945264d7c87d, State: Initialized, Role: FOLLOWER
I20260608 09:55:41.279305  8851 raft_consensus.cc:385] T b6b2c9671c8b4fafaa605452fddd15db P 4a47eccfea5d492c9eb8ef0d26634316 [term 0 FOLLOWER]: Consensus starting up: Expiring failure detector timer to make a prompt election more likely
I20260608 09:55:41.279714  8851 raft_consensus.cc:740] T b6b2c9671c8b4fafaa605452fddd15db P 4a47eccfea5d492c9eb8ef0d26634316 [term 0 FOLLOWER]: Becoming Follower/Learner. State: Replica: 4a47eccfea5d492c9eb8ef0d26634316, State: Initialized, Role: FOLLOWER
I20260608 09:55:41.279964  8853 consensus_queue.cc:260] T 8ce678a72dbc4ecfae6d1bc8495a3546 P f1d50c9156cd4f87b6b2945264d7c87d [NON_LEADER]: Queue going to NON_LEADER mode. State: All replicated index: 0, Majority replicated index: 0, Committed index: 0, Last appended: 0.0, Last appended by leader: 0, Current term: 0, Majority size: -1, State: 0, Mode: NON_LEADER, active raft config: opid_index: -1 OBSOLETE_local: false peers { permanent_uuid: "5806942159bd4a38af94f9a88788aa8a" member_type: VOTER last_known_addr { host: "127.7.204.65" port: 35595 } } peers { permanent_uuid: "4a47eccfea5d492c9eb8ef0d26634316" member_type: VOTER last_known_addr { host: "127.7.204.66" port: 38639 } } peers { permanent_uuid: "f1d50c9156cd4f87b6b2945264d7c87d" member_type: VOTER last_known_addr { host: "127.7.204.67" port: 46515 } }
I20260608 09:55:41.282239  8853 ts_tablet_manager.cc:1434] T 8ce678a72dbc4ecfae6d1bc8495a3546 P f1d50c9156cd4f87b6b2945264d7c87d: Time spent starting tablet: real 0.007s	user 0.005s	sys 0.000s
I20260608 09:55:41.280853  8851 consensus_queue.cc:260] T b6b2c9671c8b4fafaa605452fddd15db P 4a47eccfea5d492c9eb8ef0d26634316 [NON_LEADER]: Queue going to NON_LEADER mode. State: All replicated index: 0, Majority replicated index: 0, Committed index: 0, Last appended: 0.0, Last appended by leader: 0, Current term: 0, Majority size: -1, State: 0, Mode: NON_LEADER, active raft config: opid_index: -1 OBSOLETE_local: false peers { permanent_uuid: "5806942159bd4a38af94f9a88788aa8a" member_type: VOTER last_known_addr { host: "127.7.204.65" port: 35595 } } peers { permanent_uuid: "4a47eccfea5d492c9eb8ef0d26634316" member_type: VOTER last_known_addr { host: "127.7.204.66" port: 38639 } } peers { permanent_uuid: "f1d50c9156cd4f87b6b2945264d7c87d" member_type: VOTER last_known_addr { host: "127.7.204.67" port: 46515 } }
I20260608 09:55:41.284578  8853 tablet_bootstrap.cc:492] T 4abb7f3a221945ad9feda45ea3371056 P f1d50c9156cd4f87b6b2945264d7c87d: Bootstrap starting.
I20260608 09:55:41.286945  8851 ts_tablet_manager.cc:1434] T b6b2c9671c8b4fafaa605452fddd15db P 4a47eccfea5d492c9eb8ef0d26634316: Time spent starting tablet: real 0.011s	user 0.006s	sys 0.000s
I20260608 09:55:41.288089  8851 tablet_bootstrap.cc:492] T 97c5569669894c3fb2d05cee2a3892f6 P 4a47eccfea5d492c9eb8ef0d26634316: Bootstrap starting.
I20260608 09:55:41.288894  8852 tablet_bootstrap.cc:492] T 4abb7f3a221945ad9feda45ea3371056 P 5806942159bd4a38af94f9a88788aa8a: No bootstrap required, opened a new log
I20260608 09:55:41.289445  8852 ts_tablet_manager.cc:1403] T 4abb7f3a221945ad9feda45ea3371056 P 5806942159bd4a38af94f9a88788aa8a: Time spent bootstrapping tablet: real 0.018s	user 0.008s	sys 0.007s
I20260608 09:55:41.291415  8853 tablet_bootstrap.cc:654] T 4abb7f3a221945ad9feda45ea3371056 P f1d50c9156cd4f87b6b2945264d7c87d: Neither blocks nor log segments found. Creating new log.
I20260608 09:55:41.292414  8852 raft_consensus.cc:359] T 4abb7f3a221945ad9feda45ea3371056 P 5806942159bd4a38af94f9a88788aa8a [term 0 FOLLOWER]: Replica starting. Triggering 0 pending ops. Active config: opid_index: -1 OBSOLETE_local: false peers { permanent_uuid: "5806942159bd4a38af94f9a88788aa8a" member_type: VOTER last_known_addr { host: "127.7.204.65" port: 35595 } } peers { permanent_uuid: "4a47eccfea5d492c9eb8ef0d26634316" member_type: VOTER last_known_addr { host: "127.7.204.66" port: 38639 } } peers { permanent_uuid: "f1d50c9156cd4f87b6b2945264d7c87d" member_type: VOTER last_known_addr { host: "127.7.204.67" port: 46515 } }
I20260608 09:55:41.293206  8852 raft_consensus.cc:385] T 4abb7f3a221945ad9feda45ea3371056 P 5806942159bd4a38af94f9a88788aa8a [term 0 FOLLOWER]: Consensus starting up: Expiring failure detector timer to make a prompt election more likely
I20260608 09:55:41.293542  8852 raft_consensus.cc:740] T 4abb7f3a221945ad9feda45ea3371056 P 5806942159bd4a38af94f9a88788aa8a [term 0 FOLLOWER]: Becoming Follower/Learner. State: Replica: 5806942159bd4a38af94f9a88788aa8a, State: Initialized, Role: FOLLOWER
I20260608 09:55:41.294610  8851 tablet_bootstrap.cc:654] T 97c5569669894c3fb2d05cee2a3892f6 P 4a47eccfea5d492c9eb8ef0d26634316: Neither blocks nor log segments found. Creating new log.
I20260608 09:55:41.294540  8852 consensus_queue.cc:260] T 4abb7f3a221945ad9feda45ea3371056 P 5806942159bd4a38af94f9a88788aa8a [NON_LEADER]: Queue going to NON_LEADER mode. State: All replicated index: 0, Majority replicated index: 0, Committed index: 0, Last appended: 0.0, Last appended by leader: 0, Current term: 0, Majority size: -1, State: 0, Mode: NON_LEADER, active raft config: opid_index: -1 OBSOLETE_local: false peers { permanent_uuid: "5806942159bd4a38af94f9a88788aa8a" member_type: VOTER last_known_addr { host: "127.7.204.65" port: 35595 } } peers { permanent_uuid: "4a47eccfea5d492c9eb8ef0d26634316" member_type: VOTER last_known_addr { host: "127.7.204.66" port: 38639 } } peers { permanent_uuid: "f1d50c9156cd4f87b6b2945264d7c87d" member_type: VOTER last_known_addr { host: "127.7.204.67" port: 46515 } }
I20260608 09:55:41.296358  8857 raft_consensus.cc:493] T c3f92c14bbf5434aa227ef12e5701130 P 4a47eccfea5d492c9eb8ef0d26634316 [term 0 FOLLOWER]: Starting pre-election (no leader contacted us within the election timeout)
I20260608 09:55:41.297183  8852 ts_tablet_manager.cc:1434] T 4abb7f3a221945ad9feda45ea3371056 P 5806942159bd4a38af94f9a88788aa8a: Time spent starting tablet: real 0.007s	user 0.008s	sys 0.000s
I20260608 09:55:41.297041  8857 raft_consensus.cc:515] T c3f92c14bbf5434aa227ef12e5701130 P 4a47eccfea5d492c9eb8ef0d26634316 [term 0 FOLLOWER]: Starting pre-election with config: opid_index: -1 OBSOLETE_local: false peers { permanent_uuid: "5806942159bd4a38af94f9a88788aa8a" member_type: VOTER last_known_addr { host: "127.7.204.65" port: 35595 } } peers { permanent_uuid: "4a47eccfea5d492c9eb8ef0d26634316" member_type: VOTER last_known_addr { host: "127.7.204.66" port: 38639 } } peers { permanent_uuid: "f1d50c9156cd4f87b6b2945264d7c87d" member_type: VOTER last_known_addr { host: "127.7.204.67" port: 46515 } }
I20260608 09:55:41.298504  8852 tablet_bootstrap.cc:492] T c3f92c14bbf5434aa227ef12e5701130 P 5806942159bd4a38af94f9a88788aa8a: Bootstrap starting.
I20260608 09:55:41.310266  8853 tablet_bootstrap.cc:492] T 4abb7f3a221945ad9feda45ea3371056 P f1d50c9156cd4f87b6b2945264d7c87d: No bootstrap required, opened a new log
I20260608 09:55:41.310834  8853 ts_tablet_manager.cc:1403] T 4abb7f3a221945ad9feda45ea3371056 P f1d50c9156cd4f87b6b2945264d7c87d: Time spent bootstrapping tablet: real 0.026s	user 0.009s	sys 0.015s
I20260608 09:55:41.313789  8853 raft_consensus.cc:359] T 4abb7f3a221945ad9feda45ea3371056 P f1d50c9156cd4f87b6b2945264d7c87d [term 0 FOLLOWER]: Replica starting. Triggering 0 pending ops. Active config: opid_index: -1 OBSOLETE_local: false peers { permanent_uuid: "5806942159bd4a38af94f9a88788aa8a" member_type: VOTER last_known_addr { host: "127.7.204.65" port: 35595 } } peers { permanent_uuid: "4a47eccfea5d492c9eb8ef0d26634316" member_type: VOTER last_known_addr { host: "127.7.204.66" port: 38639 } } peers { permanent_uuid: "f1d50c9156cd4f87b6b2945264d7c87d" member_type: VOTER last_known_addr { host: "127.7.204.67" port: 46515 } }
I20260608 09:55:41.314515  8853 raft_consensus.cc:385] T 4abb7f3a221945ad9feda45ea3371056 P f1d50c9156cd4f87b6b2945264d7c87d [term 0 FOLLOWER]: Consensus starting up: Expiring failure detector timer to make a prompt election more likely
I20260608 09:55:41.315215  8852 tablet_bootstrap.cc:654] T c3f92c14bbf5434aa227ef12e5701130 P 5806942159bd4a38af94f9a88788aa8a: Neither blocks nor log segments found. Creating new log.
I20260608 09:55:41.314852  8853 raft_consensus.cc:740] T 4abb7f3a221945ad9feda45ea3371056 P f1d50c9156cd4f87b6b2945264d7c87d [term 0 FOLLOWER]: Becoming Follower/Learner. State: Replica: f1d50c9156cd4f87b6b2945264d7c87d, State: Initialized, Role: FOLLOWER
I20260608 09:55:41.316761  8857 leader_election.cc:290] T c3f92c14bbf5434aa227ef12e5701130 P 4a47eccfea5d492c9eb8ef0d26634316 [CANDIDATE]: Term 1 pre-election: Requested pre-vote from peers 5806942159bd4a38af94f9a88788aa8a (127.7.204.65:35595), f1d50c9156cd4f87b6b2945264d7c87d (127.7.204.67:46515)
I20260608 09:55:41.320168  8851 tablet_bootstrap.cc:492] T 97c5569669894c3fb2d05cee2a3892f6 P 4a47eccfea5d492c9eb8ef0d26634316: No bootstrap required, opened a new log
I20260608 09:55:41.321750  8853 consensus_queue.cc:260] T 4abb7f3a221945ad9feda45ea3371056 P f1d50c9156cd4f87b6b2945264d7c87d [NON_LEADER]: Queue going to NON_LEADER mode. State: All replicated index: 0, Majority replicated index: 0, Committed index: 0, Last appended: 0.0, Last appended by leader: 0, Current term: 0, Majority size: -1, State: 0, Mode: NON_LEADER, active raft config: opid_index: -1 OBSOLETE_local: false peers { permanent_uuid: "5806942159bd4a38af94f9a88788aa8a" member_type: VOTER last_known_addr { host: "127.7.204.65" port: 35595 } } peers { permanent_uuid: "4a47eccfea5d492c9eb8ef0d26634316" member_type: VOTER last_known_addr { host: "127.7.204.66" port: 38639 } } peers { permanent_uuid: "f1d50c9156cd4f87b6b2945264d7c87d" member_type: VOTER last_known_addr { host: "127.7.204.67" port: 46515 } }
I20260608 09:55:41.321767  8851 ts_tablet_manager.cc:1403] T 97c5569669894c3fb2d05cee2a3892f6 P 4a47eccfea5d492c9eb8ef0d26634316: Time spent bootstrapping tablet: real 0.034s	user 0.015s	sys 0.013s
I20260608 09:55:41.325004  8853 ts_tablet_manager.cc:1434] T 4abb7f3a221945ad9feda45ea3371056 P f1d50c9156cd4f87b6b2945264d7c87d: Time spent starting tablet: real 0.014s	user 0.006s	sys 0.000s
I20260608 09:55:41.326097  8853 tablet_bootstrap.cc:492] T 97c5569669894c3fb2d05cee2a3892f6 P f1d50c9156cd4f87b6b2945264d7c87d: Bootstrap starting.
I20260608 09:55:41.327508  8657 tablet_service.cc:1917] Received RequestConsensusVote() RPC: tablet_id: "c3f92c14bbf5434aa227ef12e5701130" candidate_uuid: "4a47eccfea5d492c9eb8ef0d26634316" candidate_term: 1 candidate_status { last_received { term: 0 index: 0 } } ignore_live_leader: false dest_uuid: "5806942159bd4a38af94f9a88788aa8a" is_pre_election: true
W20260608 09:55:41.330216  8695 leader_election.cc:343] T c3f92c14bbf5434aa227ef12e5701130 P 4a47eccfea5d492c9eb8ef0d26634316 [CANDIDATE]: Term 1 pre-election: Tablet error from VoteRequest() call to peer 5806942159bd4a38af94f9a88788aa8a (127.7.204.65:35595): Illegal state: must be running to vote when last-logged opid is not known
I20260608 09:55:41.326108  8851 raft_consensus.cc:359] T 97c5569669894c3fb2d05cee2a3892f6 P 4a47eccfea5d492c9eb8ef0d26634316 [term 0 FOLLOWER]: Replica starting. Triggering 0 pending ops. Active config: opid_index: -1 OBSOLETE_local: false peers { permanent_uuid: "5806942159bd4a38af94f9a88788aa8a" member_type: VOTER last_known_addr { host: "127.7.204.65" port: 35595 } } peers { permanent_uuid: "4a47eccfea5d492c9eb8ef0d26634316" member_type: VOTER last_known_addr { host: "127.7.204.66" port: 38639 } } peers { permanent_uuid: "f1d50c9156cd4f87b6b2945264d7c87d" member_type: VOTER last_known_addr { host: "127.7.204.67" port: 46515 } }
I20260608 09:55:41.331643  8851 raft_consensus.cc:385] T 97c5569669894c3fb2d05cee2a3892f6 P 4a47eccfea5d492c9eb8ef0d26634316 [term 0 FOLLOWER]: Consensus starting up: Expiring failure detector timer to make a prompt election more likely
I20260608 09:55:41.334072  8851 raft_consensus.cc:740] T 97c5569669894c3fb2d05cee2a3892f6 P 4a47eccfea5d492c9eb8ef0d26634316 [term 0 FOLLOWER]: Becoming Follower/Learner. State: Replica: 4a47eccfea5d492c9eb8ef0d26634316, State: Initialized, Role: FOLLOWER
I20260608 09:55:41.334914  8851 consensus_queue.cc:260] T 97c5569669894c3fb2d05cee2a3892f6 P 4a47eccfea5d492c9eb8ef0d26634316 [NON_LEADER]: Queue going to NON_LEADER mode. State: All replicated index: 0, Majority replicated index: 0, Committed index: 0, Last appended: 0.0, Last appended by leader: 0, Current term: 0, Majority size: -1, State: 0, Mode: NON_LEADER, active raft config: opid_index: -1 OBSOLETE_local: false peers { permanent_uuid: "5806942159bd4a38af94f9a88788aa8a" member_type: VOTER last_known_addr { host: "127.7.204.65" port: 35595 } } peers { permanent_uuid: "4a47eccfea5d492c9eb8ef0d26634316" member_type: VOTER last_known_addr { host: "127.7.204.66" port: 38639 } } peers { permanent_uuid: "f1d50c9156cd4f87b6b2945264d7c87d" member_type: VOTER last_known_addr { host: "127.7.204.67" port: 46515 } }
I20260608 09:55:41.335777  8853 tablet_bootstrap.cc:654] T 97c5569669894c3fb2d05cee2a3892f6 P f1d50c9156cd4f87b6b2945264d7c87d: Neither blocks nor log segments found. Creating new log.
I20260608 09:55:41.337265  8851 ts_tablet_manager.cc:1434] T 97c5569669894c3fb2d05cee2a3892f6 P 4a47eccfea5d492c9eb8ef0d26634316: Time spent starting tablet: real 0.014s	user 0.004s	sys 0.001s
I20260608 09:55:41.339064  8851 tablet_bootstrap.cc:492] T 8ce678a72dbc4ecfae6d1bc8495a3546 P 4a47eccfea5d492c9eb8ef0d26634316: Bootstrap starting.
I20260608 09:55:41.341825  8852 tablet_bootstrap.cc:492] T c3f92c14bbf5434aa227ef12e5701130 P 5806942159bd4a38af94f9a88788aa8a: No bootstrap required, opened a new log
I20260608 09:55:41.342370  8852 ts_tablet_manager.cc:1403] T c3f92c14bbf5434aa227ef12e5701130 P 5806942159bd4a38af94f9a88788aa8a: Time spent bootstrapping tablet: real 0.044s	user 0.009s	sys 0.004s
I20260608 09:55:41.344910  8851 tablet_bootstrap.cc:654] T 8ce678a72dbc4ecfae6d1bc8495a3546 P 4a47eccfea5d492c9eb8ef0d26634316: Neither blocks nor log segments found. Creating new log.
I20260608 09:55:41.348042  8806 tablet_service.cc:1917] Received RequestConsensusVote() RPC: tablet_id: "c3f92c14bbf5434aa227ef12e5701130" candidate_uuid: "4a47eccfea5d492c9eb8ef0d26634316" candidate_term: 1 candidate_status { last_received { term: 0 index: 0 } } ignore_live_leader: false dest_uuid: "f1d50c9156cd4f87b6b2945264d7c87d" is_pre_election: true
W20260608 09:55:41.350090  8698 leader_election.cc:343] T c3f92c14bbf5434aa227ef12e5701130 P 4a47eccfea5d492c9eb8ef0d26634316 [CANDIDATE]: Term 1 pre-election: Tablet error from VoteRequest() call to peer f1d50c9156cd4f87b6b2945264d7c87d (127.7.204.67:46515): Illegal state: must be running to vote when last-logged opid is not known
I20260608 09:55:41.350746  8853 tablet_bootstrap.cc:492] T 97c5569669894c3fb2d05cee2a3892f6 P f1d50c9156cd4f87b6b2945264d7c87d: No bootstrap required, opened a new log
I20260608 09:55:41.350643  8698 leader_election.cc:304] T c3f92c14bbf5434aa227ef12e5701130 P 4a47eccfea5d492c9eb8ef0d26634316 [CANDIDATE]: Term 1 pre-election: Election decided. Result: candidate lost. Election summary: received 3 responses out of 3 voters: 1 yes votes; 2 no votes. yes voters: 4a47eccfea5d492c9eb8ef0d26634316; no voters: 5806942159bd4a38af94f9a88788aa8a, f1d50c9156cd4f87b6b2945264d7c87d
I20260608 09:55:41.351397  8853 ts_tablet_manager.cc:1403] T 97c5569669894c3fb2d05cee2a3892f6 P f1d50c9156cd4f87b6b2945264d7c87d: Time spent bootstrapping tablet: real 0.026s	user 0.007s	sys 0.006s
I20260608 09:55:41.351639  8857 raft_consensus.cc:2749] T c3f92c14bbf5434aa227ef12e5701130 P 4a47eccfea5d492c9eb8ef0d26634316 [term 0 FOLLOWER]: Leader pre-election lost for term 1. Reason: could not achieve majority
I20260608 09:55:41.345329  8852 raft_consensus.cc:359] T c3f92c14bbf5434aa227ef12e5701130 P 5806942159bd4a38af94f9a88788aa8a [term 0 FOLLOWER]: Replica starting. Triggering 0 pending ops. Active config: opid_index: -1 OBSOLETE_local: false peers { permanent_uuid: "5806942159bd4a38af94f9a88788aa8a" member_type: VOTER last_known_addr { host: "127.7.204.65" port: 35595 } } peers { permanent_uuid: "4a47eccfea5d492c9eb8ef0d26634316" member_type: VOTER last_known_addr { host: "127.7.204.66" port: 38639 } } peers { permanent_uuid: "f1d50c9156cd4f87b6b2945264d7c87d" member_type: VOTER last_known_addr { host: "127.7.204.67" port: 46515 } }
I20260608 09:55:41.354188  8852 raft_consensus.cc:385] T c3f92c14bbf5434aa227ef12e5701130 P 5806942159bd4a38af94f9a88788aa8a [term 0 FOLLOWER]: Consensus starting up: Expiring failure detector timer to make a prompt election more likely
I20260608 09:55:41.354552  8852 raft_consensus.cc:740] T c3f92c14bbf5434aa227ef12e5701130 P 5806942159bd4a38af94f9a88788aa8a [term 0 FOLLOWER]: Becoming Follower/Learner. State: Replica: 5806942159bd4a38af94f9a88788aa8a, State: Initialized, Role: FOLLOWER
I20260608 09:55:41.354341  8853 raft_consensus.cc:359] T 97c5569669894c3fb2d05cee2a3892f6 P f1d50c9156cd4f87b6b2945264d7c87d [term 0 FOLLOWER]: Replica starting. Triggering 0 pending ops. Active config: opid_index: -1 OBSOLETE_local: false peers { permanent_uuid: "5806942159bd4a38af94f9a88788aa8a" member_type: VOTER last_known_addr { host: "127.7.204.65" port: 35595 } } peers { permanent_uuid: "4a47eccfea5d492c9eb8ef0d26634316" member_type: VOTER last_known_addr { host: "127.7.204.66" port: 38639 } } peers { permanent_uuid: "f1d50c9156cd4f87b6b2945264d7c87d" member_type: VOTER last_known_addr { host: "127.7.204.67" port: 46515 } }
I20260608 09:55:41.355109  8853 raft_consensus.cc:385] T 97c5569669894c3fb2d05cee2a3892f6 P f1d50c9156cd4f87b6b2945264d7c87d [term 0 FOLLOWER]: Consensus starting up: Expiring failure detector timer to make a prompt election more likely
I20260608 09:55:41.355432  8853 raft_consensus.cc:740] T 97c5569669894c3fb2d05cee2a3892f6 P f1d50c9156cd4f87b6b2945264d7c87d [term 0 FOLLOWER]: Becoming Follower/Learner. State: Replica: f1d50c9156cd4f87b6b2945264d7c87d, State: Initialized, Role: FOLLOWER
I20260608 09:55:41.355629  8851 tablet_bootstrap.cc:492] T 8ce678a72dbc4ecfae6d1bc8495a3546 P 4a47eccfea5d492c9eb8ef0d26634316: No bootstrap required, opened a new log
I20260608 09:55:41.356199  8851 ts_tablet_manager.cc:1403] T 8ce678a72dbc4ecfae6d1bc8495a3546 P 4a47eccfea5d492c9eb8ef0d26634316: Time spent bootstrapping tablet: real 0.018s	user 0.007s	sys 0.008s
I20260608 09:55:41.356284  8853 consensus_queue.cc:260] T 97c5569669894c3fb2d05cee2a3892f6 P f1d50c9156cd4f87b6b2945264d7c87d [NON_LEADER]: Queue going to NON_LEADER mode. State: All replicated index: 0, Majority replicated index: 0, Committed index: 0, Last appended: 0.0, Last appended by leader: 0, Current term: 0, Majority size: -1, State: 0, Mode: NON_LEADER, active raft config: opid_index: -1 OBSOLETE_local: false peers { permanent_uuid: "5806942159bd4a38af94f9a88788aa8a" member_type: VOTER last_known_addr { host: "127.7.204.65" port: 35595 } } peers { permanent_uuid: "4a47eccfea5d492c9eb8ef0d26634316" member_type: VOTER last_known_addr { host: "127.7.204.66" port: 38639 } } peers { permanent_uuid: "f1d50c9156cd4f87b6b2945264d7c87d" member_type: VOTER last_known_addr { host: "127.7.204.67" port: 46515 } }
I20260608 09:55:41.358181  8857 raft_consensus.cc:493] T 97c5569669894c3fb2d05cee2a3892f6 P 4a47eccfea5d492c9eb8ef0d26634316 [term 0 FOLLOWER]: Starting pre-election (no leader contacted us within the election timeout)
I20260608 09:55:41.358654  8857 raft_consensus.cc:515] T 97c5569669894c3fb2d05cee2a3892f6 P 4a47eccfea5d492c9eb8ef0d26634316 [term 0 FOLLOWER]: Starting pre-election with config: opid_index: -1 OBSOLETE_local: false peers { permanent_uuid: "5806942159bd4a38af94f9a88788aa8a" member_type: VOTER last_known_addr { host: "127.7.204.65" port: 35595 } } peers { permanent_uuid: "4a47eccfea5d492c9eb8ef0d26634316" member_type: VOTER last_known_addr { host: "127.7.204.66" port: 38639 } } peers { permanent_uuid: "f1d50c9156cd4f87b6b2945264d7c87d" member_type: VOTER last_known_addr { host: "127.7.204.67" port: 46515 } }
I20260608 09:55:41.359257  8851 raft_consensus.cc:359] T 8ce678a72dbc4ecfae6d1bc8495a3546 P 4a47eccfea5d492c9eb8ef0d26634316 [term 0 FOLLOWER]: Replica starting. Triggering 0 pending ops. Active config: opid_index: -1 OBSOLETE_local: false peers { permanent_uuid: "5806942159bd4a38af94f9a88788aa8a" member_type: VOTER last_known_addr { host: "127.7.204.65" port: 35595 } } peers { permanent_uuid: "4a47eccfea5d492c9eb8ef0d26634316" member_type: VOTER last_known_addr { host: "127.7.204.66" port: 38639 } } peers { permanent_uuid: "f1d50c9156cd4f87b6b2945264d7c87d" member_type: VOTER last_known_addr { host: "127.7.204.67" port: 46515 } }
I20260608 09:55:41.359223  8852 consensus_queue.cc:260] T c3f92c14bbf5434aa227ef12e5701130 P 5806942159bd4a38af94f9a88788aa8a [NON_LEADER]: Queue going to NON_LEADER mode. State: All replicated index: 0, Majority replicated index: 0, Committed index: 0, Last appended: 0.0, Last appended by leader: 0, Current term: 0, Majority size: -1, State: 0, Mode: NON_LEADER, active raft config: opid_index: -1 OBSOLETE_local: false peers { permanent_uuid: "5806942159bd4a38af94f9a88788aa8a" member_type: VOTER last_known_addr { host: "127.7.204.65" port: 35595 } } peers { permanent_uuid: "4a47eccfea5d492c9eb8ef0d26634316" member_type: VOTER last_known_addr { host: "127.7.204.66" port: 38639 } } peers { permanent_uuid: "f1d50c9156cd4f87b6b2945264d7c87d" member_type: VOTER last_known_addr { host: "127.7.204.67" port: 46515 } }
I20260608 09:55:41.361109  8857 leader_election.cc:290] T 97c5569669894c3fb2d05cee2a3892f6 P 4a47eccfea5d492c9eb8ef0d26634316 [CANDIDATE]: Term 1 pre-election: Requested pre-vote from peers 5806942159bd4a38af94f9a88788aa8a (127.7.204.65:35595), f1d50c9156cd4f87b6b2945264d7c87d (127.7.204.67:46515)
I20260608 09:55:41.361595  8852 ts_tablet_manager.cc:1434] T c3f92c14bbf5434aa227ef12e5701130 P 5806942159bd4a38af94f9a88788aa8a: Time spent starting tablet: real 0.019s	user 0.007s	sys 0.000s
I20260608 09:55:41.360049  8851 raft_consensus.cc:385] T 8ce678a72dbc4ecfae6d1bc8495a3546 P 4a47eccfea5d492c9eb8ef0d26634316 [term 0 FOLLOWER]: Consensus starting up: Expiring failure detector timer to make a prompt election more likely
I20260608 09:55:41.362294  8851 raft_consensus.cc:740] T 8ce678a72dbc4ecfae6d1bc8495a3546 P 4a47eccfea5d492c9eb8ef0d26634316 [term 0 FOLLOWER]: Becoming Follower/Learner. State: Replica: 4a47eccfea5d492c9eb8ef0d26634316, State: Initialized, Role: FOLLOWER
I20260608 09:55:41.362648  8852 tablet_bootstrap.cc:492] T 62f080fb17884adba8e70e29c67ed6b0 P 5806942159bd4a38af94f9a88788aa8a: Bootstrap starting.
I20260608 09:55:41.363112  8851 consensus_queue.cc:260] T 8ce678a72dbc4ecfae6d1bc8495a3546 P 4a47eccfea5d492c9eb8ef0d26634316 [NON_LEADER]: Queue going to NON_LEADER mode. State: All replicated index: 0, Majority replicated index: 0, Committed index: 0, Last appended: 0.0, Last appended by leader: 0, Current term: 0, Majority size: -1, State: 0, Mode: NON_LEADER, active raft config: opid_index: -1 OBSOLETE_local: false peers { permanent_uuid: "5806942159bd4a38af94f9a88788aa8a" member_type: VOTER last_known_addr { host: "127.7.204.65" port: 35595 } } peers { permanent_uuid: "4a47eccfea5d492c9eb8ef0d26634316" member_type: VOTER last_known_addr { host: "127.7.204.66" port: 38639 } } peers { permanent_uuid: "f1d50c9156cd4f87b6b2945264d7c87d" member_type: VOTER last_known_addr { host: "127.7.204.67" port: 46515 } }
I20260608 09:55:41.365406  8851 ts_tablet_manager.cc:1434] T 8ce678a72dbc4ecfae6d1bc8495a3546 P 4a47eccfea5d492c9eb8ef0d26634316: Time spent starting tablet: real 0.009s	user 0.005s	sys 0.000s
I20260608 09:55:41.366426  8851 tablet_bootstrap.cc:492] T 4abb7f3a221945ad9feda45ea3371056 P 4a47eccfea5d492c9eb8ef0d26634316: Bootstrap starting.
I20260608 09:55:41.368260  8806 tablet_service.cc:1917] Received RequestConsensusVote() RPC: tablet_id: "97c5569669894c3fb2d05cee2a3892f6" candidate_uuid: "4a47eccfea5d492c9eb8ef0d26634316" candidate_term: 1 candidate_status { last_received { term: 0 index: 0 } } ignore_live_leader: false dest_uuid: "f1d50c9156cd4f87b6b2945264d7c87d" is_pre_election: true
I20260608 09:55:41.368916  8806 raft_consensus.cc:2468] T 97c5569669894c3fb2d05cee2a3892f6 P f1d50c9156cd4f87b6b2945264d7c87d [term 0 FOLLOWER]: Leader pre-election vote request: Granting yes vote for candidate 4a47eccfea5d492c9eb8ef0d26634316 in term 0.
I20260608 09:55:41.369354  8852 tablet_bootstrap.cc:654] T 62f080fb17884adba8e70e29c67ed6b0 P 5806942159bd4a38af94f9a88788aa8a: Neither blocks nor log segments found. Creating new log.
I20260608 09:55:41.362783  8657 tablet_service.cc:1917] Received RequestConsensusVote() RPC: tablet_id: "97c5569669894c3fb2d05cee2a3892f6" candidate_uuid: "4a47eccfea5d492c9eb8ef0d26634316" candidate_term: 1 candidate_status { last_received { term: 0 index: 0 } } ignore_live_leader: false dest_uuid: "5806942159bd4a38af94f9a88788aa8a" is_pre_election: true
I20260608 09:55:41.370164  8657 raft_consensus.cc:2468] T 97c5569669894c3fb2d05cee2a3892f6 P 5806942159bd4a38af94f9a88788aa8a [term 0 FOLLOWER]: Leader pre-election vote request: Granting yes vote for candidate 4a47eccfea5d492c9eb8ef0d26634316 in term 0.
I20260608 09:55:41.358595  8853 ts_tablet_manager.cc:1434] T 97c5569669894c3fb2d05cee2a3892f6 P f1d50c9156cd4f87b6b2945264d7c87d: Time spent starting tablet: real 0.007s	user 0.003s	sys 0.001s
I20260608 09:55:41.371573  8695 leader_election.cc:304] T 97c5569669894c3fb2d05cee2a3892f6 P 4a47eccfea5d492c9eb8ef0d26634316 [CANDIDATE]: Term 1 pre-election: Election decided. Result: candidate won. Election summary: received 2 responses out of 3 voters: 2 yes votes; 0 no votes. yes voters: 4a47eccfea5d492c9eb8ef0d26634316, 5806942159bd4a38af94f9a88788aa8a; no voters: 
I20260608 09:55:41.372018  8853 tablet_bootstrap.cc:492] T 62f080fb17884adba8e70e29c67ed6b0 P f1d50c9156cd4f87b6b2945264d7c87d: Bootstrap starting.
I20260608 09:55:41.372843  8851 tablet_bootstrap.cc:654] T 4abb7f3a221945ad9feda45ea3371056 P 4a47eccfea5d492c9eb8ef0d26634316: Neither blocks nor log segments found. Creating new log.
I20260608 09:55:41.379340  8857 raft_consensus.cc:2804] T 97c5569669894c3fb2d05cee2a3892f6 P 4a47eccfea5d492c9eb8ef0d26634316 [term 0 FOLLOWER]: Leader pre-election won for term 1
I20260608 09:55:41.379535  8853 tablet_bootstrap.cc:654] T 62f080fb17884adba8e70e29c67ed6b0 P f1d50c9156cd4f87b6b2945264d7c87d: Neither blocks nor log segments found. Creating new log.
I20260608 09:55:41.379731  8857 raft_consensus.cc:493] T 97c5569669894c3fb2d05cee2a3892f6 P 4a47eccfea5d492c9eb8ef0d26634316 [term 0 FOLLOWER]: Starting leader election (no leader contacted us within the election timeout)
I20260608 09:55:41.380193  8857 raft_consensus.cc:3060] T 97c5569669894c3fb2d05cee2a3892f6 P 4a47eccfea5d492c9eb8ef0d26634316 [term 0 FOLLOWER]: Advancing to term 1
I20260608 09:55:41.388144  8852 tablet_bootstrap.cc:492] T 62f080fb17884adba8e70e29c67ed6b0 P 5806942159bd4a38af94f9a88788aa8a: No bootstrap required, opened a new log
I20260608 09:55:41.388757  8852 ts_tablet_manager.cc:1403] T 62f080fb17884adba8e70e29c67ed6b0 P 5806942159bd4a38af94f9a88788aa8a: Time spent bootstrapping tablet: real 0.026s	user 0.010s	sys 0.003s
I20260608 09:55:41.392477  8852 raft_consensus.cc:359] T 62f080fb17884adba8e70e29c67ed6b0 P 5806942159bd4a38af94f9a88788aa8a [term 0 FOLLOWER]: Replica starting. Triggering 0 pending ops. Active config: opid_index: -1 OBSOLETE_local: false peers { permanent_uuid: "5806942159bd4a38af94f9a88788aa8a" member_type: VOTER last_known_addr { host: "127.7.204.65" port: 35595 } } peers { permanent_uuid: "4a47eccfea5d492c9eb8ef0d26634316" member_type: VOTER last_known_addr { host: "127.7.204.66" port: 38639 } } peers { permanent_uuid: "f1d50c9156cd4f87b6b2945264d7c87d" member_type: VOTER last_known_addr { host: "127.7.204.67" port: 46515 } }
I20260608 09:55:41.393298  8852 raft_consensus.cc:385] T 62f080fb17884adba8e70e29c67ed6b0 P 5806942159bd4a38af94f9a88788aa8a [term 0 FOLLOWER]: Consensus starting up: Expiring failure detector timer to make a prompt election more likely
I20260608 09:55:41.393692  8852 raft_consensus.cc:740] T 62f080fb17884adba8e70e29c67ed6b0 P 5806942159bd4a38af94f9a88788aa8a [term 0 FOLLOWER]: Becoming Follower/Learner. State: Replica: 5806942159bd4a38af94f9a88788aa8a, State: Initialized, Role: FOLLOWER
I20260608 09:55:41.394508  8852 consensus_queue.cc:260] T 62f080fb17884adba8e70e29c67ed6b0 P 5806942159bd4a38af94f9a88788aa8a [NON_LEADER]: Queue going to NON_LEADER mode. State: All replicated index: 0, Majority replicated index: 0, Committed index: 0, Last appended: 0.0, Last appended by leader: 0, Current term: 0, Majority size: -1, State: 0, Mode: NON_LEADER, active raft config: opid_index: -1 OBSOLETE_local: false peers { permanent_uuid: "5806942159bd4a38af94f9a88788aa8a" member_type: VOTER last_known_addr { host: "127.7.204.65" port: 35595 } } peers { permanent_uuid: "4a47eccfea5d492c9eb8ef0d26634316" member_type: VOTER last_known_addr { host: "127.7.204.66" port: 38639 } } peers { permanent_uuid: "f1d50c9156cd4f87b6b2945264d7c87d" member_type: VOTER last_known_addr { host: "127.7.204.67" port: 46515 } }
I20260608 09:55:41.397672  8852 ts_tablet_manager.cc:1434] T 62f080fb17884adba8e70e29c67ed6b0 P 5806942159bd4a38af94f9a88788aa8a: Time spent starting tablet: real 0.009s	user 0.006s	sys 0.000s
I20260608 09:55:41.399154  8852 tablet_bootstrap.cc:492] T 3e82e6ae1003430da8a891b9d237549d P 5806942159bd4a38af94f9a88788aa8a: Bootstrap starting.
I20260608 09:55:41.394657  8857 raft_consensus.cc:515] T 97c5569669894c3fb2d05cee2a3892f6 P 4a47eccfea5d492c9eb8ef0d26634316 [term 1 FOLLOWER]: Starting leader election with config: opid_index: -1 OBSOLETE_local: false peers { permanent_uuid: "5806942159bd4a38af94f9a88788aa8a" member_type: VOTER last_known_addr { host: "127.7.204.65" port: 35595 } } peers { permanent_uuid: "4a47eccfea5d492c9eb8ef0d26634316" member_type: VOTER last_known_addr { host: "127.7.204.66" port: 38639 } } peers { permanent_uuid: "f1d50c9156cd4f87b6b2945264d7c87d" member_type: VOTER last_known_addr { host: "127.7.204.67" port: 46515 } }
I20260608 09:55:41.402345  8806 tablet_service.cc:1917] Received RequestConsensusVote() RPC: tablet_id: "97c5569669894c3fb2d05cee2a3892f6" candidate_uuid: "4a47eccfea5d492c9eb8ef0d26634316" candidate_term: 1 candidate_status { last_received { term: 0 index: 0 } } ignore_live_leader: false dest_uuid: "f1d50c9156cd4f87b6b2945264d7c87d"
I20260608 09:55:41.403033  8806 raft_consensus.cc:3060] T 97c5569669894c3fb2d05cee2a3892f6 P f1d50c9156cd4f87b6b2945264d7c87d [term 0 FOLLOWER]: Advancing to term 1
I20260608 09:55:41.406015  8852 tablet_bootstrap.cc:654] T 3e82e6ae1003430da8a891b9d237549d P 5806942159bd4a38af94f9a88788aa8a: Neither blocks nor log segments found. Creating new log.
I20260608 09:55:41.413564  8806 raft_consensus.cc:2468] T 97c5569669894c3fb2d05cee2a3892f6 P f1d50c9156cd4f87b6b2945264d7c87d [term 1 FOLLOWER]: Leader election vote request: Granting yes vote for candidate 4a47eccfea5d492c9eb8ef0d26634316 in term 1.
I20260608 09:55:41.415350  8698 leader_election.cc:304] T 97c5569669894c3fb2d05cee2a3892f6 P 4a47eccfea5d492c9eb8ef0d26634316 [CANDIDATE]: Term 1 election: Election decided. Result: candidate won. Election summary: received 2 responses out of 3 voters: 2 yes votes; 0 no votes. yes voters: 4a47eccfea5d492c9eb8ef0d26634316, f1d50c9156cd4f87b6b2945264d7c87d; no voters: 
I20260608 09:55:41.418448  8870 raft_consensus.cc:2804] T 97c5569669894c3fb2d05cee2a3892f6 P 4a47eccfea5d492c9eb8ef0d26634316 [term 1 FOLLOWER]: Leader election won for term 1
W20260608 09:55:41.419441  8695 outbound_call.cc:321] RPC callback for RPC call kudu.consensus.ConsensusService.RequestConsensusVote -> {remote=127.7.204.65:35595, user_credentials={real_user=slave}} blocked reactor thread for 47943.4us
I20260608 09:55:41.422272  8657 tablet_service.cc:1917] Received RequestConsensusVote() RPC: tablet_id: "97c5569669894c3fb2d05cee2a3892f6" candidate_uuid: "4a47eccfea5d492c9eb8ef0d26634316" candidate_term: 1 candidate_status { last_received { term: 0 index: 0 } } ignore_live_leader: false dest_uuid: "5806942159bd4a38af94f9a88788aa8a"
I20260608 09:55:41.423072  8657 raft_consensus.cc:3060] T 97c5569669894c3fb2d05cee2a3892f6 P 5806942159bd4a38af94f9a88788aa8a [term 0 FOLLOWER]: Advancing to term 1
I20260608 09:55:41.420138  8857 leader_election.cc:290] T 97c5569669894c3fb2d05cee2a3892f6 P 4a47eccfea5d492c9eb8ef0d26634316 [CANDIDATE]: Term 1 election: Requested vote from peers 5806942159bd4a38af94f9a88788aa8a (127.7.204.65:35595), f1d50c9156cd4f87b6b2945264d7c87d (127.7.204.67:46515)
I20260608 09:55:41.442327  8870 raft_consensus.cc:697] T 97c5569669894c3fb2d05cee2a3892f6 P 4a47eccfea5d492c9eb8ef0d26634316 [term 1 LEADER]: Becoming Leader. State: Replica: 4a47eccfea5d492c9eb8ef0d26634316, State: Running, Role: LEADER
I20260608 09:55:41.452605  8857 raft_consensus.cc:493] T b6b2c9671c8b4fafaa605452fddd15db P 4a47eccfea5d492c9eb8ef0d26634316 [term 0 FOLLOWER]: Starting pre-election (no leader contacted us within the election timeout)
I20260608 09:55:41.453336  8857 raft_consensus.cc:515] T b6b2c9671c8b4fafaa605452fddd15db P 4a47eccfea5d492c9eb8ef0d26634316 [term 0 FOLLOWER]: Starting pre-election with config: opid_index: -1 OBSOLETE_local: false peers { permanent_uuid: "5806942159bd4a38af94f9a88788aa8a" member_type: VOTER last_known_addr { host: "127.7.204.65" port: 35595 } } peers { permanent_uuid: "4a47eccfea5d492c9eb8ef0d26634316" member_type: VOTER last_known_addr { host: "127.7.204.66" port: 38639 } } peers { permanent_uuid: "f1d50c9156cd4f87b6b2945264d7c87d" member_type: VOTER last_known_addr { host: "127.7.204.67" port: 46515 } }
I20260608 09:55:41.458400  8657 raft_consensus.cc:2468] T 97c5569669894c3fb2d05cee2a3892f6 P 5806942159bd4a38af94f9a88788aa8a [term 1 FOLLOWER]: Leader election vote request: Granting yes vote for candidate 4a47eccfea5d492c9eb8ef0d26634316 in term 1.
I20260608 09:55:41.464536  8656 tablet_service.cc:1917] Received RequestConsensusVote() RPC: tablet_id: "b6b2c9671c8b4fafaa605452fddd15db" candidate_uuid: "4a47eccfea5d492c9eb8ef0d26634316" candidate_term: 1 candidate_status { last_received { term: 0 index: 0 } } ignore_live_leader: false dest_uuid: "5806942159bd4a38af94f9a88788aa8a" is_pre_election: true
W20260608 09:55:41.466871  8695 leader_election.cc:343] T b6b2c9671c8b4fafaa605452fddd15db P 4a47eccfea5d492c9eb8ef0d26634316 [CANDIDATE]: Term 1 pre-election: Tablet error from VoteRequest() call to peer 5806942159bd4a38af94f9a88788aa8a (127.7.204.65:35595): Illegal state: must be running to vote when last-logged opid is not known
I20260608 09:55:41.443641  8870 consensus_queue.cc:237] T 97c5569669894c3fb2d05cee2a3892f6 P 4a47eccfea5d492c9eb8ef0d26634316 [LEADER]: Queue going to LEADER mode. State: All replicated index: 0, Majority replicated index: 0, Committed index: 0, Last appended: 0.0, Last appended by leader: 0, Current term: 1, Majority size: 2, State: 0, Mode: LEADER, active raft config: opid_index: -1 OBSOLETE_local: false peers { permanent_uuid: "5806942159bd4a38af94f9a88788aa8a" member_type: VOTER last_known_addr { host: "127.7.204.65" port: 35595 } } peers { permanent_uuid: "4a47eccfea5d492c9eb8ef0d26634316" member_type: VOTER last_known_addr { host: "127.7.204.66" port: 38639 } } peers { permanent_uuid: "f1d50c9156cd4f87b6b2945264d7c87d" member_type: VOTER last_known_addr { host: "127.7.204.67" port: 46515 } }
I20260608 09:55:41.463644  8853 tablet_bootstrap.cc:492] T 62f080fb17884adba8e70e29c67ed6b0 P f1d50c9156cd4f87b6b2945264d7c87d: No bootstrap required, opened a new log
I20260608 09:55:41.468240  8853 ts_tablet_manager.cc:1403] T 62f080fb17884adba8e70e29c67ed6b0 P f1d50c9156cd4f87b6b2945264d7c87d: Time spent bootstrapping tablet: real 0.096s	user 0.053s	sys 0.033s
I20260608 09:55:41.471470  8857 leader_election.cc:290] T b6b2c9671c8b4fafaa605452fddd15db P 4a47eccfea5d492c9eb8ef0d26634316 [CANDIDATE]: Term 1 pre-election: Requested pre-vote from peers 5806942159bd4a38af94f9a88788aa8a (127.7.204.65:35595), f1d50c9156cd4f87b6b2945264d7c87d (127.7.204.67:46515)
I20260608 09:55:41.472262  8853 raft_consensus.cc:359] T 62f080fb17884adba8e70e29c67ed6b0 P f1d50c9156cd4f87b6b2945264d7c87d [term 0 FOLLOWER]: Replica starting. Triggering 0 pending ops. Active config: opid_index: -1 OBSOLETE_local: false peers { permanent_uuid: "5806942159bd4a38af94f9a88788aa8a" member_type: VOTER last_known_addr { host: "127.7.204.65" port: 35595 } } peers { permanent_uuid: "4a47eccfea5d492c9eb8ef0d26634316" member_type: VOTER last_known_addr { host: "127.7.204.66" port: 38639 } } peers { permanent_uuid: "f1d50c9156cd4f87b6b2945264d7c87d" member_type: VOTER last_known_addr { host: "127.7.204.67" port: 46515 } }
I20260608 09:55:41.472844  8806 tablet_service.cc:1917] Received RequestConsensusVote() RPC: tablet_id: "b6b2c9671c8b4fafaa605452fddd15db" candidate_uuid: "4a47eccfea5d492c9eb8ef0d26634316" candidate_term: 1 candidate_status { last_received { term: 0 index: 0 } } ignore_live_leader: false dest_uuid: "f1d50c9156cd4f87b6b2945264d7c87d" is_pre_election: true
I20260608 09:55:41.473136  8853 raft_consensus.cc:385] T 62f080fb17884adba8e70e29c67ed6b0 P f1d50c9156cd4f87b6b2945264d7c87d [term 0 FOLLOWER]: Consensus starting up: Expiring failure detector timer to make a prompt election more likely
I20260608 09:55:41.473598  8853 raft_consensus.cc:740] T 62f080fb17884adba8e70e29c67ed6b0 P f1d50c9156cd4f87b6b2945264d7c87d [term 0 FOLLOWER]: Becoming Follower/Learner. State: Replica: f1d50c9156cd4f87b6b2945264d7c87d, State: Initialized, Role: FOLLOWER
W20260608 09:55:41.474202  8698 leader_election.cc:343] T b6b2c9671c8b4fafaa605452fddd15db P 4a47eccfea5d492c9eb8ef0d26634316 [CANDIDATE]: Term 1 pre-election: Tablet error from VoteRequest() call to peer f1d50c9156cd4f87b6b2945264d7c87d (127.7.204.67:46515): Illegal state: must be running to vote when last-logged opid is not known
I20260608 09:55:41.474434  8851 tablet_bootstrap.cc:492] T 4abb7f3a221945ad9feda45ea3371056 P 4a47eccfea5d492c9eb8ef0d26634316: No bootstrap required, opened a new log
I20260608 09:55:41.474939  8851 ts_tablet_manager.cc:1403] T 4abb7f3a221945ad9feda45ea3371056 P 4a47eccfea5d492c9eb8ef0d26634316: Time spent bootstrapping tablet: real 0.109s	user 0.028s	sys 0.050s
I20260608 09:55:41.474749  8698 leader_election.cc:304] T b6b2c9671c8b4fafaa605452fddd15db P 4a47eccfea5d492c9eb8ef0d26634316 [CANDIDATE]: Term 1 pre-election: Election decided. Result: candidate lost. Election summary: received 3 responses out of 3 voters: 1 yes votes; 2 no votes. yes voters: 4a47eccfea5d492c9eb8ef0d26634316; no voters: 5806942159bd4a38af94f9a88788aa8a, f1d50c9156cd4f87b6b2945264d7c87d
I20260608 09:55:41.475673  8857 raft_consensus.cc:2749] T b6b2c9671c8b4fafaa605452fddd15db P 4a47eccfea5d492c9eb8ef0d26634316 [term 0 FOLLOWER]: Leader pre-election lost for term 1. Reason: could not achieve majority
I20260608 09:55:41.474498  8853 consensus_queue.cc:260] T 62f080fb17884adba8e70e29c67ed6b0 P f1d50c9156cd4f87b6b2945264d7c87d [NON_LEADER]: Queue going to NON_LEADER mode. State: All replicated index: 0, Majority replicated index: 0, Committed index: 0, Last appended: 0.0, Last appended by leader: 0, Current term: 0, Majority size: -1, State: 0, Mode: NON_LEADER, active raft config: opid_index: -1 OBSOLETE_local: false peers { permanent_uuid: "5806942159bd4a38af94f9a88788aa8a" member_type: VOTER last_known_addr { host: "127.7.204.65" port: 35595 } } peers { permanent_uuid: "4a47eccfea5d492c9eb8ef0d26634316" member_type: VOTER last_known_addr { host: "127.7.204.66" port: 38639 } } peers { permanent_uuid: "f1d50c9156cd4f87b6b2945264d7c87d" member_type: VOTER last_known_addr { host: "127.7.204.67" port: 46515 } }
I20260608 09:55:41.477619  8852 tablet_bootstrap.cc:492] T 3e82e6ae1003430da8a891b9d237549d P 5806942159bd4a38af94f9a88788aa8a: No bootstrap required, opened a new log
I20260608 09:55:41.478109  8852 ts_tablet_manager.cc:1403] T 3e82e6ae1003430da8a891b9d237549d P 5806942159bd4a38af94f9a88788aa8a: Time spent bootstrapping tablet: real 0.079s	user 0.026s	sys 0.046s
I20260608 09:55:41.477893  8851 raft_consensus.cc:359] T 4abb7f3a221945ad9feda45ea3371056 P 4a47eccfea5d492c9eb8ef0d26634316 [term 0 FOLLOWER]: Replica starting. Triggering 0 pending ops. Active config: opid_index: -1 OBSOLETE_local: false peers { permanent_uuid: "5806942159bd4a38af94f9a88788aa8a" member_type: VOTER last_known_addr { host: "127.7.204.65" port: 35595 } } peers { permanent_uuid: "4a47eccfea5d492c9eb8ef0d26634316" member_type: VOTER last_known_addr { host: "127.7.204.66" port: 38639 } } peers { permanent_uuid: "f1d50c9156cd4f87b6b2945264d7c87d" member_type: VOTER last_known_addr { host: "127.7.204.67" port: 46515 } }
I20260608 09:55:41.478587  8851 raft_consensus.cc:385] T 4abb7f3a221945ad9feda45ea3371056 P 4a47eccfea5d492c9eb8ef0d26634316 [term 0 FOLLOWER]: Consensus starting up: Expiring failure detector timer to make a prompt election more likely
I20260608 09:55:41.478885  8851 raft_consensus.cc:740] T 4abb7f3a221945ad9feda45ea3371056 P 4a47eccfea5d492c9eb8ef0d26634316 [term 0 FOLLOWER]: Becoming Follower/Learner. State: Replica: 4a47eccfea5d492c9eb8ef0d26634316, State: Initialized, Role: FOLLOWER
I20260608 09:55:41.479776  8851 consensus_queue.cc:260] T 4abb7f3a221945ad9feda45ea3371056 P 4a47eccfea5d492c9eb8ef0d26634316 [NON_LEADER]: Queue going to NON_LEADER mode. State: All replicated index: 0, Majority replicated index: 0, Committed index: 0, Last appended: 0.0, Last appended by leader: 0, Current term: 0, Majority size: -1, State: 0, Mode: NON_LEADER, active raft config: opid_index: -1 OBSOLETE_local: false peers { permanent_uuid: "5806942159bd4a38af94f9a88788aa8a" member_type: VOTER last_known_addr { host: "127.7.204.65" port: 35595 } } peers { permanent_uuid: "4a47eccfea5d492c9eb8ef0d26634316" member_type: VOTER last_known_addr { host: "127.7.204.66" port: 38639 } } peers { permanent_uuid: "f1d50c9156cd4f87b6b2945264d7c87d" member_type: VOTER last_known_addr { host: "127.7.204.67" port: 46515 } }
I20260608 09:55:41.480985  8852 raft_consensus.cc:359] T 3e82e6ae1003430da8a891b9d237549d P 5806942159bd4a38af94f9a88788aa8a [term 0 FOLLOWER]: Replica starting. Triggering 0 pending ops. Active config: opid_index: -1 OBSOLETE_local: false peers { permanent_uuid: "5806942159bd4a38af94f9a88788aa8a" member_type: VOTER last_known_addr { host: "127.7.204.65" port: 35595 } } peers { permanent_uuid: "4a47eccfea5d492c9eb8ef0d26634316" member_type: VOTER last_known_addr { host: "127.7.204.66" port: 38639 } } peers { permanent_uuid: "f1d50c9156cd4f87b6b2945264d7c87d" member_type: VOTER last_known_addr { host: "127.7.204.67" port: 46515 } }
I20260608 09:55:41.481688  8852 raft_consensus.cc:385] T 3e82e6ae1003430da8a891b9d237549d P 5806942159bd4a38af94f9a88788aa8a [term 0 FOLLOWER]: Consensus starting up: Expiring failure detector timer to make a prompt election more likely
I20260608 09:55:41.481971  8852 raft_consensus.cc:740] T 3e82e6ae1003430da8a891b9d237549d P 5806942159bd4a38af94f9a88788aa8a [term 0 FOLLOWER]: Becoming Follower/Learner. State: Replica: 5806942159bd4a38af94f9a88788aa8a, State: Initialized, Role: FOLLOWER
I20260608 09:55:41.482125  8851 ts_tablet_manager.cc:1434] T 4abb7f3a221945ad9feda45ea3371056 P 4a47eccfea5d492c9eb8ef0d26634316: Time spent starting tablet: real 0.007s	user 0.006s	sys 0.000s
I20260608 09:55:41.483283  8851 tablet_bootstrap.cc:492] T 62f080fb17884adba8e70e29c67ed6b0 P 4a47eccfea5d492c9eb8ef0d26634316: Bootstrap starting.
I20260608 09:55:41.482905  8852 consensus_queue.cc:260] T 3e82e6ae1003430da8a891b9d237549d P 5806942159bd4a38af94f9a88788aa8a [NON_LEADER]: Queue going to NON_LEADER mode. State: All replicated index: 0, Majority replicated index: 0, Committed index: 0, Last appended: 0.0, Last appended by leader: 0, Current term: 0, Majority size: -1, State: 0, Mode: NON_LEADER, active raft config: opid_index: -1 OBSOLETE_local: false peers { permanent_uuid: "5806942159bd4a38af94f9a88788aa8a" member_type: VOTER last_known_addr { host: "127.7.204.65" port: 35595 } } peers { permanent_uuid: "4a47eccfea5d492c9eb8ef0d26634316" member_type: VOTER last_known_addr { host: "127.7.204.66" port: 38639 } } peers { permanent_uuid: "f1d50c9156cd4f87b6b2945264d7c87d" member_type: VOTER last_known_addr { host: "127.7.204.67" port: 46515 } }
I20260608 09:55:41.485263  8852 ts_tablet_manager.cc:1434] T 3e82e6ae1003430da8a891b9d237549d P 5806942159bd4a38af94f9a88788aa8a: Time spent starting tablet: real 0.007s	user 0.007s	sys 0.000s
I20260608 09:55:41.486299  8852 tablet_bootstrap.cc:492] T 9211b9d06f5244459e319381e9168b17 P 5806942159bd4a38af94f9a88788aa8a: Bootstrap starting.
I20260608 09:55:41.487233  8853 ts_tablet_manager.cc:1434] T 62f080fb17884adba8e70e29c67ed6b0 P f1d50c9156cd4f87b6b2945264d7c87d: Time spent starting tablet: real 0.018s	user 0.005s	sys 0.003s
I20260608 09:55:41.490482  8851 tablet_bootstrap.cc:654] T 62f080fb17884adba8e70e29c67ed6b0 P 4a47eccfea5d492c9eb8ef0d26634316: Neither blocks nor log segments found. Creating new log.
I20260608 09:55:41.491087  8853 tablet_bootstrap.cc:492] T b6b2c9671c8b4fafaa605452fddd15db P f1d50c9156cd4f87b6b2945264d7c87d: Bootstrap starting.
I20260608 09:55:41.492897  8852 tablet_bootstrap.cc:654] T 9211b9d06f5244459e319381e9168b17 P 5806942159bd4a38af94f9a88788aa8a: Neither blocks nor log segments found. Creating new log.
I20260608 09:55:41.498543  8853 tablet_bootstrap.cc:654] T b6b2c9671c8b4fafaa605452fddd15db P f1d50c9156cd4f87b6b2945264d7c87d: Neither blocks nor log segments found. Creating new log.
I20260608 09:55:41.502353  8858 raft_consensus.cc:493] T 62f080fb17884adba8e70e29c67ed6b0 P f1d50c9156cd4f87b6b2945264d7c87d [term 0 FOLLOWER]: Starting pre-election (no leader contacted us within the election timeout)
I20260608 09:55:41.502903  8858 raft_consensus.cc:515] T 62f080fb17884adba8e70e29c67ed6b0 P f1d50c9156cd4f87b6b2945264d7c87d [term 0 FOLLOWER]: Starting pre-election with config: opid_index: -1 OBSOLETE_local: false peers { permanent_uuid: "5806942159bd4a38af94f9a88788aa8a" member_type: VOTER last_known_addr { host: "127.7.204.65" port: 35595 } } peers { permanent_uuid: "4a47eccfea5d492c9eb8ef0d26634316" member_type: VOTER last_known_addr { host: "127.7.204.66" port: 38639 } } peers { permanent_uuid: "f1d50c9156cd4f87b6b2945264d7c87d" member_type: VOTER last_known_addr { host: "127.7.204.67" port: 46515 } }
I20260608 09:55:41.509150  8852 tablet_bootstrap.cc:492] T 9211b9d06f5244459e319381e9168b17 P 5806942159bd4a38af94f9a88788aa8a: No bootstrap required, opened a new log
I20260608 09:55:41.509888  8852 ts_tablet_manager.cc:1403] T 9211b9d06f5244459e319381e9168b17 P 5806942159bd4a38af94f9a88788aa8a: Time spent bootstrapping tablet: real 0.024s	user 0.013s	sys 0.006s
I20260608 09:55:41.509618  8553 catalog_manager.cc:5696] T 97c5569669894c3fb2d05cee2a3892f6 P 4a47eccfea5d492c9eb8ef0d26634316 reported cstate change: term changed from 0 to 1, leader changed from <none> to 4a47eccfea5d492c9eb8ef0d26634316 (127.7.204.66). New cstate: current_term: 1 leader_uuid: "4a47eccfea5d492c9eb8ef0d26634316" committed_config { opid_index: -1 OBSOLETE_local: false peers { permanent_uuid: "5806942159bd4a38af94f9a88788aa8a" member_type: VOTER last_known_addr { host: "127.7.204.65" port: 35595 } health_report { overall_health: UNKNOWN } } peers { permanent_uuid: "4a47eccfea5d492c9eb8ef0d26634316" member_type: VOTER last_known_addr { host: "127.7.204.66" port: 38639 } health_report { overall_health: HEALTHY } } peers { permanent_uuid: "f1d50c9156cd4f87b6b2945264d7c87d" member_type: VOTER last_known_addr { host: "127.7.204.67" port: 46515 } health_report { overall_health: UNKNOWN } } }
I20260608 09:55:41.514850  8852 raft_consensus.cc:359] T 9211b9d06f5244459e319381e9168b17 P 5806942159bd4a38af94f9a88788aa8a [term 0 FOLLOWER]: Replica starting. Triggering 0 pending ops. Active config: opid_index: -1 OBSOLETE_local: false peers { permanent_uuid: "5806942159bd4a38af94f9a88788aa8a" member_type: VOTER last_known_addr { host: "127.7.204.65" port: 35595 } } peers { permanent_uuid: "4a47eccfea5d492c9eb8ef0d26634316" member_type: VOTER last_known_addr { host: "127.7.204.66" port: 38639 } } peers { permanent_uuid: "f1d50c9156cd4f87b6b2945264d7c87d" member_type: VOTER last_known_addr { host: "127.7.204.67" port: 46515 } }
