I20260608 09:55:51.002292  9576 ts_tablet_manager.cc:1434] T b80d72a78a4e49dd8b73d557bec16f97 P d7405c0764b746ffbcc848966e8e2c72: Time spent starting tablet: real 0.098s	user 0.035s	sys 0.056s
I20260608 09:55:51.013319  9084 catalog_manager.cc:5696] T b80d72a78a4e49dd8b73d557bec16f97 P d7405c0764b746ffbcc848966e8e2c72 reported cstate change: term changed from 0 to 1, leader changed from <none> to d7405c0764b746ffbcc848966e8e2c72 (127.7.204.67). New cstate: current_term: 1 leader_uuid: "d7405c0764b746ffbcc848966e8e2c72" committed_config { opid_index: -1 OBSOLETE_local: true peers { permanent_uuid: "d7405c0764b746ffbcc848966e8e2c72" member_type: VOTER last_known_addr { host: "127.7.204.67" port: 35461 } health_report { overall_health: HEALTHY } } }
I20260608 09:55:51.057757  7985 master.cc:562] Master@127.7.204.126:40739 shutting down...
I20260608 09:55:51.073065  7985 raft_consensus.cc:2243] T 00000000000000000000000000000000 P e78a91de51754ba196b4a4890d07f048 [term 1 LEADER]: Raft consensus shutting down.
I20260608 09:55:51.073863  7985 raft_consensus.cc:2272] T 00000000000000000000000000000000 P e78a91de51754ba196b4a4890d07f048 [term 1 FOLLOWER]: Raft consensus is shut down!
I20260608 09:55:51.074254  7985 tablet_replica.cc:333] T 00000000000000000000000000000000 P e78a91de51754ba196b4a4890d07f048: stopping tablet replica
I20260608 09:55:51.096050  7985 master.cc:584] Master@127.7.204.126:40739 shutdown complete.
W20260608 09:55:51.965528  9371 heartbeater.cc:646] Failed to heartbeat to 127.7.204.126:40739 (0 consecutive failures): Network error: Failed to send heartbeat to master: Client connection negotiation failed: client connection to 127.7.204.126:40739: connect: Connection refused (error 111)
I20260608 09:55:52.554329  9597 raft_consensus.cc:493] T 00000000000000000000000000000000 P 3e71dfe0199d4165b68be7961c55d4b2 [term 1 FOLLOWER]: Starting pre-election (detected failure of leader e78a91de51754ba196b4a4890d07f048)
I20260608 09:55:52.554896  9597 raft_consensus.cc:515] T 00000000000000000000000000000000 P 3e71dfe0199d4165b68be7961c55d4b2 [term 1 FOLLOWER]: Starting pre-election with config: opid_index: -1 OBSOLETE_local: false peers { permanent_uuid: "e78a91de51754ba196b4a4890d07f048" member_type: VOTER last_known_addr { host: "127.7.204.126" port: 40739 } } peers { permanent_uuid: "3e71dfe0199d4165b68be7961c55d4b2" member_type: VOTER last_known_addr { host: "127.7.204.125" port: 43039 } } peers { permanent_uuid: "80f53af099324b2cb0cfe0f5acbca8e2" member_type: VOTER last_known_addr { host: "127.7.204.124" port: 36415 } }
I20260608 09:55:52.555848  9598 raft_consensus.cc:493] T 00000000000000000000000000000000 P 80f53af099324b2cb0cfe0f5acbca8e2 [term 1 FOLLOWER]: Starting pre-election (detected failure of leader e78a91de51754ba196b4a4890d07f048)
I20260608 09:55:52.556313  9598 raft_consensus.cc:515] T 00000000000000000000000000000000 P 80f53af099324b2cb0cfe0f5acbca8e2 [term 1 FOLLOWER]: Starting pre-election with config: opid_index: -1 OBSOLETE_local: false peers { permanent_uuid: "e78a91de51754ba196b4a4890d07f048" member_type: VOTER last_known_addr { host: "127.7.204.126" port: 40739 } } peers { permanent_uuid: "3e71dfe0199d4165b68be7961c55d4b2" member_type: VOTER last_known_addr { host: "127.7.204.125" port: 43039 } } peers { permanent_uuid: "80f53af099324b2cb0cfe0f5acbca8e2" member_type: VOTER last_known_addr { host: "127.7.204.124" port: 36415 } }
I20260608 09:55:52.556931  9597 leader_election.cc:290] T 00000000000000000000000000000000 P 3e71dfe0199d4165b68be7961c55d4b2 [CANDIDATE]: Term 2 pre-election: Requested pre-vote from peers e78a91de51754ba196b4a4890d07f048 (127.7.204.126:40739), 80f53af099324b2cb0cfe0f5acbca8e2 (127.7.204.124:36415)
I20260608 09:55:52.558071  9228 tablet_service.cc:1917] Received RequestConsensusVote() RPC: tablet_id: "00000000000000000000000000000000" candidate_uuid: "3e71dfe0199d4165b68be7961c55d4b2" candidate_term: 2 candidate_status { last_received { term: 1 index: 11 } } ignore_live_leader: false dest_uuid: "80f53af099324b2cb0cfe0f5acbca8e2" is_pre_election: true
I20260608 09:55:52.558786  9228 raft_consensus.cc:2468] T 00000000000000000000000000000000 P 80f53af099324b2cb0cfe0f5acbca8e2 [term 1 FOLLOWER]: Leader pre-election vote request: Granting yes vote for candidate 3e71dfe0199d4165b68be7961c55d4b2 in term 1.
I20260608 09:55:52.559216  9598 leader_election.cc:290] T 00000000000000000000000000000000 P 80f53af099324b2cb0cfe0f5acbca8e2 [CANDIDATE]: Term 2 pre-election: Requested pre-vote from peers e78a91de51754ba196b4a4890d07f048 (127.7.204.126:40739), 3e71dfe0199d4165b68be7961c55d4b2 (127.7.204.125:43039)
I20260608 09:55:52.560426  9135 leader_election.cc:304] T 00000000000000000000000000000000 P 3e71dfe0199d4165b68be7961c55d4b2 [CANDIDATE]: Term 2 pre-election: Election decided. Result: candidate won. Election summary: received 2 responses out of 3 voters: 2 yes votes; 0 no votes. yes voters: 3e71dfe0199d4165b68be7961c55d4b2, 80f53af099324b2cb0cfe0f5acbca8e2; no voters: 
I20260608 09:55:52.560763  9161 tablet_service.cc:1917] Received RequestConsensusVote() RPC: tablet_id: "00000000000000000000000000000000" candidate_uuid: "80f53af099324b2cb0cfe0f5acbca8e2" candidate_term: 2 candidate_status { last_received { term: 1 index: 11 } } ignore_live_leader: false dest_uuid: "3e71dfe0199d4165b68be7961c55d4b2" is_pre_election: true
I20260608 09:55:52.561414  9161 raft_consensus.cc:2468] T 00000000000000000000000000000000 P 3e71dfe0199d4165b68be7961c55d4b2 [term 1 FOLLOWER]: Leader pre-election vote request: Granting yes vote for candidate 80f53af099324b2cb0cfe0f5acbca8e2 in term 1.
I20260608 09:55:52.562805  9597 raft_consensus.cc:2804] T 00000000000000000000000000000000 P 3e71dfe0199d4165b68be7961c55d4b2 [term 1 FOLLOWER]: Leader pre-election won for term 2
I20260608 09:55:52.563103  9202 leader_election.cc:304] T 00000000000000000000000000000000 P 80f53af099324b2cb0cfe0f5acbca8e2 [CANDIDATE]: Term 2 pre-election: Election decided. Result: candidate won. Election summary: received 2 responses out of 3 voters: 2 yes votes; 0 no votes. yes voters: 3e71dfe0199d4165b68be7961c55d4b2, 80f53af099324b2cb0cfe0f5acbca8e2; no voters: 
I20260608 09:55:52.564209  9598 raft_consensus.cc:2804] T 00000000000000000000000000000000 P 80f53af099324b2cb0cfe0f5acbca8e2 [term 1 FOLLOWER]: Leader pre-election won for term 2
I20260608 09:55:52.564607  9598 raft_consensus.cc:493] T 00000000000000000000000000000000 P 80f53af099324b2cb0cfe0f5acbca8e2 [term 1 FOLLOWER]: Starting leader election (detected failure of leader e78a91de51754ba196b4a4890d07f048)
I20260608 09:55:52.564992  9598 raft_consensus.cc:3060] T 00000000000000000000000000000000 P 80f53af099324b2cb0cfe0f5acbca8e2 [term 1 FOLLOWER]: Advancing to term 2
I20260608 09:55:52.565506  9597 raft_consensus.cc:493] T 00000000000000000000000000000000 P 3e71dfe0199d4165b68be7961c55d4b2 [term 1 FOLLOWER]: Starting leader election (detected failure of leader e78a91de51754ba196b4a4890d07f048)
I20260608 09:55:52.566078  9597 raft_consensus.cc:3060] T 00000000000000000000000000000000 P 3e71dfe0199d4165b68be7961c55d4b2 [term 1 FOLLOWER]: Advancing to term 2
W20260608 09:55:52.568066  9203 leader_election.cc:336] T 00000000000000000000000000000000 P 80f53af099324b2cb0cfe0f5acbca8e2 [CANDIDATE]: Term 2 pre-election: RPC error from VoteRequest() call to peer e78a91de51754ba196b4a4890d07f048 (127.7.204.126:40739): Network error: Client connection negotiation failed: client connection to 127.7.204.126:40739: connect: Connection refused (error 111)
W20260608 09:55:52.568837  9136 leader_election.cc:336] T 00000000000000000000000000000000 P 3e71dfe0199d4165b68be7961c55d4b2 [CANDIDATE]: Term 2 pre-election: RPC error from VoteRequest() call to peer e78a91de51754ba196b4a4890d07f048 (127.7.204.126:40739): Network error: Client connection negotiation failed: client connection to 127.7.204.126:40739: connect: Connection refused (error 111)
I20260608 09:55:52.571367  9598 raft_consensus.cc:515] T 00000000000000000000000000000000 P 80f53af099324b2cb0cfe0f5acbca8e2 [term 2 FOLLOWER]: Starting leader election with config: opid_index: -1 OBSOLETE_local: false peers { permanent_uuid: "e78a91de51754ba196b4a4890d07f048" member_type: VOTER last_known_addr { host: "127.7.204.126" port: 40739 } } peers { permanent_uuid: "3e71dfe0199d4165b68be7961c55d4b2" member_type: VOTER last_known_addr { host: "127.7.204.125" port: 43039 } } peers { permanent_uuid: "80f53af099324b2cb0cfe0f5acbca8e2" member_type: VOTER last_known_addr { host: "127.7.204.124" port: 36415 } }
I20260608 09:55:52.571991  9597 raft_consensus.cc:515] T 00000000000000000000000000000000 P 3e71dfe0199d4165b68be7961c55d4b2 [term 2 FOLLOWER]: Starting leader election with config: opid_index: -1 OBSOLETE_local: false peers { permanent_uuid: "e78a91de51754ba196b4a4890d07f048" member_type: VOTER last_known_addr { host: "127.7.204.126" port: 40739 } } peers { permanent_uuid: "3e71dfe0199d4165b68be7961c55d4b2" member_type: VOTER last_known_addr { host: "127.7.204.125" port: 43039 } } peers { permanent_uuid: "80f53af099324b2cb0cfe0f5acbca8e2" member_type: VOTER last_known_addr { host: "127.7.204.124" port: 36415 } }
I20260608 09:55:52.573166  9598 leader_election.cc:290] T 00000000000000000000000000000000 P 80f53af099324b2cb0cfe0f5acbca8e2 [CANDIDATE]: Term 2 election: Requested vote from peers e78a91de51754ba196b4a4890d07f048 (127.7.204.126:40739), 3e71dfe0199d4165b68be7961c55d4b2 (127.7.204.125:43039)
I20260608 09:55:52.574357  9161 tablet_service.cc:1917] Received RequestConsensusVote() RPC: tablet_id: "00000000000000000000000000000000" candidate_uuid: "80f53af099324b2cb0cfe0f5acbca8e2" candidate_term: 2 candidate_status { last_received { term: 1 index: 11 } } ignore_live_leader: false dest_uuid: "3e71dfe0199d4165b68be7961c55d4b2"
I20260608 09:55:52.574947  9597 leader_election.cc:290] T 00000000000000000000000000000000 P 3e71dfe0199d4165b68be7961c55d4b2 [CANDIDATE]: Term 2 election: Requested vote from peers e78a91de51754ba196b4a4890d07f048 (127.7.204.126:40739), 80f53af099324b2cb0cfe0f5acbca8e2 (127.7.204.124:36415)
I20260608 09:55:52.575268  9161 raft_consensus.cc:2393] T 00000000000000000000000000000000 P 3e71dfe0199d4165b68be7961c55d4b2 [term 2 FOLLOWER]: Leader election vote request: Denying vote to candidate 80f53af099324b2cb0cfe0f5acbca8e2 in current term 2: Already voted for candidate 3e71dfe0199d4165b68be7961c55d4b2 in this term.
I20260608 09:55:52.575776  9228 tablet_service.cc:1917] Received RequestConsensusVote() RPC: tablet_id: "00000000000000000000000000000000" candidate_uuid: "3e71dfe0199d4165b68be7961c55d4b2" candidate_term: 2 candidate_status { last_received { term: 1 index: 11 } } ignore_live_leader: false dest_uuid: "80f53af099324b2cb0cfe0f5acbca8e2"
I20260608 09:55:52.576547  9228 raft_consensus.cc:2393] T 00000000000000000000000000000000 P 80f53af099324b2cb0cfe0f5acbca8e2 [term 2 FOLLOWER]: Leader election vote request: Denying vote to candidate 3e71dfe0199d4165b68be7961c55d4b2 in current term 2: Already voted for candidate 80f53af099324b2cb0cfe0f5acbca8e2 in this term.
W20260608 09:55:52.578685  9136 leader_election.cc:336] T 00000000000000000000000000000000 P 3e71dfe0199d4165b68be7961c55d4b2 [CANDIDATE]: Term 2 election: RPC error from VoteRequest() call to peer e78a91de51754ba196b4a4890d07f048 (127.7.204.126:40739): Network error: Client connection negotiation failed: client connection to 127.7.204.126:40739: connect: Connection refused (error 111)
W20260608 09:55:52.578945  9203 leader_election.cc:336] T 00000000000000000000000000000000 P 80f53af099324b2cb0cfe0f5acbca8e2 [CANDIDATE]: Term 2 election: RPC error from VoteRequest() call to peer e78a91de51754ba196b4a4890d07f048 (127.7.204.126:40739): Network error: Client connection negotiation failed: client connection to 127.7.204.126:40739: connect: Connection refused (error 111)
I20260608 09:55:52.579190  9136 leader_election.cc:304] T 00000000000000000000000000000000 P 3e71dfe0199d4165b68be7961c55d4b2 [CANDIDATE]: Term 2 election: Election decided. Result: candidate lost. Election summary: received 3 responses out of 3 voters: 1 yes votes; 2 no votes. yes voters: 3e71dfe0199d4165b68be7961c55d4b2; no voters: 80f53af099324b2cb0cfe0f5acbca8e2, e78a91de51754ba196b4a4890d07f048
I20260608 09:55:52.579438  9203 leader_election.cc:304] T 00000000000000000000000000000000 P 80f53af099324b2cb0cfe0f5acbca8e2 [CANDIDATE]: Term 2 election: Election decided. Result: candidate lost. Election summary: received 3 responses out of 3 voters: 1 yes votes; 2 no votes. yes voters: 80f53af099324b2cb0cfe0f5acbca8e2; no voters: 3e71dfe0199d4165b68be7961c55d4b2, e78a91de51754ba196b4a4890d07f048
I20260608 09:55:52.579949  9597 raft_consensus.cc:2749] T 00000000000000000000000000000000 P 3e71dfe0199d4165b68be7961c55d4b2 [term 2 FOLLOWER]: Leader election lost for term 2. Reason: could not achieve majority
I20260608 09:55:52.580144  9598 raft_consensus.cc:2749] T 00000000000000000000000000000000 P 80f53af099324b2cb0cfe0f5acbca8e2 [term 2 FOLLOWER]: Leader election lost for term 2. Reason: could not achieve majority
I20260608 09:55:54.585224  9610 raft_consensus.cc:493] T 00000000000000000000000000000000 P 80f53af099324b2cb0cfe0f5acbca8e2 [term 2 FOLLOWER]: Starting pre-election (no leader contacted us within the election timeout)
I20260608 09:55:54.585947  9610 raft_consensus.cc:515] T 00000000000000000000000000000000 P 80f53af099324b2cb0cfe0f5acbca8e2 [term 2 FOLLOWER]: Starting pre-election with config: opid_index: -1 OBSOLETE_local: false peers { permanent_uuid: "e78a91de51754ba196b4a4890d07f048" member_type: VOTER last_known_addr { host: "127.7.204.126" port: 40739 } } peers { permanent_uuid: "3e71dfe0199d4165b68be7961c55d4b2" member_type: VOTER last_known_addr { host: "127.7.204.125" port: 43039 } } peers { permanent_uuid: "80f53af099324b2cb0cfe0f5acbca8e2" member_type: VOTER last_known_addr { host: "127.7.204.124" port: 36415 } }
I20260608 09:55:54.587975  9610 leader_election.cc:290] T 00000000000000000000000000000000 P 80f53af099324b2cb0cfe0f5acbca8e2 [CANDIDATE]: Term 3 pre-election: Requested pre-vote from peers e78a91de51754ba196b4a4890d07f048 (127.7.204.126:40739), 3e71dfe0199d4165b68be7961c55d4b2 (127.7.204.125:43039)
I20260608 09:55:54.589951  9161 tablet_service.cc:1917] Received RequestConsensusVote() RPC: tablet_id: "00000000000000000000000000000000" candidate_uuid: "80f53af099324b2cb0cfe0f5acbca8e2" candidate_term: 3 candidate_status { last_received { term: 1 index: 11 } } ignore_live_leader: false dest_uuid: "3e71dfe0199d4165b68be7961c55d4b2" is_pre_election: true
I20260608 09:55:54.590775  9161 raft_consensus.cc:2468] T 00000000000000000000000000000000 P 3e71dfe0199d4165b68be7961c55d4b2 [term 2 FOLLOWER]: Leader pre-election vote request: Granting yes vote for candidate 80f53af099324b2cb0cfe0f5acbca8e2 in term 2.
W20260608 09:55:54.591359  9203 proxy.cc:239] Call had error, refreshing address and retrying: Network error: Client connection negotiation failed: client connection to 127.7.204.126:40739: connect: Connection refused (error 111) [suppressed 11 similar messages]
I20260608 09:55:54.592176  9202 leader_election.cc:304] T 00000000000000000000000000000000 P 80f53af099324b2cb0cfe0f5acbca8e2 [CANDIDATE]: Term 3 pre-election: Election decided. Result: candidate won. Election summary: received 2 responses out of 3 voters: 2 yes votes; 0 no votes. yes voters: 3e71dfe0199d4165b68be7961c55d4b2, 80f53af099324b2cb0cfe0f5acbca8e2; no voters: 
I20260608 09:55:54.592909  9610 raft_consensus.cc:2804] T 00000000000000000000000000000000 P 80f53af099324b2cb0cfe0f5acbca8e2 [term 2 FOLLOWER]: Leader pre-election won for term 3
I20260608 09:55:54.593263  9610 raft_consensus.cc:493] T 00000000000000000000000000000000 P 80f53af099324b2cb0cfe0f5acbca8e2 [term 2 FOLLOWER]: Starting leader election (no leader contacted us within the election timeout)
I20260608 09:55:54.593619  9610 raft_consensus.cc:3060] T 00000000000000000000000000000000 P 80f53af099324b2cb0cfe0f5acbca8e2 [term 2 FOLLOWER]: Advancing to term 3
W20260608 09:55:54.595749  9203 leader_election.cc:336] T 00000000000000000000000000000000 P 80f53af099324b2cb0cfe0f5acbca8e2 [CANDIDATE]: Term 3 pre-election: RPC error from VoteRequest() call to peer e78a91de51754ba196b4a4890d07f048 (127.7.204.126:40739): Network error: Client connection negotiation failed: client connection to 127.7.204.126:40739: connect: Connection refused (error 111)
I20260608 09:55:54.599459  9610 raft_consensus.cc:515] T 00000000000000000000000000000000 P 80f53af099324b2cb0cfe0f5acbca8e2 [term 3 FOLLOWER]: Starting leader election with config: opid_index: -1 OBSOLETE_local: false peers { permanent_uuid: "e78a91de51754ba196b4a4890d07f048" member_type: VOTER last_known_addr { host: "127.7.204.126" port: 40739 } } peers { permanent_uuid: "3e71dfe0199d4165b68be7961c55d4b2" member_type: VOTER last_known_addr { host: "127.7.204.125" port: 43039 } } peers { permanent_uuid: "80f53af099324b2cb0cfe0f5acbca8e2" member_type: VOTER last_known_addr { host: "127.7.204.124" port: 36415 } }
I20260608 09:55:54.601195  9610 leader_election.cc:290] T 00000000000000000000000000000000 P 80f53af099324b2cb0cfe0f5acbca8e2 [CANDIDATE]: Term 3 election: Requested vote from peers e78a91de51754ba196b4a4890d07f048 (127.7.204.126:40739), 3e71dfe0199d4165b68be7961c55d4b2 (127.7.204.125:43039)
I20260608 09:55:54.602295  9161 tablet_service.cc:1917] Received RequestConsensusVote() RPC: tablet_id: "00000000000000000000000000000000" candidate_uuid: "80f53af099324b2cb0cfe0f5acbca8e2" candidate_term: 3 candidate_status { last_received { term: 1 index: 11 } } ignore_live_leader: false dest_uuid: "3e71dfe0199d4165b68be7961c55d4b2"
I20260608 09:55:54.602819  9161 raft_consensus.cc:3060] T 00000000000000000000000000000000 P 3e71dfe0199d4165b68be7961c55d4b2 [term 2 FOLLOWER]: Advancing to term 3
W20260608 09:55:54.604823  9203 leader_election.cc:336] T 00000000000000000000000000000000 P 80f53af099324b2cb0cfe0f5acbca8e2 [CANDIDATE]: Term 3 election: RPC error from VoteRequest() call to peer e78a91de51754ba196b4a4890d07f048 (127.7.204.126:40739): Network error: Client connection negotiation failed: client connection to 127.7.204.126:40739: connect: Connection refused (error 111)
I20260608 09:55:54.607802  9161 raft_consensus.cc:2468] T 00000000000000000000000000000000 P 3e71dfe0199d4165b68be7961c55d4b2 [term 3 FOLLOWER]: Leader election vote request: Granting yes vote for candidate 80f53af099324b2cb0cfe0f5acbca8e2 in term 3.
I20260608 09:55:54.608785  9202 leader_election.cc:304] T 00000000000000000000000000000000 P 80f53af099324b2cb0cfe0f5acbca8e2 [CANDIDATE]: Term 3 election: Election decided. Result: candidate won. Election summary: received 3 responses out of 3 voters: 2 yes votes; 1 no votes. yes voters: 3e71dfe0199d4165b68be7961c55d4b2, 80f53af099324b2cb0cfe0f5acbca8e2; no voters: e78a91de51754ba196b4a4890d07f048
I20260608 09:55:54.609469  9610 raft_consensus.cc:2804] T 00000000000000000000000000000000 P 80f53af099324b2cb0cfe0f5acbca8e2 [term 3 FOLLOWER]: Leader election won for term 3
I20260608 09:55:54.610495  9610 raft_consensus.cc:697] T 00000000000000000000000000000000 P 80f53af099324b2cb0cfe0f5acbca8e2 [term 3 LEADER]: Becoming Leader. State: Replica: 80f53af099324b2cb0cfe0f5acbca8e2, State: Running, Role: LEADER
I20260608 09:55:54.611578  9610 consensus_queue.cc:237] T 00000000000000000000000000000000 P 80f53af099324b2cb0cfe0f5acbca8e2 [LEADER]: Queue going to LEADER mode. State: All replicated index: 0, Majority replicated index: 11, Committed index: 11, Last appended: 1.11, Last appended by leader: 11, Current term: 3, Majority size: 2, State: 0, Mode: LEADER, active raft config: opid_index: -1 OBSOLETE_local: false peers { permanent_uuid: "e78a91de51754ba196b4a4890d07f048" member_type: VOTER last_known_addr { host: "127.7.204.126" port: 40739 } } peers { permanent_uuid: "3e71dfe0199d4165b68be7961c55d4b2" member_type: VOTER last_known_addr { host: "127.7.204.125" port: 43039 } } peers { permanent_uuid: "80f53af099324b2cb0cfe0f5acbca8e2" member_type: VOTER last_known_addr { host: "127.7.204.124" port: 36415 } }
I20260608 09:55:54.616017  9613 sys_catalog.cc:455] T 00000000000000000000000000000000 P 80f53af099324b2cb0cfe0f5acbca8e2 [sys.catalog]: SysCatalogTable state changed. Reason: New leader 80f53af099324b2cb0cfe0f5acbca8e2. Latest consensus state: current_term: 3 leader_uuid: "80f53af099324b2cb0cfe0f5acbca8e2" committed_config { opid_index: -1 OBSOLETE_local: false peers { permanent_uuid: "e78a91de51754ba196b4a4890d07f048" member_type: VOTER last_known_addr { host: "127.7.204.126" port: 40739 } } peers { permanent_uuid: "3e71dfe0199d4165b68be7961c55d4b2" member_type: VOTER last_known_addr { host: "127.7.204.125" port: 43039 } } peers { permanent_uuid: "80f53af099324b2cb0cfe0f5acbca8e2" member_type: VOTER last_known_addr { host: "127.7.204.124" port: 36415 } } }
I20260608 09:55:54.616909  9613 sys_catalog.cc:458] T 00000000000000000000000000000000 P 80f53af099324b2cb0cfe0f5acbca8e2 [sys.catalog]: This master's current role is: LEADER
I20260608 09:55:54.619194  9615 catalog_manager.cc:1510] Loading table and tablet metadata into memory...
I20260608 09:55:54.625685  9615 catalog_manager.cc:679] Loaded metadata for table test-workload [id=e568861c750948e0b9e318328faf2c0c]
I20260608 09:55:54.631108  9615 tablet_loader.cc:96] loaded metadata for tablet 5be856598f0f438e9284f83c0d00cdc5 (table test-workload [id=e568861c750948e0b9e318328faf2c0c])
I20260608 09:55:54.632248  9615 tablet_loader.cc:96] loaded metadata for tablet 5cead0ef69fd4f82a90762a0ef4e5e27 (table test-workload [id=e568861c750948e0b9e318328faf2c0c])
I20260608 09:55:54.633314  9615 tablet_loader.cc:96] loaded metadata for tablet b80d72a78a4e49dd8b73d557bec16f97 (table test-workload [id=e568861c750948e0b9e318328faf2c0c])
I20260608 09:55:54.634356  9615 catalog_manager.cc:1519] Initializing Kudu cluster ID...
I20260608 09:55:54.637885  9615 catalog_manager.cc:1294] Loaded cluster ID: 6449fb64a7ac4bdf9a20aaf2adc987f3
I20260608 09:55:54.638129  9615 catalog_manager.cc:1530] Initializing Kudu internal certificate authority...
I20260608 09:55:54.642159  9615 catalog_manager.cc:1539] Loading token signing keys...
I20260608 09:55:54.645609  9615 catalog_manager.cc:6080] T 00000000000000000000000000000000 P 80f53af099324b2cb0cfe0f5acbca8e2: Loaded TSK: 0
I20260608 09:55:54.646863  9615 catalog_manager.cc:1549] Initializing in-progress tserver states...
I20260608 09:55:54.689318  9296 auto_leader_rebalancer.cc:140] leader rebalance for table test-workload
I20260608 09:55:54.689735  9296 auto_leader_rebalancer.cc:451] All tables' leader rebalancing finished this round
I20260608 09:55:54.749675  7985 tablet_server.cc:179] TabletServer@127.7.204.65:0 shutting down...
I20260608 09:55:54.775580  7985 ts_tablet_manager.cc:1507] Shutting down tablet manager...
I20260608 09:55:54.776510  7985 tablet_replica.cc:333] T 5cead0ef69fd4f82a90762a0ef4e5e27 P 2671ec0e89214e22888f2d41cf63bd8c: stopping tablet replica
I20260608 09:55:54.777091  7985 raft_consensus.cc:2243] T 5cead0ef69fd4f82a90762a0ef4e5e27 P 2671ec0e89214e22888f2d41cf63bd8c [term 1 LEADER]: Raft consensus shutting down.
I20260608 09:55:54.777673  7985 raft_consensus.cc:2272] T 5cead0ef69fd4f82a90762a0ef4e5e27 P 2671ec0e89214e22888f2d41cf63bd8c [term 1 FOLLOWER]: Raft consensus is shut down!
I20260608 09:55:54.797482  7985 tablet_server.cc:196] TabletServer@127.7.204.65:0 shutdown complete.
I20260608 09:55:54.808251  7985 tablet_server.cc:179] TabletServer@127.7.204.66:0 shutting down...
I20260608 09:55:54.830153  7985 ts_tablet_manager.cc:1507] Shutting down tablet manager...
I20260608 09:55:54.831085  7985 tablet_replica.cc:333] T 5be856598f0f438e9284f83c0d00cdc5 P 99fae84d16814872ba4994a19c3d9cc3: stopping tablet replica
I20260608 09:55:54.831670  7985 raft_consensus.cc:2243] T 5be856598f0f438e9284f83c0d00cdc5 P 99fae84d16814872ba4994a19c3d9cc3 [term 1 LEADER]: Raft consensus shutting down.
I20260608 09:55:54.832216  7985 raft_consensus.cc:2272] T 5be856598f0f438e9284f83c0d00cdc5 P 99fae84d16814872ba4994a19c3d9cc3 [term 1 FOLLOWER]: Raft consensus is shut down!
I20260608 09:55:54.851415  7985 tablet_server.cc:196] TabletServer@127.7.204.66:0 shutdown complete.
I20260608 09:55:54.862064  7985 tablet_server.cc:179] TabletServer@127.7.204.67:0 shutting down...
I20260608 09:55:54.884204  7985 ts_tablet_manager.cc:1507] Shutting down tablet manager...
I20260608 09:55:54.885113  7985 tablet_replica.cc:333] T b80d72a78a4e49dd8b73d557bec16f97 P d7405c0764b746ffbcc848966e8e2c72: stopping tablet replica
I20260608 09:55:54.885679  7985 raft_consensus.cc:2243] T b80d72a78a4e49dd8b73d557bec16f97 P d7405c0764b746ffbcc848966e8e2c72 [term 1 LEADER]: Raft consensus shutting down.
I20260608 09:55:54.886274  7985 raft_consensus.cc:2272] T b80d72a78a4e49dd8b73d557bec16f97 P d7405c0764b746ffbcc848966e8e2c72 [term 1 FOLLOWER]: Raft consensus is shut down!
I20260608 09:55:54.905355  7985 tablet_server.cc:196] TabletServer@127.7.204.67:0 shutdown complete.
I20260608 09:55:54.916043  7985 master.cc:562] Master@127.7.204.125:43039 shutting down...
I20260608 09:55:54.934607  7985 raft_consensus.cc:2243] T 00000000000000000000000000000000 P 3e71dfe0199d4165b68be7961c55d4b2 [term 3 FOLLOWER]: Raft consensus shutting down.
I20260608 09:55:54.935252  7985 raft_consensus.cc:2272] T 00000000000000000000000000000000 P 3e71dfe0199d4165b68be7961c55d4b2 [term 3 FOLLOWER]: Raft consensus is shut down!
I20260608 09:55:54.935612  7985 tablet_replica.cc:333] T 00000000000000000000000000000000 P 3e71dfe0199d4165b68be7961c55d4b2: stopping tablet replica
I20260608 09:55:54.954651  7985 master.cc:584] Master@127.7.204.125:43039 shutdown complete.
I20260608 09:55:54.968448  7985 master.cc:562] Master@127.7.204.124:36415 shutting down...
I20260608 09:55:54.987416  7985 raft_consensus.cc:2243] T 00000000000000000000000000000000 P 80f53af099324b2cb0cfe0f5acbca8e2 [term 3 LEADER]: Raft consensus shutting down.
I20260608 09:55:54.988271  7985 pending_rounds.cc:70] T 00000000000000000000000000000000 P 80f53af099324b2cb0cfe0f5acbca8e2: Trying to abort 1 pending ops.
I20260608 09:55:54.988509  7985 pending_rounds.cc:77] T 00000000000000000000000000000000 P 80f53af099324b2cb0cfe0f5acbca8e2: Aborting op as it isn't in flight: id { term: 3 index: 12 } timestamp: 7294617823696736256 op_type: NO_OP noop_request { }
I20260608 09:55:54.988852  7985 raft_consensus.cc:2889] T 00000000000000000000000000000000 P 80f53af099324b2cb0cfe0f5acbca8e2 [term 3 LEADER]: NO_OP replication failed: Aborted: Op aborted
I20260608 09:55:54.989246  7985 raft_consensus.cc:2272] T 00000000000000000000000000000000 P 80f53af099324b2cb0cfe0f5acbca8e2 [term 3 FOLLOWER]: Raft consensus is shut down!
I20260608 09:55:54.989683  7985 tablet_replica.cc:333] T 00000000000000000000000000000000 P 80f53af099324b2cb0cfe0f5acbca8e2: stopping tablet replica
I20260608 09:55:55.009845  7985 master.cc:584] Master@127.7.204.124:36415 shutdown complete.
[       OK ] AutoRebalancerTest.NextLeaderResumesAutoRebalancing (6755 ms)
[ RUN      ] AutoRebalancerTest.MovesScheduledIfAddTserver
I20260608 09:55:55.044840  7985 internal_mini_cluster.cc:156] Creating distributed mini masters. Addrs: 127.7.204.126:34011
I20260608 09:55:55.046126  7985 file_cache.cc:492] Constructed file cache file cache with capacity 419430
W20260608 09:55:55.052660  9617 instance_detector.cc:116] could not retrieve Azure instance metadata: Network error: curl error: HTTP response code said error: The requested URL returned error: 404
W20260608 09:55:55.052757  9616 instance_detector.cc:116] could not retrieve AWS instance metadata: Network error: curl error: HTTP response code said error: The requested URL returned error: 404
W20260608 09:55:55.053514  9619 instance_detector.cc:116] could not retrieve OpenStack instance metadata: Network error: curl error: HTTP response code said error: The requested URL returned error: 404
I20260608 09:55:55.055212  7985 server_base.cc:1061] running on GCE node
I20260608 09:55:55.056037  7985 hybrid_clock.cc:584] initializing the hybrid clock with 'system_unsync' time source
W20260608 09:55:55.056231  7985 system_unsync_time.cc:38] NTP support is disabled. Clock error bounds will not be accurate. This configuration is not suitable for distributed clusters.
I20260608 09:55:55.056377  7985 hybrid_clock.cc:648] HybridClock initialized: now 1780912555056364 us; error 0 us; skew 500 ppm
I20260608 09:55:55.056927  7985 server_base.cc:861] Flag tcmalloc_max_total_thread_cache_bytes is not working since tcmalloc is not enabled.
I20260608 09:55:55.059845  7985 webserver.cc:533] Webserver started at http://127.7.204.126:39675/ using document root <none> and password file <none>
I20260608 09:55:55.060377  7985 fs_manager.cc:362] Metadata directory not provided
I20260608 09:55:55.060556  7985 fs_manager.cc:368] Using write-ahead log directory (fs_wal_dir) as metadata directory
I20260608 09:55:55.060806  7985 server_base.cc:909] This appears to be a new deployment of Kudu; creating new FS layout
I20260608 09:55:55.062460  7985 fs_manager.cc:1068] Generated new instance metadata in path /tmp/dist-test-task_3c2tu/test-tmp/auto_rebalancer-test.0.AutoRebalancerTest.MovesScheduledIfAddTserver.1780912533316478-7985-0/minicluster-data/master-0-root/instance:
uuid: "667a93d7411a47e3a052d9c754931a20"
format_stamp: "Formatted at 2026-06-08 09:55:55 on dist-test-slave-qpgn"
I20260608 09:55:55.067648  7985 fs_manager.cc:696] Time spent creating directory manager: real 0.004s	user 0.001s	sys 0.003s
I20260608 09:55:55.071367  9624 log_block_manager.cc:4031] Time spent loading block containers with low live blocks: real 0.000s	user 0.000s	sys 0.000s
I20260608 09:55:55.072273  7985 fs_manager.cc:730] Time spent opening block manager: real 0.002s	user 0.002s	sys 0.001s
I20260608 09:55:55.072571  7985 fs_manager.cc:647] Opened local filesystem: /tmp/dist-test-task_3c2tu/test-tmp/auto_rebalancer-test.0.AutoRebalancerTest.MovesScheduledIfAddTserver.1780912533316478-7985-0/minicluster-data/master-0-root
uuid: "667a93d7411a47e3a052d9c754931a20"
format_stamp: "Formatted at 2026-06-08 09:55:55 on dist-test-slave-qpgn"
I20260608 09:55:55.072858  7985 fs_report.cc:389] FS layout report
--------------------
wal directory: /tmp/dist-test-task_3c2tu/test-tmp/auto_rebalancer-test.0.AutoRebalancerTest.MovesScheduledIfAddTserver.1780912533316478-7985-0/minicluster-data/master-0-root
metadata directory: /tmp/dist-test-task_3c2tu/test-tmp/auto_rebalancer-test.0.AutoRebalancerTest.MovesScheduledIfAddTserver.1780912533316478-7985-0/minicluster-data/master-0-root
1 data directories: /tmp/dist-test-task_3c2tu/test-tmp/auto_rebalancer-test.0.AutoRebalancerTest.MovesScheduledIfAddTserver.1780912533316478-7985-0/minicluster-data/master-0-root/data
Total live blocks: 0
Total live bytes: 0
Total live bytes (after alignment): 0
Total number of LBM containers: 0 (0 full)
Did not check for missing blocks
Did not check for orphaned blocks
Total full LBM containers with extra space: 0 (0 repaired)
Total full LBM container extra space in bytes: 0 (0 repaired)
Total incomplete LBM containers: 0 (0 repaired)
Total LBM partial records: 0 (0 repaired)
Total corrupted LBM metadata records in RocksDB: 0 (0 repaired)
I20260608 09:55:55.085147  7985 rpc_server.cc:225] running with OpenSSL 1.1.1  11 Sep 2018
I20260608 09:55:55.086403  7985 kserver.cc:163] Server-wide thread pool size limit: 3276
I20260608 09:55:55.126689  7985 rpc_server.cc:307] RPC server started. Bound to: 127.7.204.126:34011
I20260608 09:55:55.126873  9675 acceptor_pool.cc:272] collecting diagnostics on the listening RPC socket 127.7.204.126:34011 every 8 connection(s)
I20260608 09:55:55.131183  9676 data_dirs.cc:400] Could only allocate 1 dirs of requested 3 for tablet 00000000000000000000000000000000. 1 dirs total, 0 dirs full, 0 dirs failed
I20260608 09:55:55.141324  9676 tablet_bootstrap.cc:492] T 00000000000000000000000000000000 P 667a93d7411a47e3a052d9c754931a20: Bootstrap starting.
I20260608 09:55:55.146466  9676 tablet_bootstrap.cc:654] T 00000000000000000000000000000000 P 667a93d7411a47e3a052d9c754931a20: Neither blocks nor log segments found. Creating new log.
I20260608 09:55:55.151058  9676 tablet_bootstrap.cc:492] T 00000000000000000000000000000000 P 667a93d7411a47e3a052d9c754931a20: No bootstrap required, opened a new log
I20260608 09:55:55.153326  9676 raft_consensus.cc:359] T 00000000000000000000000000000000 P 667a93d7411a47e3a052d9c754931a20 [term 0 FOLLOWER]: Replica starting. Triggering 0 pending ops. Active config: opid_index: -1 OBSOLETE_local: true peers { permanent_uuid: "667a93d7411a47e3a052d9c754931a20" member_type: VOTER }
I20260608 09:55:55.153707  9676 raft_consensus.cc:385] T 00000000000000000000000000000000 P 667a93d7411a47e3a052d9c754931a20 [term 0 FOLLOWER]: Consensus starting up: Expiring failure detector timer to make a prompt election more likely
I20260608 09:55:55.153988  9676 raft_consensus.cc:740] T 00000000000000000000000000000000 P 667a93d7411a47e3a052d9c754931a20 [term 0 FOLLOWER]: Becoming Follower/Learner. State: Replica: 667a93d7411a47e3a052d9c754931a20, State: Initialized, Role: FOLLOWER
I20260608 09:55:55.154709  9676 consensus_queue.cc:260] T 00000000000000000000000000000000 P 667a93d7411a47e3a052d9c754931a20 [NON_LEADER]: Queue going to NON_LEADER mode. State: All replicated index: 0, Majority replicated index: 0, Committed index: 0, Last appended: 0.0, Last appended by leader: 0, Current term: 0, Majority size: -1, State: 0, Mode: NON_LEADER, active raft config: opid_index: -1 OBSOLETE_local: true peers { permanent_uuid: "667a93d7411a47e3a052d9c754931a20" member_type: VOTER }
I20260608 09:55:55.155258  9676 raft_consensus.cc:399] T 00000000000000000000000000000000 P 667a93d7411a47e3a052d9c754931a20 [term 0 FOLLOWER]: Only one voter in the Raft config. Triggering election immediately
I20260608 09:55:55.155478  9676 raft_consensus.cc:493] T 00000000000000000000000000000000 P 667a93d7411a47e3a052d9c754931a20 [term 0 FOLLOWER]: Starting leader election (initial election of a single-replica configuration)
I20260608 09:55:55.155793  9676 raft_consensus.cc:3060] T 00000000000000000000000000000000 P 667a93d7411a47e3a052d9c754931a20 [term 0 FOLLOWER]: Advancing to term 1
I20260608 09:55:55.160187  9676 raft_consensus.cc:515] T 00000000000000000000000000000000 P 667a93d7411a47e3a052d9c754931a20 [term 1 FOLLOWER]: Starting leader election with config: opid_index: -1 OBSOLETE_local: true peers { permanent_uuid: "667a93d7411a47e3a052d9c754931a20" member_type: VOTER }
I20260608 09:55:55.160740  9676 leader_election.cc:304] T 00000000000000000000000000000000 P 667a93d7411a47e3a052d9c754931a20 [CANDIDATE]: Term 1 election: Election decided. Result: candidate won. Election summary: received 1 responses out of 1 voters: 1 yes votes; 0 no votes. yes voters: 667a93d7411a47e3a052d9c754931a20; no voters: 
I20260608 09:55:55.161993  9676 leader_election.cc:290] T 00000000000000000000000000000000 P 667a93d7411a47e3a052d9c754931a20 [CANDIDATE]: Term 1 election: Requested vote from peers 
I20260608 09:55:55.162452  9679 raft_consensus.cc:2804] T 00000000000000000000000000000000 P 667a93d7411a47e3a052d9c754931a20 [term 1 FOLLOWER]: Leader election won for term 1
I20260608 09:55:55.164224  9679 raft_consensus.cc:697] T 00000000000000000000000000000000 P 667a93d7411a47e3a052d9c754931a20 [term 1 LEADER]: Becoming Leader. State: Replica: 667a93d7411a47e3a052d9c754931a20, State: Running, Role: LEADER
I20260608 09:55:55.165254  9676 sys_catalog.cc:565] T 00000000000000000000000000000000 P 667a93d7411a47e3a052d9c754931a20 [sys.catalog]: configured and running, proceeding with master startup.
I20260608 09:55:55.165072  9679 consensus_queue.cc:237] T 00000000000000000000000000000000 P 667a93d7411a47e3a052d9c754931a20 [LEADER]: Queue going to LEADER mode. State: All replicated index: 0, Majority replicated index: 0, Committed index: 0, Last appended: 0.0, Last appended by leader: 0, Current term: 1, Majority size: 1, State: 0, Mode: LEADER, active raft config: opid_index: -1 OBSOLETE_local: true peers { permanent_uuid: "667a93d7411a47e3a052d9c754931a20" member_type: VOTER }
I20260608 09:55:55.168372  9680 sys_catalog.cc:455] T 00000000000000000000000000000000 P 667a93d7411a47e3a052d9c754931a20 [sys.catalog]: SysCatalogTable state changed. Reason: RaftConsensus started. Latest consensus state: current_term: 1 leader_uuid: "667a93d7411a47e3a052d9c754931a20" committed_config { opid_index: -1 OBSOLETE_local: true peers { permanent_uuid: "667a93d7411a47e3a052d9c754931a20" member_type: VOTER } }
I20260608 09:55:55.168485  9681 sys_catalog.cc:455] T 00000000000000000000000000000000 P 667a93d7411a47e3a052d9c754931a20 [sys.catalog]: SysCatalogTable state changed. Reason: New leader 667a93d7411a47e3a052d9c754931a20. Latest consensus state: current_term: 1 leader_uuid: "667a93d7411a47e3a052d9c754931a20" committed_config { opid_index: -1 OBSOLETE_local: true peers { permanent_uuid: "667a93d7411a47e3a052d9c754931a20" member_type: VOTER } }
I20260608 09:55:55.168962  9680 sys_catalog.cc:458] T 00000000000000000000000000000000 P 667a93d7411a47e3a052d9c754931a20 [sys.catalog]: This master's current role is: LEADER
I20260608 09:55:55.169020  9681 sys_catalog.cc:458] T 00000000000000000000000000000000 P 667a93d7411a47e3a052d9c754931a20 [sys.catalog]: This master's current role is: LEADER
I20260608 09:55:55.176236  9684 catalog_manager.cc:1510] Loading table and tablet metadata into memory...
I20260608 09:55:55.183385  9684 catalog_manager.cc:1519] Initializing Kudu cluster ID...
I20260608 09:55:55.184444  7985 internal_mini_cluster.cc:184] Waiting to initialize catalog manager on master 0
I20260608 09:55:55.193178  9684 catalog_manager.cc:1382] Generated new cluster ID: 74d04c2a6c8b4f098caedebdd81cf662
I20260608 09:55:55.193517  9684 catalog_manager.cc:1530] Initializing Kudu internal certificate authority...
I20260608 09:55:55.227382  9684 catalog_manager.cc:1405] Generated new certificate authority record
I20260608 09:55:55.228742  9684 catalog_manager.cc:1539] Loading token signing keys...
I20260608 09:55:55.247076  9684 catalog_manager.cc:6069] T 00000000000000000000000000000000 P 667a93d7411a47e3a052d9c754931a20: Generated new TSK 0
I20260608 09:55:55.247788  9684 catalog_manager.cc:1549] Initializing in-progress tserver states...
I20260608 09:55:55.315508  7985 file_cache.cc:492] Constructed file cache file cache with capacity 419430
W20260608 09:55:55.321717  9697 instance_detector.cc:116] could not retrieve AWS instance metadata: Network error: curl error: HTTP response code said error: The requested URL returned error: 404
W20260608 09:55:55.322856  9698 instance_detector.cc:116] could not retrieve Azure instance metadata: Network error: curl error: HTTP response code said error: The requested URL returned error: 404
W20260608 09:55:55.324016  9700 instance_detector.cc:116] could not retrieve OpenStack instance metadata: Network error: curl error: HTTP response code said error: The requested URL returned error: 404
I20260608 09:55:55.324577  7985 server_base.cc:1061] running on GCE node
I20260608 09:55:55.325359  7985 hybrid_clock.cc:584] initializing the hybrid clock with 'system_unsync' time source
W20260608 09:55:55.325534  7985 system_unsync_time.cc:38] NTP support is disabled. Clock error bounds will not be accurate. This configuration is not suitable for distributed clusters.
I20260608 09:55:55.325659  7985 hybrid_clock.cc:648] HybridClock initialized: now 1780912555325647 us; error 0 us; skew 500 ppm
I20260608 09:55:55.326169  7985 server_base.cc:861] Flag tcmalloc_max_total_thread_cache_bytes is not working since tcmalloc is not enabled.
I20260608 09:55:55.328573  7985 webserver.cc:533] Webserver started at http://127.7.204.65:39351/ using document root <none> and password file <none>
I20260608 09:55:55.329068  7985 fs_manager.cc:362] Metadata directory not provided
I20260608 09:55:55.329224  7985 fs_manager.cc:368] Using write-ahead log directory (fs_wal_dir) as metadata directory
I20260608 09:55:55.329443  7985 server_base.cc:909] This appears to be a new deployment of Kudu; creating new FS layout
I20260608 09:55:55.330489  7985 fs_manager.cc:1068] Generated new instance metadata in path /tmp/dist-test-task_3c2tu/test-tmp/auto_rebalancer-test.0.AutoRebalancerTest.MovesScheduledIfAddTserver.1780912533316478-7985-0/minicluster-data/ts-0-root/instance:
uuid: "d662cae40b3b4f0e8f95b65c6bc6a64c"
format_stamp: "Formatted at 2026-06-08 09:55:55 on dist-test-slave-qpgn"
I20260608 09:55:55.335323  7985 fs_manager.cc:696] Time spent creating directory manager: real 0.004s	user 0.000s	sys 0.003s
I20260608 09:55:55.338917  9705 log_block_manager.cc:4031] Time spent loading block containers with low live blocks: real 0.000s	user 0.000s	sys 0.000s
I20260608 09:55:55.340059  7985 fs_manager.cc:730] Time spent opening block manager: real 0.003s	user 0.001s	sys 0.003s
I20260608 09:55:55.340428  7985 fs_manager.cc:647] Opened local filesystem: /tmp/dist-test-task_3c2tu/test-tmp/auto_rebalancer-test.0.AutoRebalancerTest.MovesScheduledIfAddTserver.1780912533316478-7985-0/minicluster-data/ts-0-root
uuid: "d662cae40b3b4f0e8f95b65c6bc6a64c"
format_stamp: "Formatted at 2026-06-08 09:55:55 on dist-test-slave-qpgn"
I20260608 09:55:55.340806  7985 fs_report.cc:389] FS layout report
--------------------
wal directory: /tmp/dist-test-task_3c2tu/test-tmp/auto_rebalancer-test.0.AutoRebalancerTest.MovesScheduledIfAddTserver.1780912533316478-7985-0/minicluster-data/ts-0-root
metadata directory: /tmp/dist-test-task_3c2tu/test-tmp/auto_rebalancer-test.0.AutoRebalancerTest.MovesScheduledIfAddTserver.1780912533316478-7985-0/minicluster-data/ts-0-root
1 data directories: /tmp/dist-test-task_3c2tu/test-tmp/auto_rebalancer-test.0.AutoRebalancerTest.MovesScheduledIfAddTserver.1780912533316478-7985-0/minicluster-data/ts-0-root/data
Total live blocks: 0
Total live bytes: 0
Total live bytes (after alignment): 0
Total number of LBM containers: 0 (0 full)
Did not check for missing blocks
Did not check for orphaned blocks
Total full LBM containers with extra space: 0 (0 repaired)
Total full LBM container extra space in bytes: 0 (0 repaired)
Total incomplete LBM containers: 0 (0 repaired)
Total LBM partial records: 0 (0 repaired)
Total corrupted LBM metadata records in RocksDB: 0 (0 repaired)
I20260608 09:55:55.354187  7985 rpc_server.cc:225] running with OpenSSL 1.1.1  11 Sep 2018
I20260608 09:55:55.355468  7985 kserver.cc:163] Server-wide thread pool size limit: 3276
I20260608 09:55:55.356940  7985 txn_system_client.cc:432] TxnSystemClient initialization is disabled...
I20260608 09:55:55.359467  7985 ts_tablet_manager.cc:585] Loaded tablet metadata (0 total tablets, 0 live tablets)
I20260608 09:55:55.359658  7985 ts_tablet_manager.cc:531] Time spent load tablet metadata: real 0.000s	user 0.000s	sys 0.000s
I20260608 09:55:55.359952  7985 ts_tablet_manager.cc:616] Registered 0 tablets
I20260608 09:55:55.360123  7985 ts_tablet_manager.cc:595] Time spent register tablets: real 0.000s	user 0.000s	sys 0.000s
I20260608 09:55:55.401367  7985 rpc_server.cc:307] RPC server started. Bound to: 127.7.204.65:41927
I20260608 09:55:55.401461  9767 acceptor_pool.cc:272] collecting diagnostics on the listening RPC socket 127.7.204.65:41927 every 8 connection(s)
I20260608 09:55:55.406795  7985 file_cache.cc:492] Constructed file cache file cache with capacity 419430
W20260608 09:55:55.415071  9772 instance_detector.cc:116] could not retrieve AWS instance metadata: Network error: curl error: HTTP response code said error: The requested URL returned error: 404
W20260608 09:55:55.417271  9773 instance_detector.cc:116] could not retrieve Azure instance metadata: Network error: curl error: HTTP response code said error: The requested URL returned error: 404
W20260608 09:55:55.419114  9775 instance_detector.cc:116] could not retrieve OpenStack instance metadata: Network error: curl error: HTTP response code said error: The requested URL returned error: 404
I20260608 09:55:55.419176  7985 server_base.cc:1061] running on GCE node
I20260608 09:55:55.420403  7985 hybrid_clock.cc:584] initializing the hybrid clock with 'system_unsync' time source
W20260608 09:55:55.420642  7985 system_unsync_time.cc:38] NTP support is disabled. Clock error bounds will not be accurate. This configuration is not suitable for distributed clusters.
I20260608 09:55:55.420821  7985 hybrid_clock.cc:648] HybridClock initialized: now 1780912555420805 us; error 0 us; skew 500 ppm
I20260608 09:55:55.421605  7985 server_base.cc:861] Flag tcmalloc_max_total_thread_cache_bytes is not working since tcmalloc is not enabled.
I20260608 09:55:55.423475  9768 heartbeater.cc:344] Connected to a master server at 127.7.204.126:34011
I20260608 09:55:55.423833  9768 heartbeater.cc:461] Registering TS with master...
I20260608 09:55:55.424546  9768 heartbeater.cc:507] Master 127.7.204.126:34011 requested a full tablet report, sending...
I20260608 09:55:55.424657  7985 webserver.cc:533] Webserver started at http://127.7.204.66:34293/ using document root <none> and password file <none>
I20260608 09:55:55.425277  7985 fs_manager.cc:362] Metadata directory not provided
I20260608 09:55:55.425527  7985 fs_manager.cc:368] Using write-ahead log directory (fs_wal_dir) as metadata directory
I20260608 09:55:55.425856  7985 server_base.cc:909] This appears to be a new deployment of Kudu; creating new FS layout
I20260608 09:55:55.427110  9641 ts_manager.cc:194] Registered new tserver with Master: d662cae40b3b4f0e8f95b65c6bc6a64c (127.7.204.65:41927)
I20260608 09:55:55.427361  7985 fs_manager.cc:1068] Generated new instance metadata in path /tmp/dist-test-task_3c2tu/test-tmp/auto_rebalancer-test.0.AutoRebalancerTest.MovesScheduledIfAddTserver.1780912533316478-7985-0/minicluster-data/ts-1-root/instance:
uuid: "037ef46184134731bd8eb9da6279881c"
format_stamp: "Formatted at 2026-06-08 09:55:55 on dist-test-slave-qpgn"
I20260608 09:55:55.429690  9641 master_service.cc:502] Signed X509 certificate for tserver {username='slave'} at 127.0.0.1:43786
I20260608 09:55:55.433223  7985 fs_manager.cc:696] Time spent creating directory manager: real 0.005s	user 0.005s	sys 0.001s
I20260608 09:55:55.436930  9780 log_block_manager.cc:4031] Time spent loading block containers with low live blocks: real 0.000s	user 0.000s	sys 0.000s
I20260608 09:55:55.437799  7985 fs_manager.cc:730] Time spent opening block manager: real 0.002s	user 0.001s	sys 0.000s
I20260608 09:55:55.438129  7985 fs_manager.cc:647] Opened local filesystem: /tmp/dist-test-task_3c2tu/test-tmp/auto_rebalancer-test.0.AutoRebalancerTest.MovesScheduledIfAddTserver.1780912533316478-7985-0/minicluster-data/ts-1-root
uuid: "037ef46184134731bd8eb9da6279881c"
format_stamp: "Formatted at 2026-06-08 09:55:55 on dist-test-slave-qpgn"
I20260608 09:55:55.438449  7985 fs_report.cc:389] FS layout report
--------------------
wal directory: /tmp/dist-test-task_3c2tu/test-tmp/auto_rebalancer-test.0.AutoRebalancerTest.MovesScheduledIfAddTserver.1780912533316478-7985-0/minicluster-data/ts-1-root
metadata directory: /tmp/dist-test-task_3c2tu/test-tmp/auto_rebalancer-test.0.AutoRebalancerTest.MovesScheduledIfAddTserver.1780912533316478-7985-0/minicluster-data/ts-1-root
1 data directories: /tmp/dist-test-task_3c2tu/test-tmp/auto_rebalancer-test.0.AutoRebalancerTest.MovesScheduledIfAddTserver.1780912533316478-7985-0/minicluster-data/ts-1-root/data
Total live blocks: 0
Total live bytes: 0
Total live bytes (after alignment): 0
Total number of LBM containers: 0 (0 full)
Did not check for missing blocks
Did not check for orphaned blocks
Total full LBM containers with extra space: 0 (0 repaired)
Total full LBM container extra space in bytes: 0 (0 repaired)
Total incomplete LBM containers: 0 (0 repaired)
Total LBM partial records: 0 (0 repaired)
Total corrupted LBM metadata records in RocksDB: 0 (0 repaired)
I20260608 09:55:55.458297  7985 rpc_server.cc:225] running with OpenSSL 1.1.1  11 Sep 2018
I20260608 09:55:55.459609  7985 kserver.cc:163] Server-wide thread pool size limit: 3276
I20260608 09:55:55.461153  7985 txn_system_client.cc:432] TxnSystemClient initialization is disabled...
I20260608 09:55:55.463485  7985 ts_tablet_manager.cc:585] Loaded tablet metadata (0 total tablets, 0 live tablets)
I20260608 09:55:55.463712  7985 ts_tablet_manager.cc:531] Time spent load tablet metadata: real 0.000s	user 0.000s	sys 0.000s
I20260608 09:55:55.463986  7985 ts_tablet_manager.cc:616] Registered 0 tablets
I20260608 09:55:55.464165  7985 ts_tablet_manager.cc:595] Time spent register tablets: real 0.000s	user 0.000s	sys 0.000s
I20260608 09:55:55.505128  7985 rpc_server.cc:307] RPC server started. Bound to: 127.7.204.66:35637
I20260608 09:55:55.505280  9842 acceptor_pool.cc:272] collecting diagnostics on the listening RPC socket 127.7.204.66:35637 every 8 connection(s)
I20260608 09:55:55.510481  7985 file_cache.cc:492] Constructed file cache file cache with capacity 419430
W20260608 09:55:55.518056  9846 instance_detector.cc:116] could not retrieve AWS instance metadata: Network error: curl error: HTTP response code said error: The requested URL returned error: 404
W20260608 09:55:55.519295  9847 instance_detector.cc:116] could not retrieve Azure instance metadata: Network error: curl error: HTTP response code said error: The requested URL returned error: 404
I20260608 09:55:55.522774  9843 heartbeater.cc:344] Connected to a master server at 127.7.204.126:34011
I20260608 09:55:55.523275  9843 heartbeater.cc:461] Registering TS with master...
W20260608 09:55:55.523626  9849 instance_detector.cc:116] could not retrieve OpenStack instance metadata: Network error: curl error: HTTP response code said error: The requested URL returned error: 404
I20260608 09:55:55.524076  7985 server_base.cc:1061] running on GCE node
