I20260608 09:55:39.949204 21434 fs_manager.cc:696] Time spent creating directory manager: real 0.004s	user 0.004s	sys 0.003s
I20260608 09:55:39.952822 22373 log_block_manager.cc:4031] Time spent loading block containers with low live blocks: real 0.000s	user 0.000s	sys 0.000s
I20260608 09:55:39.953773 21434 fs_manager.cc:730] Time spent opening block manager: real 0.002s	user 0.002s	sys 0.000s
I20260608 09:55:39.954108 21434 fs_manager.cc:647] Opened local filesystem: /tmp/dist-test-taskN2I9TL/test-tmp/auto_rebalancer-test.0.AutoRebalancerTest.AutoRebalancingTurnOffAndOn.1780912531992873-21434-0/minicluster-data/ts-3-root
uuid: "43e58dc289884c2494d30cf4ab1f4b4b"
format_stamp: "Formatted at 2026-06-08 09:55:39 on dist-test-slave-tgjf"
I20260608 09:55:39.954555 21434 fs_report.cc:389] FS layout report
--------------------
wal directory: /tmp/dist-test-taskN2I9TL/test-tmp/auto_rebalancer-test.0.AutoRebalancerTest.AutoRebalancingTurnOffAndOn.1780912531992873-21434-0/minicluster-data/ts-3-root
metadata directory: /tmp/dist-test-taskN2I9TL/test-tmp/auto_rebalancer-test.0.AutoRebalancerTest.AutoRebalancingTurnOffAndOn.1780912531992873-21434-0/minicluster-data/ts-3-root
1 data directories: /tmp/dist-test-taskN2I9TL/test-tmp/auto_rebalancer-test.0.AutoRebalancerTest.AutoRebalancingTurnOffAndOn.1780912531992873-21434-0/minicluster-data/ts-3-root/data
Total live blocks: 0
Total live bytes: 0
Total live bytes (after alignment): 0
Total number of LBM containers: 0 (0 full)
Did not check for missing blocks
Did not check for orphaned blocks
Total full LBM containers with extra space: 0 (0 repaired)
Total full LBM container extra space in bytes: 0 (0 repaired)
Total incomplete LBM containers: 0 (0 repaired)
Total LBM partial records: 0 (0 repaired)
Total corrupted LBM metadata records in RocksDB: 0 (0 repaired)
I20260608 09:55:39.973004 21434 rpc_server.cc:225] running with OpenSSL 1.1.1  11 Sep 2018
I20260608 09:55:39.974391 21434 kserver.cc:163] Server-wide thread pool size limit: 3276
I20260608 09:55:39.975946 21434 txn_system_client.cc:432] TxnSystemClient initialization is disabled...
I20260608 09:55:39.978317 21434 ts_tablet_manager.cc:585] Loaded tablet metadata (0 total tablets, 0 live tablets)
I20260608 09:55:39.978576 21434 ts_tablet_manager.cc:531] Time spent load tablet metadata: real 0.000s	user 0.000s	sys 0.000s
I20260608 09:55:39.978842 21434 ts_tablet_manager.cc:616] Registered 0 tablets
I20260608 09:55:39.979038 21434 ts_tablet_manager.cc:595] Time spent register tablets: real 0.000s	user 0.000s	sys 0.000s
I20260608 09:55:40.023047 21434 rpc_server.cc:307] RPC server started. Bound to: 127.20.238.132:45711
I20260608 09:55:40.023218 22435 acceptor_pool.cc:272] collecting diagnostics on the listening RPC socket 127.20.238.132:45711 every 8 connection(s)
I20260608 09:55:40.023108 22338 consensus_queue.cc:1048] T 7a8ce8d11a9445449fad0b76bf9a8463 P b652e846391a412cbea4dc6cca2e1f94 [LEADER]: Connected to new peer: Peer: permanent_uuid: "dce1ed5cb2154cd3a74f3823a095bd60" member_type: VOTER last_known_addr { host: "127.20.238.130" port: 44431 }, Status: LMP_MISMATCH, Last received: 0.0, Next index: 1, Last known committed idx: 0, Time since last communication: 0.001s
I20260608 09:55:40.053843 22341 consensus_queue.cc:1048] T 7a8ce8d11a9445449fad0b76bf9a8463 P b652e846391a412cbea4dc6cca2e1f94 [LEADER]: Connected to new peer: Peer: permanent_uuid: "6079473b79ad4915bd099ad69636c263" member_type: VOTER last_known_addr { host: "127.20.238.129" port: 33951 }, Status: LMP_MISMATCH, Last received: 0.0, Next index: 1, Last known committed idx: 0, Time since last communication: 0.000s
I20260608 09:55:40.055821 22335 consensus_queue.cc:1048] T 9b05c4f7850c4b4cb3e2b9ce2fab668e P dce1ed5cb2154cd3a74f3823a095bd60 [LEADER]: Connected to new peer: Peer: permanent_uuid: "b652e846391a412cbea4dc6cca2e1f94" member_type: VOTER last_known_addr { host: "127.20.238.131" port: 39037 }, Status: LMP_MISMATCH, Last received: 0.0, Next index: 1, Last known committed idx: 0, Time since last communication: 0.000s
I20260608 09:55:40.057070 22436 heartbeater.cc:344] Connected to a master server at 127.20.238.190:40681
I20260608 09:55:40.057396 22436 heartbeater.cc:461] Registering TS with master...
I20260608 09:55:40.058252 22436 heartbeater.cc:507] Master 127.20.238.190:40681 requested a full tablet report, sending...
I20260608 09:55:40.060951 21999 ts_manager.cc:194] Registered new tserver with Master: 43e58dc289884c2494d30cf4ab1f4b4b (127.20.238.132:45711)
I20260608 09:55:40.063436 21999 master_service.cc:502] Signed X509 certificate for tserver {username='slave'} at 127.0.0.1:46122
I20260608 09:55:40.079828 22343 raft_consensus.cc:493] T 6a40b1adbd424793881f3f3e0c6d8ced P 6079473b79ad4915bd099ad69636c263 [term 0 FOLLOWER]: Starting pre-election (no leader contacted us within the election timeout)
I20260608 09:55:40.080374 22343 raft_consensus.cc:515] T 6a40b1adbd424793881f3f3e0c6d8ced P 6079473b79ad4915bd099ad69636c263 [term 0 FOLLOWER]: Starting pre-election with config: opid_index: -1 OBSOLETE_local: false peers { permanent_uuid: "6079473b79ad4915bd099ad69636c263" member_type: VOTER last_known_addr { host: "127.20.238.129" port: 33951 } } peers { permanent_uuid: "dce1ed5cb2154cd3a74f3823a095bd60" member_type: VOTER last_known_addr { host: "127.20.238.130" port: 44431 } } peers { permanent_uuid: "b652e846391a412cbea4dc6cca2e1f94" member_type: VOTER last_known_addr { host: "127.20.238.131" port: 39037 } }
I20260608 09:55:40.083238 22343 leader_election.cc:290] T 6a40b1adbd424793881f3f3e0c6d8ced P 6079473b79ad4915bd099ad69636c263 [CANDIDATE]: Term 1 pre-election: Requested pre-vote from peers dce1ed5cb2154cd3a74f3823a095bd60 (127.20.238.130:44431), b652e846391a412cbea4dc6cca2e1f94 (127.20.238.131:39037)
I20260608 09:55:40.084168 22322 consensus_queue.cc:1048] T 9b05c4f7850c4b4cb3e2b9ce2fab668e P dce1ed5cb2154cd3a74f3823a095bd60 [LEADER]: Connected to new peer: Peer: permanent_uuid: "6079473b79ad4915bd099ad69636c263" member_type: VOTER last_known_addr { host: "127.20.238.129" port: 33951 }, Status: LMP_MISMATCH, Last received: 0.0, Next index: 1, Last known committed idx: 0, Time since last communication: 0.000s
I20260608 09:55:40.085222 22177 tablet_service.cc:1917] Received RequestConsensusVote() RPC: tablet_id: "6a40b1adbd424793881f3f3e0c6d8ced" candidate_uuid: "6079473b79ad4915bd099ad69636c263" candidate_term: 1 candidate_status { last_received { term: 0 index: 0 } } ignore_live_leader: false dest_uuid: "dce1ed5cb2154cd3a74f3823a095bd60" is_pre_election: true
I20260608 09:55:40.087245 22250 tablet_service.cc:1917] Received RequestConsensusVote() RPC: tablet_id: "6a40b1adbd424793881f3f3e0c6d8ced" candidate_uuid: "6079473b79ad4915bd099ad69636c263" candidate_term: 1 candidate_status { last_received { term: 0 index: 0 } } ignore_live_leader: false dest_uuid: "b652e846391a412cbea4dc6cca2e1f94" is_pre_election: true
I20260608 09:55:40.088032 22250 raft_consensus.cc:2393] T 6a40b1adbd424793881f3f3e0c6d8ced P b652e846391a412cbea4dc6cca2e1f94 [term 1 FOLLOWER]: Leader pre-election vote request: Denying vote to candidate 6079473b79ad4915bd099ad69636c263 in current term 1: Already voted for candidate dce1ed5cb2154cd3a74f3823a095bd60 in this term.
I20260608 09:55:40.089404 22070 leader_election.cc:304] T 6a40b1adbd424793881f3f3e0c6d8ced P 6079473b79ad4915bd099ad69636c263 [CANDIDATE]: Term 1 pre-election: Election decided. Result: candidate lost. Election summary: received 3 responses out of 3 voters: 1 yes votes; 2 no votes. yes voters: 6079473b79ad4915bd099ad69636c263; no voters: b652e846391a412cbea4dc6cca2e1f94, dce1ed5cb2154cd3a74f3823a095bd60
I20260608 09:55:40.091269 22305 raft_consensus.cc:3060] T 6a40b1adbd424793881f3f3e0c6d8ced P 6079473b79ad4915bd099ad69636c263 [term 0 FOLLOWER]: Advancing to term 1
I20260608 09:55:40.097085 22331 consensus_queue.cc:1048] T f12e0990ef9348f6b1584df13c2d6432 P 6079473b79ad4915bd099ad69636c263 [LEADER]: Connected to new peer: Peer: permanent_uuid: "b652e846391a412cbea4dc6cca2e1f94" member_type: VOTER last_known_addr { host: "127.20.238.131" port: 39037 }, Status: LMP_MISMATCH, Last received: 0.0, Next index: 1, Last known committed idx: 0, Time since last communication: 0.000s
I20260608 09:55:40.098090 22305 raft_consensus.cc:2749] T 6a40b1adbd424793881f3f3e0c6d8ced P 6079473b79ad4915bd099ad69636c263 [term 1 FOLLOWER]: Leader pre-election lost for term 1. Reason: could not achieve majority
I20260608 09:55:40.097954 22343 consensus_queue.cc:1048] T f12e0990ef9348f6b1584df13c2d6432 P 6079473b79ad4915bd099ad69636c263 [LEADER]: Connected to new peer: Peer: permanent_uuid: "dce1ed5cb2154cd3a74f3823a095bd60" member_type: VOTER last_known_addr { host: "127.20.238.130" port: 44431 }, Status: LMP_MISMATCH, Last received: 0.0, Next index: 1, Last known committed idx: 0, Time since last communication: 0.000s
I20260608 09:55:40.104965 22336 consensus_queue.cc:1048] T 6a40b1adbd424793881f3f3e0c6d8ced P dce1ed5cb2154cd3a74f3823a095bd60 [LEADER]: Connected to new peer: Peer: permanent_uuid: "b652e846391a412cbea4dc6cca2e1f94" member_type: VOTER last_known_addr { host: "127.20.238.131" port: 39037 }, Status: LMP_MISMATCH, Last received: 0.0, Next index: 1, Last known committed idx: 0, Time since last communication: 0.001s
I20260608 09:55:40.119376 22350 consensus_queue.cc:1048] T aa0ee762505a40998e2d8afcf10ed825 P 6079473b79ad4915bd099ad69636c263 [LEADER]: Connected to new peer: Peer: permanent_uuid: "b652e846391a412cbea4dc6cca2e1f94" member_type: VOTER last_known_addr { host: "127.20.238.131" port: 39037 }, Status: LMP_MISMATCH, Last received: 0.0, Next index: 1, Last known committed idx: 0, Time since last communication: 0.000s
I20260608 09:55:40.137122 22336 consensus_queue.cc:1048] T 6a40b1adbd424793881f3f3e0c6d8ced P dce1ed5cb2154cd3a74f3823a095bd60 [LEADER]: Connected to new peer: Peer: permanent_uuid: "6079473b79ad4915bd099ad69636c263" member_type: VOTER last_known_addr { host: "127.20.238.129" port: 33951 }, Status: LMP_MISMATCH, Last received: 0.0, Next index: 1, Last known committed idx: 0, Time since last communication: 0.000s
I20260608 09:55:40.158245 22343 consensus_queue.cc:1048] T 2115ff64c1dc4bcea75c155863c8b6ba P 6079473b79ad4915bd099ad69636c263 [LEADER]: Connected to new peer: Peer: permanent_uuid: "dce1ed5cb2154cd3a74f3823a095bd60" member_type: VOTER last_known_addr { host: "127.20.238.130" port: 44431 }, Status: LMP_MISMATCH, Last received: 0.0, Next index: 1, Last known committed idx: 0, Time since last communication: 0.000s
I20260608 09:55:40.161983 22350 consensus_queue.cc:1048] T aa0ee762505a40998e2d8afcf10ed825 P 6079473b79ad4915bd099ad69636c263 [LEADER]: Connected to new peer: Peer: permanent_uuid: "dce1ed5cb2154cd3a74f3823a095bd60" member_type: VOTER last_known_addr { host: "127.20.238.130" port: 44431 }, Status: LMP_MISMATCH, Last received: 0.0, Next index: 1, Last known committed idx: 0, Time since last communication: 0.000s
I20260608 09:55:40.179865 22343 consensus_queue.cc:1048] T 2115ff64c1dc4bcea75c155863c8b6ba P 6079473b79ad4915bd099ad69636c263 [LEADER]: Connected to new peer: Peer: permanent_uuid: "b652e846391a412cbea4dc6cca2e1f94" member_type: VOTER last_known_addr { host: "127.20.238.131" port: 39037 }, Status: LMP_MISMATCH, Last received: 0.0, Next index: 1, Last known committed idx: 0, Time since last communication: 0.001s
I20260608 09:55:41.067045 22436 heartbeater.cc:499] Master 127.20.238.190:40681 was elected leader, sending a full tablet report...
I20260608 09:55:41.295694 22055 auto_leader_rebalancer.cc:140] leader rebalance for table test-workload
I20260608 09:55:41.313798 22177 tablet_service.cc:2072] Received LeaderStepDown RPC: tablet_id: "6a40b1adbd424793881f3f3e0c6d8ced"
dest_uuid: "dce1ed5cb2154cd3a74f3823a095bd60"
mode: GRACEFUL
new_leader_uuid: "b652e846391a412cbea4dc6cca2e1f94"
 from {username='slave'} at 127.0.0.1:56698
I20260608 09:55:41.314546 22177 raft_consensus.cc:606] T 6a40b1adbd424793881f3f3e0c6d8ced P dce1ed5cb2154cd3a74f3823a095bd60 [term 1 LEADER]: Received request to transfer leadership to TS b652e846391a412cbea4dc6cca2e1f94
I20260608 09:55:41.315788 22055 auto_leader_rebalancer.cc:388] table: test-workload, leader rebalance finish, leader transfer count: 1
I20260608 09:55:41.316323 22055 auto_leader_rebalancer.cc:451] All tables' leader rebalancing finished this round
I20260608 09:55:41.607712 22335 raft_consensus.cc:993] T 6a40b1adbd424793881f3f3e0c6d8ced P dce1ed5cb2154cd3a74f3823a095bd60: : Instructing follower b652e846391a412cbea4dc6cca2e1f94 to start an election
I20260608 09:55:41.608217 22459 raft_consensus.cc:1081] T 6a40b1adbd424793881f3f3e0c6d8ced P dce1ed5cb2154cd3a74f3823a095bd60 [term 1 LEADER]: Signalling peer b652e846391a412cbea4dc6cca2e1f94 to start an election
I20260608 09:55:41.609854 22250 tablet_service.cc:2044] Received Run Leader Election RPC: tablet_id: "6a40b1adbd424793881f3f3e0c6d8ced"
dest_uuid: "b652e846391a412cbea4dc6cca2e1f94"
 from {username='slave'} at 127.0.0.1:35682
I20260608 09:55:41.610440 22250 raft_consensus.cc:493] T 6a40b1adbd424793881f3f3e0c6d8ced P b652e846391a412cbea4dc6cca2e1f94 [term 1 FOLLOWER]: Starting forced leader election (received explicit request)
I20260608 09:55:41.610771 22250 raft_consensus.cc:3060] T 6a40b1adbd424793881f3f3e0c6d8ced P b652e846391a412cbea4dc6cca2e1f94 [term 1 FOLLOWER]: Advancing to term 2
I20260608 09:55:41.615381 22250 raft_consensus.cc:515] T 6a40b1adbd424793881f3f3e0c6d8ced P b652e846391a412cbea4dc6cca2e1f94 [term 2 FOLLOWER]: Starting forced leader election with config: opid_index: -1 OBSOLETE_local: false peers { permanent_uuid: "6079473b79ad4915bd099ad69636c263" member_type: VOTER last_known_addr { host: "127.20.238.129" port: 33951 } } peers { permanent_uuid: "dce1ed5cb2154cd3a74f3823a095bd60" member_type: VOTER last_known_addr { host: "127.20.238.130" port: 44431 } } peers { permanent_uuid: "b652e846391a412cbea4dc6cca2e1f94" member_type: VOTER last_known_addr { host: "127.20.238.131" port: 39037 } }
I20260608 09:55:41.617105 22250 leader_election.cc:290] T 6a40b1adbd424793881f3f3e0c6d8ced P b652e846391a412cbea4dc6cca2e1f94 [CANDIDATE]: Term 2 election: Requested vote from peers 6079473b79ad4915bd099ad69636c263 (127.20.238.129:33951), dce1ed5cb2154cd3a74f3823a095bd60 (127.20.238.130:44431)
I20260608 09:55:41.618086 22104 tablet_service.cc:1917] Received RequestConsensusVote() RPC: tablet_id: "6a40b1adbd424793881f3f3e0c6d8ced" candidate_uuid: "b652e846391a412cbea4dc6cca2e1f94" candidate_term: 2 candidate_status { last_received { term: 1 index: 1 } } ignore_live_leader: true dest_uuid: "6079473b79ad4915bd099ad69636c263"
I20260608 09:55:41.618275 22177 tablet_service.cc:1917] Received RequestConsensusVote() RPC: tablet_id: "6a40b1adbd424793881f3f3e0c6d8ced" candidate_uuid: "b652e846391a412cbea4dc6cca2e1f94" candidate_term: 2 candidate_status { last_received { term: 1 index: 1 } } ignore_live_leader: true dest_uuid: "dce1ed5cb2154cd3a74f3823a095bd60"
I20260608 09:55:41.618783 22104 raft_consensus.cc:3060] T 6a40b1adbd424793881f3f3e0c6d8ced P 6079473b79ad4915bd099ad69636c263 [term 1 FOLLOWER]: Advancing to term 2
I20260608 09:55:41.618806 22177 raft_consensus.cc:3055] T 6a40b1adbd424793881f3f3e0c6d8ced P dce1ed5cb2154cd3a74f3823a095bd60 [term 1 LEADER]: Stepping down as leader of term 1
I20260608 09:55:41.619390 22177 raft_consensus.cc:740] T 6a40b1adbd424793881f3f3e0c6d8ced P dce1ed5cb2154cd3a74f3823a095bd60 [term 1 LEADER]: Becoming Follower/Learner. State: Replica: dce1ed5cb2154cd3a74f3823a095bd60, State: Running, Role: LEADER
I20260608 09:55:41.620353 22177 consensus_queue.cc:260] T 6a40b1adbd424793881f3f3e0c6d8ced P dce1ed5cb2154cd3a74f3823a095bd60 [NON_LEADER]: Queue going to NON_LEADER mode. State: All replicated index: 0, Majority replicated index: 1, Committed index: 1, Last appended: 1.1, Last appended by leader: 1, Current term: 1, Majority size: -1, State: 0, Mode: NON_LEADER, active raft config: opid_index: -1 OBSOLETE_local: false peers { permanent_uuid: "6079473b79ad4915bd099ad69636c263" member_type: VOTER last_known_addr { host: "127.20.238.129" port: 33951 } } peers { permanent_uuid: "dce1ed5cb2154cd3a74f3823a095bd60" member_type: VOTER last_known_addr { host: "127.20.238.130" port: 44431 } } peers { permanent_uuid: "b652e846391a412cbea4dc6cca2e1f94" member_type: VOTER last_known_addr { host: "127.20.238.131" port: 39037 } }
I20260608 09:55:41.621649 22177 raft_consensus.cc:3060] T 6a40b1adbd424793881f3f3e0c6d8ced P dce1ed5cb2154cd3a74f3823a095bd60 [term 1 FOLLOWER]: Advancing to term 2
I20260608 09:55:41.625939 22104 raft_consensus.cc:2468] T 6a40b1adbd424793881f3f3e0c6d8ced P 6079473b79ad4915bd099ad69636c263 [term 2 FOLLOWER]: Leader election vote request: Granting yes vote for candidate b652e846391a412cbea4dc6cca2e1f94 in term 2.
I20260608 09:55:41.627355 22216 leader_election.cc:304] T 6a40b1adbd424793881f3f3e0c6d8ced P b652e846391a412cbea4dc6cca2e1f94 [CANDIDATE]: Term 2 election: Election decided. Result: candidate won. Election summary: received 2 responses out of 3 voters: 2 yes votes; 0 no votes. yes voters: 6079473b79ad4915bd099ad69636c263, b652e846391a412cbea4dc6cca2e1f94; no voters: 
I20260608 09:55:41.628150 22458 raft_consensus.cc:2804] T 6a40b1adbd424793881f3f3e0c6d8ced P b652e846391a412cbea4dc6cca2e1f94 [term 2 FOLLOWER]: Leader election won for term 2
I20260608 09:55:41.628145 22177 raft_consensus.cc:2468] T 6a40b1adbd424793881f3f3e0c6d8ced P dce1ed5cb2154cd3a74f3823a095bd60 [term 2 FOLLOWER]: Leader election vote request: Granting yes vote for candidate b652e846391a412cbea4dc6cca2e1f94 in term 2.
I20260608 09:55:41.629408 22458 raft_consensus.cc:697] T 6a40b1adbd424793881f3f3e0c6d8ced P b652e846391a412cbea4dc6cca2e1f94 [term 2 LEADER]: Becoming Leader. State: Replica: b652e846391a412cbea4dc6cca2e1f94, State: Running, Role: LEADER
I20260608 09:55:41.630308 22458 consensus_queue.cc:237] T 6a40b1adbd424793881f3f3e0c6d8ced P b652e846391a412cbea4dc6cca2e1f94 [LEADER]: Queue going to LEADER mode. State: All replicated index: 0, Majority replicated index: 1, Committed index: 1, Last appended: 1.1, Last appended by leader: 1, Current term: 2, Majority size: 2, State: 0, Mode: LEADER, active raft config: opid_index: -1 OBSOLETE_local: false peers { permanent_uuid: "6079473b79ad4915bd099ad69636c263" member_type: VOTER last_known_addr { host: "127.20.238.129" port: 33951 } } peers { permanent_uuid: "dce1ed5cb2154cd3a74f3823a095bd60" member_type: VOTER last_known_addr { host: "127.20.238.130" port: 44431 } } peers { permanent_uuid: "b652e846391a412cbea4dc6cca2e1f94" member_type: VOTER last_known_addr { host: "127.20.238.131" port: 39037 } }
I20260608 09:55:41.637663 22001 catalog_manager.cc:5696] T 6a40b1adbd424793881f3f3e0c6d8ced P b652e846391a412cbea4dc6cca2e1f94 reported cstate change: term changed from 1 to 2, leader changed from dce1ed5cb2154cd3a74f3823a095bd60 (127.20.238.130) to b652e846391a412cbea4dc6cca2e1f94 (127.20.238.131). New cstate: current_term: 2 leader_uuid: "b652e846391a412cbea4dc6cca2e1f94" committed_config { opid_index: -1 OBSOLETE_local: false peers { permanent_uuid: "6079473b79ad4915bd099ad69636c263" member_type: VOTER last_known_addr { host: "127.20.238.129" port: 33951 } health_report { overall_health: UNKNOWN } } peers { permanent_uuid: "dce1ed5cb2154cd3a74f3823a095bd60" member_type: VOTER last_known_addr { host: "127.20.238.130" port: 44431 } health_report { overall_health: UNKNOWN } } peers { permanent_uuid: "b652e846391a412cbea4dc6cca2e1f94" member_type: VOTER last_known_addr { host: "127.20.238.131" port: 39037 } health_report { overall_health: HEALTHY } } }
I20260608 09:55:42.109865 22177 raft_consensus.cc:1275] T 6a40b1adbd424793881f3f3e0c6d8ced P dce1ed5cb2154cd3a74f3823a095bd60 [term 2 FOLLOWER]: Refusing update from remote peer b652e846391a412cbea4dc6cca2e1f94: Log matching property violated. Preceding OpId in replica: term: 1 index: 1. Preceding OpId from leader: term: 2 index: 2. (index mismatch)
I20260608 09:55:42.111315 22458 consensus_queue.cc:1048] T 6a40b1adbd424793881f3f3e0c6d8ced P b652e846391a412cbea4dc6cca2e1f94 [LEADER]: Connected to new peer: Peer: permanent_uuid: "dce1ed5cb2154cd3a74f3823a095bd60" member_type: VOTER last_known_addr { host: "127.20.238.130" port: 44431 }, Status: LMP_MISMATCH, Last received: 0.0, Next index: 2, Last known committed idx: 1, Time since last communication: 0.000s
I20260608 09:55:42.127812 22104 raft_consensus.cc:1275] T 6a40b1adbd424793881f3f3e0c6d8ced P 6079473b79ad4915bd099ad69636c263 [term 2 FOLLOWER]: Refusing update from remote peer b652e846391a412cbea4dc6cca2e1f94: Log matching property violated. Preceding OpId in replica: term: 1 index: 1. Preceding OpId from leader: term: 2 index: 2. (index mismatch)
I20260608 09:55:42.129377 22469 consensus_queue.cc:1048] T 6a40b1adbd424793881f3f3e0c6d8ced P b652e846391a412cbea4dc6cca2e1f94 [LEADER]: Connected to new peer: Peer: permanent_uuid: "6079473b79ad4915bd099ad69636c263" member_type: VOTER last_known_addr { host: "127.20.238.129" port: 33951 }, Status: LMP_MISMATCH, Last received: 0.0, Next index: 2, Last known committed idx: 1, Time since last communication: 0.000s
I20260608 09:55:43.317521 22055 auto_leader_rebalancer.cc:140] leader rebalance for table test-workload
I20260608 09:55:43.323994 22055 auto_leader_rebalancer.cc:388] table: test-workload, leader rebalance finish, leader transfer count: 0
I20260608 09:55:43.324491 22055 auto_leader_rebalancer.cc:451] All tables' leader rebalancing finished this round
I20260608 09:55:45.325680 22055 auto_leader_rebalancer.cc:140] leader rebalance for table test-workload
I20260608 09:55:45.334012 22055 auto_leader_rebalancer.cc:388] table: test-workload, leader rebalance finish, leader transfer count: 0
I20260608 09:55:45.334522 22055 auto_leader_rebalancer.cc:451] All tables' leader rebalancing finished this round
I20260608 09:55:45.341593 22250 consensus_queue.cc:237] T 7a8ce8d11a9445449fad0b76bf9a8463 P b652e846391a412cbea4dc6cca2e1f94 [LEADER]: Queue going to LEADER mode. State: All replicated index: 0, Majority replicated index: 1, Committed index: 1, Last appended: 1.1, Last appended by leader: 0, Current term: 1, Majority size: 2, State: 0, Mode: LEADER, active raft config: opid_index: 2 OBSOLETE_local: false peers { permanent_uuid: "6079473b79ad4915bd099ad69636c263" member_type: VOTER last_known_addr { host: "127.20.238.129" port: 33951 } } peers { permanent_uuid: "dce1ed5cb2154cd3a74f3823a095bd60" member_type: VOTER last_known_addr { host: "127.20.238.130" port: 44431 } attrs { replace: true } } peers { permanent_uuid: "b652e846391a412cbea4dc6cca2e1f94" member_type: VOTER last_known_addr { host: "127.20.238.131" port: 39037 } } peers { permanent_uuid: "43e58dc289884c2494d30cf4ab1f4b4b" member_type: NON_VOTER last_known_addr { host: "127.20.238.132" port: 45711 } attrs { promote: true } }
I20260608 09:55:45.350636 22176 raft_consensus.cc:1275] T 7a8ce8d11a9445449fad0b76bf9a8463 P dce1ed5cb2154cd3a74f3823a095bd60 [term 1 FOLLOWER]: Refusing update from remote peer b652e846391a412cbea4dc6cca2e1f94: Log matching property violated. Preceding OpId in replica: term: 1 index: 1. Preceding OpId from leader: term: 1 index: 2. (index mismatch)
I20260608 09:55:45.350934 22104 raft_consensus.cc:1275] T 7a8ce8d11a9445449fad0b76bf9a8463 P 6079473b79ad4915bd099ad69636c263 [term 1 FOLLOWER]: Refusing update from remote peer b652e846391a412cbea4dc6cca2e1f94: Log matching property violated. Preceding OpId in replica: term: 1 index: 1. Preceding OpId from leader: term: 1 index: 2. (index mismatch)
I20260608 09:55:45.352614 22479 consensus_queue.cc:1048] T 7a8ce8d11a9445449fad0b76bf9a8463 P b652e846391a412cbea4dc6cca2e1f94 [LEADER]: Connected to new peer: Peer: permanent_uuid: "dce1ed5cb2154cd3a74f3823a095bd60" member_type: VOTER last_known_addr { host: "127.20.238.130" port: 44431 } attrs { replace: true }, Status: LMP_MISMATCH, Last received: 0.0, Next index: 2, Last known committed idx: 1, Time since last communication: 0.001s
I20260608 09:55:45.353842 22469 consensus_queue.cc:1048] T 7a8ce8d11a9445449fad0b76bf9a8463 P b652e846391a412cbea4dc6cca2e1f94 [LEADER]: Connected to new peer: Peer: permanent_uuid: "6079473b79ad4915bd099ad69636c263" member_type: VOTER last_known_addr { host: "127.20.238.129" port: 33951 }, Status: LMP_MISMATCH, Last received: 0.0, Next index: 2, Last known committed idx: 1, Time since last communication: 0.000s
W20260608 09:55:45.363905 22217 consensus_peers.cc:597] T 7a8ce8d11a9445449fad0b76bf9a8463 P b652e846391a412cbea4dc6cca2e1f94 -> Peer 43e58dc289884c2494d30cf4ab1f4b4b (127.20.238.132:45711): Couldn't send request to peer 43e58dc289884c2494d30cf4ab1f4b4b. Error code: TABLET_NOT_FOUND (6). Status: Not found: Tablet not found: 7a8ce8d11a9445449fad0b76bf9a8463. This is attempt 1: this message will repeat every 5th retry.
I20260608 09:55:45.366144 22479 raft_consensus.cc:2955] T 7a8ce8d11a9445449fad0b76bf9a8463 P b652e846391a412cbea4dc6cca2e1f94 [term 1 LEADER]: Committing config change with OpId 1.2: config changed from index -1 to 2, NON_VOTER 43e58dc289884c2494d30cf4ab1f4b4b (127.20.238.132) added. New config: { opid_index: 2 OBSOLETE_local: false peers { permanent_uuid: "6079473b79ad4915bd099ad69636c263" member_type: VOTER last_known_addr { host: "127.20.238.129" port: 33951 } } peers { permanent_uuid: "dce1ed5cb2154cd3a74f3823a095bd60" member_type: VOTER last_known_addr { host: "127.20.238.130" port: 44431 } attrs { replace: true } } peers { permanent_uuid: "b652e846391a412cbea4dc6cca2e1f94" member_type: VOTER last_known_addr { host: "127.20.238.131" port: 39037 } } peers { permanent_uuid: "43e58dc289884c2494d30cf4ab1f4b4b" member_type: NON_VOTER last_known_addr { host: "127.20.238.132" port: 45711 } attrs { promote: true } } }
I20260608 09:55:45.368090 22176 raft_consensus.cc:2955] T 7a8ce8d11a9445449fad0b76bf9a8463 P dce1ed5cb2154cd3a74f3823a095bd60 [term 1 FOLLOWER]: Committing config change with OpId 1.2: config changed from index -1 to 2, NON_VOTER 43e58dc289884c2494d30cf4ab1f4b4b (127.20.238.132) added. New config: { opid_index: 2 OBSOLETE_local: false peers { permanent_uuid: "6079473b79ad4915bd099ad69636c263" member_type: VOTER last_known_addr { host: "127.20.238.129" port: 33951 } } peers { permanent_uuid: "dce1ed5cb2154cd3a74f3823a095bd60" member_type: VOTER last_known_addr { host: "127.20.238.130" port: 44431 } attrs { replace: true } } peers { permanent_uuid: "b652e846391a412cbea4dc6cca2e1f94" member_type: VOTER last_known_addr { host: "127.20.238.131" port: 39037 } } peers { permanent_uuid: "43e58dc289884c2494d30cf4ab1f4b4b" member_type: NON_VOTER last_known_addr { host: "127.20.238.132" port: 45711 } attrs { promote: true } } }
I20260608 09:55:45.384825 22251 consensus_queue.cc:237] T 6a40b1adbd424793881f3f3e0c6d8ced P b652e846391a412cbea4dc6cca2e1f94 [LEADER]: Queue going to LEADER mode. State: All replicated index: 0, Majority replicated index: 2, Committed index: 2, Last appended: 2.2, Last appended by leader: 1, Current term: 2, Majority size: 2, State: 0, Mode: LEADER, active raft config: opid_index: 3 OBSOLETE_local: false peers { permanent_uuid: "6079473b79ad4915bd099ad69636c263" member_type: VOTER last_known_addr { host: "127.20.238.129" port: 33951 } attrs { replace: true } } peers { permanent_uuid: "dce1ed5cb2154cd3a74f3823a095bd60" member_type: VOTER last_known_addr { host: "127.20.238.130" port: 44431 } } peers { permanent_uuid: "b652e846391a412cbea4dc6cca2e1f94" member_type: VOTER last_known_addr { host: "127.20.238.131" port: 39037 } } peers { permanent_uuid: "43e58dc289884c2494d30cf4ab1f4b4b" member_type: NON_VOTER last_known_addr { host: "127.20.238.132" port: 45711 } attrs { promote: true } }
I20260608 09:55:45.385342 22104 raft_consensus.cc:2955] T 7a8ce8d11a9445449fad0b76bf9a8463 P 6079473b79ad4915bd099ad69636c263 [term 1 FOLLOWER]: Committing config change with OpId 1.2: config changed from index -1 to 2, NON_VOTER 43e58dc289884c2494d30cf4ab1f4b4b (127.20.238.132) added. New config: { opid_index: 2 OBSOLETE_local: false peers { permanent_uuid: "6079473b79ad4915bd099ad69636c263" member_type: VOTER last_known_addr { host: "127.20.238.129" port: 33951 } } peers { permanent_uuid: "dce1ed5cb2154cd3a74f3823a095bd60" member_type: VOTER last_known_addr { host: "127.20.238.130" port: 44431 } attrs { replace: true } } peers { permanent_uuid: "b652e846391a412cbea4dc6cca2e1f94" member_type: VOTER last_known_addr { host: "127.20.238.131" port: 39037 } } peers { permanent_uuid: "43e58dc289884c2494d30cf4ab1f4b4b" member_type: NON_VOTER last_known_addr { host: "127.20.238.132" port: 45711 } attrs { promote: true } } }
I20260608 09:55:45.385357 21999 catalog_manager.cc:5696] T 7a8ce8d11a9445449fad0b76bf9a8463 P dce1ed5cb2154cd3a74f3823a095bd60 reported cstate change: config changed from index -1 to 2, NON_VOTER 43e58dc289884c2494d30cf4ab1f4b4b (127.20.238.132) added. New cstate: current_term: 1 leader_uuid: "b652e846391a412cbea4dc6cca2e1f94" committed_config { opid_index: 2 OBSOLETE_local: false peers { permanent_uuid: "6079473b79ad4915bd099ad69636c263" member_type: VOTER last_known_addr { host: "127.20.238.129" port: 33951 } } peers { permanent_uuid: "dce1ed5cb2154cd3a74f3823a095bd60" member_type: VOTER last_known_addr { host: "127.20.238.130" port: 44431 } attrs { replace: true } } peers { permanent_uuid: "b652e846391a412cbea4dc6cca2e1f94" member_type: VOTER last_known_addr { host: "127.20.238.131" port: 39037 } } peers { permanent_uuid: "43e58dc289884c2494d30cf4ab1f4b4b" member_type: NON_VOTER last_known_addr { host: "127.20.238.132" port: 45711 } attrs { promote: true } } }
W20260608 09:55:45.402860 22217 consensus_peers.cc:597] T 6a40b1adbd424793881f3f3e0c6d8ced P b652e846391a412cbea4dc6cca2e1f94 -> Peer 43e58dc289884c2494d30cf4ab1f4b4b (127.20.238.132:45711): Couldn't send request to peer 43e58dc289884c2494d30cf4ab1f4b4b. Error code: TABLET_NOT_FOUND (6). Status: Not found: Tablet not found: 6a40b1adbd424793881f3f3e0c6d8ced. This is attempt 1: this message will repeat every 5th retry.
I20260608 09:55:45.404174 22104 raft_consensus.cc:1275] T 6a40b1adbd424793881f3f3e0c6d8ced P 6079473b79ad4915bd099ad69636c263 [term 2 FOLLOWER]: Refusing update from remote peer b652e846391a412cbea4dc6cca2e1f94: Log matching property violated. Preceding OpId in replica: term: 2 index: 2. Preceding OpId from leader: term: 2 index: 3. (index mismatch)
I20260608 09:55:45.404174 22176 raft_consensus.cc:1275] T 6a40b1adbd424793881f3f3e0c6d8ced P dce1ed5cb2154cd3a74f3823a095bd60 [term 2 FOLLOWER]: Refusing update from remote peer b652e846391a412cbea4dc6cca2e1f94: Log matching property violated. Preceding OpId in replica: term: 2 index: 2. Preceding OpId from leader: term: 2 index: 3. (index mismatch)
I20260608 09:55:45.406128 22484 consensus_queue.cc:1048] T 6a40b1adbd424793881f3f3e0c6d8ced P b652e846391a412cbea4dc6cca2e1f94 [LEADER]: Connected to new peer: Peer: permanent_uuid: "dce1ed5cb2154cd3a74f3823a095bd60" member_type: VOTER last_known_addr { host: "127.20.238.130" port: 44431 }, Status: LMP_MISMATCH, Last received: 0.0, Next index: 3, Last known committed idx: 2, Time since last communication: 0.001s
I20260608 09:55:45.407145 22479 consensus_queue.cc:1048] T 6a40b1adbd424793881f3f3e0c6d8ced P b652e846391a412cbea4dc6cca2e1f94 [LEADER]: Connected to new peer: Peer: permanent_uuid: "6079473b79ad4915bd099ad69636c263" member_type: VOTER last_known_addr { host: "127.20.238.129" port: 33951 } attrs { replace: true }, Status: LMP_MISMATCH, Last received: 0.0, Next index: 3, Last known committed idx: 2, Time since last communication: 0.000s
I20260608 09:55:45.426386 22484 raft_consensus.cc:2955] T 6a40b1adbd424793881f3f3e0c6d8ced P b652e846391a412cbea4dc6cca2e1f94 [term 2 LEADER]: Committing config change with OpId 2.3: config changed from index -1 to 3, NON_VOTER 43e58dc289884c2494d30cf4ab1f4b4b (127.20.238.132) added. New config: { opid_index: 3 OBSOLETE_local: false peers { permanent_uuid: "6079473b79ad4915bd099ad69636c263" member_type: VOTER last_known_addr { host: "127.20.238.129" port: 33951 } attrs { replace: true } } peers { permanent_uuid: "dce1ed5cb2154cd3a74f3823a095bd60" member_type: VOTER last_known_addr { host: "127.20.238.130" port: 44431 } } peers { permanent_uuid: "b652e846391a412cbea4dc6cca2e1f94" member_type: VOTER last_known_addr { host: "127.20.238.131" port: 39037 } } peers { permanent_uuid: "43e58dc289884c2494d30cf4ab1f4b4b" member_type: NON_VOTER last_known_addr { host: "127.20.238.132" port: 45711 } attrs { promote: true } } }
I20260608 09:55:45.428517 22104 raft_consensus.cc:2955] T 6a40b1adbd424793881f3f3e0c6d8ced P 6079473b79ad4915bd099ad69636c263 [term 2 FOLLOWER]: Committing config change with OpId 2.3: config changed from index -1 to 3, NON_VOTER 43e58dc289884c2494d30cf4ab1f4b4b (127.20.238.132) added. New config: { opid_index: 3 OBSOLETE_local: false peers { permanent_uuid: "6079473b79ad4915bd099ad69636c263" member_type: VOTER last_known_addr { host: "127.20.238.129" port: 33951 } attrs { replace: true } } peers { permanent_uuid: "dce1ed5cb2154cd3a74f3823a095bd60" member_type: VOTER last_known_addr { host: "127.20.238.130" port: 44431 } } peers { permanent_uuid: "b652e846391a412cbea4dc6cca2e1f94" member_type: VOTER last_known_addr { host: "127.20.238.131" port: 39037 } } peers { permanent_uuid: "43e58dc289884c2494d30cf4ab1f4b4b" member_type: NON_VOTER last_known_addr { host: "127.20.238.132" port: 45711 } attrs { promote: true } } }
I20260608 09:55:45.430135 22176 raft_consensus.cc:2955] T 6a40b1adbd424793881f3f3e0c6d8ced P dce1ed5cb2154cd3a74f3823a095bd60 [term 2 FOLLOWER]: Committing config change with OpId 2.3: config changed from index -1 to 3, NON_VOTER 43e58dc289884c2494d30cf4ab1f4b4b (127.20.238.132) added. New config: { opid_index: 3 OBSOLETE_local: false peers { permanent_uuid: "6079473b79ad4915bd099ad69636c263" member_type: VOTER last_known_addr { host: "127.20.238.129" port: 33951 } attrs { replace: true } } peers { permanent_uuid: "dce1ed5cb2154cd3a74f3823a095bd60" member_type: VOTER last_known_addr { host: "127.20.238.130" port: 44431 } } peers { permanent_uuid: "b652e846391a412cbea4dc6cca2e1f94" member_type: VOTER last_known_addr { host: "127.20.238.131" port: 39037 } } peers { permanent_uuid: "43e58dc289884c2494d30cf4ab1f4b4b" member_type: NON_VOTER last_known_addr { host: "127.20.238.132" port: 45711 } attrs { promote: true } } }
I20260608 09:55:45.443279 22000 catalog_manager.cc:5696] T 6a40b1adbd424793881f3f3e0c6d8ced P b652e846391a412cbea4dc6cca2e1f94 reported cstate change: config changed from index -1 to 3, NON_VOTER 43e58dc289884c2494d30cf4ab1f4b4b (127.20.238.132) added. New cstate: current_term: 2 leader_uuid: "b652e846391a412cbea4dc6cca2e1f94" committed_config { opid_index: 3 OBSOLETE_local: false peers { permanent_uuid: "6079473b79ad4915bd099ad69636c263" member_type: VOTER last_known_addr { host: "127.20.238.129" port: 33951 } attrs { replace: true } health_report { overall_health: HEALTHY } } peers { permanent_uuid: "dce1ed5cb2154cd3a74f3823a095bd60" member_type: VOTER last_known_addr { host: "127.20.238.130" port: 44431 } health_report { overall_health: HEALTHY } } peers { permanent_uuid: "b652e846391a412cbea4dc6cca2e1f94" member_type: VOTER last_known_addr { host: "127.20.238.131" port: 39037 } health_report { overall_health: HEALTHY } } peers { permanent_uuid: "43e58dc289884c2494d30cf4ab1f4b4b" member_type: NON_VOTER last_known_addr { host: "127.20.238.132" port: 45711 } attrs { promote: true } health_report { overall_health: UNKNOWN } } }
I20260608 09:55:45.460533 22176 consensus_queue.cc:237] T 9cead653759442fe8d62ded011d3bbe9 P dce1ed5cb2154cd3a74f3823a095bd60 [LEADER]: Queue going to LEADER mode. State: All replicated index: 0, Majority replicated index: 1, Committed index: 1, Last appended: 1.1, Last appended by leader: 0, Current term: 1, Majority size: 2, State: 0, Mode: LEADER, active raft config: opid_index: 2 OBSOLETE_local: false peers { permanent_uuid: "6079473b79ad4915bd099ad69636c263" member_type: VOTER last_known_addr { host: "127.20.238.129" port: 33951 } } peers { permanent_uuid: "dce1ed5cb2154cd3a74f3823a095bd60" member_type: VOTER last_known_addr { host: "127.20.238.130" port: 44431 } } peers { permanent_uuid: "b652e846391a412cbea4dc6cca2e1f94" member_type: VOTER last_known_addr { host: "127.20.238.131" port: 39037 } attrs { replace: true } } peers { permanent_uuid: "43e58dc289884c2494d30cf4ab1f4b4b" member_type: NON_VOTER last_known_addr { host: "127.20.238.132" port: 45711 } attrs { promote: true } }
I20260608 09:55:45.468997 22251 raft_consensus.cc:1275] T 9cead653759442fe8d62ded011d3bbe9 P b652e846391a412cbea4dc6cca2e1f94 [term 1 FOLLOWER]: Refusing update from remote peer dce1ed5cb2154cd3a74f3823a095bd60: Log matching property violated. Preceding OpId in replica: term: 1 index: 1. Preceding OpId from leader: term: 1 index: 2. (index mismatch)
I20260608 09:55:45.471045 22104 raft_consensus.cc:1275] T 9cead653759442fe8d62ded011d3bbe9 P 6079473b79ad4915bd099ad69636c263 [term 1 FOLLOWER]: Refusing update from remote peer dce1ed5cb2154cd3a74f3823a095bd60: Log matching property violated. Preceding OpId in replica: term: 1 index: 1. Preceding OpId from leader: term: 1 index: 2. (index mismatch)
I20260608 09:55:45.470963 22335 consensus_queue.cc:1048] T 9cead653759442fe8d62ded011d3bbe9 P dce1ed5cb2154cd3a74f3823a095bd60 [LEADER]: Connected to new peer: Peer: permanent_uuid: "b652e846391a412cbea4dc6cca2e1f94" member_type: VOTER last_known_addr { host: "127.20.238.131" port: 39037 } attrs { replace: true }, Status: LMP_MISMATCH, Last received: 0.0, Next index: 2, Last known committed idx: 1, Time since last communication: 0.001s
I20260608 09:55:45.480341 22335 consensus_queue.cc:1048] T 9cead653759442fe8d62ded011d3bbe9 P dce1ed5cb2154cd3a74f3823a095bd60 [LEADER]: Connected to new peer: Peer: permanent_uuid: "6079473b79ad4915bd099ad69636c263" member_type: VOTER last_known_addr { host: "127.20.238.129" port: 33951 }, Status: LMP_MISMATCH, Last received: 0.0, Next index: 2, Last known committed idx: 1, Time since last communication: 0.001s
I20260608 09:55:45.493563 22335 raft_consensus.cc:2955] T 9cead653759442fe8d62ded011d3bbe9 P dce1ed5cb2154cd3a74f3823a095bd60 [term 1 LEADER]: Committing config change with OpId 1.2: config changed from index -1 to 2, NON_VOTER 43e58dc289884c2494d30cf4ab1f4b4b (127.20.238.132) added. New config: { opid_index: 2 OBSOLETE_local: false peers { permanent_uuid: "6079473b79ad4915bd099ad69636c263" member_type: VOTER last_known_addr { host: "127.20.238.129" port: 33951 } } peers { permanent_uuid: "dce1ed5cb2154cd3a74f3823a095bd60" member_type: VOTER last_known_addr { host: "127.20.238.130" port: 44431 } } peers { permanent_uuid: "b652e846391a412cbea4dc6cca2e1f94" member_type: VOTER last_known_addr { host: "127.20.238.131" port: 39037 } attrs { replace: true } } peers { permanent_uuid: "43e58dc289884c2494d30cf4ab1f4b4b" member_type: NON_VOTER last_known_addr { host: "127.20.238.132" port: 45711 } attrs { promote: true } } }
I20260608 09:55:45.503167 22251 raft_consensus.cc:2955] T 9cead653759442fe8d62ded011d3bbe9 P b652e846391a412cbea4dc6cca2e1f94 [term 1 FOLLOWER]: Committing config change with OpId 1.2: config changed from index -1 to 2, NON_VOTER 43e58dc289884c2494d30cf4ab1f4b4b (127.20.238.132) added. New config: { opid_index: 2 OBSOLETE_local: false peers { permanent_uuid: "6079473b79ad4915bd099ad69636c263" member_type: VOTER last_known_addr { host: "127.20.238.129" port: 33951 } } peers { permanent_uuid: "dce1ed5cb2154cd3a74f3823a095bd60" member_type: VOTER last_known_addr { host: "127.20.238.130" port: 44431 } } peers { permanent_uuid: "b652e846391a412cbea4dc6cca2e1f94" member_type: VOTER last_known_addr { host: "127.20.238.131" port: 39037 } attrs { replace: true } } peers { permanent_uuid: "43e58dc289884c2494d30cf4ab1f4b4b" member_type: NON_VOTER last_known_addr { host: "127.20.238.132" port: 45711 } attrs { promote: true } } }
I20260608 09:55:45.505255 22104 raft_consensus.cc:2955] T 9cead653759442fe8d62ded011d3bbe9 P 6079473b79ad4915bd099ad69636c263 [term 1 FOLLOWER]: Committing config change with OpId 1.2: config changed from index -1 to 2, NON_VOTER 43e58dc289884c2494d30cf4ab1f4b4b (127.20.238.132) added. New config: { opid_index: 2 OBSOLETE_local: false peers { permanent_uuid: "6079473b79ad4915bd099ad69636c263" member_type: VOTER last_known_addr { host: "127.20.238.129" port: 33951 } } peers { permanent_uuid: "dce1ed5cb2154cd3a74f3823a095bd60" member_type: VOTER last_known_addr { host: "127.20.238.130" port: 44431 } } peers { permanent_uuid: "b652e846391a412cbea4dc6cca2e1f94" member_type: VOTER last_known_addr { host: "127.20.238.131" port: 39037 } attrs { replace: true } } peers { permanent_uuid: "43e58dc289884c2494d30cf4ab1f4b4b" member_type: NON_VOTER last_known_addr { host: "127.20.238.132" port: 45711 } attrs { promote: true } } }
I20260608 09:55:45.514647 22000 catalog_manager.cc:5696] T 9cead653759442fe8d62ded011d3bbe9 P dce1ed5cb2154cd3a74f3823a095bd60 reported cstate change: config changed from index -1 to 2, NON_VOTER 43e58dc289884c2494d30cf4ab1f4b4b (127.20.238.132) added. New cstate: current_term: 1 leader_uuid: "dce1ed5cb2154cd3a74f3823a095bd60" committed_config { opid_index: 2 OBSOLETE_local: false peers { permanent_uuid: "6079473b79ad4915bd099ad69636c263" member_type: VOTER last_known_addr { host: "127.20.238.129" port: 33951 } health_report { overall_health: HEALTHY } } peers { permanent_uuid: "dce1ed5cb2154cd3a74f3823a095bd60" member_type: VOTER last_known_addr { host: "127.20.238.130" port: 44431 } health_report { overall_health: HEALTHY } } peers { permanent_uuid: "b652e846391a412cbea4dc6cca2e1f94" member_type: VOTER last_known_addr { host: "127.20.238.131" port: 39037 } attrs { replace: true } health_report { overall_health: HEALTHY } } peers { permanent_uuid: "43e58dc289884c2494d30cf4ab1f4b4b" member_type: NON_VOTER last_known_addr { host: "127.20.238.132" port: 45711 } attrs { promote: true } health_report { overall_health: UNKNOWN } } }
W20260608 09:55:45.516325 22143 consensus_peers.cc:597] T 9cead653759442fe8d62ded011d3bbe9 P dce1ed5cb2154cd3a74f3823a095bd60 -> Peer 43e58dc289884c2494d30cf4ab1f4b4b (127.20.238.132:45711): Couldn't send request to peer 43e58dc289884c2494d30cf4ab1f4b4b. Error code: TABLET_NOT_FOUND (6). Status: Not found: Tablet not found: 9cead653759442fe8d62ded011d3bbe9. This is attempt 1: this message will repeat every 5th retry.
I20260608 09:55:45.537199 22104 consensus_queue.cc:237] T f12e0990ef9348f6b1584df13c2d6432 P 6079473b79ad4915bd099ad69636c263 [LEADER]: Queue going to LEADER mode. State: All replicated index: 0, Majority replicated index: 1, Committed index: 1, Last appended: 1.1, Last appended by leader: 0, Current term: 1, Majority size: 2, State: 0, Mode: LEADER, active raft config: opid_index: 2 OBSOLETE_local: false peers { permanent_uuid: "6079473b79ad4915bd099ad69636c263" member_type: VOTER last_known_addr { host: "127.20.238.129" port: 33951 } } peers { permanent_uuid: "dce1ed5cb2154cd3a74f3823a095bd60" member_type: VOTER last_known_addr { host: "127.20.238.130" port: 44431 } attrs { replace: true } } peers { permanent_uuid: "b652e846391a412cbea4dc6cca2e1f94" member_type: VOTER last_known_addr { host: "127.20.238.131" port: 39037 } } peers { permanent_uuid: "43e58dc289884c2494d30cf4ab1f4b4b" member_type: NON_VOTER last_known_addr { host: "127.20.238.132" port: 45711 } attrs { promote: true } }
I20260608 09:55:45.545836 22251 raft_consensus.cc:1275] T f12e0990ef9348f6b1584df13c2d6432 P b652e846391a412cbea4dc6cca2e1f94 [term 1 FOLLOWER]: Refusing update from remote peer 6079473b79ad4915bd099ad69636c263: Log matching property violated. Preceding OpId in replica: term: 1 index: 1. Preceding OpId from leader: term: 1 index: 2. (index mismatch)
I20260608 09:55:45.547817 22504 consensus_queue.cc:1048] T f12e0990ef9348f6b1584df13c2d6432 P 6079473b79ad4915bd099ad69636c263 [LEADER]: Connected to new peer: Peer: permanent_uuid: "b652e846391a412cbea4dc6cca2e1f94" member_type: VOTER last_known_addr { host: "127.20.238.131" port: 39037 }, Status: LMP_MISMATCH, Last received: 0.0, Next index: 2, Last known committed idx: 1, Time since last communication: 0.001s
I20260608 09:55:45.551304 22176 raft_consensus.cc:1275] T f12e0990ef9348f6b1584df13c2d6432 P dce1ed5cb2154cd3a74f3823a095bd60 [term 1 FOLLOWER]: Refusing update from remote peer 6079473b79ad4915bd099ad69636c263: Log matching property violated. Preceding OpId in replica: term: 1 index: 1. Preceding OpId from leader: term: 1 index: 2. (index mismatch)
I20260608 09:55:45.554541 22504 consensus_queue.cc:1048] T f12e0990ef9348f6b1584df13c2d6432 P 6079473b79ad4915bd099ad69636c263 [LEADER]: Connected to new peer: Peer: permanent_uuid: "dce1ed5cb2154cd3a74f3823a095bd60" member_type: VOTER last_known_addr { host: "127.20.238.130" port: 44431 } attrs { replace: true }, Status: LMP_MISMATCH, Last received: 0.0, Next index: 2, Last known committed idx: 1, Time since last communication: 0.000s
W20260608 09:55:45.562796 22068 consensus_peers.cc:597] T f12e0990ef9348f6b1584df13c2d6432 P 6079473b79ad4915bd099ad69636c263 -> Peer 43e58dc289884c2494d30cf4ab1f4b4b (127.20.238.132:45711): Couldn't send request to peer 43e58dc289884c2494d30cf4ab1f4b4b. Error code: TABLET_NOT_FOUND (6). Status: Not found: Tablet not found: f12e0990ef9348f6b1584df13c2d6432. This is attempt 1: this message will repeat every 5th retry.
I20260608 09:55:45.562354 22473 raft_consensus.cc:2955] T f12e0990ef9348f6b1584df13c2d6432 P 6079473b79ad4915bd099ad69636c263 [term 1 LEADER]: Committing config change with OpId 1.2: config changed from index -1 to 2, NON_VOTER 43e58dc289884c2494d30cf4ab1f4b4b (127.20.238.132) added. New config: { opid_index: 2 OBSOLETE_local: false peers { permanent_uuid: "6079473b79ad4915bd099ad69636c263" member_type: VOTER last_known_addr { host: "127.20.238.129" port: 33951 } } peers { permanent_uuid: "dce1ed5cb2154cd3a74f3823a095bd60" member_type: VOTER last_known_addr { host: "127.20.238.130" port: 44431 } attrs { replace: true } } peers { permanent_uuid: "b652e846391a412cbea4dc6cca2e1f94" member_type: VOTER last_known_addr { host: "127.20.238.131" port: 39037 } } peers { permanent_uuid: "43e58dc289884c2494d30cf4ab1f4b4b" member_type: NON_VOTER last_known_addr { host: "127.20.238.132" port: 45711 } attrs { promote: true } } }
I20260608 09:55:45.564211 22250 raft_consensus.cc:2955] T f12e0990ef9348f6b1584df13c2d6432 P b652e846391a412cbea4dc6cca2e1f94 [term 1 FOLLOWER]: Committing config change with OpId 1.2: config changed from index -1 to 2, NON_VOTER 43e58dc289884c2494d30cf4ab1f4b4b (127.20.238.132) added. New config: { opid_index: 2 OBSOLETE_local: false peers { permanent_uuid: "6079473b79ad4915bd099ad69636c263" member_type: VOTER last_known_addr { host: "127.20.238.129" port: 33951 } } peers { permanent_uuid: "dce1ed5cb2154cd3a74f3823a095bd60" member_type: VOTER last_known_addr { host: "127.20.238.130" port: 44431 } attrs { replace: true } } peers { permanent_uuid: "b652e846391a412cbea4dc6cca2e1f94" member_type: VOTER last_known_addr { host: "127.20.238.131" port: 39037 } } peers { permanent_uuid: "43e58dc289884c2494d30cf4ab1f4b4b" member_type: NON_VOTER last_known_addr { host: "127.20.238.132" port: 45711 } attrs { promote: true } } }
I20260608 09:55:45.569676 22176 raft_consensus.cc:2955] T f12e0990ef9348f6b1584df13c2d6432 P dce1ed5cb2154cd3a74f3823a095bd60 [term 1 FOLLOWER]: Committing config change with OpId 1.2: config changed from index -1 to 2, NON_VOTER 43e58dc289884c2494d30cf4ab1f4b4b (127.20.238.132) added. New config: { opid_index: 2 OBSOLETE_local: false peers { permanent_uuid: "6079473b79ad4915bd099ad69636c263" member_type: VOTER last_known_addr { host: "127.20.238.129" port: 33951 } } peers { permanent_uuid: "dce1ed5cb2154cd3a74f3823a095bd60" member_type: VOTER last_known_addr { host: "127.20.238.130" port: 44431 } attrs { replace: true } } peers { permanent_uuid: "b652e846391a412cbea4dc6cca2e1f94" member_type: VOTER last_known_addr { host: "127.20.238.131" port: 39037 } } peers { permanent_uuid: "43e58dc289884c2494d30cf4ab1f4b4b" member_type: NON_VOTER last_known_addr { host: "127.20.238.132" port: 45711 } attrs { promote: true } } }
I20260608 09:55:45.579231 21999 catalog_manager.cc:5696] T f12e0990ef9348f6b1584df13c2d6432 P 6079473b79ad4915bd099ad69636c263 reported cstate change: config changed from index -1 to 2, NON_VOTER 43e58dc289884c2494d30cf4ab1f4b4b (127.20.238.132) added. New cstate: current_term: 1 leader_uuid: "6079473b79ad4915bd099ad69636c263" committed_config { opid_index: 2 OBSOLETE_local: false peers { permanent_uuid: "6079473b79ad4915bd099ad69636c263" member_type: VOTER last_known_addr { host: "127.20.238.129" port: 33951 } health_report { overall_health: HEALTHY } } peers { permanent_uuid: "dce1ed5cb2154cd3a74f3823a095bd60" member_type: VOTER last_known_addr { host: "127.20.238.130" port: 44431 } attrs { replace: true } health_report { overall_health: HEALTHY } } peers { permanent_uuid: "b652e846391a412cbea4dc6cca2e1f94" member_type: VOTER last_known_addr { host: "127.20.238.131" port: 39037 } health_report { overall_health: HEALTHY } } peers { permanent_uuid: "43e58dc289884c2494d30cf4ab1f4b4b" member_type: NON_VOTER last_known_addr { host: "127.20.238.132" port: 45711 } attrs { promote: true } health_report { overall_health: UNKNOWN } } }
I20260608 09:55:45.835189 22508 ts_tablet_manager.cc:933] T 6a40b1adbd424793881f3f3e0c6d8ced P 43e58dc289884c2494d30cf4ab1f4b4b: Initiating tablet copy from peer b652e846391a412cbea4dc6cca2e1f94 (127.20.238.131:39037)
I20260608 09:55:45.837241 22509 ts_tablet_manager.cc:933] T 7a8ce8d11a9445449fad0b76bf9a8463 P 43e58dc289884c2494d30cf4ab1f4b4b: Initiating tablet copy from peer b652e846391a412cbea4dc6cca2e1f94 (127.20.238.131:39037)
