I20260608 09:56:58.516404 24916 consensus_queue.cc:1048] T 4192ffd21e2643b5a7119ad81f2b46fc P 86e19554ad3743c4b54bb0d7504966f8 [LEADER]: Connected to new peer: Peer: permanent_uuid: "5cc53eceb13a42a5b04ceadfaf30262b" member_type: VOTER last_known_addr { host: "127.20.238.132" port: 36869 } attrs { promote: false }, Status: LMP_MISMATCH, Last received: 0.0, Next index: 4, Last known committed idx: 3, Time since last communication: 0.000s
I20260608 09:56:58.519800 24919 raft_consensus.cc:2955] T 4192ffd21e2643b5a7119ad81f2b46fc P 86e19554ad3743c4b54bb0d7504966f8 [term 1 LEADER]: Committing config change with OpId 1.4: config changed from index 3 to 4, VOTER 87a44fa9d52847f8bbec5ae4c634fcb3 (127.20.238.129) evicted. New config: { opid_index: 4 OBSOLETE_local: false peers { permanent_uuid: "6c28126a36a34ff890dc26f38a4526f6" member_type: VOTER last_known_addr { host: "127.20.238.130" port: 38369 } } peers { permanent_uuid: "86e19554ad3743c4b54bb0d7504966f8" member_type: VOTER last_known_addr { host: "127.20.238.131" port: 40993 } } peers { permanent_uuid: "5cc53eceb13a42a5b04ceadfaf30262b" member_type: VOTER last_known_addr { host: "127.20.238.132" port: 36869 } attrs { promote: false } } }
I20260608 09:56:58.522177 24501 raft_consensus.cc:2955] T 4192ffd21e2643b5a7119ad81f2b46fc P 6c28126a36a34ff890dc26f38a4526f6 [term 1 FOLLOWER]: Committing config change with OpId 1.4: config changed from index 3 to 4, VOTER 87a44fa9d52847f8bbec5ae4c634fcb3 (127.20.238.129) evicted. New config: { opid_index: 4 OBSOLETE_local: false peers { permanent_uuid: "6c28126a36a34ff890dc26f38a4526f6" member_type: VOTER last_known_addr { host: "127.20.238.130" port: 38369 } } peers { permanent_uuid: "86e19554ad3743c4b54bb0d7504966f8" member_type: VOTER last_known_addr { host: "127.20.238.131" port: 40993 } } peers { permanent_uuid: "5cc53eceb13a42a5b04ceadfaf30262b" member_type: VOTER last_known_addr { host: "127.20.238.132" port: 36869 } attrs { promote: false } } }
I20260608 09:56:58.529117 24312 catalog_manager.cc:5209] ChangeConfig:REMOVE_PEER RPC for tablet 4192ffd21e2643b5a7119ad81f2b46fc with cas_config_opid_index 3: ChangeConfig:REMOVE_PEER succeeded (attempt 1)
I20260608 09:56:58.528784 24732 raft_consensus.cc:2955] T 4192ffd21e2643b5a7119ad81f2b46fc P 5cc53eceb13a42a5b04ceadfaf30262b [term 1 FOLLOWER]: Committing config change with OpId 1.4: config changed from index 3 to 4, VOTER 87a44fa9d52847f8bbec5ae4c634fcb3 (127.20.238.129) evicted. New config: { opid_index: 4 OBSOLETE_local: false peers { permanent_uuid: "6c28126a36a34ff890dc26f38a4526f6" member_type: VOTER last_known_addr { host: "127.20.238.130" port: 38369 } } peers { permanent_uuid: "86e19554ad3743c4b54bb0d7504966f8" member_type: VOTER last_known_addr { host: "127.20.238.131" port: 40993 } } peers { permanent_uuid: "5cc53eceb13a42a5b04ceadfaf30262b" member_type: VOTER last_known_addr { host: "127.20.238.132" port: 36869 } attrs { promote: false } } }
I20260608 09:56:58.533980 24322 catalog_manager.cc:5696] T 4192ffd21e2643b5a7119ad81f2b46fc P 86e19554ad3743c4b54bb0d7504966f8 reported cstate change: config changed from index 3 to 4, VOTER 87a44fa9d52847f8bbec5ae4c634fcb3 (127.20.238.129) evicted. New cstate: current_term: 1 leader_uuid: "86e19554ad3743c4b54bb0d7504966f8" committed_config { opid_index: 4 OBSOLETE_local: false peers { permanent_uuid: "6c28126a36a34ff890dc26f38a4526f6" member_type: VOTER last_known_addr { host: "127.20.238.130" port: 38369 } health_report { overall_health: HEALTHY } } peers { permanent_uuid: "86e19554ad3743c4b54bb0d7504966f8" member_type: VOTER last_known_addr { host: "127.20.238.131" port: 40993 } health_report { overall_health: HEALTHY } } peers { permanent_uuid: "5cc53eceb13a42a5b04ceadfaf30262b" member_type: VOTER last_known_addr { host: "127.20.238.132" port: 36869 } attrs { promote: false } health_report { overall_health: HEALTHY } } }
I20260608 09:56:58.547035 24410 tablet_service.cc:1558] Processing DeleteTablet for tablet 4192ffd21e2643b5a7119ad81f2b46fc with delete_type TABLET_DATA_TOMBSTONED (TS 87a44fa9d52847f8bbec5ae4c634fcb3 not found in new config with opid_index 4) from {username='slave'} at 127.0.0.1:34960
I20260608 09:56:58.547942 24910 tablet_replica.cc:333] T 4192ffd21e2643b5a7119ad81f2b46fc P 87a44fa9d52847f8bbec5ae4c634fcb3: stopping tablet replica
I20260608 09:56:58.548669 24910 raft_consensus.cc:2243] T 4192ffd21e2643b5a7119ad81f2b46fc P 87a44fa9d52847f8bbec5ae4c634fcb3 [term 1 FOLLOWER]: Raft consensus shutting down.
I20260608 09:56:58.549327 24910 raft_consensus.cc:2272] T 4192ffd21e2643b5a7119ad81f2b46fc P 87a44fa9d52847f8bbec5ae4c634fcb3 [term 1 FOLLOWER]: Raft consensus is shut down!
I20260608 09:56:58.552258 24910 ts_tablet_manager.cc:1916] T 4192ffd21e2643b5a7119ad81f2b46fc P 87a44fa9d52847f8bbec5ae4c634fcb3: Deleting tablet data with delete state TABLET_DATA_TOMBSTONED
I20260608 09:56:58.565718 24910 ts_tablet_manager.cc:1929] T 4192ffd21e2643b5a7119ad81f2b46fc P 87a44fa9d52847f8bbec5ae4c634fcb3: tablet deleted with delete type TABLET_DATA_TOMBSTONED: last-logged OpId 1.3
I20260608 09:56:58.566108 24910 log.cc:1199] T 4192ffd21e2643b5a7119ad81f2b46fc P 87a44fa9d52847f8bbec5ae4c634fcb3: Deleting WAL directory at /tmp/dist-test-taskN2I9TL/test-tmp/auto_rebalancer-test.0.AutoRebalancerTest.RangeAwareRebalancesNewRangeReplicas.1780912531992873-21434-0/minicluster-data/ts-0-root/wals/4192ffd21e2643b5a7119ad81f2b46fc
I20260608 09:56:58.567600 24312 catalog_manager.cc:5027] TS 87a44fa9d52847f8bbec5ae4c634fcb3 (127.20.238.129:41603): tablet 4192ffd21e2643b5a7119ad81f2b46fc (table range_aware_rebalance_new_range [id=9677830b9f7f4f09a9cdf8cc177bee63]) successfully deleted
I20260608 09:56:59.414031 24378 auto_leader_rebalancer.cc:140] leader rebalance for table range_aware_rebalance_new_range
I20260608 09:56:59.438302 24502 tablet_service.cc:2072] Received LeaderStepDown RPC: tablet_id: "07614ec171f34832a6688a6a581e103c"
dest_uuid: "6c28126a36a34ff890dc26f38a4526f6"
mode: GRACEFUL
new_leader_uuid: "87a44fa9d52847f8bbec5ae4c634fcb3"
 from {username='slave'} at 127.0.0.1:33520
I20260608 09:56:59.438862 24502 raft_consensus.cc:606] T 07614ec171f34832a6688a6a581e103c P 6c28126a36a34ff890dc26f38a4526f6 [term 2 LEADER]: Received request to transfer leadership to TS 87a44fa9d52847f8bbec5ae4c634fcb3
I20260608 09:56:59.440047 24378 auto_leader_rebalancer.cc:388] table: range_aware_rebalance_new_range, leader rebalance finish, leader transfer count: 1
I20260608 09:56:59.440598 24378 auto_leader_rebalancer.cc:451] All tables' leader rebalancing finished this round
I20260608 09:56:59.571470 24574 consensus_queue.cc:237] T 046174fc9f1940e9b787f4f9795cc6c4 P 86e19554ad3743c4b54bb0d7504966f8 [LEADER]: Queue going to LEADER mode. State: All replicated index: 0, Majority replicated index: 1, Committed index: 1, Last appended: 1.1, Last appended by leader: 0, Current term: 1, Majority size: 2, State: 0, Mode: LEADER, active raft config: opid_index: 2 OBSOLETE_local: false peers { permanent_uuid: "5cc53eceb13a42a5b04ceadfaf30262b" member_type: VOTER last_known_addr { host: "127.20.238.132" port: 36869 } attrs { replace: true } } peers { permanent_uuid: "87a44fa9d52847f8bbec5ae4c634fcb3" member_type: VOTER last_known_addr { host: "127.20.238.129" port: 41603 } } peers { permanent_uuid: "86e19554ad3743c4b54bb0d7504966f8" member_type: VOTER last_known_addr { host: "127.20.238.131" port: 40993 } } peers { permanent_uuid: "6c28126a36a34ff890dc26f38a4526f6" member_type: NON_VOTER last_known_addr { host: "127.20.238.130" port: 38369 } attrs { promote: true } }
I20260608 09:56:59.577766 24425 raft_consensus.cc:1275] T 046174fc9f1940e9b787f4f9795cc6c4 P 87a44fa9d52847f8bbec5ae4c634fcb3 [term 1 FOLLOWER]: Refusing update from remote peer 86e19554ad3743c4b54bb0d7504966f8: Log matching property violated. Preceding OpId in replica: term: 1 index: 1. Preceding OpId from leader: term: 1 index: 2. (index mismatch)
I20260608 09:56:59.578060 24733 raft_consensus.cc:1275] T 046174fc9f1940e9b787f4f9795cc6c4 P 5cc53eceb13a42a5b04ceadfaf30262b [term 1 FOLLOWER]: Refusing update from remote peer 86e19554ad3743c4b54bb0d7504966f8: Log matching property violated. Preceding OpId in replica: term: 1 index: 1. Preceding OpId from leader: term: 1 index: 2. (index mismatch)
W20260608 09:56:59.578547 24540 consensus_peers.cc:597] T 046174fc9f1940e9b787f4f9795cc6c4 P 86e19554ad3743c4b54bb0d7504966f8 -> Peer 6c28126a36a34ff890dc26f38a4526f6 (127.20.238.130:38369): Couldn't send request to peer 6c28126a36a34ff890dc26f38a4526f6. Error code: TABLET_NOT_FOUND (6). Status: Not found: Tablet not found: 046174fc9f1940e9b787f4f9795cc6c4. This is attempt 1: this message will repeat every 5th retry.
I20260608 09:56:59.579206 24916 consensus_queue.cc:1048] T 046174fc9f1940e9b787f4f9795cc6c4 P 86e19554ad3743c4b54bb0d7504966f8 [LEADER]: Connected to new peer: Peer: permanent_uuid: "87a44fa9d52847f8bbec5ae4c634fcb3" member_type: VOTER last_known_addr { host: "127.20.238.129" port: 41603 }, Status: LMP_MISMATCH, Last received: 0.0, Next index: 2, Last known committed idx: 1, Time since last communication: 0.000s
I20260608 09:56:59.580030 24941 consensus_queue.cc:1048] T 046174fc9f1940e9b787f4f9795cc6c4 P 86e19554ad3743c4b54bb0d7504966f8 [LEADER]: Connected to new peer: Peer: permanent_uuid: "5cc53eceb13a42a5b04ceadfaf30262b" member_type: VOTER last_known_addr { host: "127.20.238.132" port: 36869 } attrs { replace: true }, Status: LMP_MISMATCH, Last received: 0.0, Next index: 2, Last known committed idx: 1, Time since last communication: 0.000s
I20260608 09:56:59.589877 24921 raft_consensus.cc:2955] T 046174fc9f1940e9b787f4f9795cc6c4 P 86e19554ad3743c4b54bb0d7504966f8 [term 1 LEADER]: Committing config change with OpId 1.2: config changed from index -1 to 2, NON_VOTER 6c28126a36a34ff890dc26f38a4526f6 (127.20.238.130) added. New config: { opid_index: 2 OBSOLETE_local: false peers { permanent_uuid: "5cc53eceb13a42a5b04ceadfaf30262b" member_type: VOTER last_known_addr { host: "127.20.238.132" port: 36869 } attrs { replace: true } } peers { permanent_uuid: "87a44fa9d52847f8bbec5ae4c634fcb3" member_type: VOTER last_known_addr { host: "127.20.238.129" port: 41603 } } peers { permanent_uuid: "86e19554ad3743c4b54bb0d7504966f8" member_type: VOTER last_known_addr { host: "127.20.238.131" port: 40993 } } peers { permanent_uuid: "6c28126a36a34ff890dc26f38a4526f6" member_type: NON_VOTER last_known_addr { host: "127.20.238.130" port: 38369 } attrs { promote: true } } }
I20260608 09:56:59.591846 24733 raft_consensus.cc:2955] T 046174fc9f1940e9b787f4f9795cc6c4 P 5cc53eceb13a42a5b04ceadfaf30262b [term 1 FOLLOWER]: Committing config change with OpId 1.2: config changed from index -1 to 2, NON_VOTER 6c28126a36a34ff890dc26f38a4526f6 (127.20.238.130) added. New config: { opid_index: 2 OBSOLETE_local: false peers { permanent_uuid: "5cc53eceb13a42a5b04ceadfaf30262b" member_type: VOTER last_known_addr { host: "127.20.238.132" port: 36869 } attrs { replace: true } } peers { permanent_uuid: "87a44fa9d52847f8bbec5ae4c634fcb3" member_type: VOTER last_known_addr { host: "127.20.238.129" port: 41603 } } peers { permanent_uuid: "86e19554ad3743c4b54bb0d7504966f8" member_type: VOTER last_known_addr { host: "127.20.238.131" port: 40993 } } peers { permanent_uuid: "6c28126a36a34ff890dc26f38a4526f6" member_type: NON_VOTER last_known_addr { host: "127.20.238.130" port: 38369 } attrs { promote: true } } }
I20260608 09:56:59.591846 24425 raft_consensus.cc:2955] T 046174fc9f1940e9b787f4f9795cc6c4 P 87a44fa9d52847f8bbec5ae4c634fcb3 [term 1 FOLLOWER]: Committing config change with OpId 1.2: config changed from index -1 to 2, NON_VOTER 6c28126a36a34ff890dc26f38a4526f6 (127.20.238.130) added. New config: { opid_index: 2 OBSOLETE_local: false peers { permanent_uuid: "5cc53eceb13a42a5b04ceadfaf30262b" member_type: VOTER last_known_addr { host: "127.20.238.132" port: 36869 } attrs { replace: true } } peers { permanent_uuid: "87a44fa9d52847f8bbec5ae4c634fcb3" member_type: VOTER last_known_addr { host: "127.20.238.129" port: 41603 } } peers { permanent_uuid: "86e19554ad3743c4b54bb0d7504966f8" member_type: VOTER last_known_addr { host: "127.20.238.131" port: 40993 } } peers { permanent_uuid: "6c28126a36a34ff890dc26f38a4526f6" member_type: NON_VOTER last_known_addr { host: "127.20.238.130" port: 38369 } attrs { promote: true } } }
I20260608 09:56:59.602834 24427 consensus_queue.cc:237] T 02a3d9d929cd4dfea1e7f1c3035fea93 P 87a44fa9d52847f8bbec5ae4c634fcb3 [LEADER]: Queue going to LEADER mode. State: All replicated index: 0, Majority replicated index: 1, Committed index: 1, Last appended: 1.1, Last appended by leader: 0, Current term: 1, Majority size: 2, State: 0, Mode: LEADER, active raft config: opid_index: 2 OBSOLETE_local: false peers { permanent_uuid: "6c28126a36a34ff890dc26f38a4526f6" member_type: VOTER last_known_addr { host: "127.20.238.130" port: 38369 } attrs { replace: true } } peers { permanent_uuid: "87a44fa9d52847f8bbec5ae4c634fcb3" member_type: VOTER last_known_addr { host: "127.20.238.129" port: 41603 } } peers { permanent_uuid: "86e19554ad3743c4b54bb0d7504966f8" member_type: VOTER last_known_addr { host: "127.20.238.131" port: 40993 } } peers { permanent_uuid: "5cc53eceb13a42a5b04ceadfaf30262b" member_type: NON_VOTER last_known_addr { host: "127.20.238.132" port: 36869 } attrs { promote: true } }
I20260608 09:56:59.605171 24323 catalog_manager.cc:5696] T 046174fc9f1940e9b787f4f9795cc6c4 P 86e19554ad3743c4b54bb0d7504966f8 reported cstate change: config changed from index -1 to 2, NON_VOTER 6c28126a36a34ff890dc26f38a4526f6 (127.20.238.130) added. New cstate: current_term: 1 leader_uuid: "86e19554ad3743c4b54bb0d7504966f8" committed_config { opid_index: 2 OBSOLETE_local: false peers { permanent_uuid: "5cc53eceb13a42a5b04ceadfaf30262b" member_type: VOTER last_known_addr { host: "127.20.238.132" port: 36869 } attrs { replace: true } health_report { overall_health: HEALTHY } } peers { permanent_uuid: "87a44fa9d52847f8bbec5ae4c634fcb3" member_type: VOTER last_known_addr { host: "127.20.238.129" port: 41603 } health_report { overall_health: HEALTHY } } peers { permanent_uuid: "86e19554ad3743c4b54bb0d7504966f8" member_type: VOTER last_known_addr { host: "127.20.238.131" port: 40993 } health_report { overall_health: HEALTHY } } peers { permanent_uuid: "6c28126a36a34ff890dc26f38a4526f6" member_type: NON_VOTER last_known_addr { host: "127.20.238.130" port: 38369 } attrs { promote: true } health_report { overall_health: UNKNOWN } } }
I20260608 09:56:59.614151 24574 raft_consensus.cc:1275] T 02a3d9d929cd4dfea1e7f1c3035fea93 P 86e19554ad3743c4b54bb0d7504966f8 [term 1 FOLLOWER]: Refusing update from remote peer 87a44fa9d52847f8bbec5ae4c634fcb3: Log matching property violated. Preceding OpId in replica: term: 1 index: 1. Preceding OpId from leader: term: 1 index: 2. (index mismatch)
I20260608 09:56:59.615733 24502 raft_consensus.cc:1275] T 02a3d9d929cd4dfea1e7f1c3035fea93 P 6c28126a36a34ff890dc26f38a4526f6 [term 1 FOLLOWER]: Refusing update from remote peer 87a44fa9d52847f8bbec5ae4c634fcb3: Log matching property violated. Preceding OpId in replica: term: 1 index: 1. Preceding OpId from leader: term: 1 index: 2. (index mismatch)
I20260608 09:56:59.615969 24891 consensus_queue.cc:1048] T 02a3d9d929cd4dfea1e7f1c3035fea93 P 87a44fa9d52847f8bbec5ae4c634fcb3 [LEADER]: Connected to new peer: Peer: permanent_uuid: "86e19554ad3743c4b54bb0d7504966f8" member_type: VOTER last_known_addr { host: "127.20.238.131" port: 40993 }, Status: LMP_MISMATCH, Last received: 0.0, Next index: 2, Last known committed idx: 1, Time since last communication: 0.000s
W20260608 09:56:59.615756 24391 consensus_peers.cc:597] T 02a3d9d929cd4dfea1e7f1c3035fea93 P 87a44fa9d52847f8bbec5ae4c634fcb3 -> Peer 5cc53eceb13a42a5b04ceadfaf30262b (127.20.238.132:36869): Couldn't send request to peer 5cc53eceb13a42a5b04ceadfaf30262b. Error code: TABLET_NOT_FOUND (6). Status: Not found: Tablet not found: 02a3d9d929cd4dfea1e7f1c3035fea93. This is attempt 1: this message will repeat every 5th retry.
I20260608 09:56:59.617409 24939 consensus_queue.cc:1048] T 02a3d9d929cd4dfea1e7f1c3035fea93 P 87a44fa9d52847f8bbec5ae4c634fcb3 [LEADER]: Connected to new peer: Peer: permanent_uuid: "6c28126a36a34ff890dc26f38a4526f6" member_type: VOTER last_known_addr { host: "127.20.238.130" port: 38369 } attrs { replace: true }, Status: LMP_MISMATCH, Last received: 0.0, Next index: 2, Last known committed idx: 1, Time since last communication: 0.000s
I20260608 09:56:59.632457 24940 raft_consensus.cc:2955] T 02a3d9d929cd4dfea1e7f1c3035fea93 P 87a44fa9d52847f8bbec5ae4c634fcb3 [term 1 LEADER]: Committing config change with OpId 1.2: config changed from index -1 to 2, NON_VOTER 5cc53eceb13a42a5b04ceadfaf30262b (127.20.238.132) added. New config: { opid_index: 2 OBSOLETE_local: false peers { permanent_uuid: "6c28126a36a34ff890dc26f38a4526f6" member_type: VOTER last_known_addr { host: "127.20.238.130" port: 38369 } attrs { replace: true } } peers { permanent_uuid: "87a44fa9d52847f8bbec5ae4c634fcb3" member_type: VOTER last_known_addr { host: "127.20.238.129" port: 41603 } } peers { permanent_uuid: "86e19554ad3743c4b54bb0d7504966f8" member_type: VOTER last_known_addr { host: "127.20.238.131" port: 40993 } } peers { permanent_uuid: "5cc53eceb13a42a5b04ceadfaf30262b" member_type: NON_VOTER last_known_addr { host: "127.20.238.132" port: 36869 } attrs { promote: true } } }
I20260608 09:56:59.634902 24574 raft_consensus.cc:2955] T 02a3d9d929cd4dfea1e7f1c3035fea93 P 86e19554ad3743c4b54bb0d7504966f8 [term 1 FOLLOWER]: Committing config change with OpId 1.2: config changed from index -1 to 2, NON_VOTER 5cc53eceb13a42a5b04ceadfaf30262b (127.20.238.132) added. New config: { opid_index: 2 OBSOLETE_local: false peers { permanent_uuid: "6c28126a36a34ff890dc26f38a4526f6" member_type: VOTER last_known_addr { host: "127.20.238.130" port: 38369 } attrs { replace: true } } peers { permanent_uuid: "87a44fa9d52847f8bbec5ae4c634fcb3" member_type: VOTER last_known_addr { host: "127.20.238.129" port: 41603 } } peers { permanent_uuid: "86e19554ad3743c4b54bb0d7504966f8" member_type: VOTER last_known_addr { host: "127.20.238.131" port: 40993 } } peers { permanent_uuid: "5cc53eceb13a42a5b04ceadfaf30262b" member_type: NON_VOTER last_known_addr { host: "127.20.238.132" port: 36869 } attrs { promote: true } } }
I20260608 09:56:59.635998 24502 raft_consensus.cc:2955] T 02a3d9d929cd4dfea1e7f1c3035fea93 P 6c28126a36a34ff890dc26f38a4526f6 [term 1 FOLLOWER]: Committing config change with OpId 1.2: config changed from index -1 to 2, NON_VOTER 5cc53eceb13a42a5b04ceadfaf30262b (127.20.238.132) added. New config: { opid_index: 2 OBSOLETE_local: false peers { permanent_uuid: "6c28126a36a34ff890dc26f38a4526f6" member_type: VOTER last_known_addr { host: "127.20.238.130" port: 38369 } attrs { replace: true } } peers { permanent_uuid: "87a44fa9d52847f8bbec5ae4c634fcb3" member_type: VOTER last_known_addr { host: "127.20.238.129" port: 41603 } } peers { permanent_uuid: "86e19554ad3743c4b54bb0d7504966f8" member_type: VOTER last_known_addr { host: "127.20.238.131" port: 40993 } } peers { permanent_uuid: "5cc53eceb13a42a5b04ceadfaf30262b" member_type: NON_VOTER last_known_addr { host: "127.20.238.132" port: 36869 } attrs { promote: true } } }
I20260608 09:56:59.647784 24501 consensus_queue.cc:237] T b4812d68a58a47728abe6bb385a33b86 P 6c28126a36a34ff890dc26f38a4526f6 [LEADER]: Queue going to LEADER mode. State: All replicated index: 0, Majority replicated index: 1, Committed index: 1, Last appended: 1.1, Last appended by leader: 0, Current term: 1, Majority size: 2, State: 0, Mode: LEADER, active raft config: opid_index: 2 OBSOLETE_local: false peers { permanent_uuid: "87a44fa9d52847f8bbec5ae4c634fcb3" member_type: VOTER last_known_addr { host: "127.20.238.129" port: 41603 } } peers { permanent_uuid: "5cc53eceb13a42a5b04ceadfaf30262b" member_type: VOTER last_known_addr { host: "127.20.238.132" port: 36869 } attrs { replace: true } } peers { permanent_uuid: "6c28126a36a34ff890dc26f38a4526f6" member_type: VOTER last_known_addr { host: "127.20.238.130" port: 38369 } } peers { permanent_uuid: "86e19554ad3743c4b54bb0d7504966f8" member_type: NON_VOTER last_known_addr { host: "127.20.238.131" port: 40993 } attrs { promote: true } }
I20260608 09:56:59.648954 24323 catalog_manager.cc:5696] T 02a3d9d929cd4dfea1e7f1c3035fea93 P 87a44fa9d52847f8bbec5ae4c634fcb3 reported cstate change: config changed from index -1 to 2, NON_VOTER 5cc53eceb13a42a5b04ceadfaf30262b (127.20.238.132) added. New cstate: current_term: 1 leader_uuid: "87a44fa9d52847f8bbec5ae4c634fcb3" committed_config { opid_index: 2 OBSOLETE_local: false peers { permanent_uuid: "6c28126a36a34ff890dc26f38a4526f6" member_type: VOTER last_known_addr { host: "127.20.238.130" port: 38369 } attrs { replace: true } health_report { overall_health: HEALTHY } } peers { permanent_uuid: "87a44fa9d52847f8bbec5ae4c634fcb3" member_type: VOTER last_known_addr { host: "127.20.238.129" port: 41603 } health_report { overall_health: HEALTHY } } peers { permanent_uuid: "86e19554ad3743c4b54bb0d7504966f8" member_type: VOTER last_known_addr { host: "127.20.238.131" port: 40993 } health_report { overall_health: HEALTHY } } peers { permanent_uuid: "5cc53eceb13a42a5b04ceadfaf30262b" member_type: NON_VOTER last_known_addr { host: "127.20.238.132" port: 36869 } attrs { promote: true } health_report { overall_health: UNKNOWN } } }
W20260608 09:56:59.657473 24468 consensus_peers.cc:597] T b4812d68a58a47728abe6bb385a33b86 P 6c28126a36a34ff890dc26f38a4526f6 -> Peer 86e19554ad3743c4b54bb0d7504966f8 (127.20.238.131:40993): Couldn't send request to peer 86e19554ad3743c4b54bb0d7504966f8. Error code: TABLET_NOT_FOUND (6). Status: Not found: Tablet not found: b4812d68a58a47728abe6bb385a33b86. This is attempt 1: this message will repeat every 5th retry.
I20260608 09:56:59.657773 24733 raft_consensus.cc:1275] T b4812d68a58a47728abe6bb385a33b86 P 5cc53eceb13a42a5b04ceadfaf30262b [term 1 FOLLOWER]: Refusing update from remote peer 6c28126a36a34ff890dc26f38a4526f6: Log matching property violated. Preceding OpId in replica: term: 1 index: 1. Preceding OpId from leader: term: 1 index: 2. (index mismatch)
I20260608 09:56:59.659169 24890 consensus_queue.cc:1048] T b4812d68a58a47728abe6bb385a33b86 P 6c28126a36a34ff890dc26f38a4526f6 [LEADER]: Connected to new peer: Peer: permanent_uuid: "5cc53eceb13a42a5b04ceadfaf30262b" member_type: VOTER last_known_addr { host: "127.20.238.132" port: 36869 } attrs { replace: true }, Status: LMP_MISMATCH, Last received: 0.0, Next index: 2, Last known committed idx: 1, Time since last communication: 0.000s
I20260608 09:56:59.662846 24427 raft_consensus.cc:1275] T b4812d68a58a47728abe6bb385a33b86 P 87a44fa9d52847f8bbec5ae4c634fcb3 [term 1 FOLLOWER]: Refusing update from remote peer 6c28126a36a34ff890dc26f38a4526f6: Log matching property violated. Preceding OpId in replica: term: 1 index: 1. Preceding OpId from leader: term: 1 index: 2. (index mismatch)
I20260608 09:56:59.665452 24890 consensus_queue.cc:1048] T b4812d68a58a47728abe6bb385a33b86 P 6c28126a36a34ff890dc26f38a4526f6 [LEADER]: Connected to new peer: Peer: permanent_uuid: "87a44fa9d52847f8bbec5ae4c634fcb3" member_type: VOTER last_known_addr { host: "127.20.238.129" port: 41603 }, Status: LMP_MISMATCH, Last received: 0.0, Next index: 2, Last known committed idx: 1, Time since last communication: 0.000s
I20260608 09:56:59.668684 24671 raft_consensus.cc:2955] T b4812d68a58a47728abe6bb385a33b86 P 6c28126a36a34ff890dc26f38a4526f6 [term 1 LEADER]: Committing config change with OpId 1.2: config changed from index -1 to 2, NON_VOTER 86e19554ad3743c4b54bb0d7504966f8 (127.20.238.131) added. New config: { opid_index: 2 OBSOLETE_local: false peers { permanent_uuid: "87a44fa9d52847f8bbec5ae4c634fcb3" member_type: VOTER last_known_addr { host: "127.20.238.129" port: 41603 } } peers { permanent_uuid: "5cc53eceb13a42a5b04ceadfaf30262b" member_type: VOTER last_known_addr { host: "127.20.238.132" port: 36869 } attrs { replace: true } } peers { permanent_uuid: "6c28126a36a34ff890dc26f38a4526f6" member_type: VOTER last_known_addr { host: "127.20.238.130" port: 38369 } } peers { permanent_uuid: "86e19554ad3743c4b54bb0d7504966f8" member_type: NON_VOTER last_known_addr { host: "127.20.238.131" port: 40993 } attrs { promote: true } } }
I20260608 09:56:59.670856 24733 raft_consensus.cc:2955] T b4812d68a58a47728abe6bb385a33b86 P 5cc53eceb13a42a5b04ceadfaf30262b [term 1 FOLLOWER]: Committing config change with OpId 1.2: config changed from index -1 to 2, NON_VOTER 86e19554ad3743c4b54bb0d7504966f8 (127.20.238.131) added. New config: { opid_index: 2 OBSOLETE_local: false peers { permanent_uuid: "87a44fa9d52847f8bbec5ae4c634fcb3" member_type: VOTER last_known_addr { host: "127.20.238.129" port: 41603 } } peers { permanent_uuid: "5cc53eceb13a42a5b04ceadfaf30262b" member_type: VOTER last_known_addr { host: "127.20.238.132" port: 36869 } attrs { replace: true } } peers { permanent_uuid: "6c28126a36a34ff890dc26f38a4526f6" member_type: VOTER last_known_addr { host: "127.20.238.130" port: 38369 } } peers { permanent_uuid: "86e19554ad3743c4b54bb0d7504966f8" member_type: NON_VOTER last_known_addr { host: "127.20.238.131" port: 40993 } attrs { promote: true } } }
W20260608 09:56:59.683482 24373 auto_rebalancer.cc:591] Failed to schedule move for tablet 07614ec171f34832a6688a6a581e103c: Remote error: Service unavailable: leader transfer in progress
I20260608 09:56:59.685504 24427 raft_consensus.cc:2955] T b4812d68a58a47728abe6bb385a33b86 P 87a44fa9d52847f8bbec5ae4c634fcb3 [term 1 FOLLOWER]: Committing config change with OpId 1.2: config changed from index -1 to 2, NON_VOTER 86e19554ad3743c4b54bb0d7504966f8 (127.20.238.131) added. New config: { opid_index: 2 OBSOLETE_local: false peers { permanent_uuid: "87a44fa9d52847f8bbec5ae4c634fcb3" member_type: VOTER last_known_addr { host: "127.20.238.129" port: 41603 } } peers { permanent_uuid: "5cc53eceb13a42a5b04ceadfaf30262b" member_type: VOTER last_known_addr { host: "127.20.238.132" port: 36869 } attrs { replace: true } } peers { permanent_uuid: "6c28126a36a34ff890dc26f38a4526f6" member_type: VOTER last_known_addr { host: "127.20.238.130" port: 38369 } } peers { permanent_uuid: "86e19554ad3743c4b54bb0d7504966f8" member_type: NON_VOTER last_known_addr { host: "127.20.238.131" port: 40993 } attrs { promote: true } } }
I20260608 09:56:59.685631 24321 catalog_manager.cc:5696] T b4812d68a58a47728abe6bb385a33b86 P 5cc53eceb13a42a5b04ceadfaf30262b reported cstate change: config changed from index -1 to 2, NON_VOTER 86e19554ad3743c4b54bb0d7504966f8 (127.20.238.131) added. New cstate: current_term: 1 leader_uuid: "6c28126a36a34ff890dc26f38a4526f6" committed_config { opid_index: 2 OBSOLETE_local: false peers { permanent_uuid: "87a44fa9d52847f8bbec5ae4c634fcb3" member_type: VOTER last_known_addr { host: "127.20.238.129" port: 41603 } } peers { permanent_uuid: "5cc53eceb13a42a5b04ceadfaf30262b" member_type: VOTER last_known_addr { host: "127.20.238.132" port: 36869 } attrs { replace: true } } peers { permanent_uuid: "6c28126a36a34ff890dc26f38a4526f6" member_type: VOTER last_known_addr { host: "127.20.238.130" port: 38369 } } peers { permanent_uuid: "86e19554ad3743c4b54bb0d7504966f8" member_type: NON_VOTER last_known_addr { host: "127.20.238.131" port: 40993 } attrs { promote: true } } }
I20260608 09:56:59.957326 24890 raft_consensus.cc:993] T 07614ec171f34832a6688a6a581e103c P 6c28126a36a34ff890dc26f38a4526f6: : Instructing follower 87a44fa9d52847f8bbec5ae4c634fcb3 to start an election
I20260608 09:56:59.957780 24889 raft_consensus.cc:1081] T 07614ec171f34832a6688a6a581e103c P 6c28126a36a34ff890dc26f38a4526f6 [term 2 LEADER]: Signalling peer 87a44fa9d52847f8bbec5ae4c634fcb3 to start an election
I20260608 09:56:59.959502 24427 tablet_service.cc:2044] Received Run Leader Election RPC: tablet_id: "07614ec171f34832a6688a6a581e103c"
dest_uuid: "87a44fa9d52847f8bbec5ae4c634fcb3"
 from {username='slave'} at 127.0.0.1:34986
I20260608 09:56:59.960054 24427 raft_consensus.cc:493] T 07614ec171f34832a6688a6a581e103c P 87a44fa9d52847f8bbec5ae4c634fcb3 [term 2 FOLLOWER]: Starting forced leader election (received explicit request)
I20260608 09:56:59.960440 24427 raft_consensus.cc:3060] T 07614ec171f34832a6688a6a581e103c P 87a44fa9d52847f8bbec5ae4c634fcb3 [term 2 FOLLOWER]: Advancing to term 3
I20260608 09:56:59.967325 24427 raft_consensus.cc:515] T 07614ec171f34832a6688a6a581e103c P 87a44fa9d52847f8bbec5ae4c634fcb3 [term 3 FOLLOWER]: Starting forced leader election with config: opid_index: -1 OBSOLETE_local: false peers { permanent_uuid: "87a44fa9d52847f8bbec5ae4c634fcb3" member_type: VOTER last_known_addr { host: "127.20.238.129" port: 41603 } } peers { permanent_uuid: "6c28126a36a34ff890dc26f38a4526f6" member_type: VOTER last_known_addr { host: "127.20.238.130" port: 38369 } } peers { permanent_uuid: "86e19554ad3743c4b54bb0d7504966f8" member_type: VOTER last_known_addr { host: "127.20.238.131" port: 40993 } }
I20260608 09:56:59.969487 24427 leader_election.cc:290] T 07614ec171f34832a6688a6a581e103c P 87a44fa9d52847f8bbec5ae4c634fcb3 [CANDIDATE]: Term 3 election: Requested vote from peers 6c28126a36a34ff890dc26f38a4526f6 (127.20.238.130:38369), 86e19554ad3743c4b54bb0d7504966f8 (127.20.238.131:40993)
I20260608 09:56:59.970163 24501 tablet_service.cc:1917] Received RequestConsensusVote() RPC: tablet_id: "07614ec171f34832a6688a6a581e103c" candidate_uuid: "87a44fa9d52847f8bbec5ae4c634fcb3" candidate_term: 3 candidate_status { last_received { term: 2 index: 2 } } ignore_live_leader: true dest_uuid: "6c28126a36a34ff890dc26f38a4526f6"
I20260608 09:56:59.970799 24501 raft_consensus.cc:3055] T 07614ec171f34832a6688a6a581e103c P 6c28126a36a34ff890dc26f38a4526f6 [term 2 LEADER]: Stepping down as leader of term 2
I20260608 09:56:59.970839 24574 tablet_service.cc:1917] Received RequestConsensusVote() RPC: tablet_id: "07614ec171f34832a6688a6a581e103c" candidate_uuid: "87a44fa9d52847f8bbec5ae4c634fcb3" candidate_term: 3 candidate_status { last_received { term: 2 index: 2 } } ignore_live_leader: true dest_uuid: "86e19554ad3743c4b54bb0d7504966f8"
I20260608 09:56:59.971226 24501 raft_consensus.cc:740] T 07614ec171f34832a6688a6a581e103c P 6c28126a36a34ff890dc26f38a4526f6 [term 2 LEADER]: Becoming Follower/Learner. State: Replica: 6c28126a36a34ff890dc26f38a4526f6, State: Running, Role: LEADER
I20260608 09:56:59.971509 24574 raft_consensus.cc:3060] T 07614ec171f34832a6688a6a581e103c P 86e19554ad3743c4b54bb0d7504966f8 [term 2 FOLLOWER]: Advancing to term 3
I20260608 09:56:59.972091 24501 consensus_queue.cc:260] T 07614ec171f34832a6688a6a581e103c P 6c28126a36a34ff890dc26f38a4526f6 [NON_LEADER]: Queue going to NON_LEADER mode. State: All replicated index: 0, Majority replicated index: 2, Committed index: 2, Last appended: 2.2, Last appended by leader: 2, Current term: 2, Majority size: -1, State: 0, Mode: NON_LEADER, active raft config: opid_index: -1 OBSOLETE_local: false peers { permanent_uuid: "87a44fa9d52847f8bbec5ae4c634fcb3" member_type: VOTER last_known_addr { host: "127.20.238.129" port: 41603 } } peers { permanent_uuid: "6c28126a36a34ff890dc26f38a4526f6" member_type: VOTER last_known_addr { host: "127.20.238.130" port: 38369 } } peers { permanent_uuid: "86e19554ad3743c4b54bb0d7504966f8" member_type: VOTER last_known_addr { host: "127.20.238.131" port: 40993 } }
I20260608 09:56:59.972970 24501 raft_consensus.cc:3060] T 07614ec171f34832a6688a6a581e103c P 6c28126a36a34ff890dc26f38a4526f6 [term 2 FOLLOWER]: Advancing to term 3
I20260608 09:56:59.977173 24501 raft_consensus.cc:2468] T 07614ec171f34832a6688a6a581e103c P 6c28126a36a34ff890dc26f38a4526f6 [term 3 FOLLOWER]: Leader election vote request: Granting yes vote for candidate 87a44fa9d52847f8bbec5ae4c634fcb3 in term 3.
I20260608 09:56:59.978123 24574 raft_consensus.cc:2468] T 07614ec171f34832a6688a6a581e103c P 86e19554ad3743c4b54bb0d7504966f8 [term 3 FOLLOWER]: Leader election vote request: Granting yes vote for candidate 87a44fa9d52847f8bbec5ae4c634fcb3 in term 3.
I20260608 09:56:59.978523 24391 leader_election.cc:304] T 07614ec171f34832a6688a6a581e103c P 87a44fa9d52847f8bbec5ae4c634fcb3 [CANDIDATE]: Term 3 election: Election decided. Result: candidate won. Election summary: received 2 responses out of 3 voters: 2 yes votes; 0 no votes. yes voters: 6c28126a36a34ff890dc26f38a4526f6, 87a44fa9d52847f8bbec5ae4c634fcb3; no voters: 
I20260608 09:56:59.979437 24891 raft_consensus.cc:2804] T 07614ec171f34832a6688a6a581e103c P 87a44fa9d52847f8bbec5ae4c634fcb3 [term 3 FOLLOWER]: Leader election won for term 3
I20260608 09:56:59.979943 24891 raft_consensus.cc:697] T 07614ec171f34832a6688a6a581e103c P 87a44fa9d52847f8bbec5ae4c634fcb3 [term 3 LEADER]: Becoming Leader. State: Replica: 87a44fa9d52847f8bbec5ae4c634fcb3, State: Running, Role: LEADER
I20260608 09:56:59.980765 24891 consensus_queue.cc:237] T 07614ec171f34832a6688a6a581e103c P 87a44fa9d52847f8bbec5ae4c634fcb3 [LEADER]: Queue going to LEADER mode. State: All replicated index: 0, Majority replicated index: 2, Committed index: 2, Last appended: 2.2, Last appended by leader: 2, Current term: 3, Majority size: 2, State: 0, Mode: LEADER, active raft config: opid_index: -1 OBSOLETE_local: false peers { permanent_uuid: "87a44fa9d52847f8bbec5ae4c634fcb3" member_type: VOTER last_known_addr { host: "127.20.238.129" port: 41603 } } peers { permanent_uuid: "6c28126a36a34ff890dc26f38a4526f6" member_type: VOTER last_known_addr { host: "127.20.238.130" port: 38369 } } peers { permanent_uuid: "86e19554ad3743c4b54bb0d7504966f8" member_type: VOTER last_known_addr { host: "127.20.238.131" port: 40993 } }
I20260608 09:56:59.988833 24958 ts_tablet_manager.cc:933] T 046174fc9f1940e9b787f4f9795cc6c4 P 6c28126a36a34ff890dc26f38a4526f6: Initiating tablet copy from peer 86e19554ad3743c4b54bb0d7504966f8 (127.20.238.131:40993)
I20260608 09:56:59.990725 24323 catalog_manager.cc:5696] T 07614ec171f34832a6688a6a581e103c P 87a44fa9d52847f8bbec5ae4c634fcb3 reported cstate change: term changed from 2 to 3, leader changed from 6c28126a36a34ff890dc26f38a4526f6 (127.20.238.130) to 87a44fa9d52847f8bbec5ae4c634fcb3 (127.20.238.129). New cstate: current_term: 3 leader_uuid: "87a44fa9d52847f8bbec5ae4c634fcb3" committed_config { opid_index: -1 OBSOLETE_local: false peers { permanent_uuid: "87a44fa9d52847f8bbec5ae4c634fcb3" member_type: VOTER last_known_addr { host: "127.20.238.129" port: 41603 } health_report { overall_health: HEALTHY } } peers { permanent_uuid: "6c28126a36a34ff890dc26f38a4526f6" member_type: VOTER last_known_addr { host: "127.20.238.130" port: 38369 } health_report { overall_health: UNKNOWN } } peers { permanent_uuid: "86e19554ad3743c4b54bb0d7504966f8" member_type: VOTER last_known_addr { host: "127.20.238.131" port: 40993 } health_report { overall_health: UNKNOWN } } }
I20260608 09:56:59.993744 24958 tablet_copy_client.cc:323] T 046174fc9f1940e9b787f4f9795cc6c4 P 6c28126a36a34ff890dc26f38a4526f6: tablet copy: Beginning tablet copy session from remote peer at address 127.20.238.131:40993
I20260608 09:56:59.995882 24586 tablet_copy_service.cc:140] P 86e19554ad3743c4b54bb0d7504966f8: Received BeginTabletCopySession request for tablet 046174fc9f1940e9b787f4f9795cc6c4 from peer 6c28126a36a34ff890dc26f38a4526f6 ({username='slave'} at 127.0.0.1:48154)
I20260608 09:56:59.996455 24586 tablet_copy_service.cc:161] P 86e19554ad3743c4b54bb0d7504966f8: Beginning new tablet copy session on tablet 046174fc9f1940e9b787f4f9795cc6c4 from peer 6c28126a36a34ff890dc26f38a4526f6 at {username='slave'} at 127.0.0.1:48154: session id = 6c28126a36a34ff890dc26f38a4526f6-046174fc9f1940e9b787f4f9795cc6c4
I20260608 09:57:00.003000 24586 tablet_copy_source_session.cc:215] T 046174fc9f1940e9b787f4f9795cc6c4 P 86e19554ad3743c4b54bb0d7504966f8: Tablet Copy: opened 0 blocks and 1 log segments
I20260608 09:57:00.005888 24958 data_dirs.cc:400] Could only allocate 1 dirs of requested 3 for tablet 046174fc9f1940e9b787f4f9795cc6c4. 1 dirs total, 0 dirs full, 0 dirs failed
I20260608 09:57:00.016988 24958 tablet_copy_client.cc:806] T 046174fc9f1940e9b787f4f9795cc6c4 P 6c28126a36a34ff890dc26f38a4526f6: tablet copy: Starting download of 0 data blocks...
I20260608 09:57:00.017522 24958 tablet_copy_client.cc:670] T 046174fc9f1940e9b787f4f9795cc6c4 P 6c28126a36a34ff890dc26f38a4526f6: tablet copy: Starting download of 1 WAL segments...
I20260608 09:57:00.021265 24958 tablet_copy_client.cc:538] T 046174fc9f1940e9b787f4f9795cc6c4 P 6c28126a36a34ff890dc26f38a4526f6: tablet copy: Tablet Copy complete. Replacing tablet superblock.
I20260608 09:57:00.027834 24958 tablet_bootstrap.cc:492] T 046174fc9f1940e9b787f4f9795cc6c4 P 6c28126a36a34ff890dc26f38a4526f6: Bootstrap starting.
I20260608 09:57:00.045528 24958 tablet_bootstrap.cc:492] T 046174fc9f1940e9b787f4f9795cc6c4 P 6c28126a36a34ff890dc26f38a4526f6: Bootstrap replayed 1/1 log segments. Stats: ops{read=2 overwritten=0 applied=2 ignored=0} inserts{seen=0 ignored=0} mutations{seen=0 ignored=0} orphaned_commits=0. Pending: 0 replicates
I20260608 09:57:00.046506 24958 tablet_bootstrap.cc:492] T 046174fc9f1940e9b787f4f9795cc6c4 P 6c28126a36a34ff890dc26f38a4526f6: Bootstrap complete.
I20260608 09:57:00.047183 24958 ts_tablet_manager.cc:1403] T 046174fc9f1940e9b787f4f9795cc6c4 P 6c28126a36a34ff890dc26f38a4526f6: Time spent bootstrapping tablet: real 0.020s	user 0.015s	sys 0.004s
I20260608 09:57:00.050155 24958 raft_consensus.cc:359] T 046174fc9f1940e9b787f4f9795cc6c4 P 6c28126a36a34ff890dc26f38a4526f6 [term 1 LEARNER]: Replica starting. Triggering 0 pending ops. Active config: opid_index: 2 OBSOLETE_local: false peers { permanent_uuid: "5cc53eceb13a42a5b04ceadfaf30262b" member_type: VOTER last_known_addr { host: "127.20.238.132" port: 36869 } attrs { replace: true } } peers { permanent_uuid: "87a44fa9d52847f8bbec5ae4c634fcb3" member_type: VOTER last_known_addr { host: "127.20.238.129" port: 41603 } } peers { permanent_uuid: "86e19554ad3743c4b54bb0d7504966f8" member_type: VOTER last_known_addr { host: "127.20.238.131" port: 40993 } } peers { permanent_uuid: "6c28126a36a34ff890dc26f38a4526f6" member_type: NON_VOTER last_known_addr { host: "127.20.238.130" port: 38369 } attrs { promote: true } }
I20260608 09:57:00.050951 24958 raft_consensus.cc:740] T 046174fc9f1940e9b787f4f9795cc6c4 P 6c28126a36a34ff890dc26f38a4526f6 [term 1 LEARNER]: Becoming Follower/Learner. State: Replica: 6c28126a36a34ff890dc26f38a4526f6, State: Initialized, Role: LEARNER
I20260608 09:57:00.051661 24958 consensus_queue.cc:260] T 046174fc9f1940e9b787f4f9795cc6c4 P 6c28126a36a34ff890dc26f38a4526f6 [NON_LEADER]: Queue going to NON_LEADER mode. State: All replicated index: 0, Majority replicated index: 0, Committed index: 2, Last appended: 1.2, Last appended by leader: 2, Current term: 0, Majority size: -1, State: 0, Mode: NON_LEADER, active raft config: opid_index: 2 OBSOLETE_local: false peers { permanent_uuid: "5cc53eceb13a42a5b04ceadfaf30262b" member_type: VOTER last_known_addr { host: "127.20.238.132" port: 36869 } attrs { replace: true } } peers { permanent_uuid: "87a44fa9d52847f8bbec5ae4c634fcb3" member_type: VOTER last_known_addr { host: "127.20.238.129" port: 41603 } } peers { permanent_uuid: "86e19554ad3743c4b54bb0d7504966f8" member_type: VOTER last_known_addr { host: "127.20.238.131" port: 40993 } } peers { permanent_uuid: "6c28126a36a34ff890dc26f38a4526f6" member_type: NON_VOTER last_known_addr { host: "127.20.238.130" port: 38369 } attrs { promote: true } }
I20260608 09:57:00.054153 24958 ts_tablet_manager.cc:1434] T 046174fc9f1940e9b787f4f9795cc6c4 P 6c28126a36a34ff890dc26f38a4526f6: Time spent starting tablet: real 0.007s	user 0.004s	sys 0.000s
I20260608 09:57:00.056083 24586 tablet_copy_service.cc:342] P 86e19554ad3743c4b54bb0d7504966f8: Request end of tablet copy session 6c28126a36a34ff890dc26f38a4526f6-046174fc9f1940e9b787f4f9795cc6c4 received from {username='slave'} at 127.0.0.1:48154
I20260608 09:57:00.056526 24586 tablet_copy_service.cc:434] P 86e19554ad3743c4b54bb0d7504966f8: ending tablet copy session 6c28126a36a34ff890dc26f38a4526f6-046174fc9f1940e9b787f4f9795cc6c4 on tablet 046174fc9f1940e9b787f4f9795cc6c4 with peer 6c28126a36a34ff890dc26f38a4526f6
I20260608 09:57:00.132596 24961 ts_tablet_manager.cc:933] T 02a3d9d929cd4dfea1e7f1c3035fea93 P 5cc53eceb13a42a5b04ceadfaf30262b: Initiating tablet copy from peer 87a44fa9d52847f8bbec5ae4c634fcb3 (127.20.238.129:41603)
I20260608 09:57:00.134567 24961 tablet_copy_client.cc:323] T 02a3d9d929cd4dfea1e7f1c3035fea93 P 5cc53eceb13a42a5b04ceadfaf30262b: tablet copy: Beginning tablet copy session from remote peer at address 127.20.238.129:41603
I20260608 09:57:00.136215 24437 tablet_copy_service.cc:140] P 87a44fa9d52847f8bbec5ae4c634fcb3: Received BeginTabletCopySession request for tablet 02a3d9d929cd4dfea1e7f1c3035fea93 from peer 5cc53eceb13a42a5b04ceadfaf30262b ({username='slave'} at 127.0.0.1:54346)
I20260608 09:57:00.136715 24437 tablet_copy_service.cc:161] P 87a44fa9d52847f8bbec5ae4c634fcb3: Beginning new tablet copy session on tablet 02a3d9d929cd4dfea1e7f1c3035fea93 from peer 5cc53eceb13a42a5b04ceadfaf30262b at {username='slave'} at 127.0.0.1:54346: session id = 5cc53eceb13a42a5b04ceadfaf30262b-02a3d9d929cd4dfea1e7f1c3035fea93
I20260608 09:57:00.143236 24437 tablet_copy_source_session.cc:215] T 02a3d9d929cd4dfea1e7f1c3035fea93 P 87a44fa9d52847f8bbec5ae4c634fcb3: Tablet Copy: opened 0 blocks and 1 log segments
I20260608 09:57:00.146085 24961 data_dirs.cc:400] Could only allocate 1 dirs of requested 3 for tablet 02a3d9d929cd4dfea1e7f1c3035fea93. 1 dirs total, 0 dirs full, 0 dirs failed
I20260608 09:57:00.157007 24963 ts_tablet_manager.cc:933] T b4812d68a58a47728abe6bb385a33b86 P 86e19554ad3743c4b54bb0d7504966f8: Initiating tablet copy from peer 6c28126a36a34ff890dc26f38a4526f6 (127.20.238.130:38369)
I20260608 09:57:00.158907 24961 tablet_copy_client.cc:806] T 02a3d9d929cd4dfea1e7f1c3035fea93 P 5cc53eceb13a42a5b04ceadfaf30262b: tablet copy: Starting download of 0 data blocks...
I20260608 09:57:00.159674 24961 tablet_copy_client.cc:670] T 02a3d9d929cd4dfea1e7f1c3035fea93 P 5cc53eceb13a42a5b04ceadfaf30262b: tablet copy: Starting download of 1 WAL segments...
I20260608 09:57:00.161489 24963 tablet_copy_client.cc:323] T b4812d68a58a47728abe6bb385a33b86 P 86e19554ad3743c4b54bb0d7504966f8: tablet copy: Beginning tablet copy session from remote peer at address 127.20.238.130:38369
I20260608 09:57:00.163343 24512 tablet_copy_service.cc:140] P 6c28126a36a34ff890dc26f38a4526f6: Received BeginTabletCopySession request for tablet b4812d68a58a47728abe6bb385a33b86 from peer 86e19554ad3743c4b54bb0d7504966f8 ({username='slave'} at 127.0.0.1:33526)
I20260608 09:57:00.163937 24961 tablet_copy_client.cc:538] T 02a3d9d929cd4dfea1e7f1c3035fea93 P 5cc53eceb13a42a5b04ceadfaf30262b: tablet copy: Tablet Copy complete. Replacing tablet superblock.
I20260608 09:57:00.163903 24512 tablet_copy_service.cc:161] P 6c28126a36a34ff890dc26f38a4526f6: Beginning new tablet copy session on tablet b4812d68a58a47728abe6bb385a33b86 from peer 86e19554ad3743c4b54bb0d7504966f8 at {username='slave'} at 127.0.0.1:33526: session id = 86e19554ad3743c4b54bb0d7504966f8-b4812d68a58a47728abe6bb385a33b86
I20260608 09:57:00.170230 24961 tablet_bootstrap.cc:492] T 02a3d9d929cd4dfea1e7f1c3035fea93 P 5cc53eceb13a42a5b04ceadfaf30262b: Bootstrap starting.
I20260608 09:57:00.171350 24512 tablet_copy_source_session.cc:215] T b4812d68a58a47728abe6bb385a33b86 P 6c28126a36a34ff890dc26f38a4526f6: Tablet Copy: opened 0 blocks and 1 log segments
I20260608 09:57:00.174786 24963 data_dirs.cc:400] Could only allocate 1 dirs of requested 3 for tablet b4812d68a58a47728abe6bb385a33b86. 1 dirs total, 0 dirs full, 0 dirs failed
I20260608 09:57:00.191563 24963 tablet_copy_client.cc:806] T b4812d68a58a47728abe6bb385a33b86 P 86e19554ad3743c4b54bb0d7504966f8: tablet copy: Starting download of 0 data blocks...
I20260608 09:57:00.192137 24961 tablet_bootstrap.cc:492] T 02a3d9d929cd4dfea1e7f1c3035fea93 P 5cc53eceb13a42a5b04ceadfaf30262b: Bootstrap replayed 1/1 log segments. Stats: ops{read=2 overwritten=0 applied=2 ignored=0} inserts{seen=0 ignored=0} mutations{seen=0 ignored=0} orphaned_commits=0. Pending: 0 replicates
I20260608 09:57:00.192149 24963 tablet_copy_client.cc:670] T b4812d68a58a47728abe6bb385a33b86 P 86e19554ad3743c4b54bb0d7504966f8: tablet copy: Starting download of 1 WAL segments...
I20260608 09:57:00.193264 24961 tablet_bootstrap.cc:492] T 02a3d9d929cd4dfea1e7f1c3035fea93 P 5cc53eceb13a42a5b04ceadfaf30262b: Bootstrap complete.
I20260608 09:57:00.194002 24961 ts_tablet_manager.cc:1403] T 02a3d9d929cd4dfea1e7f1c3035fea93 P 5cc53eceb13a42a5b04ceadfaf30262b: Time spent bootstrapping tablet: real 0.024s	user 0.019s	sys 0.004s
I20260608 09:57:00.196764 24963 tablet_copy_client.cc:538] T b4812d68a58a47728abe6bb385a33b86 P 86e19554ad3743c4b54bb0d7504966f8: tablet copy: Tablet Copy complete. Replacing tablet superblock.
I20260608 09:57:00.197003 24961 raft_consensus.cc:359] T 02a3d9d929cd4dfea1e7f1c3035fea93 P 5cc53eceb13a42a5b04ceadfaf30262b [term 1 LEARNER]: Replica starting. Triggering 0 pending ops. Active config: opid_index: 2 OBSOLETE_local: false peers { permanent_uuid: "6c28126a36a34ff890dc26f38a4526f6" member_type: VOTER last_known_addr { host: "127.20.238.130" port: 38369 } attrs { replace: true } } peers { permanent_uuid: "87a44fa9d52847f8bbec5ae4c634fcb3" member_type: VOTER last_known_addr { host: "127.20.238.129" port: 41603 } } peers { permanent_uuid: "86e19554ad3743c4b54bb0d7504966f8" member_type: VOTER last_known_addr { host: "127.20.238.131" port: 40993 } } peers { permanent_uuid: "5cc53eceb13a42a5b04ceadfaf30262b" member_type: NON_VOTER last_known_addr { host: "127.20.238.132" port: 36869 } attrs { promote: true } }
I20260608 09:57:00.197854 24961 raft_consensus.cc:740] T 02a3d9d929cd4dfea1e7f1c3035fea93 P 5cc53eceb13a42a5b04ceadfaf30262b [term 1 LEARNER]: Becoming Follower/Learner. State: Replica: 5cc53eceb13a42a5b04ceadfaf30262b, State: Initialized, Role: LEARNER
I20260608 09:57:00.198580 24961 consensus_queue.cc:260] T 02a3d9d929cd4dfea1e7f1c3035fea93 P 5cc53eceb13a42a5b04ceadfaf30262b [NON_LEADER]: Queue going to NON_LEADER mode. State: All replicated index: 0, Majority replicated index: 0, Committed index: 2, Last appended: 1.2, Last appended by leader: 2, Current term: 0, Majority size: -1, State: 0, Mode: NON_LEADER, active raft config: opid_index: 2 OBSOLETE_local: false peers { permanent_uuid: "6c28126a36a34ff890dc26f38a4526f6" member_type: VOTER last_known_addr { host: "127.20.238.130" port: 38369 } attrs { replace: true } } peers { permanent_uuid: "87a44fa9d52847f8bbec5ae4c634fcb3" member_type: VOTER last_known_addr { host: "127.20.238.129" port: 41603 } } peers { permanent_uuid: "86e19554ad3743c4b54bb0d7504966f8" member_type: VOTER last_known_addr { host: "127.20.238.131" port: 40993 } } peers { permanent_uuid: "5cc53eceb13a42a5b04ceadfaf30262b" member_type: NON_VOTER last_known_addr { host: "127.20.238.132" port: 36869 } attrs { promote: true } }
I20260608 09:57:00.200970 24961 ts_tablet_manager.cc:1434] T 02a3d9d929cd4dfea1e7f1c3035fea93 P 5cc53eceb13a42a5b04ceadfaf30262b: Time spent starting tablet: real 0.007s	user 0.008s	sys 0.000s
I20260608 09:57:00.203361 24437 tablet_copy_service.cc:342] P 87a44fa9d52847f8bbec5ae4c634fcb3: Request end of tablet copy session 5cc53eceb13a42a5b04ceadfaf30262b-02a3d9d929cd4dfea1e7f1c3035fea93 received from {username='slave'} at 127.0.0.1:54346
I20260608 09:57:00.203791 24437 tablet_copy_service.cc:434] P 87a44fa9d52847f8bbec5ae4c634fcb3: ending tablet copy session 5cc53eceb13a42a5b04ceadfaf30262b-02a3d9d929cd4dfea1e7f1c3035fea93 on tablet 02a3d9d929cd4dfea1e7f1c3035fea93 with peer 5cc53eceb13a42a5b04ceadfaf30262b
I20260608 09:57:00.206957 24963 tablet_bootstrap.cc:492] T b4812d68a58a47728abe6bb385a33b86 P 86e19554ad3743c4b54bb0d7504966f8: Bootstrap starting.
W20260608 09:57:00.217223 24523 debug-util.cc:398] Leaking SignalData structure 0x7b0800192180 after lost signal to thread 21437
W20260608 09:57:00.218341 24523 debug-util.cc:398] Leaking SignalData structure 0x7b0800051be0 after lost signal to thread 24359
W20260608 09:57:00.219581 24523 debug-util.cc:398] Leaking SignalData structure 0x7b08000ea880 after lost signal to thread 24451
W20260608 09:57:00.221474 24523 debug-util.cc:398] Leaking SignalData structure 0x7b08002660a0 after lost signal to thread 24600
W20260608 09:57:00.224942 24523 debug-util.cc:398] Leaking SignalData structure 0x7b0800255260 after lost signal to thread 24760
W20260608 09:57:00.225451 24523 debug-util.cc:398] Leaking SignalData structure 0x7b08001c8d00 after lost signal to thread 24912
W20260608 09:57:00.225734 24523 debug-util.cc:398] Leaking SignalData structure 0x7b08000f8e00 after lost signal to thread 24915
I20260608 09:57:00.229369 24963 tablet_bootstrap.cc:492] T b4812d68a58a47728abe6bb385a33b86 P 86e19554ad3743c4b54bb0d7504966f8: Bootstrap replayed 1/1 log segments. Stats: ops{read=2 overwritten=0 applied=2 ignored=0} inserts{seen=0 ignored=0} mutations{seen=0 ignored=0} orphaned_commits=0. Pending: 0 replicates
I20260608 09:57:00.230247 24963 tablet_bootstrap.cc:492] T b4812d68a58a47728abe6bb385a33b86 P 86e19554ad3743c4b54bb0d7504966f8: Bootstrap complete.
I20260608 09:57:00.230901 24963 ts_tablet_manager.cc:1403] T b4812d68a58a47728abe6bb385a33b86 P 86e19554ad3743c4b54bb0d7504966f8: Time spent bootstrapping tablet: real 0.024s	user 0.014s	sys 0.007s
