I20260608 09:56:51.987630 25919 tablet_service.cc:1917] Received RequestConsensusVote() RPC: tablet_id: "8a0b4c93fb2a42ef8bd71d5e7fce8363" candidate_uuid: "a0785b4499754700897d6e8cc13c90ab" candidate_term: 1 candidate_status { last_received { term: 0 index: 0 } } ignore_live_leader: false dest_uuid: "d146a098add74dbc96e1c288e33f0912" is_pre_election: true
I20260608 09:56:51.987785 25960 leader_election.cc:304] T dc08553763ec41e0aa8e987bde97ea01 P a0785b4499754700897d6e8cc13c90ab [CANDIDATE]: Term 1 pre-election: Election decided. Result: candidate won. Election summary: received 2 responses out of 3 voters: 2 yes votes; 0 no votes. yes voters: a0785b4499754700897d6e8cc13c90ab, d146a098add74dbc96e1c288e33f0912; no voters: 
I20260608 09:56:51.988121 26126 leader_election.cc:290] T 8a0b4c93fb2a42ef8bd71d5e7fce8363 P a0785b4499754700897d6e8cc13c90ab [CANDIDATE]: Term 1 pre-election: Requested pre-vote from peers d146a098add74dbc96e1c288e33f0912 (127.22.183.193:32833), 10d19152d5064ec78de5865a88737660 (127.22.183.195:37297)
I20260608 09:56:51.988312 25919 raft_consensus.cc:2468] T 8a0b4c93fb2a42ef8bd71d5e7fce8363 P d146a098add74dbc96e1c288e33f0912 [term 0 FOLLOWER]: Leader pre-election vote request: Granting yes vote for candidate a0785b4499754700897d6e8cc13c90ab in term 0.
I20260608 09:56:51.988770 26126 raft_consensus.cc:2804] T dc08553763ec41e0aa8e987bde97ea01 P a0785b4499754700897d6e8cc13c90ab [term 0 FOLLOWER]: Leader pre-election won for term 1
I20260608 09:56:51.989588 26126 raft_consensus.cc:493] T dc08553763ec41e0aa8e987bde97ea01 P a0785b4499754700897d6e8cc13c90ab [term 0 FOLLOWER]: Starting leader election (no leader contacted us within the election timeout)
I20260608 09:56:51.989784 26068 tablet_service.cc:1917] Received RequestConsensusVote() RPC: tablet_id: "8a0b4c93fb2a42ef8bd71d5e7fce8363" candidate_uuid: "a0785b4499754700897d6e8cc13c90ab" candidate_term: 1 candidate_status { last_received { term: 0 index: 0 } } ignore_live_leader: false dest_uuid: "10d19152d5064ec78de5865a88737660" is_pre_election: true
I20260608 09:56:51.990032 26126 raft_consensus.cc:3060] T dc08553763ec41e0aa8e987bde97ea01 P a0785b4499754700897d6e8cc13c90ab [term 0 FOLLOWER]: Advancing to term 1
I20260608 09:56:51.990455 26068 raft_consensus.cc:2468] T 8a0b4c93fb2a42ef8bd71d5e7fce8363 P 10d19152d5064ec78de5865a88737660 [term 0 FOLLOWER]: Leader pre-election vote request: Granting yes vote for candidate a0785b4499754700897d6e8cc13c90ab in term 0.
I20260608 09:56:51.990427 25960 leader_election.cc:304] T 8a0b4c93fb2a42ef8bd71d5e7fce8363 P a0785b4499754700897d6e8cc13c90ab [CANDIDATE]: Term 1 pre-election: Election decided. Result: candidate won. Election summary: received 2 responses out of 3 voters: 2 yes votes; 0 no votes. yes voters: a0785b4499754700897d6e8cc13c90ab, d146a098add74dbc96e1c288e33f0912; no voters: 
I20260608 09:56:51.991626 26142 raft_consensus.cc:2804] T 8a0b4c93fb2a42ef8bd71d5e7fce8363 P a0785b4499754700897d6e8cc13c90ab [term 0 FOLLOWER]: Leader pre-election won for term 1
I20260608 09:56:51.992025 26142 raft_consensus.cc:493] T 8a0b4c93fb2a42ef8bd71d5e7fce8363 P a0785b4499754700897d6e8cc13c90ab [term 0 FOLLOWER]: Starting leader election (no leader contacted us within the election timeout)
I20260608 09:56:51.992422 26142 raft_consensus.cc:3060] T 8a0b4c93fb2a42ef8bd71d5e7fce8363 P a0785b4499754700897d6e8cc13c90ab [term 0 FOLLOWER]: Advancing to term 1
I20260608 09:56:51.997144 26126 raft_consensus.cc:515] T dc08553763ec41e0aa8e987bde97ea01 P a0785b4499754700897d6e8cc13c90ab [term 1 FOLLOWER]: Starting leader election with config: opid_index: -1 OBSOLETE_local: false peers { permanent_uuid: "d146a098add74dbc96e1c288e33f0912" member_type: VOTER last_known_addr { host: "127.22.183.193" port: 32833 } } peers { permanent_uuid: "a0785b4499754700897d6e8cc13c90ab" member_type: VOTER last_known_addr { host: "127.22.183.194" port: 41301 } } peers { permanent_uuid: "10d19152d5064ec78de5865a88737660" member_type: VOTER last_known_addr { host: "127.22.183.195" port: 37297 } }
I20260608 09:56:51.999466 26126 leader_election.cc:290] T dc08553763ec41e0aa8e987bde97ea01 P a0785b4499754700897d6e8cc13c90ab [CANDIDATE]: Term 1 election: Requested vote from peers d146a098add74dbc96e1c288e33f0912 (127.22.183.193:32833), 10d19152d5064ec78de5865a88737660 (127.22.183.195:37297)
I20260608 09:56:51.999466 26142 raft_consensus.cc:515] T 8a0b4c93fb2a42ef8bd71d5e7fce8363 P a0785b4499754700897d6e8cc13c90ab [term 1 FOLLOWER]: Starting leader election with config: opid_index: -1 OBSOLETE_local: false peers { permanent_uuid: "d146a098add74dbc96e1c288e33f0912" member_type: VOTER last_known_addr { host: "127.22.183.193" port: 32833 } } peers { permanent_uuid: "a0785b4499754700897d6e8cc13c90ab" member_type: VOTER last_known_addr { host: "127.22.183.194" port: 41301 } } peers { permanent_uuid: "10d19152d5064ec78de5865a88737660" member_type: VOTER last_known_addr { host: "127.22.183.195" port: 37297 } }
I20260608 09:56:52.000444 25919 tablet_service.cc:1917] Received RequestConsensusVote() RPC: tablet_id: "dc08553763ec41e0aa8e987bde97ea01" candidate_uuid: "a0785b4499754700897d6e8cc13c90ab" candidate_term: 1 candidate_status { last_received { term: 0 index: 0 } } ignore_live_leader: false dest_uuid: "d146a098add74dbc96e1c288e33f0912"
I20260608 09:56:52.000696 26068 tablet_service.cc:1917] Received RequestConsensusVote() RPC: tablet_id: "dc08553763ec41e0aa8e987bde97ea01" candidate_uuid: "a0785b4499754700897d6e8cc13c90ab" candidate_term: 1 candidate_status { last_received { term: 0 index: 0 } } ignore_live_leader: false dest_uuid: "10d19152d5064ec78de5865a88737660"
I20260608 09:56:52.001066 25919 raft_consensus.cc:3060] T dc08553763ec41e0aa8e987bde97ea01 P d146a098add74dbc96e1c288e33f0912 [term 0 FOLLOWER]: Advancing to term 1
I20260608 09:56:52.001228 26068 raft_consensus.cc:3060] T dc08553763ec41e0aa8e987bde97ea01 P 10d19152d5064ec78de5865a88737660 [term 0 FOLLOWER]: Advancing to term 1
I20260608 09:56:52.002615 26142 leader_election.cc:290] T 8a0b4c93fb2a42ef8bd71d5e7fce8363 P a0785b4499754700897d6e8cc13c90ab [CANDIDATE]: Term 1 election: Requested vote from peers d146a098add74dbc96e1c288e33f0912 (127.22.183.193:32833), 10d19152d5064ec78de5865a88737660 (127.22.183.195:37297)
I20260608 09:56:52.003060 25918 tablet_service.cc:1917] Received RequestConsensusVote() RPC: tablet_id: "8a0b4c93fb2a42ef8bd71d5e7fce8363" candidate_uuid: "a0785b4499754700897d6e8cc13c90ab" candidate_term: 1 candidate_status { last_received { term: 0 index: 0 } } ignore_live_leader: false dest_uuid: "d146a098add74dbc96e1c288e33f0912"
I20260608 09:56:52.003747 25918 raft_consensus.cc:3060] T 8a0b4c93fb2a42ef8bd71d5e7fce8363 P d146a098add74dbc96e1c288e33f0912 [term 0 FOLLOWER]: Advancing to term 1
I20260608 09:56:52.004204 26067 tablet_service.cc:1917] Received RequestConsensusVote() RPC: tablet_id: "8a0b4c93fb2a42ef8bd71d5e7fce8363" candidate_uuid: "a0785b4499754700897d6e8cc13c90ab" candidate_term: 1 candidate_status { last_received { term: 0 index: 0 } } ignore_live_leader: false dest_uuid: "10d19152d5064ec78de5865a88737660"
I20260608 09:56:52.004845 26067 raft_consensus.cc:3060] T 8a0b4c93fb2a42ef8bd71d5e7fce8363 P 10d19152d5064ec78de5865a88737660 [term 0 FOLLOWER]: Advancing to term 1
I20260608 09:56:52.008507 25919 raft_consensus.cc:2468] T dc08553763ec41e0aa8e987bde97ea01 P d146a098add74dbc96e1c288e33f0912 [term 1 FOLLOWER]: Leader election vote request: Granting yes vote for candidate a0785b4499754700897d6e8cc13c90ab in term 1.
I20260608 09:56:52.009135 26068 raft_consensus.cc:2468] T dc08553763ec41e0aa8e987bde97ea01 P 10d19152d5064ec78de5865a88737660 [term 1 FOLLOWER]: Leader election vote request: Granting yes vote for candidate a0785b4499754700897d6e8cc13c90ab in term 1.
I20260608 09:56:52.009873 25960 leader_election.cc:304] T dc08553763ec41e0aa8e987bde97ea01 P a0785b4499754700897d6e8cc13c90ab [CANDIDATE]: Term 1 election: Election decided. Result: candidate won. Election summary: received 2 responses out of 3 voters: 2 yes votes; 0 no votes. yes voters: a0785b4499754700897d6e8cc13c90ab, d146a098add74dbc96e1c288e33f0912; no voters: 
I20260608 09:56:52.010776 26142 raft_consensus.cc:2804] T dc08553763ec41e0aa8e987bde97ea01 P a0785b4499754700897d6e8cc13c90ab [term 1 FOLLOWER]: Leader election won for term 1
I20260608 09:56:52.011265 26142 raft_consensus.cc:697] T dc08553763ec41e0aa8e987bde97ea01 P a0785b4499754700897d6e8cc13c90ab [term 1 LEADER]: Becoming Leader. State: Replica: a0785b4499754700897d6e8cc13c90ab, State: Running, Role: LEADER
I20260608 09:56:52.011981 26142 consensus_queue.cc:237] T dc08553763ec41e0aa8e987bde97ea01 P a0785b4499754700897d6e8cc13c90ab [LEADER]: Queue going to LEADER mode. State: All replicated index: 0, Majority replicated index: 0, Committed index: 0, Last appended: 0.0, Last appended by leader: 0, Current term: 1, Majority size: 2, State: 0, Mode: LEADER, active raft config: opid_index: -1 OBSOLETE_local: false peers { permanent_uuid: "d146a098add74dbc96e1c288e33f0912" member_type: VOTER last_known_addr { host: "127.22.183.193" port: 32833 } } peers { permanent_uuid: "a0785b4499754700897d6e8cc13c90ab" member_type: VOTER last_known_addr { host: "127.22.183.194" port: 41301 } } peers { permanent_uuid: "10d19152d5064ec78de5865a88737660" member_type: VOTER last_known_addr { host: "127.22.183.195" port: 37297 } }
I20260608 09:56:52.012674 25918 raft_consensus.cc:2468] T 8a0b4c93fb2a42ef8bd71d5e7fce8363 P d146a098add74dbc96e1c288e33f0912 [term 1 FOLLOWER]: Leader election vote request: Granting yes vote for candidate a0785b4499754700897d6e8cc13c90ab in term 1.
I20260608 09:56:52.012676 26067 raft_consensus.cc:2468] T 8a0b4c93fb2a42ef8bd71d5e7fce8363 P 10d19152d5064ec78de5865a88737660 [term 1 FOLLOWER]: Leader election vote request: Granting yes vote for candidate a0785b4499754700897d6e8cc13c90ab in term 1.
I20260608 09:56:52.014147 25958 leader_election.cc:304] T 8a0b4c93fb2a42ef8bd71d5e7fce8363 P a0785b4499754700897d6e8cc13c90ab [CANDIDATE]: Term 1 election: Election decided. Result: candidate won. Election summary: received 2 responses out of 3 voters: 2 yes votes; 0 no votes. yes voters: 10d19152d5064ec78de5865a88737660, a0785b4499754700897d6e8cc13c90ab; no voters: 
I20260608 09:56:52.014843 26126 raft_consensus.cc:2804] T 8a0b4c93fb2a42ef8bd71d5e7fce8363 P a0785b4499754700897d6e8cc13c90ab [term 1 FOLLOWER]: Leader election won for term 1
I20260608 09:56:52.016217 26126 raft_consensus.cc:697] T 8a0b4c93fb2a42ef8bd71d5e7fce8363 P a0785b4499754700897d6e8cc13c90ab [term 1 LEADER]: Becoming Leader. State: Replica: a0785b4499754700897d6e8cc13c90ab, State: Running, Role: LEADER
I20260608 09:56:52.017156 26126 consensus_queue.cc:237] T 8a0b4c93fb2a42ef8bd71d5e7fce8363 P a0785b4499754700897d6e8cc13c90ab [LEADER]: Queue going to LEADER mode. State: All replicated index: 0, Majority replicated index: 0, Committed index: 0, Last appended: 0.0, Last appended by leader: 0, Current term: 1, Majority size: 2, State: 0, Mode: LEADER, active raft config: opid_index: -1 OBSOLETE_local: false peers { permanent_uuid: "d146a098add74dbc96e1c288e33f0912" member_type: VOTER last_known_addr { host: "127.22.183.193" port: 32833 } } peers { permanent_uuid: "a0785b4499754700897d6e8cc13c90ab" member_type: VOTER last_known_addr { host: "127.22.183.194" port: 41301 } } peers { permanent_uuid: "10d19152d5064ec78de5865a88737660" member_type: VOTER last_known_addr { host: "127.22.183.195" port: 37297 } }
I20260608 09:56:52.019820 25817 catalog_manager.cc:5696] T dc08553763ec41e0aa8e987bde97ea01 P a0785b4499754700897d6e8cc13c90ab reported cstate change: term changed from 0 to 1, leader changed from <none> to a0785b4499754700897d6e8cc13c90ab (127.22.183.194). New cstate: current_term: 1 leader_uuid: "a0785b4499754700897d6e8cc13c90ab" committed_config { opid_index: -1 OBSOLETE_local: false peers { permanent_uuid: "d146a098add74dbc96e1c288e33f0912" member_type: VOTER last_known_addr { host: "127.22.183.193" port: 32833 } health_report { overall_health: UNKNOWN } } peers { permanent_uuid: "a0785b4499754700897d6e8cc13c90ab" member_type: VOTER last_known_addr { host: "127.22.183.194" port: 41301 } health_report { overall_health: HEALTHY } } peers { permanent_uuid: "10d19152d5064ec78de5865a88737660" member_type: VOTER last_known_addr { host: "127.22.183.195" port: 37297 } health_report { overall_health: UNKNOWN } } }
I20260608 09:56:52.032930 25817 catalog_manager.cc:5696] T 8a0b4c93fb2a42ef8bd71d5e7fce8363 P a0785b4499754700897d6e8cc13c90ab reported cstate change: term changed from 0 to 1, leader changed from <none> to a0785b4499754700897d6e8cc13c90ab (127.22.183.194). New cstate: current_term: 1 leader_uuid: "a0785b4499754700897d6e8cc13c90ab" committed_config { opid_index: -1 OBSOLETE_local: false peers { permanent_uuid: "d146a098add74dbc96e1c288e33f0912" member_type: VOTER last_known_addr { host: "127.22.183.193" port: 32833 } health_report { overall_health: UNKNOWN } } peers { permanent_uuid: "a0785b4499754700897d6e8cc13c90ab" member_type: VOTER last_known_addr { host: "127.22.183.194" port: 41301 } health_report { overall_health: HEALTHY } } peers { permanent_uuid: "10d19152d5064ec78de5865a88737660" member_type: VOTER last_known_addr { host: "127.22.183.195" port: 37297 } health_report { overall_health: UNKNOWN } } }
I20260608 09:56:52.080983 23263 tablet_server.cc:179] TabletServer@127.22.183.193:0 shutting down...
I20260608 09:56:52.103816 23263 ts_tablet_manager.cc:1507] Shutting down tablet manager...
I20260608 09:56:52.104959 23263 tablet_replica.cc:333] T 6e39ef3900764fd6a245c00bdb012c4e P d146a098add74dbc96e1c288e33f0912: stopping tablet replica
I20260608 09:56:52.105623 23263 raft_consensus.cc:2243] T 6e39ef3900764fd6a245c00bdb012c4e P d146a098add74dbc96e1c288e33f0912 [term 1 FOLLOWER]: Raft consensus shutting down.
I20260608 09:56:52.106048 23263 raft_consensus.cc:2272] T 6e39ef3900764fd6a245c00bdb012c4e P d146a098add74dbc96e1c288e33f0912 [term 1 FOLLOWER]: Raft consensus is shut down!
I20260608 09:56:52.108143 23263 tablet_replica.cc:333] T e269e4cde98041d1a39e7dd39f83caa0 P d146a098add74dbc96e1c288e33f0912: stopping tablet replica
I20260608 09:56:52.108726 23263 raft_consensus.cc:2243] T e269e4cde98041d1a39e7dd39f83caa0 P d146a098add74dbc96e1c288e33f0912 [term 1 LEADER]: Raft consensus shutting down.
I20260608 09:56:52.109344 23263 pending_rounds.cc:70] T e269e4cde98041d1a39e7dd39f83caa0 P d146a098add74dbc96e1c288e33f0912: Trying to abort 1 pending ops.
I20260608 09:56:52.109582 23263 pending_rounds.cc:77] T e269e4cde98041d1a39e7dd39f83caa0 P d146a098add74dbc96e1c288e33f0912: Aborting op as it isn't in flight: id { term: 1 index: 1 } timestamp: 7294618057566388224 op_type: NO_OP noop_request { }
I20260608 09:56:52.109925 23263 raft_consensus.cc:2889] T e269e4cde98041d1a39e7dd39f83caa0 P d146a098add74dbc96e1c288e33f0912 [term 1 LEADER]: NO_OP replication failed: Aborted: Op aborted
I20260608 09:56:52.110214 23263 raft_consensus.cc:2272] T e269e4cde98041d1a39e7dd39f83caa0 P d146a098add74dbc96e1c288e33f0912 [term 1 FOLLOWER]: Raft consensus is shut down!
I20260608 09:56:52.112421 23263 tablet_replica.cc:333] T dc08553763ec41e0aa8e987bde97ea01 P d146a098add74dbc96e1c288e33f0912: stopping tablet replica
I20260608 09:56:52.113056 23263 raft_consensus.cc:2243] T dc08553763ec41e0aa8e987bde97ea01 P d146a098add74dbc96e1c288e33f0912 [term 1 FOLLOWER]: Raft consensus shutting down.
I20260608 09:56:52.113488 23263 raft_consensus.cc:2272] T dc08553763ec41e0aa8e987bde97ea01 P d146a098add74dbc96e1c288e33f0912 [term 1 FOLLOWER]: Raft consensus is shut down!
I20260608 09:56:52.115160 23263 tablet_replica.cc:333] T 8a0b4c93fb2a42ef8bd71d5e7fce8363 P d146a098add74dbc96e1c288e33f0912: stopping tablet replica
I20260608 09:56:52.115602 23263 raft_consensus.cc:2243] T 8a0b4c93fb2a42ef8bd71d5e7fce8363 P d146a098add74dbc96e1c288e33f0912 [term 1 FOLLOWER]: Raft consensus shutting down.
I20260608 09:56:52.115952 23263 raft_consensus.cc:2272] T 8a0b4c93fb2a42ef8bd71d5e7fce8363 P d146a098add74dbc96e1c288e33f0912 [term 1 FOLLOWER]: Raft consensus is shut down!
I20260608 09:56:52.138965 23263 tablet_server.cc:196] TabletServer@127.22.183.193:0 shutdown complete.
I20260608 09:56:52.151880 23263 tablet_server.cc:179] TabletServer@127.22.183.194:0 shutting down...
I20260608 09:56:52.171263 23263 ts_tablet_manager.cc:1507] Shutting down tablet manager...
I20260608 09:56:52.172313 23263 tablet_replica.cc:333] T dc08553763ec41e0aa8e987bde97ea01 P a0785b4499754700897d6e8cc13c90ab: stopping tablet replica
I20260608 09:56:52.172864 23263 raft_consensus.cc:2243] T dc08553763ec41e0aa8e987bde97ea01 P a0785b4499754700897d6e8cc13c90ab [term 1 LEADER]: Raft consensus shutting down.
I20260608 09:56:52.173482 23263 pending_rounds.cc:70] T dc08553763ec41e0aa8e987bde97ea01 P a0785b4499754700897d6e8cc13c90ab: Trying to abort 1 pending ops.
I20260608 09:56:52.173681 23263 pending_rounds.cc:77] T dc08553763ec41e0aa8e987bde97ea01 P a0785b4499754700897d6e8cc13c90ab: Aborting op as it isn't in flight: id { term: 1 index: 1 } timestamp: 7294618058809692160 op_type: NO_OP noop_request { }
I20260608 09:56:52.173935 23263 raft_consensus.cc:2889] T dc08553763ec41e0aa8e987bde97ea01 P a0785b4499754700897d6e8cc13c90ab [term 1 LEADER]: NO_OP replication failed: Aborted: Op aborted
I20260608 09:56:52.174206 23263 raft_consensus.cc:2272] T dc08553763ec41e0aa8e987bde97ea01 P a0785b4499754700897d6e8cc13c90ab [term 1 FOLLOWER]: Raft consensus is shut down!
I20260608 09:56:52.176303 23263 tablet_replica.cc:333] T 8a0b4c93fb2a42ef8bd71d5e7fce8363 P a0785b4499754700897d6e8cc13c90ab: stopping tablet replica
I20260608 09:56:52.176796 23263 raft_consensus.cc:2243] T 8a0b4c93fb2a42ef8bd71d5e7fce8363 P a0785b4499754700897d6e8cc13c90ab [term 1 LEADER]: Raft consensus shutting down.
I20260608 09:56:52.177348 23263 pending_rounds.cc:70] T 8a0b4c93fb2a42ef8bd71d5e7fce8363 P a0785b4499754700897d6e8cc13c90ab: Trying to abort 1 pending ops.
I20260608 09:56:52.177516 23263 pending_rounds.cc:77] T 8a0b4c93fb2a42ef8bd71d5e7fce8363 P a0785b4499754700897d6e8cc13c90ab: Aborting op as it isn't in flight: id { term: 1 index: 1 } timestamp: 7294618058830684160 op_type: NO_OP noop_request { }
I20260608 09:56:52.177770 23263 raft_consensus.cc:2889] T 8a0b4c93fb2a42ef8bd71d5e7fce8363 P a0785b4499754700897d6e8cc13c90ab [term 1 LEADER]: NO_OP replication failed: Aborted: Op aborted
I20260608 09:56:52.178042 23263 raft_consensus.cc:2272] T 8a0b4c93fb2a42ef8bd71d5e7fce8363 P a0785b4499754700897d6e8cc13c90ab [term 1 FOLLOWER]: Raft consensus is shut down!
I20260608 09:56:52.180447 23263 tablet_replica.cc:333] T 6e39ef3900764fd6a245c00bdb012c4e P a0785b4499754700897d6e8cc13c90ab: stopping tablet replica
I20260608 09:56:52.180940 23263 raft_consensus.cc:2243] T 6e39ef3900764fd6a245c00bdb012c4e P a0785b4499754700897d6e8cc13c90ab [term 1 FOLLOWER]: Raft consensus shutting down.
I20260608 09:56:52.181311 23263 raft_consensus.cc:2272] T 6e39ef3900764fd6a245c00bdb012c4e P a0785b4499754700897d6e8cc13c90ab [term 1 FOLLOWER]: Raft consensus is shut down!
I20260608 09:56:52.182956 23263 tablet_replica.cc:333] T e269e4cde98041d1a39e7dd39f83caa0 P a0785b4499754700897d6e8cc13c90ab: stopping tablet replica
I20260608 09:56:52.183420 23263 raft_consensus.cc:2243] T e269e4cde98041d1a39e7dd39f83caa0 P a0785b4499754700897d6e8cc13c90ab [term 1 FOLLOWER]: Raft consensus shutting down.
I20260608 09:56:52.183769 23263 raft_consensus.cc:2272] T e269e4cde98041d1a39e7dd39f83caa0 P a0785b4499754700897d6e8cc13c90ab [term 1 FOLLOWER]: Raft consensus is shut down!
I20260608 09:56:52.206244 23263 tablet_server.cc:196] TabletServer@127.22.183.194:0 shutdown complete.
I20260608 09:56:52.218847 23263 tablet_server.cc:179] TabletServer@127.22.183.195:0 shutting down...
I20260608 09:56:52.236310 23263 ts_tablet_manager.cc:1507] Shutting down tablet manager...
I20260608 09:56:52.237080 23263 tablet_replica.cc:333] T 8a0b4c93fb2a42ef8bd71d5e7fce8363 P 10d19152d5064ec78de5865a88737660: stopping tablet replica
I20260608 09:56:52.237612 23263 raft_consensus.cc:2243] T 8a0b4c93fb2a42ef8bd71d5e7fce8363 P 10d19152d5064ec78de5865a88737660 [term 1 FOLLOWER]: Raft consensus shutting down.
I20260608 09:56:52.237980 23263 raft_consensus.cc:2272] T 8a0b4c93fb2a42ef8bd71d5e7fce8363 P 10d19152d5064ec78de5865a88737660 [term 1 FOLLOWER]: Raft consensus is shut down!
I20260608 09:56:52.239777 23263 tablet_replica.cc:333] T dc08553763ec41e0aa8e987bde97ea01 P 10d19152d5064ec78de5865a88737660: stopping tablet replica
I20260608 09:56:52.240305 23263 raft_consensus.cc:2243] T dc08553763ec41e0aa8e987bde97ea01 P 10d19152d5064ec78de5865a88737660 [term 1 FOLLOWER]: Raft consensus shutting down.
I20260608 09:56:52.240648 23263 raft_consensus.cc:2272] T dc08553763ec41e0aa8e987bde97ea01 P 10d19152d5064ec78de5865a88737660 [term 1 FOLLOWER]: Raft consensus is shut down!
I20260608 09:56:52.242427 23263 tablet_replica.cc:333] T e269e4cde98041d1a39e7dd39f83caa0 P 10d19152d5064ec78de5865a88737660: stopping tablet replica
I20260608 09:56:52.242910 23263 raft_consensus.cc:2243] T e269e4cde98041d1a39e7dd39f83caa0 P 10d19152d5064ec78de5865a88737660 [term 1 FOLLOWER]: Raft consensus shutting down.
I20260608 09:56:52.243256 23263 raft_consensus.cc:2272] T e269e4cde98041d1a39e7dd39f83caa0 P 10d19152d5064ec78de5865a88737660 [term 1 FOLLOWER]: Raft consensus is shut down!
W20260608 09:56:52.243830 26031 proxy.cc:239] Call had error, refreshing address and retrying: Network error: Client connection negotiation failed: client connection to 127.22.183.194:41301: connect: Connection refused (error 111) [suppressed 2 similar messages]
I20260608 09:56:52.244925 23263 tablet_replica.cc:333] T 6e39ef3900764fd6a245c00bdb012c4e P 10d19152d5064ec78de5865a88737660: stopping tablet replica
I20260608 09:56:52.245455 23263 raft_consensus.cc:2243] T 6e39ef3900764fd6a245c00bdb012c4e P 10d19152d5064ec78de5865a88737660 [term 1 LEADER]: Raft consensus shutting down.
I20260608 09:56:52.245966 23263 pending_rounds.cc:70] T 6e39ef3900764fd6a245c00bdb012c4e P 10d19152d5064ec78de5865a88737660: Trying to abort 1 pending ops.
I20260608 09:56:52.246150 23263 pending_rounds.cc:77] T 6e39ef3900764fd6a245c00bdb012c4e P 10d19152d5064ec78de5865a88737660: Aborting op as it isn't in flight: id { term: 1 index: 1 } timestamp: 7294618058146504704 op_type: NO_OP noop_request { }
I20260608 09:56:52.246403 23263 raft_consensus.cc:2889] T 6e39ef3900764fd6a245c00bdb012c4e P 10d19152d5064ec78de5865a88737660 [term 1 LEADER]: NO_OP replication failed: Aborted: Op aborted
I20260608 09:56:52.246677 23263 raft_consensus.cc:2272] T 6e39ef3900764fd6a245c00bdb012c4e P 10d19152d5064ec78de5865a88737660 [term 1 FOLLOWER]: Raft consensus is shut down!
I20260608 09:56:52.269472 23263 tablet_server.cc:196] TabletServer@127.22.183.195:0 shutdown complete.
I20260608 09:56:52.281164 23263 master.cc:562] Master@127.22.183.254:43905 shutting down...
I20260608 09:56:52.297107 23263 raft_consensus.cc:2243] T 00000000000000000000000000000000 P c231bcf887e6478080b8b701551123f9 [term 1 LEADER]: Raft consensus shutting down.
I20260608 09:56:52.297663 23263 raft_consensus.cc:2272] T 00000000000000000000000000000000 P c231bcf887e6478080b8b701551123f9 [term 1 FOLLOWER]: Raft consensus is shut down!
I20260608 09:56:52.297967 23263 tablet_replica.cc:333] T 00000000000000000000000000000000 P c231bcf887e6478080b8b701551123f9: stopping tablet replica
I20260608 09:56:52.315935 23263 master.cc:584] Master@127.22.183.254:43905 shutdown complete.
[       OK ] AutoRebalancerTest.RangeAwareBuildClusterInfoGroupsByRange (2624 ms)
[ RUN      ] AutoRebalancerTest.RangeAwareRebalancesNewRangeReplicas
I20260608 09:56:52.355567 23263 internal_mini_cluster.cc:156] Creating distributed mini masters. Addrs: 127.22.183.254:33981
I20260608 09:56:52.356832 23263 file_cache.cc:492] Constructed file cache file cache with capacity 419430
W20260608 09:56:52.362280 26147 instance_detector.cc:116] could not retrieve AWS instance metadata: Network error: curl error: HTTP response code said error: The requested URL returned error: 404
W20260608 09:56:52.362375 26148 instance_detector.cc:116] could not retrieve Azure instance metadata: Network error: curl error: HTTP response code said error: The requested URL returned error: 404
W20260608 09:56:52.364019 26150 instance_detector.cc:116] could not retrieve OpenStack instance metadata: Network error: curl error: HTTP response code said error: The requested URL returned error: 404
I20260608 09:56:52.364717 23263 server_base.cc:1061] running on GCE node
I20260608 09:56:52.365553 23263 hybrid_clock.cc:584] initializing the hybrid clock with 'system_unsync' time source
W20260608 09:56:52.365751 23263 system_unsync_time.cc:38] NTP support is disabled. Clock error bounds will not be accurate. This configuration is not suitable for distributed clusters.
I20260608 09:56:52.365906 23263 hybrid_clock.cc:648] HybridClock initialized: now 1780912612365887 us; error 0 us; skew 500 ppm
I20260608 09:56:52.366508 23263 server_base.cc:861] Flag tcmalloc_max_total_thread_cache_bytes is not working since tcmalloc is not enabled.
I20260608 09:56:52.368932 23263 webserver.cc:533] Webserver started at http://127.22.183.254:44391/ using document root <none> and password file <none>
I20260608 09:56:52.369427 23263 fs_manager.cc:362] Metadata directory not provided
I20260608 09:56:52.369607 23263 fs_manager.cc:368] Using write-ahead log directory (fs_wal_dir) as metadata directory
I20260608 09:56:52.369867 23263 server_base.cc:909] This appears to be a new deployment of Kudu; creating new FS layout
I20260608 09:56:52.370998 23263 fs_manager.cc:1068] Generated new instance metadata in path /tmp/dist-test-taskJpn1oz/test-tmp/auto_rebalancer-test.0.AutoRebalancerTest.RangeAwareRebalancesNewRangeReplicas.1780912530022394-23263-0/minicluster-data/master-0-root/instance:
uuid: "0d607eb2e7a7451780799cb7ddcd2d8f"
format_stamp: "Formatted at 2026-06-08 09:56:52 on dist-test-slave-6k6p"
I20260608 09:56:52.375674 23263 fs_manager.cc:696] Time spent creating directory manager: real 0.004s	user 0.006s	sys 0.000s
I20260608 09:56:52.379315 26155 log_block_manager.cc:4031] Time spent loading block containers with low live blocks: real 0.000s	user 0.000s	sys 0.000s
I20260608 09:56:52.380298 23263 fs_manager.cc:730] Time spent opening block manager: real 0.003s	user 0.003s	sys 0.000s
I20260608 09:56:52.380550 23263 fs_manager.cc:647] Opened local filesystem: /tmp/dist-test-taskJpn1oz/test-tmp/auto_rebalancer-test.0.AutoRebalancerTest.RangeAwareRebalancesNewRangeReplicas.1780912530022394-23263-0/minicluster-data/master-0-root
uuid: "0d607eb2e7a7451780799cb7ddcd2d8f"
format_stamp: "Formatted at 2026-06-08 09:56:52 on dist-test-slave-6k6p"
I20260608 09:56:52.380790 23263 fs_report.cc:389] FS layout report
--------------------
wal directory: /tmp/dist-test-taskJpn1oz/test-tmp/auto_rebalancer-test.0.AutoRebalancerTest.RangeAwareRebalancesNewRangeReplicas.1780912530022394-23263-0/minicluster-data/master-0-root
metadata directory: /tmp/dist-test-taskJpn1oz/test-tmp/auto_rebalancer-test.0.AutoRebalancerTest.RangeAwareRebalancesNewRangeReplicas.1780912530022394-23263-0/minicluster-data/master-0-root
1 data directories: /tmp/dist-test-taskJpn1oz/test-tmp/auto_rebalancer-test.0.AutoRebalancerTest.RangeAwareRebalancesNewRangeReplicas.1780912530022394-23263-0/minicluster-data/master-0-root/data
Total live blocks: 0
Total live bytes: 0
Total live bytes (after alignment): 0
Total number of LBM containers: 0 (0 full)
Did not check for missing blocks
Did not check for orphaned blocks
Total full LBM containers with extra space: 0 (0 repaired)
Total full LBM container extra space in bytes: 0 (0 repaired)
Total incomplete LBM containers: 0 (0 repaired)
Total LBM partial records: 0 (0 repaired)
Total corrupted LBM metadata records in RocksDB: 0 (0 repaired)
I20260608 09:56:52.392261 23263 rpc_server.cc:225] running with OpenSSL 1.1.1  11 Sep 2018
I20260608 09:56:52.393383 23263 kserver.cc:163] Server-wide thread pool size limit: 3276
I20260608 09:56:52.430861 23263 rpc_server.cc:307] RPC server started. Bound to: 127.22.183.254:33981
I20260608 09:56:52.430979 26206 acceptor_pool.cc:272] collecting diagnostics on the listening RPC socket 127.22.183.254:33981 every 8 connection(s)
I20260608 09:56:52.435377 26207 data_dirs.cc:400] Could only allocate 1 dirs of requested 3 for tablet 00000000000000000000000000000000. 1 dirs total, 0 dirs full, 0 dirs failed
I20260608 09:56:52.445287 26207 tablet_bootstrap.cc:492] T 00000000000000000000000000000000 P 0d607eb2e7a7451780799cb7ddcd2d8f: Bootstrap starting.
I20260608 09:56:52.450068 26207 tablet_bootstrap.cc:654] T 00000000000000000000000000000000 P 0d607eb2e7a7451780799cb7ddcd2d8f: Neither blocks nor log segments found. Creating new log.
I20260608 09:56:52.454327 26207 tablet_bootstrap.cc:492] T 00000000000000000000000000000000 P 0d607eb2e7a7451780799cb7ddcd2d8f: No bootstrap required, opened a new log
I20260608 09:56:52.456622 26207 raft_consensus.cc:359] T 00000000000000000000000000000000 P 0d607eb2e7a7451780799cb7ddcd2d8f [term 0 FOLLOWER]: Replica starting. Triggering 0 pending ops. Active config: opid_index: -1 OBSOLETE_local: true peers { permanent_uuid: "0d607eb2e7a7451780799cb7ddcd2d8f" member_type: VOTER }
I20260608 09:56:52.456995 26207 raft_consensus.cc:385] T 00000000000000000000000000000000 P 0d607eb2e7a7451780799cb7ddcd2d8f [term 0 FOLLOWER]: Consensus starting up: Expiring failure detector timer to make a prompt election more likely
I20260608 09:56:52.457226 26207 raft_consensus.cc:740] T 00000000000000000000000000000000 P 0d607eb2e7a7451780799cb7ddcd2d8f [term 0 FOLLOWER]: Becoming Follower/Learner. State: Replica: 0d607eb2e7a7451780799cb7ddcd2d8f, State: Initialized, Role: FOLLOWER
I20260608 09:56:52.457880 26207 consensus_queue.cc:260] T 00000000000000000000000000000000 P 0d607eb2e7a7451780799cb7ddcd2d8f [NON_LEADER]: Queue going to NON_LEADER mode. State: All replicated index: 0, Majority replicated index: 0, Committed index: 0, Last appended: 0.0, Last appended by leader: 0, Current term: 0, Majority size: -1, State: 0, Mode: NON_LEADER, active raft config: opid_index: -1 OBSOLETE_local: true peers { permanent_uuid: "0d607eb2e7a7451780799cb7ddcd2d8f" member_type: VOTER }
I20260608 09:56:52.458348 26207 raft_consensus.cc:399] T 00000000000000000000000000000000 P 0d607eb2e7a7451780799cb7ddcd2d8f [term 0 FOLLOWER]: Only one voter in the Raft config. Triggering election immediately
I20260608 09:56:52.458567 26207 raft_consensus.cc:493] T 00000000000000000000000000000000 P 0d607eb2e7a7451780799cb7ddcd2d8f [term 0 FOLLOWER]: Starting leader election (initial election of a single-replica configuration)
I20260608 09:56:52.458829 26207 raft_consensus.cc:3060] T 00000000000000000000000000000000 P 0d607eb2e7a7451780799cb7ddcd2d8f [term 0 FOLLOWER]: Advancing to term 1
I20260608 09:56:52.463204 26207 raft_consensus.cc:515] T 00000000000000000000000000000000 P 0d607eb2e7a7451780799cb7ddcd2d8f [term 1 FOLLOWER]: Starting leader election with config: opid_index: -1 OBSOLETE_local: true peers { permanent_uuid: "0d607eb2e7a7451780799cb7ddcd2d8f" member_type: VOTER }
I20260608 09:56:52.463733 26207 leader_election.cc:304] T 00000000000000000000000000000000 P 0d607eb2e7a7451780799cb7ddcd2d8f [CANDIDATE]: Term 1 election: Election decided. Result: candidate won. Election summary: received 1 responses out of 1 voters: 1 yes votes; 0 no votes. yes voters: 0d607eb2e7a7451780799cb7ddcd2d8f; no voters: 
I20260608 09:56:52.464936 26207 leader_election.cc:290] T 00000000000000000000000000000000 P 0d607eb2e7a7451780799cb7ddcd2d8f [CANDIDATE]: Term 1 election: Requested vote from peers 
I20260608 09:56:52.465325 26210 raft_consensus.cc:2804] T 00000000000000000000000000000000 P 0d607eb2e7a7451780799cb7ddcd2d8f [term 1 FOLLOWER]: Leader election won for term 1
I20260608 09:56:52.466665 26210 raft_consensus.cc:697] T 00000000000000000000000000000000 P 0d607eb2e7a7451780799cb7ddcd2d8f [term 1 LEADER]: Becoming Leader. State: Replica: 0d607eb2e7a7451780799cb7ddcd2d8f, State: Running, Role: LEADER
I20260608 09:56:52.467304 26210 consensus_queue.cc:237] T 00000000000000000000000000000000 P 0d607eb2e7a7451780799cb7ddcd2d8f [LEADER]: Queue going to LEADER mode. State: All replicated index: 0, Majority replicated index: 0, Committed index: 0, Last appended: 0.0, Last appended by leader: 0, Current term: 1, Majority size: 1, State: 0, Mode: LEADER, active raft config: opid_index: -1 OBSOLETE_local: true peers { permanent_uuid: "0d607eb2e7a7451780799cb7ddcd2d8f" member_type: VOTER }
I20260608 09:56:52.467777 26207 sys_catalog.cc:565] T 00000000000000000000000000000000 P 0d607eb2e7a7451780799cb7ddcd2d8f [sys.catalog]: configured and running, proceeding with master startup.
I20260608 09:56:52.470026 26211 sys_catalog.cc:455] T 00000000000000000000000000000000 P 0d607eb2e7a7451780799cb7ddcd2d8f [sys.catalog]: SysCatalogTable state changed. Reason: RaftConsensus started. Latest consensus state: current_term: 1 leader_uuid: "0d607eb2e7a7451780799cb7ddcd2d8f" committed_config { opid_index: -1 OBSOLETE_local: true peers { permanent_uuid: "0d607eb2e7a7451780799cb7ddcd2d8f" member_type: VOTER } }
I20260608 09:56:52.470077 26212 sys_catalog.cc:455] T 00000000000000000000000000000000 P 0d607eb2e7a7451780799cb7ddcd2d8f [sys.catalog]: SysCatalogTable state changed. Reason: New leader 0d607eb2e7a7451780799cb7ddcd2d8f. Latest consensus state: current_term: 1 leader_uuid: "0d607eb2e7a7451780799cb7ddcd2d8f" committed_config { opid_index: -1 OBSOLETE_local: true peers { permanent_uuid: "0d607eb2e7a7451780799cb7ddcd2d8f" member_type: VOTER } }
I20260608 09:56:52.470733 26211 sys_catalog.cc:458] T 00000000000000000000000000000000 P 0d607eb2e7a7451780799cb7ddcd2d8f [sys.catalog]: This master's current role is: LEADER
I20260608 09:56:52.470808 26212 sys_catalog.cc:458] T 00000000000000000000000000000000 P 0d607eb2e7a7451780799cb7ddcd2d8f [sys.catalog]: This master's current role is: LEADER
I20260608 09:56:52.473672 26215 catalog_manager.cc:1510] Loading table and tablet metadata into memory...
I20260608 09:56:52.481180 26215 catalog_manager.cc:1519] Initializing Kudu cluster ID...
I20260608 09:56:52.483208 23263 internal_mini_cluster.cc:184] Waiting to initialize catalog manager on master 0
I20260608 09:56:52.490936 26215 catalog_manager.cc:1382] Generated new cluster ID: 517862d92d45426d9e3476ad969650db
I20260608 09:56:52.491263 26215 catalog_manager.cc:1530] Initializing Kudu internal certificate authority...
I20260608 09:56:52.506557 26215 catalog_manager.cc:1405] Generated new certificate authority record
I20260608 09:56:52.507956 26215 catalog_manager.cc:1539] Loading token signing keys...
I20260608 09:56:52.519176 26215 catalog_manager.cc:6069] T 00000000000000000000000000000000 P 0d607eb2e7a7451780799cb7ddcd2d8f: Generated new TSK 0
I20260608 09:56:52.519789 26215 catalog_manager.cc:1549] Initializing in-progress tserver states...
I20260608 09:56:52.550287 23263 file_cache.cc:492] Constructed file cache file cache with capacity 419430
W20260608 09:56:52.556933 26228 instance_detector.cc:116] could not retrieve AWS instance metadata: Network error: curl error: HTTP response code said error: The requested URL returned error: 404
W20260608 09:56:52.557353 26229 instance_detector.cc:116] could not retrieve Azure instance metadata: Network error: curl error: HTTP response code said error: The requested URL returned error: 404
W20260608 09:56:52.559031 26231 instance_detector.cc:116] could not retrieve OpenStack instance metadata: Network error: curl error: HTTP response code said error: The requested URL returned error: 404
I20260608 09:56:52.559391 23263 server_base.cc:1061] running on GCE node
I20260608 09:56:52.560313 23263 hybrid_clock.cc:584] initializing the hybrid clock with 'system_unsync' time source
W20260608 09:56:52.560523 23263 system_unsync_time.cc:38] NTP support is disabled. Clock error bounds will not be accurate. This configuration is not suitable for distributed clusters.
I20260608 09:56:52.560752 23263 hybrid_clock.cc:648] HybridClock initialized: now 1780912612560732 us; error 0 us; skew 500 ppm
I20260608 09:56:52.561317 23263 server_base.cc:861] Flag tcmalloc_max_total_thread_cache_bytes is not working since tcmalloc is not enabled.
I20260608 09:56:52.563730 23263 webserver.cc:533] Webserver started at http://127.22.183.193:40895/ using document root <none> and password file <none>
I20260608 09:56:52.564287 23263 fs_manager.cc:362] Metadata directory not provided
I20260608 09:56:52.564477 23263 fs_manager.cc:368] Using write-ahead log directory (fs_wal_dir) as metadata directory
I20260608 09:56:52.564741 23263 server_base.cc:909] This appears to be a new deployment of Kudu; creating new FS layout
I20260608 09:56:52.565838 23263 fs_manager.cc:1068] Generated new instance metadata in path /tmp/dist-test-taskJpn1oz/test-tmp/auto_rebalancer-test.0.AutoRebalancerTest.RangeAwareRebalancesNewRangeReplicas.1780912530022394-23263-0/minicluster-data/ts-0-root/instance:
uuid: "d9b88801724b4c839416d8038a17e3eb"
format_stamp: "Formatted at 2026-06-08 09:56:52 on dist-test-slave-6k6p"
I20260608 09:56:52.570618 23263 fs_manager.cc:696] Time spent creating directory manager: real 0.004s	user 0.006s	sys 0.000s
I20260608 09:56:52.574688 26236 log_block_manager.cc:4031] Time spent loading block containers with low live blocks: real 0.000s	user 0.000s	sys 0.000s
I20260608 09:56:52.575640 23263 fs_manager.cc:730] Time spent opening block manager: real 0.003s	user 0.002s	sys 0.000s
I20260608 09:56:52.575953 23263 fs_manager.cc:647] Opened local filesystem: /tmp/dist-test-taskJpn1oz/test-tmp/auto_rebalancer-test.0.AutoRebalancerTest.RangeAwareRebalancesNewRangeReplicas.1780912530022394-23263-0/minicluster-data/ts-0-root
uuid: "d9b88801724b4c839416d8038a17e3eb"
format_stamp: "Formatted at 2026-06-08 09:56:52 on dist-test-slave-6k6p"
I20260608 09:56:52.576293 23263 fs_report.cc:389] FS layout report
--------------------
wal directory: /tmp/dist-test-taskJpn1oz/test-tmp/auto_rebalancer-test.0.AutoRebalancerTest.RangeAwareRebalancesNewRangeReplicas.1780912530022394-23263-0/minicluster-data/ts-0-root
metadata directory: /tmp/dist-test-taskJpn1oz/test-tmp/auto_rebalancer-test.0.AutoRebalancerTest.RangeAwareRebalancesNewRangeReplicas.1780912530022394-23263-0/minicluster-data/ts-0-root
1 data directories: /tmp/dist-test-taskJpn1oz/test-tmp/auto_rebalancer-test.0.AutoRebalancerTest.RangeAwareRebalancesNewRangeReplicas.1780912530022394-23263-0/minicluster-data/ts-0-root/data
Total live blocks: 0
Total live bytes: 0
Total live bytes (after alignment): 0
Total number of LBM containers: 0 (0 full)
Did not check for missing blocks
Did not check for orphaned blocks
Total full LBM containers with extra space: 0 (0 repaired)
Total full LBM container extra space in bytes: 0 (0 repaired)
Total incomplete LBM containers: 0 (0 repaired)
Total LBM partial records: 0 (0 repaired)
Total corrupted LBM metadata records in RocksDB: 0 (0 repaired)
I20260608 09:56:52.598135 23263 rpc_server.cc:225] running with OpenSSL 1.1.1  11 Sep 2018
I20260608 09:56:52.599376 23263 kserver.cc:163] Server-wide thread pool size limit: 3276
I20260608 09:56:52.601046 23263 txn_system_client.cc:432] TxnSystemClient initialization is disabled...
I20260608 09:56:52.603417 23263 ts_tablet_manager.cc:585] Loaded tablet metadata (0 total tablets, 0 live tablets)
I20260608 09:56:52.603611 23263 ts_tablet_manager.cc:531] Time spent load tablet metadata: real 0.000s	user 0.000s	sys 0.000s
I20260608 09:56:52.603850 23263 ts_tablet_manager.cc:616] Registered 0 tablets
I20260608 09:56:52.604000 23263 ts_tablet_manager.cc:595] Time spent register tablets: real 0.000s	user 0.000s	sys 0.000s
I20260608 09:56:52.643059 23263 rpc_server.cc:307] RPC server started. Bound to: 127.22.183.193:44137
I20260608 09:56:52.643175 26298 acceptor_pool.cc:272] collecting diagnostics on the listening RPC socket 127.22.183.193:44137 every 8 connection(s)
I20260608 09:56:52.648202 23263 file_cache.cc:492] Constructed file cache file cache with capacity 419430
W20260608 09:56:52.654975 26303 instance_detector.cc:116] could not retrieve AWS instance metadata: Network error: curl error: HTTP response code said error: The requested URL returned error: 404
W20260608 09:56:52.655468 26304 instance_detector.cc:116] could not retrieve Azure instance metadata: Network error: curl error: HTTP response code said error: The requested URL returned error: 404
I20260608 09:56:52.658239 23263 server_base.cc:1061] running on GCE node
W20260608 09:56:52.659035 26307 instance_detector.cc:116] could not retrieve OpenStack instance metadata: Network error: curl error: HTTP response code said error: The requested URL returned error: 404
I20260608 09:56:52.660243 26299 heartbeater.cc:344] Connected to a master server at 127.22.183.254:33981
I20260608 09:56:52.660593 26299 heartbeater.cc:461] Registering TS with master...
I20260608 09:56:52.660598 23263 hybrid_clock.cc:584] initializing the hybrid clock with 'system_unsync' time source
W20260608 09:56:52.660964 23263 system_unsync_time.cc:38] NTP support is disabled. Clock error bounds will not be accurate. This configuration is not suitable for distributed clusters.
I20260608 09:56:52.661124 23263 hybrid_clock.cc:648] HybridClock initialized: now 1780912612661106 us; error 0 us; skew 500 ppm
I20260608 09:56:52.661456 26299 heartbeater.cc:507] Master 127.22.183.254:33981 requested a full tablet report, sending...
I20260608 09:56:52.661758 23263 server_base.cc:861] Flag tcmalloc_max_total_thread_cache_bytes is not working since tcmalloc is not enabled.
I20260608 09:56:52.663772 26172 ts_manager.cc:194] Registered new tserver with Master: d9b88801724b4c839416d8038a17e3eb (127.22.183.193:44137)
I20260608 09:56:52.664634 23263 webserver.cc:533] Webserver started at http://127.22.183.194:40897/ using document root <none> and password file <none>
I20260608 09:56:52.665167 23263 fs_manager.cc:362] Metadata directory not provided
I20260608 09:56:52.665352 23263 fs_manager.cc:368] Using write-ahead log directory (fs_wal_dir) as metadata directory
I20260608 09:56:52.665616 23263 server_base.cc:909] This appears to be a new deployment of Kudu; creating new FS layout
I20260608 09:56:52.665695 26172 master_service.cc:502] Signed X509 certificate for tserver {username='slave'} at 127.0.0.1:45326
I20260608 09:56:52.666760 23263 fs_manager.cc:1068] Generated new instance metadata in path /tmp/dist-test-taskJpn1oz/test-tmp/auto_rebalancer-test.0.AutoRebalancerTest.RangeAwareRebalancesNewRangeReplicas.1780912530022394-23263-0/minicluster-data/ts-1-root/instance:
uuid: "efe05c281cf64975b2a7bf245dc9a939"
format_stamp: "Formatted at 2026-06-08 09:56:52 on dist-test-slave-6k6p"
I20260608 09:56:52.671540 23263 fs_manager.cc:696] Time spent creating directory manager: real 0.004s	user 0.006s	sys 0.000s
I20260608 09:56:52.674942 26311 log_block_manager.cc:4031] Time spent loading block containers with low live blocks: real 0.000s	user 0.000s	sys 0.000s
I20260608 09:56:52.675837 23263 fs_manager.cc:730] Time spent opening block manager: real 0.002s	user 0.002s	sys 0.000s
I20260608 09:56:52.676110 23263 fs_manager.cc:647] Opened local filesystem: /tmp/dist-test-taskJpn1oz/test-tmp/auto_rebalancer-test.0.AutoRebalancerTest.RangeAwareRebalancesNewRangeReplicas.1780912530022394-23263-0/minicluster-data/ts-1-root
uuid: "efe05c281cf64975b2a7bf245dc9a939"
format_stamp: "Formatted at 2026-06-08 09:56:52 on dist-test-slave-6k6p"
I20260608 09:56:52.676421 23263 fs_report.cc:389] FS layout report
--------------------
wal directory: /tmp/dist-test-taskJpn1oz/test-tmp/auto_rebalancer-test.0.AutoRebalancerTest.RangeAwareRebalancesNewRangeReplicas.1780912530022394-23263-0/minicluster-data/ts-1-root
metadata directory: /tmp/dist-test-taskJpn1oz/test-tmp/auto_rebalancer-test.0.AutoRebalancerTest.RangeAwareRebalancesNewRangeReplicas.1780912530022394-23263-0/minicluster-data/ts-1-root
1 data directories: /tmp/dist-test-taskJpn1oz/test-tmp/auto_rebalancer-test.0.AutoRebalancerTest.RangeAwareRebalancesNewRangeReplicas.1780912530022394-23263-0/minicluster-data/ts-1-root/data
Total live blocks: 0
Total live bytes: 0
Total live bytes (after alignment): 0
Total number of LBM containers: 0 (0 full)
Did not check for missing blocks
Did not check for orphaned blocks
Total full LBM containers with extra space: 0 (0 repaired)
Total full LBM container extra space in bytes: 0 (0 repaired)
Total incomplete LBM containers: 0 (0 repaired)
Total LBM partial records: 0 (0 repaired)
Total corrupted LBM metadata records in RocksDB: 0 (0 repaired)
I20260608 09:56:52.689154 23263 rpc_server.cc:225] running with OpenSSL 1.1.1  11 Sep 2018
I20260608 09:56:52.690240 23263 kserver.cc:163] Server-wide thread pool size limit: 3276
I20260608 09:56:52.691707 23263 txn_system_client.cc:432] TxnSystemClient initialization is disabled...
I20260608 09:56:52.694089 23263 ts_tablet_manager.cc:585] Loaded tablet metadata (0 total tablets, 0 live tablets)
I20260608 09:56:52.694289 23263 ts_tablet_manager.cc:531] Time spent load tablet metadata: real 0.000s	user 0.000s	sys 0.000s
I20260608 09:56:52.694533 23263 ts_tablet_manager.cc:616] Registered 0 tablets
I20260608 09:56:52.694691 23263 ts_tablet_manager.cc:595] Time spent register tablets: real 0.000s	user 0.000s	sys 0.000s
I20260608 09:56:52.731238 23263 rpc_server.cc:307] RPC server started. Bound to: 127.22.183.194:41469
I20260608 09:56:52.731389 26373 acceptor_pool.cc:272] collecting diagnostics on the listening RPC socket 127.22.183.194:41469 every 8 connection(s)
I20260608 09:56:52.736238 23263 file_cache.cc:492] Constructed file cache file cache with capacity 419430
W20260608 09:56:52.742920 26377 instance_detector.cc:116] could not retrieve AWS instance metadata: Network error: curl error: HTTP response code said error: The requested URL returned error: 404
W20260608 09:56:52.744783 26378 instance_detector.cc:116] could not retrieve Azure instance metadata: Network error: curl error: HTTP response code said error: The requested URL returned error: 404
I20260608 09:56:52.747542 23263 server_base.cc:1061] running on GCE node
W20260608 09:56:52.747943 26380 instance_detector.cc:116] could not retrieve OpenStack instance metadata: Network error: curl error: HTTP response code said error: The requested URL returned error: 404
I20260608 09:56:52.748517 26374 heartbeater.cc:344] Connected to a master server at 127.22.183.254:33981
I20260608 09:56:52.748874 26374 heartbeater.cc:461] Registering TS with master...
I20260608 09:56:52.749017 23263 hybrid_clock.cc:584] initializing the hybrid clock with 'system_unsync' time source
W20260608 09:56:52.749256 23263 system_unsync_time.cc:38] NTP support is disabled. Clock error bounds will not be accurate. This configuration is not suitable for distributed clusters.
I20260608 09:56:52.749413 23263 hybrid_clock.cc:648] HybridClock initialized: now 1780912612749396 us; error 0 us; skew 500 ppm
I20260608 09:56:52.749686 26374 heartbeater.cc:507] Master 127.22.183.254:33981 requested a full tablet report, sending...
I20260608 09:56:52.750051 23263 server_base.cc:861] Flag tcmalloc_max_total_thread_cache_bytes is not working since tcmalloc is not enabled.
I20260608 09:56:52.751981 26172 ts_manager.cc:194] Registered new tserver with Master: efe05c281cf64975b2a7bf245dc9a939 (127.22.183.194:41469)
I20260608 09:56:52.752972 23263 webserver.cc:533] Webserver started at http://127.22.183.195:37673/ using document root <none> and password file <none>
I20260608 09:56:52.753666 23263 fs_manager.cc:362] Metadata directory not provided
I20260608 09:56:52.753916 23263 fs_manager.cc:368] Using write-ahead log directory (fs_wal_dir) as metadata directory
I20260608 09:56:52.753865 26172 master_service.cc:502] Signed X509 certificate for tserver {username='slave'} at 127.0.0.1:45342
I20260608 09:56:52.754391 23263 server_base.cc:909] This appears to be a new deployment of Kudu; creating new FS layout
I20260608 09:56:52.755720 23263 fs_manager.cc:1068] Generated new instance metadata in path /tmp/dist-test-taskJpn1oz/test-tmp/auto_rebalancer-test.0.AutoRebalancerTest.RangeAwareRebalancesNewRangeReplicas.1780912530022394-23263-0/minicluster-data/ts-2-root/instance:
uuid: "d77fe8f23b574d97adfaecb1610f5d64"
format_stamp: "Formatted at 2026-06-08 09:56:52 on dist-test-slave-6k6p"
I20260608 09:56:52.760599 23263 fs_manager.cc:696] Time spent creating directory manager: real 0.004s	user 0.003s	sys 0.000s
I20260608 09:56:52.763947 26385 log_block_manager.cc:4031] Time spent loading block containers with low live blocks: real 0.000s	user 0.000s	sys 0.000s
I20260608 09:56:52.764735 23263 fs_manager.cc:730] Time spent opening block manager: real 0.002s	user 0.002s	sys 0.001s
I20260608 09:56:52.765077 23263 fs_manager.cc:647] Opened local filesystem: /tmp/dist-test-taskJpn1oz/test-tmp/auto_rebalancer-test.0.AutoRebalancerTest.RangeAwareRebalancesNewRangeReplicas.1780912530022394-23263-0/minicluster-data/ts-2-root
uuid: "d77fe8f23b574d97adfaecb1610f5d64"
format_stamp: "Formatted at 2026-06-08 09:56:52 on dist-test-slave-6k6p"
I20260608 09:56:52.765368 23263 fs_report.cc:389] FS layout report
--------------------
wal directory: /tmp/dist-test-taskJpn1oz/test-tmp/auto_rebalancer-test.0.AutoRebalancerTest.RangeAwareRebalancesNewRangeReplicas.1780912530022394-23263-0/minicluster-data/ts-2-root
metadata directory: /tmp/dist-test-taskJpn1oz/test-tmp/auto_rebalancer-test.0.AutoRebalancerTest.RangeAwareRebalancesNewRangeReplicas.1780912530022394-23263-0/minicluster-data/ts-2-root
1 data directories: /tmp/dist-test-taskJpn1oz/test-tmp/auto_rebalancer-test.0.AutoRebalancerTest.RangeAwareRebalancesNewRangeReplicas.1780912530022394-23263-0/minicluster-data/ts-2-root/data
Total live blocks: 0
Total live bytes: 0
Total live bytes (after alignment): 0
Total number of LBM containers: 0 (0 full)
Did not check for missing blocks
Did not check for orphaned blocks
