I20260608 09:56:54.616542 18675 raft_consensus.cc:2955] T 28927397719a44bdb7abba631d3c2580 P 75f3107eda204c22b05df27889d952db [term 1 FOLLOWER]: Committing config change with OpId 1.2: config changed from index -1 to 2, NON_VOTER 7868916be1204965955cb88df107d765 (127.15.31.196) added. New config: { opid_index: 2 OBSOLETE_local: false peers { permanent_uuid: "f781eb69798740369774ddf38eaa0798" member_type: VOTER last_known_addr { host: "127.15.31.194" port: 32883 } } peers { permanent_uuid: "da1c8a01591345c0be387c13cc674056" member_type: VOTER last_known_addr { host: "127.15.31.193" port: 38525 } attrs { replace: true } } peers { permanent_uuid: "75f3107eda204c22b05df27889d952db" member_type: VOTER last_known_addr { host: "127.15.31.195" port: 41567 } } peers { permanent_uuid: "7868916be1204965955cb88df107d765" member_type: NON_VOTER last_known_addr { host: "127.15.31.196" port: 41071 } attrs { promote: true } } }
I20260608 09:56:54.622737 18528 raft_consensus.cc:2955] T 28927397719a44bdb7abba631d3c2580 P da1c8a01591345c0be387c13cc674056 [term 1 FOLLOWER]: Committing config change with OpId 1.2: config changed from index -1 to 2, NON_VOTER 7868916be1204965955cb88df107d765 (127.15.31.196) added. New config: { opid_index: 2 OBSOLETE_local: false peers { permanent_uuid: "f781eb69798740369774ddf38eaa0798" member_type: VOTER last_known_addr { host: "127.15.31.194" port: 32883 } } peers { permanent_uuid: "da1c8a01591345c0be387c13cc674056" member_type: VOTER last_known_addr { host: "127.15.31.193" port: 38525 } attrs { replace: true } } peers { permanent_uuid: "75f3107eda204c22b05df27889d952db" member_type: VOTER last_known_addr { host: "127.15.31.195" port: 41567 } } peers { permanent_uuid: "7868916be1204965955cb88df107d765" member_type: NON_VOTER last_known_addr { host: "127.15.31.196" port: 41071 } attrs { promote: true } } }
I20260608 09:56:54.625313 18529 raft_consensus.cc:515] T 727bc6a3d4fc44feb405e6492cd59dee P da1c8a01591345c0be387c13cc674056 [term 2 FOLLOWER]: Starting forced leader election with config: opid_index: -1 OBSOLETE_local: false peers { permanent_uuid: "f781eb69798740369774ddf38eaa0798" member_type: VOTER last_known_addr { host: "127.15.31.194" port: 32883 } } peers { permanent_uuid: "da1c8a01591345c0be387c13cc674056" member_type: VOTER last_known_addr { host: "127.15.31.193" port: 38525 } } peers { permanent_uuid: "75f3107eda204c22b05df27889d952db" member_type: VOTER last_known_addr { host: "127.15.31.195" port: 41567 } }
I20260608 09:56:54.628376 18604 tablet_service.cc:1917] Received RequestConsensusVote() RPC: tablet_id: "727bc6a3d4fc44feb405e6492cd59dee" candidate_uuid: "da1c8a01591345c0be387c13cc674056" candidate_term: 2 candidate_status { last_received { term: 1 index: 1 } } ignore_live_leader: true dest_uuid: "f781eb69798740369774ddf38eaa0798"
I20260608 09:56:54.628515 18676 tablet_service.cc:1917] Received RequestConsensusVote() RPC: tablet_id: "727bc6a3d4fc44feb405e6492cd59dee" candidate_uuid: "da1c8a01591345c0be387c13cc674056" candidate_term: 2 candidate_status { last_received { term: 1 index: 1 } } ignore_live_leader: true dest_uuid: "75f3107eda204c22b05df27889d952db"
I20260608 09:56:54.628966 18604 raft_consensus.cc:3055] T 727bc6a3d4fc44feb405e6492cd59dee P f781eb69798740369774ddf38eaa0798 [term 1 LEADER]: Stepping down as leader of term 1
I20260608 09:56:54.629128 18676 raft_consensus.cc:3060] T 727bc6a3d4fc44feb405e6492cd59dee P 75f3107eda204c22b05df27889d952db [term 1 FOLLOWER]: Advancing to term 2
I20260608 09:56:54.629369 18604 raft_consensus.cc:740] T 727bc6a3d4fc44feb405e6492cd59dee P f781eb69798740369774ddf38eaa0798 [term 1 LEADER]: Becoming Follower/Learner. State: Replica: f781eb69798740369774ddf38eaa0798, State: Running, Role: LEADER
I20260608 09:56:54.630362 18604 consensus_queue.cc:260] T 727bc6a3d4fc44feb405e6492cd59dee P f781eb69798740369774ddf38eaa0798 [NON_LEADER]: Queue going to NON_LEADER mode. State: All replicated index: 0, Majority replicated index: 1, Committed index: 1, Last appended: 1.1, Last appended by leader: 1, Current term: 1, Majority size: -1, State: 0, Mode: NON_LEADER, active raft config: opid_index: -1 OBSOLETE_local: false peers { permanent_uuid: "f781eb69798740369774ddf38eaa0798" member_type: VOTER last_known_addr { host: "127.15.31.194" port: 32883 } } peers { permanent_uuid: "da1c8a01591345c0be387c13cc674056" member_type: VOTER last_known_addr { host: "127.15.31.193" port: 38525 } } peers { permanent_uuid: "75f3107eda204c22b05df27889d952db" member_type: VOTER last_known_addr { host: "127.15.31.195" port: 41567 } }
I20260608 09:56:54.631230 18604 raft_consensus.cc:3060] T 727bc6a3d4fc44feb405e6492cd59dee P f781eb69798740369774ddf38eaa0798 [term 1 FOLLOWER]: Advancing to term 2
I20260608 09:56:54.629702 18529 leader_election.cc:290] T 727bc6a3d4fc44feb405e6492cd59dee P da1c8a01591345c0be387c13cc674056 [CANDIDATE]: Term 2 election: Requested vote from peers f781eb69798740369774ddf38eaa0798 (127.15.31.194:32883), 75f3107eda204c22b05df27889d952db (127.15.31.195:41567)
I20260608 09:56:54.637367 18676 raft_consensus.cc:2468] T 727bc6a3d4fc44feb405e6492cd59dee P 75f3107eda204c22b05df27889d952db [term 2 FOLLOWER]: Leader election vote request: Granting yes vote for candidate da1c8a01591345c0be387c13cc674056 in term 2.
I20260608 09:56:54.638558 18494 leader_election.cc:304] T 727bc6a3d4fc44feb405e6492cd59dee P da1c8a01591345c0be387c13cc674056 [CANDIDATE]: Term 2 election: Election decided. Result: candidate won. Election summary: received 2 responses out of 3 voters: 2 yes votes; 0 no votes. yes voters: 75f3107eda204c22b05df27889d952db, da1c8a01591345c0be387c13cc674056; no voters: 
I20260608 09:56:54.637727 18424 catalog_manager.cc:5696] T 28927397719a44bdb7abba631d3c2580 P f781eb69798740369774ddf38eaa0798 reported cstate change: config changed from index -1 to 2, NON_VOTER 7868916be1204965955cb88df107d765 (127.15.31.196) added. New cstate: current_term: 1 leader_uuid: "f781eb69798740369774ddf38eaa0798" committed_config { opid_index: 2 OBSOLETE_local: false peers { permanent_uuid: "f781eb69798740369774ddf38eaa0798" member_type: VOTER last_known_addr { host: "127.15.31.194" port: 32883 } health_report { overall_health: HEALTHY } } peers { permanent_uuid: "da1c8a01591345c0be387c13cc674056" member_type: VOTER last_known_addr { host: "127.15.31.193" port: 38525 } attrs { replace: true } health_report { overall_health: HEALTHY } } peers { permanent_uuid: "75f3107eda204c22b05df27889d952db" member_type: VOTER last_known_addr { host: "127.15.31.195" port: 41567 } health_report { overall_health: HEALTHY } } peers { permanent_uuid: "7868916be1204965955cb88df107d765" member_type: NON_VOTER last_known_addr { host: "127.15.31.196" port: 41071 } attrs { promote: true } health_report { overall_health: UNKNOWN } } }
I20260608 09:56:54.639473 18941 raft_consensus.cc:2804] T 727bc6a3d4fc44feb405e6492cd59dee P da1c8a01591345c0be387c13cc674056 [term 2 FOLLOWER]: Leader election won for term 2
I20260608 09:56:54.640007 18941 raft_consensus.cc:697] T 727bc6a3d4fc44feb405e6492cd59dee P da1c8a01591345c0be387c13cc674056 [term 2 LEADER]: Becoming Leader. State: Replica: da1c8a01591345c0be387c13cc674056, State: Running, Role: LEADER
I20260608 09:56:54.640829 18941 consensus_queue.cc:237] T 727bc6a3d4fc44feb405e6492cd59dee P da1c8a01591345c0be387c13cc674056 [LEADER]: Queue going to LEADER mode. State: All replicated index: 0, Majority replicated index: 1, Committed index: 1, Last appended: 1.1, Last appended by leader: 1, Current term: 2, Majority size: 2, State: 0, Mode: LEADER, active raft config: opid_index: -1 OBSOLETE_local: false peers { permanent_uuid: "f781eb69798740369774ddf38eaa0798" member_type: VOTER last_known_addr { host: "127.15.31.194" port: 32883 } } peers { permanent_uuid: "da1c8a01591345c0be387c13cc674056" member_type: VOTER last_known_addr { host: "127.15.31.193" port: 38525 } } peers { permanent_uuid: "75f3107eda204c22b05df27889d952db" member_type: VOTER last_known_addr { host: "127.15.31.195" port: 41567 } }
I20260608 09:56:54.644119 18604 raft_consensus.cc:2468] T 727bc6a3d4fc44feb405e6492cd59dee P f781eb69798740369774ddf38eaa0798 [term 2 FOLLOWER]: Leader election vote request: Granting yes vote for candidate da1c8a01591345c0be387c13cc674056 in term 2.
I20260608 09:56:54.661224 18427 catalog_manager.cc:5696] T 727bc6a3d4fc44feb405e6492cd59dee P da1c8a01591345c0be387c13cc674056 reported cstate change: term changed from 1 to 2, leader changed from f781eb69798740369774ddf38eaa0798 (127.15.31.194) to da1c8a01591345c0be387c13cc674056 (127.15.31.193). New cstate: current_term: 2 leader_uuid: "da1c8a01591345c0be387c13cc674056" committed_config { opid_index: -1 OBSOLETE_local: false peers { permanent_uuid: "f781eb69798740369774ddf38eaa0798" member_type: VOTER last_known_addr { host: "127.15.31.194" port: 32883 } health_report { overall_health: UNKNOWN } } peers { permanent_uuid: "da1c8a01591345c0be387c13cc674056" member_type: VOTER last_known_addr { host: "127.15.31.193" port: 38525 } health_report { overall_health: HEALTHY } } peers { permanent_uuid: "75f3107eda204c22b05df27889d952db" member_type: VOTER last_known_addr { host: "127.15.31.195" port: 41567 } health_report { overall_health: UNKNOWN } } }
I20260608 09:56:54.798167 18676 raft_consensus.cc:1275] T 1820860201cb4de8ae24ca4aa97771c5 P 75f3107eda204c22b05df27889d952db [term 2 FOLLOWER]: Refusing update from remote peer 7868916be1204965955cb88df107d765: Log matching property violated. Preceding OpId in replica: term: 1 index: 1. Preceding OpId from leader: term: 2 index: 2. (index mismatch)
I20260608 09:56:54.799147 18963 ts_tablet_manager.cc:933] T ab6cb99e49e84fca9b5688bcdf901f14 P 7868916be1204965955cb88df107d765: Initiating tablet copy from peer da1c8a01591345c0be387c13cc674056 (127.15.31.193:38525)
I20260608 09:56:54.799858 18911 consensus_queue.cc:1048] T 1820860201cb4de8ae24ca4aa97771c5 P 7868916be1204965955cb88df107d765 [LEADER]: Connected to new peer: Peer: permanent_uuid: "75f3107eda204c22b05df27889d952db" member_type: VOTER last_known_addr { host: "127.15.31.195" port: 41567 }, Status: LMP_MISMATCH, Last received: 0.0, Next index: 2, Last known committed idx: 1, Time since last communication: 0.000s
I20260608 09:56:54.801141 18963 tablet_copy_client.cc:323] T ab6cb99e49e84fca9b5688bcdf901f14 P 7868916be1204965955cb88df107d765: tablet copy: Beginning tablet copy session from remote peer at address 127.15.31.193:38525
I20260608 09:56:54.803373 18539 tablet_copy_service.cc:140] P da1c8a01591345c0be387c13cc674056: Received BeginTabletCopySession request for tablet ab6cb99e49e84fca9b5688bcdf901f14 from peer 7868916be1204965955cb88df107d765 ({username='slave'} at 127.0.0.1:51182)
I20260608 09:56:54.803977 18539 tablet_copy_service.cc:161] P da1c8a01591345c0be387c13cc674056: Beginning new tablet copy session on tablet ab6cb99e49e84fca9b5688bcdf901f14 from peer 7868916be1204965955cb88df107d765 at {username='slave'} at 127.0.0.1:51182: session id = 7868916be1204965955cb88df107d765-ab6cb99e49e84fca9b5688bcdf901f14
I20260608 09:56:54.809942 18604 raft_consensus.cc:1275] T 1820860201cb4de8ae24ca4aa97771c5 P f781eb69798740369774ddf38eaa0798 [term 2 FOLLOWER]: Refusing update from remote peer 7868916be1204965955cb88df107d765: Log matching property violated. Preceding OpId in replica: term: 1 index: 1. Preceding OpId from leader: term: 2 index: 2. (index mismatch)
I20260608 09:56:54.812021 18884 consensus_queue.cc:1048] T 1820860201cb4de8ae24ca4aa97771c5 P 7868916be1204965955cb88df107d765 [LEADER]: Connected to new peer: Peer: permanent_uuid: "f781eb69798740369774ddf38eaa0798" member_type: VOTER last_known_addr { host: "127.15.31.194" port: 32883 }, Status: LMP_MISMATCH, Last received: 0.0, Next index: 2, Last known committed idx: 1, Time since last communication: 0.000s
I20260608 09:56:54.818882 18539 tablet_copy_source_session.cc:215] T ab6cb99e49e84fca9b5688bcdf901f14 P da1c8a01591345c0be387c13cc674056: Tablet Copy: opened 0 blocks and 1 log segments
I20260608 09:56:54.822926 18963 data_dirs.cc:400] Could only allocate 1 dirs of requested 3 for tablet ab6cb99e49e84fca9b5688bcdf901f14. 1 dirs total, 0 dirs full, 0 dirs failed
I20260608 09:56:54.836777 18963 tablet_copy_client.cc:806] T ab6cb99e49e84fca9b5688bcdf901f14 P 7868916be1204965955cb88df107d765: tablet copy: Starting download of 0 data blocks...
I20260608 09:56:54.837356 18963 tablet_copy_client.cc:670] T ab6cb99e49e84fca9b5688bcdf901f14 P 7868916be1204965955cb88df107d765: tablet copy: Starting download of 1 WAL segments...
I20260608 09:56:54.840885 18963 tablet_copy_client.cc:538] T ab6cb99e49e84fca9b5688bcdf901f14 P 7868916be1204965955cb88df107d765: tablet copy: Tablet Copy complete. Replacing tablet superblock.
I20260608 09:56:54.846560 18963 tablet_bootstrap.cc:492] T ab6cb99e49e84fca9b5688bcdf901f14 P 7868916be1204965955cb88df107d765: Bootstrap starting.
I20260608 09:56:54.862277 18963 tablet_bootstrap.cc:492] T ab6cb99e49e84fca9b5688bcdf901f14 P 7868916be1204965955cb88df107d765: Bootstrap replayed 1/1 log segments. Stats: ops{read=2 overwritten=0 applied=2 ignored=0} inserts{seen=0 ignored=0} mutations{seen=0 ignored=0} orphaned_commits=0. Pending: 0 replicates
I20260608 09:56:54.863121 18963 tablet_bootstrap.cc:492] T ab6cb99e49e84fca9b5688bcdf901f14 P 7868916be1204965955cb88df107d765: Bootstrap complete.
I20260608 09:56:54.863657 18963 ts_tablet_manager.cc:1403] T ab6cb99e49e84fca9b5688bcdf901f14 P 7868916be1204965955cb88df107d765: Time spent bootstrapping tablet: real 0.017s	user 0.005s	sys 0.010s
I20260608 09:56:54.866329 18963 raft_consensus.cc:359] T ab6cb99e49e84fca9b5688bcdf901f14 P 7868916be1204965955cb88df107d765 [term 1 LEARNER]: Replica starting. Triggering 0 pending ops. Active config: opid_index: 2 OBSOLETE_local: false peers { permanent_uuid: "da1c8a01591345c0be387c13cc674056" member_type: VOTER last_known_addr { host: "127.15.31.193" port: 38525 } } peers { permanent_uuid: "f781eb69798740369774ddf38eaa0798" member_type: VOTER last_known_addr { host: "127.15.31.194" port: 32883 } } peers { permanent_uuid: "75f3107eda204c22b05df27889d952db" member_type: VOTER last_known_addr { host: "127.15.31.195" port: 41567 } attrs { replace: true } } peers { permanent_uuid: "7868916be1204965955cb88df107d765" member_type: NON_VOTER last_known_addr { host: "127.15.31.196" port: 41071 } attrs { promote: true } }
I20260608 09:56:54.867216 18963 raft_consensus.cc:740] T ab6cb99e49e84fca9b5688bcdf901f14 P 7868916be1204965955cb88df107d765 [term 1 LEARNER]: Becoming Follower/Learner. State: Replica: 7868916be1204965955cb88df107d765, State: Initialized, Role: LEARNER
I20260608 09:56:54.867975 18963 consensus_queue.cc:260] T ab6cb99e49e84fca9b5688bcdf901f14 P 7868916be1204965955cb88df107d765 [NON_LEADER]: Queue going to NON_LEADER mode. State: All replicated index: 0, Majority replicated index: 0, Committed index: 2, Last appended: 1.2, Last appended by leader: 2, Current term: 0, Majority size: -1, State: 0, Mode: NON_LEADER, active raft config: opid_index: 2 OBSOLETE_local: false peers { permanent_uuid: "da1c8a01591345c0be387c13cc674056" member_type: VOTER last_known_addr { host: "127.15.31.193" port: 38525 } } peers { permanent_uuid: "f781eb69798740369774ddf38eaa0798" member_type: VOTER last_known_addr { host: "127.15.31.194" port: 32883 } } peers { permanent_uuid: "75f3107eda204c22b05df27889d952db" member_type: VOTER last_known_addr { host: "127.15.31.195" port: 41567 } attrs { replace: true } } peers { permanent_uuid: "7868916be1204965955cb88df107d765" member_type: NON_VOTER last_known_addr { host: "127.15.31.196" port: 41071 } attrs { promote: true } }
I20260608 09:56:54.870100 18963 ts_tablet_manager.cc:1434] T ab6cb99e49e84fca9b5688bcdf901f14 P 7868916be1204965955cb88df107d765: Time spent starting tablet: real 0.006s	user 0.004s	sys 0.000s
I20260608 09:56:54.872011 18539 tablet_copy_service.cc:342] P da1c8a01591345c0be387c13cc674056: Request end of tablet copy session 7868916be1204965955cb88df107d765-ab6cb99e49e84fca9b5688bcdf901f14 received from {username='slave'} at 127.0.0.1:51182
I20260608 09:56:54.872444 18539 tablet_copy_service.cc:434] P da1c8a01591345c0be387c13cc674056: ending tablet copy session 7868916be1204965955cb88df107d765-ab6cb99e49e84fca9b5688bcdf901f14 on tablet ab6cb99e49e84fca9b5688bcdf901f14 with peer 7868916be1204965955cb88df107d765
I20260608 09:56:54.929040 18604 raft_consensus.cc:1275] T 30651c39263448b8b5f12f518dac9575 P f781eb69798740369774ddf38eaa0798 [term 2 FOLLOWER]: Refusing update from remote peer 7868916be1204965955cb88df107d765: Log matching property violated. Preceding OpId in replica: term: 1 index: 1. Preceding OpId from leader: term: 2 index: 2. (index mismatch)
I20260608 09:56:54.930343 18884 consensus_queue.cc:1048] T 30651c39263448b8b5f12f518dac9575 P 7868916be1204965955cb88df107d765 [LEADER]: Connected to new peer: Peer: permanent_uuid: "f781eb69798740369774ddf38eaa0798" member_type: VOTER last_known_addr { host: "127.15.31.194" port: 32883 }, Status: LMP_MISMATCH, Last received: 0.0, Next index: 2, Last known committed idx: 1, Time since last communication: 0.000s
I20260608 09:56:54.941056 18529 raft_consensus.cc:1275] T 30651c39263448b8b5f12f518dac9575 P da1c8a01591345c0be387c13cc674056 [term 2 FOLLOWER]: Refusing update from remote peer 7868916be1204965955cb88df107d765: Log matching property violated. Preceding OpId in replica: term: 1 index: 1. Preceding OpId from leader: term: 2 index: 2. (index mismatch)
I20260608 09:56:54.941603 18836 raft_consensus.cc:3060] T ee6bfd156c744f7da2d311a8bcaf33ea P 7868916be1204965955cb88df107d765 [term 1 FOLLOWER]: Advancing to term 2
I20260608 09:56:54.947132 18884 consensus_queue.cc:1048] T 30651c39263448b8b5f12f518dac9575 P 7868916be1204965955cb88df107d765 [LEADER]: Connected to new peer: Peer: permanent_uuid: "da1c8a01591345c0be387c13cc674056" member_type: VOTER last_known_addr { host: "127.15.31.193" port: 38525 }, Status: LMP_MISMATCH, Last received: 0.0, Next index: 2, Last known committed idx: 1, Time since last communication: 0.000s
I20260608 09:56:54.950870 18836 raft_consensus.cc:1275] T ee6bfd156c744f7da2d311a8bcaf33ea P 7868916be1204965955cb88df107d765 [term 2 FOLLOWER]: Refusing update from remote peer 75f3107eda204c22b05df27889d952db: Log matching property violated. Preceding OpId in replica: term: 1 index: 1. Preceding OpId from leader: term: 2 index: 2. (index mismatch)
I20260608 09:56:54.952636 18958 consensus_queue.cc:1048] T ee6bfd156c744f7da2d311a8bcaf33ea P 75f3107eda204c22b05df27889d952db [LEADER]: Connected to new peer: Peer: permanent_uuid: "7868916be1204965955cb88df107d765" member_type: VOTER last_known_addr { host: "127.15.31.196" port: 41071 }, Status: LMP_MISMATCH, Last received: 0.0, Next index: 2, Last known committed idx: 1, Time since last communication: 0.000s
I20260608 09:56:54.981153 18604 raft_consensus.cc:1275] T ee6bfd156c744f7da2d311a8bcaf33ea P f781eb69798740369774ddf38eaa0798 [term 2 FOLLOWER]: Refusing update from remote peer 75f3107eda204c22b05df27889d952db: Log matching property violated. Preceding OpId in replica: term: 1 index: 1. Preceding OpId from leader: term: 2 index: 2. (index mismatch)
I20260608 09:56:54.982980 18958 consensus_queue.cc:1048] T ee6bfd156c744f7da2d311a8bcaf33ea P 75f3107eda204c22b05df27889d952db [LEADER]: Connected to new peer: Peer: permanent_uuid: "f781eb69798740369774ddf38eaa0798" member_type: VOTER last_known_addr { host: "127.15.31.194" port: 32883 }, Status: LMP_MISMATCH, Last received: 0.0, Next index: 2, Last known committed idx: 1, Time since last communication: 0.000s
I20260608 09:56:55.001365 18963 ts_tablet_manager.cc:933] T 011f1bb112f04f38b592a7628bf2285a P 7868916be1204965955cb88df107d765: Initiating tablet copy from peer 75f3107eda204c22b05df27889d952db (127.15.31.195:41567)
I20260608 09:56:55.003028 18963 tablet_copy_client.cc:323] T 011f1bb112f04f38b592a7628bf2285a P 7868916be1204965955cb88df107d765: tablet copy: Beginning tablet copy session from remote peer at address 127.15.31.195:41567
I20260608 09:56:55.004634 18688 tablet_copy_service.cc:140] P 75f3107eda204c22b05df27889d952db: Received BeginTabletCopySession request for tablet 011f1bb112f04f38b592a7628bf2285a from peer 7868916be1204965955cb88df107d765 ({username='slave'} at 127.0.0.1:49652)
I20260608 09:56:55.005115 18688 tablet_copy_service.cc:161] P 75f3107eda204c22b05df27889d952db: Beginning new tablet copy session on tablet 011f1bb112f04f38b592a7628bf2285a from peer 7868916be1204965955cb88df107d765 at {username='slave'} at 127.0.0.1:49652: session id = 7868916be1204965955cb88df107d765-011f1bb112f04f38b592a7628bf2285a
I20260608 09:56:55.011385 18688 tablet_copy_source_session.cc:215] T 011f1bb112f04f38b592a7628bf2285a P 75f3107eda204c22b05df27889d952db: Tablet Copy: opened 0 blocks and 1 log segments
I20260608 09:56:55.014046 18963 data_dirs.cc:400] Could only allocate 1 dirs of requested 3 for tablet 011f1bb112f04f38b592a7628bf2285a. 1 dirs total, 0 dirs full, 0 dirs failed
I20260608 09:56:55.024518 18963 tablet_copy_client.cc:806] T 011f1bb112f04f38b592a7628bf2285a P 7868916be1204965955cb88df107d765: tablet copy: Starting download of 0 data blocks...
I20260608 09:56:55.025105 18963 tablet_copy_client.cc:670] T 011f1bb112f04f38b592a7628bf2285a P 7868916be1204965955cb88df107d765: tablet copy: Starting download of 1 WAL segments...
I20260608 09:56:55.028554 18963 tablet_copy_client.cc:538] T 011f1bb112f04f38b592a7628bf2285a P 7868916be1204965955cb88df107d765: tablet copy: Tablet Copy complete. Replacing tablet superblock.
I20260608 09:56:55.033880 18963 tablet_bootstrap.cc:492] T 011f1bb112f04f38b592a7628bf2285a P 7868916be1204965955cb88df107d765: Bootstrap starting.
I20260608 09:56:55.045390 18676 raft_consensus.cc:1275] T 727bc6a3d4fc44feb405e6492cd59dee P 75f3107eda204c22b05df27889d952db [term 2 FOLLOWER]: Refusing update from remote peer da1c8a01591345c0be387c13cc674056: Log matching property violated. Preceding OpId in replica: term: 1 index: 1. Preceding OpId from leader: term: 2 index: 2. (index mismatch)
I20260608 09:56:55.047912 18943 consensus_queue.cc:1048] T 727bc6a3d4fc44feb405e6492cd59dee P da1c8a01591345c0be387c13cc674056 [LEADER]: Connected to new peer: Peer: permanent_uuid: "75f3107eda204c22b05df27889d952db" member_type: VOTER last_known_addr { host: "127.15.31.195" port: 41567 }, Status: LMP_MISMATCH, Last received: 0.0, Next index: 2, Last known committed idx: 1, Time since last communication: 0.000s
I20260608 09:56:55.056049 18963 tablet_bootstrap.cc:492] T 011f1bb112f04f38b592a7628bf2285a P 7868916be1204965955cb88df107d765: Bootstrap replayed 1/1 log segments. Stats: ops{read=2 overwritten=0 applied=2 ignored=0} inserts{seen=0 ignored=0} mutations{seen=0 ignored=0} orphaned_commits=0. Pending: 0 replicates
I20260608 09:56:55.057085 18963 tablet_bootstrap.cc:492] T 011f1bb112f04f38b592a7628bf2285a P 7868916be1204965955cb88df107d765: Bootstrap complete.
I20260608 09:56:55.057789 18963 ts_tablet_manager.cc:1403] T 011f1bb112f04f38b592a7628bf2285a P 7868916be1204965955cb88df107d765: Time spent bootstrapping tablet: real 0.024s	user 0.020s	sys 0.003s
I20260608 09:56:55.060722 18963 raft_consensus.cc:359] T 011f1bb112f04f38b592a7628bf2285a P 7868916be1204965955cb88df107d765 [term 1 LEARNER]: Replica starting. Triggering 0 pending ops. Active config: opid_index: 2 OBSOLETE_local: false peers { permanent_uuid: "da1c8a01591345c0be387c13cc674056" member_type: VOTER last_known_addr { host: "127.15.31.193" port: 38525 } } peers { permanent_uuid: "f781eb69798740369774ddf38eaa0798" member_type: VOTER last_known_addr { host: "127.15.31.194" port: 32883 } attrs { replace: true } } peers { permanent_uuid: "75f3107eda204c22b05df27889d952db" member_type: VOTER last_known_addr { host: "127.15.31.195" port: 41567 } } peers { permanent_uuid: "7868916be1204965955cb88df107d765" member_type: NON_VOTER last_known_addr { host: "127.15.31.196" port: 41071 } attrs { promote: true } }
I20260608 09:56:55.061581 18963 raft_consensus.cc:740] T 011f1bb112f04f38b592a7628bf2285a P 7868916be1204965955cb88df107d765 [term 1 LEARNER]: Becoming Follower/Learner. State: Replica: 7868916be1204965955cb88df107d765, State: Initialized, Role: LEARNER
I20260608 09:56:55.062249 18963 consensus_queue.cc:260] T 011f1bb112f04f38b592a7628bf2285a P 7868916be1204965955cb88df107d765 [NON_LEADER]: Queue going to NON_LEADER mode. State: All replicated index: 0, Majority replicated index: 0, Committed index: 2, Last appended: 1.2, Last appended by leader: 2, Current term: 0, Majority size: -1, State: 0, Mode: NON_LEADER, active raft config: opid_index: 2 OBSOLETE_local: false peers { permanent_uuid: "da1c8a01591345c0be387c13cc674056" member_type: VOTER last_known_addr { host: "127.15.31.193" port: 38525 } } peers { permanent_uuid: "f781eb69798740369774ddf38eaa0798" member_type: VOTER last_known_addr { host: "127.15.31.194" port: 32883 } attrs { replace: true } } peers { permanent_uuid: "75f3107eda204c22b05df27889d952db" member_type: VOTER last_known_addr { host: "127.15.31.195" port: 41567 } } peers { permanent_uuid: "7868916be1204965955cb88df107d765" member_type: NON_VOTER last_known_addr { host: "127.15.31.196" port: 41071 } attrs { promote: true } }
I20260608 09:56:55.063608 18604 raft_consensus.cc:1275] T 727bc6a3d4fc44feb405e6492cd59dee P f781eb69798740369774ddf38eaa0798 [term 2 FOLLOWER]: Refusing update from remote peer da1c8a01591345c0be387c13cc674056: Log matching property violated. Preceding OpId in replica: term: 1 index: 1. Preceding OpId from leader: term: 2 index: 2. (index mismatch)
I20260608 09:56:55.064997 18963 ts_tablet_manager.cc:1434] T 011f1bb112f04f38b592a7628bf2285a P 7868916be1204965955cb88df107d765: Time spent starting tablet: real 0.007s	user 0.004s	sys 0.002s
I20260608 09:56:55.065261 18941 consensus_queue.cc:1048] T 727bc6a3d4fc44feb405e6492cd59dee P da1c8a01591345c0be387c13cc674056 [LEADER]: Connected to new peer: Peer: permanent_uuid: "f781eb69798740369774ddf38eaa0798" member_type: VOTER last_known_addr { host: "127.15.31.194" port: 32883 }, Status: LMP_MISMATCH, Last received: 0.0, Next index: 2, Last known committed idx: 1, Time since last communication: 0.000s
I20260608 09:56:55.068615 18688 tablet_copy_service.cc:342] P 75f3107eda204c22b05df27889d952db: Request end of tablet copy session 7868916be1204965955cb88df107d765-011f1bb112f04f38b592a7628bf2285a received from {username='slave'} at 127.0.0.1:49652
I20260608 09:56:55.069070 18688 tablet_copy_service.cc:434] P 75f3107eda204c22b05df27889d952db: ending tablet copy session 7868916be1204965955cb88df107d765-011f1bb112f04f38b592a7628bf2285a on tablet 011f1bb112f04f38b592a7628bf2285a with peer 7868916be1204965955cb88df107d765
I20260608 09:56:55.152168 18963 ts_tablet_manager.cc:933] T 28927397719a44bdb7abba631d3c2580 P 7868916be1204965955cb88df107d765: Initiating tablet copy from peer f781eb69798740369774ddf38eaa0798 (127.15.31.194:32883)
I20260608 09:56:55.153839 18963 tablet_copy_client.cc:323] T 28927397719a44bdb7abba631d3c2580 P 7868916be1204965955cb88df107d765: tablet copy: Beginning tablet copy session from remote peer at address 127.15.31.194:32883
I20260608 09:56:55.155810 18614 tablet_copy_service.cc:140] P f781eb69798740369774ddf38eaa0798: Received BeginTabletCopySession request for tablet 28927397719a44bdb7abba631d3c2580 from peer 7868916be1204965955cb88df107d765 ({username='slave'} at 127.0.0.1:59788)
I20260608 09:56:55.156308 18614 tablet_copy_service.cc:161] P f781eb69798740369774ddf38eaa0798: Beginning new tablet copy session on tablet 28927397719a44bdb7abba631d3c2580 from peer 7868916be1204965955cb88df107d765 at {username='slave'} at 127.0.0.1:59788: session id = 7868916be1204965955cb88df107d765-28927397719a44bdb7abba631d3c2580
I20260608 09:56:55.161154 18614 tablet_copy_source_session.cc:215] T 28927397719a44bdb7abba631d3c2580 P f781eb69798740369774ddf38eaa0798: Tablet Copy: opened 0 blocks and 1 log segments
I20260608 09:56:55.164032 18963 data_dirs.cc:400] Could only allocate 1 dirs of requested 3 for tablet 28927397719a44bdb7abba631d3c2580. 1 dirs total, 0 dirs full, 0 dirs failed
I20260608 09:56:55.178514 18963 tablet_copy_client.cc:806] T 28927397719a44bdb7abba631d3c2580 P 7868916be1204965955cb88df107d765: tablet copy: Starting download of 0 data blocks...
I20260608 09:56:55.179097 18963 tablet_copy_client.cc:670] T 28927397719a44bdb7abba631d3c2580 P 7868916be1204965955cb88df107d765: tablet copy: Starting download of 1 WAL segments...
I20260608 09:56:55.182926 18963 tablet_copy_client.cc:538] T 28927397719a44bdb7abba631d3c2580 P 7868916be1204965955cb88df107d765: tablet copy: Tablet Copy complete. Replacing tablet superblock.
I20260608 09:56:55.188315 18963 tablet_bootstrap.cc:492] T 28927397719a44bdb7abba631d3c2580 P 7868916be1204965955cb88df107d765: Bootstrap starting.
I20260608 09:56:55.202845 18963 tablet_bootstrap.cc:492] T 28927397719a44bdb7abba631d3c2580 P 7868916be1204965955cb88df107d765: Bootstrap replayed 1/1 log segments. Stats: ops{read=2 overwritten=0 applied=2 ignored=0} inserts{seen=0 ignored=0} mutations{seen=0 ignored=0} orphaned_commits=0. Pending: 0 replicates
I20260608 09:56:55.203569 18963 tablet_bootstrap.cc:492] T 28927397719a44bdb7abba631d3c2580 P 7868916be1204965955cb88df107d765: Bootstrap complete.
I20260608 09:56:55.204110 18963 ts_tablet_manager.cc:1403] T 28927397719a44bdb7abba631d3c2580 P 7868916be1204965955cb88df107d765: Time spent bootstrapping tablet: real 0.016s	user 0.015s	sys 0.000s
I20260608 09:56:55.206221 18963 raft_consensus.cc:359] T 28927397719a44bdb7abba631d3c2580 P 7868916be1204965955cb88df107d765 [term 1 LEARNER]: Replica starting. Triggering 0 pending ops. Active config: opid_index: 2 OBSOLETE_local: false peers { permanent_uuid: "f781eb69798740369774ddf38eaa0798" member_type: VOTER last_known_addr { host: "127.15.31.194" port: 32883 } } peers { permanent_uuid: "da1c8a01591345c0be387c13cc674056" member_type: VOTER last_known_addr { host: "127.15.31.193" port: 38525 } attrs { replace: true } } peers { permanent_uuid: "75f3107eda204c22b05df27889d952db" member_type: VOTER last_known_addr { host: "127.15.31.195" port: 41567 } } peers { permanent_uuid: "7868916be1204965955cb88df107d765" member_type: NON_VOTER last_known_addr { host: "127.15.31.196" port: 41071 } attrs { promote: true } }
I20260608 09:56:55.206784 18963 raft_consensus.cc:740] T 28927397719a44bdb7abba631d3c2580 P 7868916be1204965955cb88df107d765 [term 1 LEARNER]: Becoming Follower/Learner. State: Replica: 7868916be1204965955cb88df107d765, State: Initialized, Role: LEARNER
I20260608 09:56:55.207276 18963 consensus_queue.cc:260] T 28927397719a44bdb7abba631d3c2580 P 7868916be1204965955cb88df107d765 [NON_LEADER]: Queue going to NON_LEADER mode. State: All replicated index: 0, Majority replicated index: 0, Committed index: 2, Last appended: 1.2, Last appended by leader: 2, Current term: 0, Majority size: -1, State: 0, Mode: NON_LEADER, active raft config: opid_index: 2 OBSOLETE_local: false peers { permanent_uuid: "f781eb69798740369774ddf38eaa0798" member_type: VOTER last_known_addr { host: "127.15.31.194" port: 32883 } } peers { permanent_uuid: "da1c8a01591345c0be387c13cc674056" member_type: VOTER last_known_addr { host: "127.15.31.193" port: 38525 } attrs { replace: true } } peers { permanent_uuid: "75f3107eda204c22b05df27889d952db" member_type: VOTER last_known_addr { host: "127.15.31.195" port: 41567 } } peers { permanent_uuid: "7868916be1204965955cb88df107d765" member_type: NON_VOTER last_known_addr { host: "127.15.31.196" port: 41071 } attrs { promote: true } }
I20260608 09:56:55.208897 18963 ts_tablet_manager.cc:1434] T 28927397719a44bdb7abba631d3c2580 P 7868916be1204965955cb88df107d765: Time spent starting tablet: real 0.005s	user 0.004s	sys 0.000s
I20260608 09:56:55.210917 18614 tablet_copy_service.cc:342] P f781eb69798740369774ddf38eaa0798: Request end of tablet copy session 7868916be1204965955cb88df107d765-28927397719a44bdb7abba631d3c2580 received from {username='slave'} at 127.0.0.1:59788
I20260608 09:56:55.211414 18614 tablet_copy_service.cc:434] P f781eb69798740369774ddf38eaa0798: ending tablet copy session 7868916be1204965955cb88df107d765-28927397719a44bdb7abba631d3c2580 on tablet 28927397719a44bdb7abba631d3c2580 with peer 7868916be1204965955cb88df107d765
I20260608 09:56:55.248376 18836 raft_consensus.cc:1217] T ab6cb99e49e84fca9b5688bcdf901f14 P 7868916be1204965955cb88df107d765 [term 1 LEARNER]: Deduplicated request from leader. Original: 1.1->[1.2-1.2]   Dedup: 1.2->[]
I20260608 09:56:55.594686 18836 raft_consensus.cc:1217] T 011f1bb112f04f38b592a7628bf2285a P 7868916be1204965955cb88df107d765 [term 1 LEARNER]: Deduplicated request from leader. Original: 1.1->[1.2-1.2]   Dedup: 1.2->[]
I20260608 09:56:55.700752 18941 raft_consensus.cc:1064] T ab6cb99e49e84fca9b5688bcdf901f14 P da1c8a01591345c0be387c13cc674056: attempting to promote NON_VOTER 7868916be1204965955cb88df107d765 to VOTER
I20260608 09:56:55.702944 18941 consensus_queue.cc:237] T ab6cb99e49e84fca9b5688bcdf901f14 P da1c8a01591345c0be387c13cc674056 [LEADER]: Queue going to LEADER mode. State: All replicated index: 0, Majority replicated index: 2, Committed index: 2, Last appended: 1.2, Last appended by leader: 0, Current term: 1, Majority size: 3, State: 0, Mode: LEADER, active raft config: opid_index: 3 OBSOLETE_local: false peers { permanent_uuid: "da1c8a01591345c0be387c13cc674056" member_type: VOTER last_known_addr { host: "127.15.31.193" port: 38525 } } peers { permanent_uuid: "f781eb69798740369774ddf38eaa0798" member_type: VOTER last_known_addr { host: "127.15.31.194" port: 32883 } } peers { permanent_uuid: "75f3107eda204c22b05df27889d952db" member_type: VOTER last_known_addr { host: "127.15.31.195" port: 41567 } attrs { replace: true } } peers { permanent_uuid: "7868916be1204965955cb88df107d765" member_type: VOTER last_known_addr { host: "127.15.31.196" port: 41071 } attrs { promote: false } }
I20260608 09:56:55.709297 18675 raft_consensus.cc:1275] T ab6cb99e49e84fca9b5688bcdf901f14 P 75f3107eda204c22b05df27889d952db [term 1 FOLLOWER]: Refusing update from remote peer da1c8a01591345c0be387c13cc674056: Log matching property violated. Preceding OpId in replica: term: 1 index: 2. Preceding OpId from leader: term: 1 index: 3. (index mismatch)
I20260608 09:56:55.711342 18941 consensus_queue.cc:1048] T ab6cb99e49e84fca9b5688bcdf901f14 P da1c8a01591345c0be387c13cc674056 [LEADER]: Connected to new peer: Peer: permanent_uuid: "75f3107eda204c22b05df27889d952db" member_type: VOTER last_known_addr { host: "127.15.31.195" port: 41567 } attrs { replace: true }, Status: LMP_MISMATCH, Last received: 0.0, Next index: 3, Last known committed idx: 2, Time since last communication: 0.000s
I20260608 09:56:55.711540 18604 raft_consensus.cc:1275] T ab6cb99e49e84fca9b5688bcdf901f14 P f781eb69798740369774ddf38eaa0798 [term 1 FOLLOWER]: Refusing update from remote peer da1c8a01591345c0be387c13cc674056: Log matching property violated. Preceding OpId in replica: term: 1 index: 2. Preceding OpId from leader: term: 1 index: 3. (index mismatch)
I20260608 09:56:55.713487 18941 consensus_queue.cc:1048] T ab6cb99e49e84fca9b5688bcdf901f14 P da1c8a01591345c0be387c13cc674056 [LEADER]: Connected to new peer: Peer: permanent_uuid: "f781eb69798740369774ddf38eaa0798" member_type: VOTER last_known_addr { host: "127.15.31.194" port: 32883 }, Status: LMP_MISMATCH, Last received: 0.0, Next index: 3, Last known committed idx: 2, Time since last communication: 0.000s
I20260608 09:56:55.713694 18836 raft_consensus.cc:1275] T ab6cb99e49e84fca9b5688bcdf901f14 P 7868916be1204965955cb88df107d765 [term 1 LEARNER]: Refusing update from remote peer da1c8a01591345c0be387c13cc674056: Log matching property violated. Preceding OpId in replica: term: 1 index: 2. Preceding OpId from leader: term: 1 index: 3. (index mismatch)
I20260608 09:56:55.715130 18943 consensus_queue.cc:1048] T ab6cb99e49e84fca9b5688bcdf901f14 P da1c8a01591345c0be387c13cc674056 [LEADER]: Connected to new peer: Peer: permanent_uuid: "7868916be1204965955cb88df107d765" member_type: VOTER last_known_addr { host: "127.15.31.196" port: 41071 } attrs { promote: false }, Status: LMP_MISMATCH, Last received: 0.0, Next index: 3, Last known committed idx: 2, Time since last communication: 0.000s
I20260608 09:56:55.720281 18836 raft_consensus.cc:1217] T 28927397719a44bdb7abba631d3c2580 P 7868916be1204965955cb88df107d765 [term 1 LEARNER]: Deduplicated request from leader. Original: 1.1->[1.2-1.2]   Dedup: 1.2->[]
I20260608 09:56:55.731974 18941 raft_consensus.cc:2955] T ab6cb99e49e84fca9b5688bcdf901f14 P da1c8a01591345c0be387c13cc674056 [term 1 LEADER]: Committing config change with OpId 1.3: config changed from index 2 to 3, 7868916be1204965955cb88df107d765 (127.15.31.196) changed from NON_VOTER to VOTER. New config: { opid_index: 3 OBSOLETE_local: false peers { permanent_uuid: "da1c8a01591345c0be387c13cc674056" member_type: VOTER last_known_addr { host: "127.15.31.193" port: 38525 } } peers { permanent_uuid: "f781eb69798740369774ddf38eaa0798" member_type: VOTER last_known_addr { host: "127.15.31.194" port: 32883 } } peers { permanent_uuid: "75f3107eda204c22b05df27889d952db" member_type: VOTER last_known_addr { host: "127.15.31.195" port: 41567 } attrs { replace: true } } peers { permanent_uuid: "7868916be1204965955cb88df107d765" member_type: VOTER last_known_addr { host: "127.15.31.196" port: 41071 } attrs { promote: false } } }
I20260608 09:56:55.734653 18836 raft_consensus.cc:2955] T ab6cb99e49e84fca9b5688bcdf901f14 P 7868916be1204965955cb88df107d765 [term 1 FOLLOWER]: Committing config change with OpId 1.3: config changed from index 2 to 3, 7868916be1204965955cb88df107d765 (127.15.31.196) changed from NON_VOTER to VOTER. New config: { opid_index: 3 OBSOLETE_local: false peers { permanent_uuid: "da1c8a01591345c0be387c13cc674056" member_type: VOTER last_known_addr { host: "127.15.31.193" port: 38525 } } peers { permanent_uuid: "f781eb69798740369774ddf38eaa0798" member_type: VOTER last_known_addr { host: "127.15.31.194" port: 32883 } } peers { permanent_uuid: "75f3107eda204c22b05df27889d952db" member_type: VOTER last_known_addr { host: "127.15.31.195" port: 41567 } attrs { replace: true } } peers { permanent_uuid: "7868916be1204965955cb88df107d765" member_type: VOTER last_known_addr { host: "127.15.31.196" port: 41071 } attrs { promote: false } } }
I20260608 09:56:55.750113 18675 raft_consensus.cc:2955] T ab6cb99e49e84fca9b5688bcdf901f14 P 75f3107eda204c22b05df27889d952db [term 1 FOLLOWER]: Committing config change with OpId 1.3: config changed from index 2 to 3, 7868916be1204965955cb88df107d765 (127.15.31.196) changed from NON_VOTER to VOTER. New config: { opid_index: 3 OBSOLETE_local: false peers { permanent_uuid: "da1c8a01591345c0be387c13cc674056" member_type: VOTER last_known_addr { host: "127.15.31.193" port: 38525 } } peers { permanent_uuid: "f781eb69798740369774ddf38eaa0798" member_type: VOTER last_known_addr { host: "127.15.31.194" port: 32883 } } peers { permanent_uuid: "75f3107eda204c22b05df27889d952db" member_type: VOTER last_known_addr { host: "127.15.31.195" port: 41567 } attrs { replace: true } } peers { permanent_uuid: "7868916be1204965955cb88df107d765" member_type: VOTER last_known_addr { host: "127.15.31.196" port: 41071 } attrs { promote: false } } }
I20260608 09:56:55.753669 18427 catalog_manager.cc:5696] T ab6cb99e49e84fca9b5688bcdf901f14 P 7868916be1204965955cb88df107d765 reported cstate change: config changed from index 2 to 3, 7868916be1204965955cb88df107d765 (127.15.31.196) changed from NON_VOTER to VOTER. New cstate: current_term: 1 leader_uuid: "da1c8a01591345c0be387c13cc674056" committed_config { opid_index: 3 OBSOLETE_local: false peers { permanent_uuid: "da1c8a01591345c0be387c13cc674056" member_type: VOTER last_known_addr { host: "127.15.31.193" port: 38525 } } peers { permanent_uuid: "f781eb69798740369774ddf38eaa0798" member_type: VOTER last_known_addr { host: "127.15.31.194" port: 32883 } } peers { permanent_uuid: "75f3107eda204c22b05df27889d952db" member_type: VOTER last_known_addr { host: "127.15.31.195" port: 41567 } attrs { replace: true } } peers { permanent_uuid: "7868916be1204965955cb88df107d765" member_type: VOTER last_known_addr { host: "127.15.31.196" port: 41071 } attrs { promote: false } } }
I20260608 09:56:55.750133 18604 raft_consensus.cc:2955] T ab6cb99e49e84fca9b5688bcdf901f14 P f781eb69798740369774ddf38eaa0798 [term 1 FOLLOWER]: Committing config change with OpId 1.3: config changed from index 2 to 3, 7868916be1204965955cb88df107d765 (127.15.31.196) changed from NON_VOTER to VOTER. New config: { opid_index: 3 OBSOLETE_local: false peers { permanent_uuid: "da1c8a01591345c0be387c13cc674056" member_type: VOTER last_known_addr { host: "127.15.31.193" port: 38525 } } peers { permanent_uuid: "f781eb69798740369774ddf38eaa0798" member_type: VOTER last_known_addr { host: "127.15.31.194" port: 32883 } } peers { permanent_uuid: "75f3107eda204c22b05df27889d952db" member_type: VOTER last_known_addr { host: "127.15.31.195" port: 41567 } attrs { replace: true } } peers { permanent_uuid: "7868916be1204965955cb88df107d765" member_type: VOTER last_known_addr { host: "127.15.31.196" port: 41071 } attrs { promote: false } } }
I20260608 09:56:55.793190 18529 consensus_queue.cc:237] T ab6cb99e49e84fca9b5688bcdf901f14 P da1c8a01591345c0be387c13cc674056 [LEADER]: Queue going to LEADER mode. State: All replicated index: 0, Majority replicated index: 3, Committed index: 3, Last appended: 1.3, Last appended by leader: 0, Current term: 1, Majority size: 2, State: 0, Mode: LEADER, active raft config: opid_index: 4 OBSOLETE_local: false peers { permanent_uuid: "da1c8a01591345c0be387c13cc674056" member_type: VOTER last_known_addr { host: "127.15.31.193" port: 38525 } } peers { permanent_uuid: "f781eb69798740369774ddf38eaa0798" member_type: VOTER last_known_addr { host: "127.15.31.194" port: 32883 } } peers { permanent_uuid: "7868916be1204965955cb88df107d765" member_type: VOTER last_known_addr { host: "127.15.31.196" port: 41071 } attrs { promote: false } }
I20260608 09:56:55.798218 18836 raft_consensus.cc:1275] T ab6cb99e49e84fca9b5688bcdf901f14 P 7868916be1204965955cb88df107d765 [term 1 FOLLOWER]: Refusing update from remote peer da1c8a01591345c0be387c13cc674056: Log matching property violated. Preceding OpId in replica: term: 1 index: 3. Preceding OpId from leader: term: 1 index: 4. (index mismatch)
I20260608 09:56:55.799171 18604 raft_consensus.cc:1275] T ab6cb99e49e84fca9b5688bcdf901f14 P f781eb69798740369774ddf38eaa0798 [term 1 FOLLOWER]: Refusing update from remote peer da1c8a01591345c0be387c13cc674056: Log matching property violated. Preceding OpId in replica: term: 1 index: 3. Preceding OpId from leader: term: 1 index: 4. (index mismatch)
I20260608 09:56:55.800552 18757 consensus_queue.cc:1048] T ab6cb99e49e84fca9b5688bcdf901f14 P da1c8a01591345c0be387c13cc674056 [LEADER]: Connected to new peer: Peer: permanent_uuid: "f781eb69798740369774ddf38eaa0798" member_type: VOTER last_known_addr { host: "127.15.31.194" port: 32883 }, Status: LMP_MISMATCH, Last received: 0.0, Next index: 4, Last known committed idx: 3, Time since last communication: 0.000s
I20260608 09:56:55.803114 18757 consensus_queue.cc:1048] T ab6cb99e49e84fca9b5688bcdf901f14 P da1c8a01591345c0be387c13cc674056 [LEADER]: Connected to new peer: Peer: permanent_uuid: "7868916be1204965955cb88df107d765" member_type: VOTER last_known_addr { host: "127.15.31.196" port: 41071 } attrs { promote: false }, Status: LMP_MISMATCH, Last received: 0.0, Next index: 4, Last known committed idx: 3, Time since last communication: 0.000s
I20260608 09:56:55.807181 18941 raft_consensus.cc:2955] T ab6cb99e49e84fca9b5688bcdf901f14 P da1c8a01591345c0be387c13cc674056 [term 1 LEADER]: Committing config change with OpId 1.4: config changed from index 3 to 4, VOTER 75f3107eda204c22b05df27889d952db (127.15.31.195) evicted. New config: { opid_index: 4 OBSOLETE_local: false peers { permanent_uuid: "da1c8a01591345c0be387c13cc674056" member_type: VOTER last_known_addr { host: "127.15.31.193" port: 38525 } } peers { permanent_uuid: "f781eb69798740369774ddf38eaa0798" member_type: VOTER last_known_addr { host: "127.15.31.194" port: 32883 } } peers { permanent_uuid: "7868916be1204965955cb88df107d765" member_type: VOTER last_known_addr { host: "127.15.31.196" port: 41071 } attrs { promote: false } } }
I20260608 09:56:55.812052 18836 raft_consensus.cc:2955] T ab6cb99e49e84fca9b5688bcdf901f14 P 7868916be1204965955cb88df107d765 [term 1 FOLLOWER]: Committing config change with OpId 1.4: config changed from index 3 to 4, VOTER 75f3107eda204c22b05df27889d952db (127.15.31.195) evicted. New config: { opid_index: 4 OBSOLETE_local: false peers { permanent_uuid: "da1c8a01591345c0be387c13cc674056" member_type: VOTER last_known_addr { host: "127.15.31.193" port: 38525 } } peers { permanent_uuid: "f781eb69798740369774ddf38eaa0798" member_type: VOTER last_known_addr { host: "127.15.31.194" port: 32883 } } peers { permanent_uuid: "7868916be1204965955cb88df107d765" member_type: VOTER last_known_addr { host: "127.15.31.196" port: 41071 } attrs { promote: false } } }
I20260608 09:56:55.817571 18413 catalog_manager.cc:5209] ChangeConfig:REMOVE_PEER RPC for tablet ab6cb99e49e84fca9b5688bcdf901f14 with cas_config_opid_index 3: ChangeConfig:REMOVE_PEER succeeded (attempt 1)
I20260608 09:56:55.819142 18604 raft_consensus.cc:2955] T ab6cb99e49e84fca9b5688bcdf901f14 P f781eb69798740369774ddf38eaa0798 [term 1 FOLLOWER]: Committing config change with OpId 1.4: config changed from index 3 to 4, VOTER 75f3107eda204c22b05df27889d952db (127.15.31.195) evicted. New config: { opid_index: 4 OBSOLETE_local: false peers { permanent_uuid: "da1c8a01591345c0be387c13cc674056" member_type: VOTER last_known_addr { host: "127.15.31.193" port: 38525 } } peers { permanent_uuid: "f781eb69798740369774ddf38eaa0798" member_type: VOTER last_known_addr { host: "127.15.31.194" port: 32883 } } peers { permanent_uuid: "7868916be1204965955cb88df107d765" member_type: VOTER last_known_addr { host: "127.15.31.196" port: 41071 } attrs { promote: false } } }
I20260608 09:56:55.823020 18425 catalog_manager.cc:5696] T ab6cb99e49e84fca9b5688bcdf901f14 P da1c8a01591345c0be387c13cc674056 reported cstate change: config changed from index 3 to 4, VOTER 75f3107eda204c22b05df27889d952db (127.15.31.195) evicted. New cstate: current_term: 1 leader_uuid: "da1c8a01591345c0be387c13cc674056" committed_config { opid_index: 4 OBSOLETE_local: false peers { permanent_uuid: "da1c8a01591345c0be387c13cc674056" member_type: VOTER last_known_addr { host: "127.15.31.193" port: 38525 } health_report { overall_health: HEALTHY } } peers { permanent_uuid: "f781eb69798740369774ddf38eaa0798" member_type: VOTER last_known_addr { host: "127.15.31.194" port: 32883 } health_report { overall_health: HEALTHY } } peers { permanent_uuid: "7868916be1204965955cb88df107d765" member_type: VOTER last_known_addr { host: "127.15.31.196" port: 41071 } attrs { promote: false } health_report { overall_health: HEALTHY } } }
I20260608 09:56:55.837723 18668 tablet_service.cc:1558] Processing DeleteTablet for tablet ab6cb99e49e84fca9b5688bcdf901f14 with delete_type TABLET_DATA_TOMBSTONED (TS 75f3107eda204c22b05df27889d952db not found in new config with opid_index 4) from {username='slave'} at 127.0.0.1:49610
I20260608 09:56:55.839934 18982 tablet_replica.cc:333] T ab6cb99e49e84fca9b5688bcdf901f14 P 75f3107eda204c22b05df27889d952db: stopping tablet replica
I20260608 09:56:55.840942 18982 raft_consensus.cc:2243] T ab6cb99e49e84fca9b5688bcdf901f14 P 75f3107eda204c22b05df27889d952db [term 1 FOLLOWER]: Raft consensus shutting down.
I20260608 09:56:55.841723 18982 raft_consensus.cc:2272] T ab6cb99e49e84fca9b5688bcdf901f14 P 75f3107eda204c22b05df27889d952db [term 1 FOLLOWER]: Raft consensus is shut down!
I20260608 09:56:55.844691 18982 ts_tablet_manager.cc:1916] T ab6cb99e49e84fca9b5688bcdf901f14 P 75f3107eda204c22b05df27889d952db: Deleting tablet data with delete state TABLET_DATA_TOMBSTONED
I20260608 09:56:55.860422 18982 ts_tablet_manager.cc:1929] T ab6cb99e49e84fca9b5688bcdf901f14 P 75f3107eda204c22b05df27889d952db: tablet deleted with delete type TABLET_DATA_TOMBSTONED: last-logged OpId 1.3
I20260608 09:56:55.861960 18982 log.cc:1199] T ab6cb99e49e84fca9b5688bcdf901f14 P 75f3107eda204c22b05df27889d952db: Deleting WAL directory at /tmp/dist-test-taskSxkcbW/test-tmp/auto_rebalancer-test.0.AutoRebalancerTest.RangeAwareRebalancesNewRangeReplicas.1780912529321469-15487-0/minicluster-data/ts-2-root/wals/ab6cb99e49e84fca9b5688bcdf901f14
I20260608 09:56:55.863596 18413 catalog_manager.cc:5027] TS 75f3107eda204c22b05df27889d952db (127.15.31.195:41567): tablet ab6cb99e49e84fca9b5688bcdf901f14 (table range_aware_rebalance_new_range [id=a9949484290d4fb6b419a9e26d1d5376]) successfully deleted
I20260608 09:56:56.050421 18958 raft_consensus.cc:1064] T 011f1bb112f04f38b592a7628bf2285a P 75f3107eda204c22b05df27889d952db: attempting to promote NON_VOTER 7868916be1204965955cb88df107d765 to VOTER
I20260608 09:56:56.052763 18958 consensus_queue.cc:237] T 011f1bb112f04f38b592a7628bf2285a P 75f3107eda204c22b05df27889d952db [LEADER]: Queue going to LEADER mode. State: All replicated index: 0, Majority replicated index: 2, Committed index: 2, Last appended: 1.2, Last appended by leader: 0, Current term: 1, Majority size: 3, State: 0, Mode: LEADER, active raft config: opid_index: 3 OBSOLETE_local: false peers { permanent_uuid: "da1c8a01591345c0be387c13cc674056" member_type: VOTER last_known_addr { host: "127.15.31.193" port: 38525 } } peers { permanent_uuid: "f781eb69798740369774ddf38eaa0798" member_type: VOTER last_known_addr { host: "127.15.31.194" port: 32883 } attrs { replace: true } } peers { permanent_uuid: "75f3107eda204c22b05df27889d952db" member_type: VOTER last_known_addr { host: "127.15.31.195" port: 41567 } } peers { permanent_uuid: "7868916be1204965955cb88df107d765" member_type: VOTER last_known_addr { host: "127.15.31.196" port: 41071 } attrs { promote: false } }
