I20260608 09:56:58.999822 18412 catalog_manager.cc:5027] TS f781eb69798740369774ddf38eaa0798 (127.15.31.194:32883): tablet 8e053e2923bc4c5db0010f2835bf3626 (table range_aware_rebalance_new_range [id=a9949484290d4fb6b419a9e26d1d5376]) successfully deleted
I20260608 09:56:59.073803 19061 raft_consensus.cc:1064] T d9a4b12e5fa84a38b21ff99cd045dbd7 P da1c8a01591345c0be387c13cc674056: attempting to promote NON_VOTER 75f3107eda204c22b05df27889d952db to VOTER
I20260608 09:56:59.075700 19061 consensus_queue.cc:237] T d9a4b12e5fa84a38b21ff99cd045dbd7 P da1c8a01591345c0be387c13cc674056 [LEADER]: Queue going to LEADER mode. State: All replicated index: 0, Majority replicated index: 2, Committed index: 2, Last appended: 1.2, Last appended by leader: 0, Current term: 1, Majority size: 3, State: 0, Mode: LEADER, active raft config: opid_index: 3 OBSOLETE_local: false peers { permanent_uuid: "da1c8a01591345c0be387c13cc674056" member_type: VOTER last_known_addr { host: "127.15.31.193" port: 38525 } } peers { permanent_uuid: "7868916be1204965955cb88df107d765" member_type: VOTER last_known_addr { host: "127.15.31.196" port: 41071 } attrs { replace: true } } peers { permanent_uuid: "f781eb69798740369774ddf38eaa0798" member_type: VOTER last_known_addr { host: "127.15.31.194" port: 32883 } } peers { permanent_uuid: "75f3107eda204c22b05df27889d952db" member_type: VOTER last_known_addr { host: "127.15.31.195" port: 41567 } attrs { promote: false } }
I20260608 09:56:59.082288 18604 raft_consensus.cc:1275] T d9a4b12e5fa84a38b21ff99cd045dbd7 P f781eb69798740369774ddf38eaa0798 [term 1 FOLLOWER]: Refusing update from remote peer da1c8a01591345c0be387c13cc674056: Log matching property violated. Preceding OpId in replica: term: 1 index: 2. Preceding OpId from leader: term: 1 index: 3. (index mismatch)
I20260608 09:56:59.082610 18678 raft_consensus.cc:1275] T d9a4b12e5fa84a38b21ff99cd045dbd7 P 75f3107eda204c22b05df27889d952db [term 1 LEARNER]: Refusing update from remote peer da1c8a01591345c0be387c13cc674056: Log matching property violated. Preceding OpId in replica: term: 1 index: 2. Preceding OpId from leader: term: 1 index: 3. (index mismatch)
I20260608 09:56:59.083949 18838 raft_consensus.cc:1275] T d9a4b12e5fa84a38b21ff99cd045dbd7 P 7868916be1204965955cb88df107d765 [term 1 FOLLOWER]: Refusing update from remote peer da1c8a01591345c0be387c13cc674056: Log matching property violated. Preceding OpId in replica: term: 1 index: 2. Preceding OpId from leader: term: 1 index: 3. (index mismatch)
I20260608 09:56:59.084476 19061 consensus_queue.cc:1048] T d9a4b12e5fa84a38b21ff99cd045dbd7 P da1c8a01591345c0be387c13cc674056 [LEADER]: Connected to new peer: Peer: permanent_uuid: "f781eb69798740369774ddf38eaa0798" member_type: VOTER last_known_addr { host: "127.15.31.194" port: 32883 }, Status: LMP_MISMATCH, Last received: 0.0, Next index: 3, Last known committed idx: 2, Time since last communication: 0.000s
I20260608 09:56:59.087023 19038 consensus_queue.cc:1048] T d9a4b12e5fa84a38b21ff99cd045dbd7 P da1c8a01591345c0be387c13cc674056 [LEADER]: Connected to new peer: Peer: permanent_uuid: "75f3107eda204c22b05df27889d952db" member_type: VOTER last_known_addr { host: "127.15.31.195" port: 41567 } attrs { promote: false }, Status: LMP_MISMATCH, Last received: 0.0, Next index: 3, Last known committed idx: 2, Time since last communication: 0.000s
I20260608 09:56:59.087854 19062 consensus_queue.cc:1048] T d9a4b12e5fa84a38b21ff99cd045dbd7 P da1c8a01591345c0be387c13cc674056 [LEADER]: Connected to new peer: Peer: permanent_uuid: "7868916be1204965955cb88df107d765" member_type: VOTER last_known_addr { host: "127.15.31.196" port: 41071 } attrs { replace: true }, Status: LMP_MISMATCH, Last received: 0.0, Next index: 3, Last known committed idx: 2, Time since last communication: 0.000s
I20260608 09:56:59.101470 19038 raft_consensus.cc:2955] T d9a4b12e5fa84a38b21ff99cd045dbd7 P da1c8a01591345c0be387c13cc674056 [term 1 LEADER]: Committing config change with OpId 1.3: config changed from index 2 to 3, 75f3107eda204c22b05df27889d952db (127.15.31.195) changed from NON_VOTER to VOTER. New config: { opid_index: 3 OBSOLETE_local: false peers { permanent_uuid: "da1c8a01591345c0be387c13cc674056" member_type: VOTER last_known_addr { host: "127.15.31.193" port: 38525 } } peers { permanent_uuid: "7868916be1204965955cb88df107d765" member_type: VOTER last_known_addr { host: "127.15.31.196" port: 41071 } attrs { replace: true } } peers { permanent_uuid: "f781eb69798740369774ddf38eaa0798" member_type: VOTER last_known_addr { host: "127.15.31.194" port: 32883 } } peers { permanent_uuid: "75f3107eda204c22b05df27889d952db" member_type: VOTER last_known_addr { host: "127.15.31.195" port: 41567 } attrs { promote: false } } }
I20260608 09:56:59.105043 18604 raft_consensus.cc:2955] T d9a4b12e5fa84a38b21ff99cd045dbd7 P f781eb69798740369774ddf38eaa0798 [term 1 FOLLOWER]: Committing config change with OpId 1.3: config changed from index 2 to 3, 75f3107eda204c22b05df27889d952db (127.15.31.195) changed from NON_VOTER to VOTER. New config: { opid_index: 3 OBSOLETE_local: false peers { permanent_uuid: "da1c8a01591345c0be387c13cc674056" member_type: VOTER last_known_addr { host: "127.15.31.193" port: 38525 } } peers { permanent_uuid: "7868916be1204965955cb88df107d765" member_type: VOTER last_known_addr { host: "127.15.31.196" port: 41071 } attrs { replace: true } } peers { permanent_uuid: "f781eb69798740369774ddf38eaa0798" member_type: VOTER last_known_addr { host: "127.15.31.194" port: 32883 } } peers { permanent_uuid: "75f3107eda204c22b05df27889d952db" member_type: VOTER last_known_addr { host: "127.15.31.195" port: 41567 } attrs { promote: false } } }
I20260608 09:56:59.105697 18838 raft_consensus.cc:2955] T d9a4b12e5fa84a38b21ff99cd045dbd7 P 7868916be1204965955cb88df107d765 [term 1 FOLLOWER]: Committing config change with OpId 1.3: config changed from index 2 to 3, 75f3107eda204c22b05df27889d952db (127.15.31.195) changed from NON_VOTER to VOTER. New config: { opid_index: 3 OBSOLETE_local: false peers { permanent_uuid: "da1c8a01591345c0be387c13cc674056" member_type: VOTER last_known_addr { host: "127.15.31.193" port: 38525 } } peers { permanent_uuid: "7868916be1204965955cb88df107d765" member_type: VOTER last_known_addr { host: "127.15.31.196" port: 41071 } attrs { replace: true } } peers { permanent_uuid: "f781eb69798740369774ddf38eaa0798" member_type: VOTER last_known_addr { host: "127.15.31.194" port: 32883 } } peers { permanent_uuid: "75f3107eda204c22b05df27889d952db" member_type: VOTER last_known_addr { host: "127.15.31.195" port: 41567 } attrs { promote: false } } }
I20260608 09:56:59.116200 18678 raft_consensus.cc:2955] T d9a4b12e5fa84a38b21ff99cd045dbd7 P 75f3107eda204c22b05df27889d952db [term 1 FOLLOWER]: Committing config change with OpId 1.3: config changed from index 2 to 3, 75f3107eda204c22b05df27889d952db (127.15.31.195) changed from NON_VOTER to VOTER. New config: { opid_index: 3 OBSOLETE_local: false peers { permanent_uuid: "da1c8a01591345c0be387c13cc674056" member_type: VOTER last_known_addr { host: "127.15.31.193" port: 38525 } } peers { permanent_uuid: "7868916be1204965955cb88df107d765" member_type: VOTER last_known_addr { host: "127.15.31.196" port: 41071 } attrs { replace: true } } peers { permanent_uuid: "f781eb69798740369774ddf38eaa0798" member_type: VOTER last_known_addr { host: "127.15.31.194" port: 32883 } } peers { permanent_uuid: "75f3107eda204c22b05df27889d952db" member_type: VOTER last_known_addr { host: "127.15.31.195" port: 41567 } attrs { promote: false } } }
I20260608 09:56:59.116355 18427 catalog_manager.cc:5696] T d9a4b12e5fa84a38b21ff99cd045dbd7 P da1c8a01591345c0be387c13cc674056 reported cstate change: config changed from index 2 to 3, 75f3107eda204c22b05df27889d952db (127.15.31.195) changed from NON_VOTER to VOTER. New cstate: current_term: 1 leader_uuid: "da1c8a01591345c0be387c13cc674056" committed_config { opid_index: 3 OBSOLETE_local: false peers { permanent_uuid: "da1c8a01591345c0be387c13cc674056" member_type: VOTER last_known_addr { host: "127.15.31.193" port: 38525 } health_report { overall_health: HEALTHY } } peers { permanent_uuid: "7868916be1204965955cb88df107d765" member_type: VOTER last_known_addr { host: "127.15.31.196" port: 41071 } attrs { replace: true } health_report { overall_health: HEALTHY } } peers { permanent_uuid: "f781eb69798740369774ddf38eaa0798" member_type: VOTER last_known_addr { host: "127.15.31.194" port: 32883 } health_report { overall_health: HEALTHY } } peers { permanent_uuid: "75f3107eda204c22b05df27889d952db" member_type: VOTER last_known_addr { host: "127.15.31.195" port: 41567 } attrs { promote: false } health_report { overall_health: HEALTHY } } }
I20260608 09:56:59.142309 18528 consensus_queue.cc:237] T d9a4b12e5fa84a38b21ff99cd045dbd7 P da1c8a01591345c0be387c13cc674056 [LEADER]: Queue going to LEADER mode. State: All replicated index: 0, Majority replicated index: 3, Committed index: 3, Last appended: 1.3, Last appended by leader: 0, Current term: 1, Majority size: 2, State: 0, Mode: LEADER, active raft config: opid_index: 4 OBSOLETE_local: false peers { permanent_uuid: "da1c8a01591345c0be387c13cc674056" member_type: VOTER last_known_addr { host: "127.15.31.193" port: 38525 } } peers { permanent_uuid: "f781eb69798740369774ddf38eaa0798" member_type: VOTER last_known_addr { host: "127.15.31.194" port: 32883 } } peers { permanent_uuid: "75f3107eda204c22b05df27889d952db" member_type: VOTER last_known_addr { host: "127.15.31.195" port: 41567 } attrs { promote: false } }
I20260608 09:56:59.149822 18604 raft_consensus.cc:1275] T d9a4b12e5fa84a38b21ff99cd045dbd7 P f781eb69798740369774ddf38eaa0798 [term 1 FOLLOWER]: Refusing update from remote peer da1c8a01591345c0be387c13cc674056: Log matching property violated. Preceding OpId in replica: term: 1 index: 3. Preceding OpId from leader: term: 1 index: 4. (index mismatch)
I20260608 09:56:59.150065 18678 raft_consensus.cc:1275] T d9a4b12e5fa84a38b21ff99cd045dbd7 P 75f3107eda204c22b05df27889d952db [term 1 FOLLOWER]: Refusing update from remote peer da1c8a01591345c0be387c13cc674056: Log matching property violated. Preceding OpId in replica: term: 1 index: 3. Preceding OpId from leader: term: 1 index: 4. (index mismatch)
I20260608 09:56:59.151788 19061 consensus_queue.cc:1048] T d9a4b12e5fa84a38b21ff99cd045dbd7 P da1c8a01591345c0be387c13cc674056 [LEADER]: Connected to new peer: Peer: permanent_uuid: "f781eb69798740369774ddf38eaa0798" member_type: VOTER last_known_addr { host: "127.15.31.194" port: 32883 }, Status: LMP_MISMATCH, Last received: 0.0, Next index: 4, Last known committed idx: 3, Time since last communication: 0.000s
I20260608 09:56:59.153602 19061 consensus_queue.cc:1048] T d9a4b12e5fa84a38b21ff99cd045dbd7 P da1c8a01591345c0be387c13cc674056 [LEADER]: Connected to new peer: Peer: permanent_uuid: "75f3107eda204c22b05df27889d952db" member_type: VOTER last_known_addr { host: "127.15.31.195" port: 41567 } attrs { promote: false }, Status: LMP_MISMATCH, Last received: 0.0, Next index: 4, Last known committed idx: 3, Time since last communication: 0.000s
I20260608 09:56:59.158777 19062 raft_consensus.cc:2955] T d9a4b12e5fa84a38b21ff99cd045dbd7 P da1c8a01591345c0be387c13cc674056 [term 1 LEADER]: Committing config change with OpId 1.4: config changed from index 3 to 4, VOTER 7868916be1204965955cb88df107d765 (127.15.31.196) evicted. New config: { opid_index: 4 OBSOLETE_local: false peers { permanent_uuid: "da1c8a01591345c0be387c13cc674056" member_type: VOTER last_known_addr { host: "127.15.31.193" port: 38525 } } peers { permanent_uuid: "f781eb69798740369774ddf38eaa0798" member_type: VOTER last_known_addr { host: "127.15.31.194" port: 32883 } } peers { permanent_uuid: "75f3107eda204c22b05df27889d952db" member_type: VOTER last_known_addr { host: "127.15.31.195" port: 41567 } attrs { promote: false } } }
I20260608 09:56:59.160584 18604 raft_consensus.cc:2955] T d9a4b12e5fa84a38b21ff99cd045dbd7 P f781eb69798740369774ddf38eaa0798 [term 1 FOLLOWER]: Committing config change with OpId 1.4: config changed from index 3 to 4, VOTER 7868916be1204965955cb88df107d765 (127.15.31.196) evicted. New config: { opid_index: 4 OBSOLETE_local: false peers { permanent_uuid: "da1c8a01591345c0be387c13cc674056" member_type: VOTER last_known_addr { host: "127.15.31.193" port: 38525 } } peers { permanent_uuid: "f781eb69798740369774ddf38eaa0798" member_type: VOTER last_known_addr { host: "127.15.31.194" port: 32883 } } peers { permanent_uuid: "75f3107eda204c22b05df27889d952db" member_type: VOTER last_known_addr { host: "127.15.31.195" port: 41567 } attrs { promote: false } } }
I20260608 09:56:59.163455 18678 raft_consensus.cc:2955] T d9a4b12e5fa84a38b21ff99cd045dbd7 P 75f3107eda204c22b05df27889d952db [term 1 FOLLOWER]: Committing config change with OpId 1.4: config changed from index 3 to 4, VOTER 7868916be1204965955cb88df107d765 (127.15.31.196) evicted. New config: { opid_index: 4 OBSOLETE_local: false peers { permanent_uuid: "da1c8a01591345c0be387c13cc674056" member_type: VOTER last_known_addr { host: "127.15.31.193" port: 38525 } } peers { permanent_uuid: "f781eb69798740369774ddf38eaa0798" member_type: VOTER last_known_addr { host: "127.15.31.194" port: 32883 } } peers { permanent_uuid: "75f3107eda204c22b05df27889d952db" member_type: VOTER last_known_addr { host: "127.15.31.195" port: 41567 } attrs { promote: false } } }
I20260608 09:56:59.168737 18413 catalog_manager.cc:5209] ChangeConfig:REMOVE_PEER RPC for tablet d9a4b12e5fa84a38b21ff99cd045dbd7 with cas_config_opid_index 3: ChangeConfig:REMOVE_PEER succeeded (attempt 1)
I20260608 09:56:59.174912 18424 catalog_manager.cc:5696] T d9a4b12e5fa84a38b21ff99cd045dbd7 P da1c8a01591345c0be387c13cc674056 reported cstate change: config changed from index 3 to 4, VOTER 7868916be1204965955cb88df107d765 (127.15.31.196) evicted. New cstate: current_term: 1 leader_uuid: "da1c8a01591345c0be387c13cc674056" committed_config { opid_index: 4 OBSOLETE_local: false peers { permanent_uuid: "da1c8a01591345c0be387c13cc674056" member_type: VOTER last_known_addr { host: "127.15.31.193" port: 38525 } health_report { overall_health: HEALTHY } } peers { permanent_uuid: "f781eb69798740369774ddf38eaa0798" member_type: VOTER last_known_addr { host: "127.15.31.194" port: 32883 } health_report { overall_health: HEALTHY } } peers { permanent_uuid: "75f3107eda204c22b05df27889d952db" member_type: VOTER last_known_addr { host: "127.15.31.195" port: 41567 } attrs { promote: false } health_report { overall_health: HEALTHY } } }
I20260608 09:56:59.187645 18824 tablet_service.cc:1558] Processing DeleteTablet for tablet d9a4b12e5fa84a38b21ff99cd045dbd7 with delete_type TABLET_DATA_TOMBSTONED (TS 7868916be1204965955cb88df107d765 not found in new config with opid_index 4) from {username='slave'} at 127.0.0.1:36342
I20260608 09:56:59.190727 19052 tablet_replica.cc:333] T d9a4b12e5fa84a38b21ff99cd045dbd7 P 7868916be1204965955cb88df107d765: stopping tablet replica
I20260608 09:56:59.191545 19052 raft_consensus.cc:2243] T d9a4b12e5fa84a38b21ff99cd045dbd7 P 7868916be1204965955cb88df107d765 [term 1 FOLLOWER]: Raft consensus shutting down.
I20260608 09:56:59.192158 19052 raft_consensus.cc:2272] T d9a4b12e5fa84a38b21ff99cd045dbd7 P 7868916be1204965955cb88df107d765 [term 1 FOLLOWER]: Raft consensus is shut down!
I20260608 09:56:59.194851 19052 ts_tablet_manager.cc:1916] T d9a4b12e5fa84a38b21ff99cd045dbd7 P 7868916be1204965955cb88df107d765: Deleting tablet data with delete state TABLET_DATA_TOMBSTONED
I20260608 09:56:59.205399 19052 ts_tablet_manager.cc:1929] T d9a4b12e5fa84a38b21ff99cd045dbd7 P 7868916be1204965955cb88df107d765: tablet deleted with delete type TABLET_DATA_TOMBSTONED: last-logged OpId 1.3
I20260608 09:56:59.205716 19052 log.cc:1199] T d9a4b12e5fa84a38b21ff99cd045dbd7 P 7868916be1204965955cb88df107d765: Deleting WAL directory at /tmp/dist-test-taskSxkcbW/test-tmp/auto_rebalancer-test.0.AutoRebalancerTest.RangeAwareRebalancesNewRangeReplicas.1780912529321469-15487-0/minicluster-data/ts-3-root/wals/d9a4b12e5fa84a38b21ff99cd045dbd7
I20260608 09:56:59.207042 18414 catalog_manager.cc:5027] TS 7868916be1204965955cb88df107d765 (127.15.31.196:41071): tablet d9a4b12e5fa84a38b21ff99cd045dbd7 (table range_aware_rebalance_new_range [id=a9949484290d4fb6b419a9e26d1d5376]) successfully deleted
I20260608 09:57:00.211257 18604 consensus_queue.cc:237] T 6f51e089437f41c985b7b2278b722c64 P f781eb69798740369774ddf38eaa0798 [LEADER]: Queue going to LEADER mode. State: All replicated index: 0, Majority replicated index: 1, Committed index: 1, Last appended: 1.1, Last appended by leader: 0, Current term: 1, Majority size: 2, State: 0, Mode: LEADER, active raft config: opid_index: 2 OBSOLETE_local: false peers { permanent_uuid: "da1c8a01591345c0be387c13cc674056" member_type: VOTER last_known_addr { host: "127.15.31.193" port: 38525 } } peers { permanent_uuid: "f781eb69798740369774ddf38eaa0798" member_type: VOTER last_known_addr { host: "127.15.31.194" port: 32883 } } peers { permanent_uuid: "75f3107eda204c22b05df27889d952db" member_type: VOTER last_known_addr { host: "127.15.31.195" port: 41567 } attrs { replace: true } } peers { permanent_uuid: "7868916be1204965955cb88df107d765" member_type: NON_VOTER last_known_addr { host: "127.15.31.196" port: 41071 } attrs { promote: true } }
I20260608 09:57:00.217671 18678 raft_consensus.cc:1275] T 6f51e089437f41c985b7b2278b722c64 P 75f3107eda204c22b05df27889d952db [term 1 FOLLOWER]: Refusing update from remote peer f781eb69798740369774ddf38eaa0798: Log matching property violated. Preceding OpId in replica: term: 1 index: 1. Preceding OpId from leader: term: 1 index: 2. (index mismatch)
I20260608 09:57:00.217984 18528 raft_consensus.cc:1275] T 6f51e089437f41c985b7b2278b722c64 P da1c8a01591345c0be387c13cc674056 [term 1 FOLLOWER]: Refusing update from remote peer f781eb69798740369774ddf38eaa0798: Log matching property violated. Preceding OpId in replica: term: 1 index: 1. Preceding OpId from leader: term: 1 index: 2. (index mismatch)
W20260608 09:57:00.218541 18570 consensus_peers.cc:597] T 6f51e089437f41c985b7b2278b722c64 P f781eb69798740369774ddf38eaa0798 -> Peer 7868916be1204965955cb88df107d765 (127.15.31.196:41071): Couldn't send request to peer 7868916be1204965955cb88df107d765. Error code: TABLET_NOT_FOUND (6). Status: Not found: Tablet not found: 6f51e089437f41c985b7b2278b722c64. This is attempt 1: this message will repeat every 5th retry.
I20260608 09:57:00.219419 19080 consensus_queue.cc:1048] T 6f51e089437f41c985b7b2278b722c64 P f781eb69798740369774ddf38eaa0798 [LEADER]: Connected to new peer: Peer: permanent_uuid: "da1c8a01591345c0be387c13cc674056" member_type: VOTER last_known_addr { host: "127.15.31.193" port: 38525 }, Status: LMP_MISMATCH, Last received: 0.0, Next index: 2, Last known committed idx: 1, Time since last communication: 0.000s
I20260608 09:57:00.220212 19076 consensus_queue.cc:1048] T 6f51e089437f41c985b7b2278b722c64 P f781eb69798740369774ddf38eaa0798 [LEADER]: Connected to new peer: Peer: permanent_uuid: "75f3107eda204c22b05df27889d952db" member_type: VOTER last_known_addr { host: "127.15.31.195" port: 41567 } attrs { replace: true }, Status: LMP_MISMATCH, Last received: 0.0, Next index: 2, Last known committed idx: 1, Time since last communication: 0.000s
I20260608 09:57:00.229496 19081 raft_consensus.cc:2955] T 6f51e089437f41c985b7b2278b722c64 P f781eb69798740369774ddf38eaa0798 [term 1 LEADER]: Committing config change with OpId 1.2: config changed from index -1 to 2, NON_VOTER 7868916be1204965955cb88df107d765 (127.15.31.196) added. New config: { opid_index: 2 OBSOLETE_local: false peers { permanent_uuid: "da1c8a01591345c0be387c13cc674056" member_type: VOTER last_known_addr { host: "127.15.31.193" port: 38525 } } peers { permanent_uuid: "f781eb69798740369774ddf38eaa0798" member_type: VOTER last_known_addr { host: "127.15.31.194" port: 32883 } } peers { permanent_uuid: "75f3107eda204c22b05df27889d952db" member_type: VOTER last_known_addr { host: "127.15.31.195" port: 41567 } attrs { replace: true } } peers { permanent_uuid: "7868916be1204965955cb88df107d765" member_type: NON_VOTER last_known_addr { host: "127.15.31.196" port: 41071 } attrs { promote: true } } }
I20260608 09:57:00.231084 18528 raft_consensus.cc:2955] T 6f51e089437f41c985b7b2278b722c64 P da1c8a01591345c0be387c13cc674056 [term 1 FOLLOWER]: Committing config change with OpId 1.2: config changed from index -1 to 2, NON_VOTER 7868916be1204965955cb88df107d765 (127.15.31.196) added. New config: { opid_index: 2 OBSOLETE_local: false peers { permanent_uuid: "da1c8a01591345c0be387c13cc674056" member_type: VOTER last_known_addr { host: "127.15.31.193" port: 38525 } } peers { permanent_uuid: "f781eb69798740369774ddf38eaa0798" member_type: VOTER last_known_addr { host: "127.15.31.194" port: 32883 } } peers { permanent_uuid: "75f3107eda204c22b05df27889d952db" member_type: VOTER last_known_addr { host: "127.15.31.195" port: 41567 } attrs { replace: true } } peers { permanent_uuid: "7868916be1204965955cb88df107d765" member_type: NON_VOTER last_known_addr { host: "127.15.31.196" port: 41071 } attrs { promote: true } } }
I20260608 09:57:00.231575 18678 raft_consensus.cc:2955] T 6f51e089437f41c985b7b2278b722c64 P 75f3107eda204c22b05df27889d952db [term 1 FOLLOWER]: Committing config change with OpId 1.2: config changed from index -1 to 2, NON_VOTER 7868916be1204965955cb88df107d765 (127.15.31.196) added. New config: { opid_index: 2 OBSOLETE_local: false peers { permanent_uuid: "da1c8a01591345c0be387c13cc674056" member_type: VOTER last_known_addr { host: "127.15.31.193" port: 38525 } } peers { permanent_uuid: "f781eb69798740369774ddf38eaa0798" member_type: VOTER last_known_addr { host: "127.15.31.194" port: 32883 } } peers { permanent_uuid: "75f3107eda204c22b05df27889d952db" member_type: VOTER last_known_addr { host: "127.15.31.195" port: 41567 } attrs { replace: true } } peers { permanent_uuid: "7868916be1204965955cb88df107d765" member_type: NON_VOTER last_known_addr { host: "127.15.31.196" port: 41071 } attrs { promote: true } } }
I20260608 09:57:00.247113 18427 catalog_manager.cc:5696] T 6f51e089437f41c985b7b2278b722c64 P da1c8a01591345c0be387c13cc674056 reported cstate change: config changed from index -1 to 2, NON_VOTER 7868916be1204965955cb88df107d765 (127.15.31.196) added. New cstate: current_term: 1 leader_uuid: "f781eb69798740369774ddf38eaa0798" committed_config { opid_index: 2 OBSOLETE_local: false peers { permanent_uuid: "da1c8a01591345c0be387c13cc674056" member_type: VOTER last_known_addr { host: "127.15.31.193" port: 38525 } } peers { permanent_uuid: "f781eb69798740369774ddf38eaa0798" member_type: VOTER last_known_addr { host: "127.15.31.194" port: 32883 } } peers { permanent_uuid: "75f3107eda204c22b05df27889d952db" member_type: VOTER last_known_addr { host: "127.15.31.195" port: 41567 } attrs { replace: true } } peers { permanent_uuid: "7868916be1204965955cb88df107d765" member_type: NON_VOTER last_known_addr { host: "127.15.31.196" port: 41071 } attrs { promote: true } } }
I20260608 09:57:00.355425 18480 auto_leader_rebalancer.cc:140] leader rebalance for table range_aware_rebalance_new_range
I20260608 09:57:00.370396 18480 auto_leader_rebalancer.cc:388] table: range_aware_rebalance_new_range, leader rebalance finish, leader transfer count: 0
I20260608 09:57:00.371287 18480 auto_leader_rebalancer.cc:451] All tables' leader rebalancing finished this round
I20260608 09:57:00.644232 19089 ts_tablet_manager.cc:933] T 6f51e089437f41c985b7b2278b722c64 P 7868916be1204965955cb88df107d765: Initiating tablet copy from peer f781eb69798740369774ddf38eaa0798 (127.15.31.194:32883)
I20260608 09:57:00.646164 19089 tablet_copy_client.cc:323] T 6f51e089437f41c985b7b2278b722c64 P 7868916be1204965955cb88df107d765: tablet copy: Beginning tablet copy session from remote peer at address 127.15.31.194:32883
I20260608 09:57:00.647807 18614 tablet_copy_service.cc:140] P f781eb69798740369774ddf38eaa0798: Received BeginTabletCopySession request for tablet 6f51e089437f41c985b7b2278b722c64 from peer 7868916be1204965955cb88df107d765 ({username='slave'} at 127.0.0.1:59788)
I20260608 09:57:00.648268 18614 tablet_copy_service.cc:161] P f781eb69798740369774ddf38eaa0798: Beginning new tablet copy session on tablet 6f51e089437f41c985b7b2278b722c64 from peer 7868916be1204965955cb88df107d765 at {username='slave'} at 127.0.0.1:59788: session id = 7868916be1204965955cb88df107d765-6f51e089437f41c985b7b2278b722c64
I20260608 09:57:00.654914 18614 tablet_copy_source_session.cc:215] T 6f51e089437f41c985b7b2278b722c64 P f781eb69798740369774ddf38eaa0798: Tablet Copy: opened 0 blocks and 1 log segments
I20260608 09:57:00.657891 19089 data_dirs.cc:400] Could only allocate 1 dirs of requested 3 for tablet 6f51e089437f41c985b7b2278b722c64. 1 dirs total, 0 dirs full, 0 dirs failed
I20260608 09:57:00.670210 19089 tablet_copy_client.cc:806] T 6f51e089437f41c985b7b2278b722c64 P 7868916be1204965955cb88df107d765: tablet copy: Starting download of 0 data blocks...
I20260608 09:57:00.670848 19089 tablet_copy_client.cc:670] T 6f51e089437f41c985b7b2278b722c64 P 7868916be1204965955cb88df107d765: tablet copy: Starting download of 1 WAL segments...
I20260608 09:57:00.674678 19089 tablet_copy_client.cc:538] T 6f51e089437f41c985b7b2278b722c64 P 7868916be1204965955cb88df107d765: tablet copy: Tablet Copy complete. Replacing tablet superblock.
I20260608 09:57:00.680344 19089 tablet_bootstrap.cc:492] T 6f51e089437f41c985b7b2278b722c64 P 7868916be1204965955cb88df107d765: Bootstrap starting.
I20260608 09:57:00.698019 19089 tablet_bootstrap.cc:492] T 6f51e089437f41c985b7b2278b722c64 P 7868916be1204965955cb88df107d765: Bootstrap replayed 1/1 log segments. Stats: ops{read=2 overwritten=0 applied=2 ignored=0} inserts{seen=0 ignored=0} mutations{seen=0 ignored=0} orphaned_commits=0. Pending: 0 replicates
I20260608 09:57:00.698696 19089 tablet_bootstrap.cc:492] T 6f51e089437f41c985b7b2278b722c64 P 7868916be1204965955cb88df107d765: Bootstrap complete.
I20260608 09:57:00.699218 19089 ts_tablet_manager.cc:1403] T 6f51e089437f41c985b7b2278b722c64 P 7868916be1204965955cb88df107d765: Time spent bootstrapping tablet: real 0.019s	user 0.011s	sys 0.004s
I20260608 09:57:00.701476 19089 raft_consensus.cc:359] T 6f51e089437f41c985b7b2278b722c64 P 7868916be1204965955cb88df107d765 [term 1 LEARNER]: Replica starting. Triggering 0 pending ops. Active config: opid_index: 2 OBSOLETE_local: false peers { permanent_uuid: "da1c8a01591345c0be387c13cc674056" member_type: VOTER last_known_addr { host: "127.15.31.193" port: 38525 } } peers { permanent_uuid: "f781eb69798740369774ddf38eaa0798" member_type: VOTER last_known_addr { host: "127.15.31.194" port: 32883 } } peers { permanent_uuid: "75f3107eda204c22b05df27889d952db" member_type: VOTER last_known_addr { host: "127.15.31.195" port: 41567 } attrs { replace: true } } peers { permanent_uuid: "7868916be1204965955cb88df107d765" member_type: NON_VOTER last_known_addr { host: "127.15.31.196" port: 41071 } attrs { promote: true } }
I20260608 09:57:00.702078 19089 raft_consensus.cc:740] T 6f51e089437f41c985b7b2278b722c64 P 7868916be1204965955cb88df107d765 [term 1 LEARNER]: Becoming Follower/Learner. State: Replica: 7868916be1204965955cb88df107d765, State: Initialized, Role: LEARNER
I20260608 09:57:00.702600 19089 consensus_queue.cc:260] T 6f51e089437f41c985b7b2278b722c64 P 7868916be1204965955cb88df107d765 [NON_LEADER]: Queue going to NON_LEADER mode. State: All replicated index: 0, Majority replicated index: 0, Committed index: 2, Last appended: 1.2, Last appended by leader: 2, Current term: 0, Majority size: -1, State: 0, Mode: NON_LEADER, active raft config: opid_index: 2 OBSOLETE_local: false peers { permanent_uuid: "da1c8a01591345c0be387c13cc674056" member_type: VOTER last_known_addr { host: "127.15.31.193" port: 38525 } } peers { permanent_uuid: "f781eb69798740369774ddf38eaa0798" member_type: VOTER last_known_addr { host: "127.15.31.194" port: 32883 } } peers { permanent_uuid: "75f3107eda204c22b05df27889d952db" member_type: VOTER last_known_addr { host: "127.15.31.195" port: 41567 } attrs { replace: true } } peers { permanent_uuid: "7868916be1204965955cb88df107d765" member_type: NON_VOTER last_known_addr { host: "127.15.31.196" port: 41071 } attrs { promote: true } }
I20260608 09:57:00.704519 19089 ts_tablet_manager.cc:1434] T 6f51e089437f41c985b7b2278b722c64 P 7868916be1204965955cb88df107d765: Time spent starting tablet: real 0.005s	user 0.008s	sys 0.000s
I20260608 09:57:00.706152 18614 tablet_copy_service.cc:342] P f781eb69798740369774ddf38eaa0798: Request end of tablet copy session 7868916be1204965955cb88df107d765-6f51e089437f41c985b7b2278b722c64 received from {username='slave'} at 127.0.0.1:59788
I20260608 09:57:00.706552 18614 tablet_copy_service.cc:434] P f781eb69798740369774ddf38eaa0798: ending tablet copy session 7868916be1204965955cb88df107d765-6f51e089437f41c985b7b2278b722c64 on tablet 6f51e089437f41c985b7b2278b722c64 with peer 7868916be1204965955cb88df107d765
I20260608 09:57:01.245203 18838 raft_consensus.cc:1217] T 6f51e089437f41c985b7b2278b722c64 P 7868916be1204965955cb88df107d765 [term 1 LEARNER]: Deduplicated request from leader. Original: 1.1->[1.2-1.2]   Dedup: 1.2->[]
I20260608 09:57:01.851040 19093 raft_consensus.cc:1064] T 6f51e089437f41c985b7b2278b722c64 P f781eb69798740369774ddf38eaa0798: attempting to promote NON_VOTER 7868916be1204965955cb88df107d765 to VOTER
I20260608 09:57:01.853582 19093 consensus_queue.cc:237] T 6f51e089437f41c985b7b2278b722c64 P f781eb69798740369774ddf38eaa0798 [LEADER]: Queue going to LEADER mode. State: All replicated index: 0, Majority replicated index: 2, Committed index: 2, Last appended: 1.2, Last appended by leader: 0, Current term: 1, Majority size: 3, State: 0, Mode: LEADER, active raft config: opid_index: 3 OBSOLETE_local: false peers { permanent_uuid: "da1c8a01591345c0be387c13cc674056" member_type: VOTER last_known_addr { host: "127.15.31.193" port: 38525 } } peers { permanent_uuid: "f781eb69798740369774ddf38eaa0798" member_type: VOTER last_known_addr { host: "127.15.31.194" port: 32883 } } peers { permanent_uuid: "75f3107eda204c22b05df27889d952db" member_type: VOTER last_known_addr { host: "127.15.31.195" port: 41567 } attrs { replace: true } } peers { permanent_uuid: "7868916be1204965955cb88df107d765" member_type: VOTER last_known_addr { host: "127.15.31.196" port: 41071 } attrs { promote: false } }
I20260608 09:57:01.861845 18838 raft_consensus.cc:1275] T 6f51e089437f41c985b7b2278b722c64 P 7868916be1204965955cb88df107d765 [term 1 LEARNER]: Refusing update from remote peer f781eb69798740369774ddf38eaa0798: Log matching property violated. Preceding OpId in replica: term: 1 index: 2. Preceding OpId from leader: term: 1 index: 3. (index mismatch)
I20260608 09:57:01.863359 18678 raft_consensus.cc:1275] T 6f51e089437f41c985b7b2278b722c64 P 75f3107eda204c22b05df27889d952db [term 1 FOLLOWER]: Refusing update from remote peer f781eb69798740369774ddf38eaa0798: Log matching property violated. Preceding OpId in replica: term: 1 index: 2. Preceding OpId from leader: term: 1 index: 3. (index mismatch)
I20260608 09:57:01.863616 18529 raft_consensus.cc:1275] T 6f51e089437f41c985b7b2278b722c64 P da1c8a01591345c0be387c13cc674056 [term 1 FOLLOWER]: Refusing update from remote peer f781eb69798740369774ddf38eaa0798: Log matching property violated. Preceding OpId in replica: term: 1 index: 2. Preceding OpId from leader: term: 1 index: 3. (index mismatch)
I20260608 09:57:01.865280 19095 consensus_queue.cc:1048] T 6f51e089437f41c985b7b2278b722c64 P f781eb69798740369774ddf38eaa0798 [LEADER]: Connected to new peer: Peer: permanent_uuid: "75f3107eda204c22b05df27889d952db" member_type: VOTER last_known_addr { host: "127.15.31.195" port: 41567 } attrs { replace: true }, Status: LMP_MISMATCH, Last received: 0.0, Next index: 3, Last known committed idx: 2, Time since last communication: 0.001s
I20260608 09:57:01.866459 19098 consensus_queue.cc:1048] T 6f51e089437f41c985b7b2278b722c64 P f781eb69798740369774ddf38eaa0798 [LEADER]: Connected to new peer: Peer: permanent_uuid: "7868916be1204965955cb88df107d765" member_type: VOTER last_known_addr { host: "127.15.31.196" port: 41071 } attrs { promote: false }, Status: LMP_MISMATCH, Last received: 0.0, Next index: 3, Last known committed idx: 2, Time since last communication: 0.001s
I20260608 09:57:01.871351 19093 consensus_queue.cc:1048] T 6f51e089437f41c985b7b2278b722c64 P f781eb69798740369774ddf38eaa0798 [LEADER]: Connected to new peer: Peer: permanent_uuid: "da1c8a01591345c0be387c13cc674056" member_type: VOTER last_known_addr { host: "127.15.31.193" port: 38525 }, Status: LMP_MISMATCH, Last received: 0.0, Next index: 3, Last known committed idx: 2, Time since last communication: 0.000s
I20260608 09:57:01.880363 19098 raft_consensus.cc:2955] T 6f51e089437f41c985b7b2278b722c64 P f781eb69798740369774ddf38eaa0798 [term 1 LEADER]: Committing config change with OpId 1.3: config changed from index 2 to 3, 7868916be1204965955cb88df107d765 (127.15.31.196) changed from NON_VOTER to VOTER. New config: { opid_index: 3 OBSOLETE_local: false peers { permanent_uuid: "da1c8a01591345c0be387c13cc674056" member_type: VOTER last_known_addr { host: "127.15.31.193" port: 38525 } } peers { permanent_uuid: "f781eb69798740369774ddf38eaa0798" member_type: VOTER last_known_addr { host: "127.15.31.194" port: 32883 } } peers { permanent_uuid: "75f3107eda204c22b05df27889d952db" member_type: VOTER last_known_addr { host: "127.15.31.195" port: 41567 } attrs { replace: true } } peers { permanent_uuid: "7868916be1204965955cb88df107d765" member_type: VOTER last_known_addr { host: "127.15.31.196" port: 41071 } attrs { promote: false } } }
I20260608 09:57:01.882725 18678 raft_consensus.cc:2955] T 6f51e089437f41c985b7b2278b722c64 P 75f3107eda204c22b05df27889d952db [term 1 FOLLOWER]: Committing config change with OpId 1.3: config changed from index 2 to 3, 7868916be1204965955cb88df107d765 (127.15.31.196) changed from NON_VOTER to VOTER. New config: { opid_index: 3 OBSOLETE_local: false peers { permanent_uuid: "da1c8a01591345c0be387c13cc674056" member_type: VOTER last_known_addr { host: "127.15.31.193" port: 38525 } } peers { permanent_uuid: "f781eb69798740369774ddf38eaa0798" member_type: VOTER last_known_addr { host: "127.15.31.194" port: 32883 } } peers { permanent_uuid: "75f3107eda204c22b05df27889d952db" member_type: VOTER last_known_addr { host: "127.15.31.195" port: 41567 } attrs { replace: true } } peers { permanent_uuid: "7868916be1204965955cb88df107d765" member_type: VOTER last_known_addr { host: "127.15.31.196" port: 41071 } attrs { promote: false } } }
I20260608 09:57:01.890182 18529 raft_consensus.cc:2955] T 6f51e089437f41c985b7b2278b722c64 P da1c8a01591345c0be387c13cc674056 [term 1 FOLLOWER]: Committing config change with OpId 1.3: config changed from index 2 to 3, 7868916be1204965955cb88df107d765 (127.15.31.196) changed from NON_VOTER to VOTER. New config: { opid_index: 3 OBSOLETE_local: false peers { permanent_uuid: "da1c8a01591345c0be387c13cc674056" member_type: VOTER last_known_addr { host: "127.15.31.193" port: 38525 } } peers { permanent_uuid: "f781eb69798740369774ddf38eaa0798" member_type: VOTER last_known_addr { host: "127.15.31.194" port: 32883 } } peers { permanent_uuid: "75f3107eda204c22b05df27889d952db" member_type: VOTER last_known_addr { host: "127.15.31.195" port: 41567 } attrs { replace: true } } peers { permanent_uuid: "7868916be1204965955cb88df107d765" member_type: VOTER last_known_addr { host: "127.15.31.196" port: 41071 } attrs { promote: false } } }
I20260608 09:57:01.894434 18838 raft_consensus.cc:2955] T 6f51e089437f41c985b7b2278b722c64 P 7868916be1204965955cb88df107d765 [term 1 FOLLOWER]: Committing config change with OpId 1.3: config changed from index 2 to 3, 7868916be1204965955cb88df107d765 (127.15.31.196) changed from NON_VOTER to VOTER. New config: { opid_index: 3 OBSOLETE_local: false peers { permanent_uuid: "da1c8a01591345c0be387c13cc674056" member_type: VOTER last_known_addr { host: "127.15.31.193" port: 38525 } } peers { permanent_uuid: "f781eb69798740369774ddf38eaa0798" member_type: VOTER last_known_addr { host: "127.15.31.194" port: 32883 } } peers { permanent_uuid: "75f3107eda204c22b05df27889d952db" member_type: VOTER last_known_addr { host: "127.15.31.195" port: 41567 } attrs { replace: true } } peers { permanent_uuid: "7868916be1204965955cb88df107d765" member_type: VOTER last_known_addr { host: "127.15.31.196" port: 41071 } attrs { promote: false } } }
I20260608 09:57:01.901432 18424 catalog_manager.cc:5696] T 6f51e089437f41c985b7b2278b722c64 P 75f3107eda204c22b05df27889d952db reported cstate change: config changed from index 2 to 3, 7868916be1204965955cb88df107d765 (127.15.31.196) changed from NON_VOTER to VOTER. New cstate: current_term: 1 leader_uuid: "f781eb69798740369774ddf38eaa0798" committed_config { opid_index: 3 OBSOLETE_local: false peers { permanent_uuid: "da1c8a01591345c0be387c13cc674056" member_type: VOTER last_known_addr { host: "127.15.31.193" port: 38525 } } peers { permanent_uuid: "f781eb69798740369774ddf38eaa0798" member_type: VOTER last_known_addr { host: "127.15.31.194" port: 32883 } } peers { permanent_uuid: "75f3107eda204c22b05df27889d952db" member_type: VOTER last_known_addr { host: "127.15.31.195" port: 41567 } attrs { replace: true } } peers { permanent_uuid: "7868916be1204965955cb88df107d765" member_type: VOTER last_known_addr { host: "127.15.31.196" port: 41071 } attrs { promote: false } } }
I20260608 09:57:01.932013 18604 consensus_queue.cc:237] T 6f51e089437f41c985b7b2278b722c64 P f781eb69798740369774ddf38eaa0798 [LEADER]: Queue going to LEADER mode. State: All replicated index: 0, Majority replicated index: 3, Committed index: 3, Last appended: 1.3, Last appended by leader: 0, Current term: 1, Majority size: 2, State: 0, Mode: LEADER, active raft config: opid_index: 4 OBSOLETE_local: false peers { permanent_uuid: "da1c8a01591345c0be387c13cc674056" member_type: VOTER last_known_addr { host: "127.15.31.193" port: 38525 } } peers { permanent_uuid: "f781eb69798740369774ddf38eaa0798" member_type: VOTER last_known_addr { host: "127.15.31.194" port: 32883 } } peers { permanent_uuid: "7868916be1204965955cb88df107d765" member_type: VOTER last_known_addr { host: "127.15.31.196" port: 41071 } attrs { promote: false } }
I20260608 09:57:01.937135 18838 raft_consensus.cc:1275] T 6f51e089437f41c985b7b2278b722c64 P 7868916be1204965955cb88df107d765 [term 1 FOLLOWER]: Refusing update from remote peer f781eb69798740369774ddf38eaa0798: Log matching property violated. Preceding OpId in replica: term: 1 index: 3. Preceding OpId from leader: term: 1 index: 4. (index mismatch)
I20260608 09:57:01.938136 18529 raft_consensus.cc:1275] T 6f51e089437f41c985b7b2278b722c64 P da1c8a01591345c0be387c13cc674056 [term 1 FOLLOWER]: Refusing update from remote peer f781eb69798740369774ddf38eaa0798: Log matching property violated. Preceding OpId in replica: term: 1 index: 3. Preceding OpId from leader: term: 1 index: 4. (index mismatch)
I20260608 09:57:01.938793 19098 consensus_queue.cc:1048] T 6f51e089437f41c985b7b2278b722c64 P f781eb69798740369774ddf38eaa0798 [LEADER]: Connected to new peer: Peer: permanent_uuid: "7868916be1204965955cb88df107d765" member_type: VOTER last_known_addr { host: "127.15.31.196" port: 41071 } attrs { promote: false }, Status: LMP_MISMATCH, Last received: 0.0, Next index: 4, Last known committed idx: 3, Time since last communication: 0.000s
I20260608 09:57:01.939767 19095 consensus_queue.cc:1048] T 6f51e089437f41c985b7b2278b722c64 P f781eb69798740369774ddf38eaa0798 [LEADER]: Connected to new peer: Peer: permanent_uuid: "da1c8a01591345c0be387c13cc674056" member_type: VOTER last_known_addr { host: "127.15.31.193" port: 38525 }, Status: LMP_MISMATCH, Last received: 0.0, Next index: 4, Last known committed idx: 3, Time since last communication: 0.000s
I20260608 09:57:01.946044 19093 raft_consensus.cc:2955] T 6f51e089437f41c985b7b2278b722c64 P f781eb69798740369774ddf38eaa0798 [term 1 LEADER]: Committing config change with OpId 1.4: config changed from index 3 to 4, VOTER 75f3107eda204c22b05df27889d952db (127.15.31.195) evicted. New config: { opid_index: 4 OBSOLETE_local: false peers { permanent_uuid: "da1c8a01591345c0be387c13cc674056" member_type: VOTER last_known_addr { host: "127.15.31.193" port: 38525 } } peers { permanent_uuid: "f781eb69798740369774ddf38eaa0798" member_type: VOTER last_known_addr { host: "127.15.31.194" port: 32883 } } peers { permanent_uuid: "7868916be1204965955cb88df107d765" member_type: VOTER last_known_addr { host: "127.15.31.196" port: 41071 } attrs { promote: false } } }
I20260608 09:57:01.948589 18529 raft_consensus.cc:2955] T 6f51e089437f41c985b7b2278b722c64 P da1c8a01591345c0be387c13cc674056 [term 1 FOLLOWER]: Committing config change with OpId 1.4: config changed from index 3 to 4, VOTER 75f3107eda204c22b05df27889d952db (127.15.31.195) evicted. New config: { opid_index: 4 OBSOLETE_local: false peers { permanent_uuid: "da1c8a01591345c0be387c13cc674056" member_type: VOTER last_known_addr { host: "127.15.31.193" port: 38525 } } peers { permanent_uuid: "f781eb69798740369774ddf38eaa0798" member_type: VOTER last_known_addr { host: "127.15.31.194" port: 32883 } } peers { permanent_uuid: "7868916be1204965955cb88df107d765" member_type: VOTER last_known_addr { host: "127.15.31.196" port: 41071 } attrs { promote: false } } }
I20260608 09:57:01.948711 18838 raft_consensus.cc:2955] T 6f51e089437f41c985b7b2278b722c64 P 7868916be1204965955cb88df107d765 [term 1 FOLLOWER]: Committing config change with OpId 1.4: config changed from index 3 to 4, VOTER 75f3107eda204c22b05df27889d952db (127.15.31.195) evicted. New config: { opid_index: 4 OBSOLETE_local: false peers { permanent_uuid: "da1c8a01591345c0be387c13cc674056" member_type: VOTER last_known_addr { host: "127.15.31.193" port: 38525 } } peers { permanent_uuid: "f781eb69798740369774ddf38eaa0798" member_type: VOTER last_known_addr { host: "127.15.31.194" port: 32883 } } peers { permanent_uuid: "7868916be1204965955cb88df107d765" member_type: VOTER last_known_addr { host: "127.15.31.196" port: 41071 } attrs { promote: false } } }
I20260608 09:57:01.957382 18412 catalog_manager.cc:5209] ChangeConfig:REMOVE_PEER RPC for tablet 6f51e089437f41c985b7b2278b722c64 with cas_config_opid_index 3: ChangeConfig:REMOVE_PEER succeeded (attempt 1)
I20260608 09:57:01.965600 18426 catalog_manager.cc:5696] T 6f51e089437f41c985b7b2278b722c64 P da1c8a01591345c0be387c13cc674056 reported cstate change: config changed from index 3 to 4, VOTER 75f3107eda204c22b05df27889d952db (127.15.31.195) evicted. New cstate: current_term: 1 leader_uuid: "f781eb69798740369774ddf38eaa0798" committed_config { opid_index: 4 OBSOLETE_local: false peers { permanent_uuid: "da1c8a01591345c0be387c13cc674056" member_type: VOTER last_known_addr { host: "127.15.31.193" port: 38525 } } peers { permanent_uuid: "f781eb69798740369774ddf38eaa0798" member_type: VOTER last_known_addr { host: "127.15.31.194" port: 32883 } } peers { permanent_uuid: "7868916be1204965955cb88df107d765" member_type: VOTER last_known_addr { host: "127.15.31.196" port: 41071 } attrs { promote: false } } }
I20260608 09:57:01.978267 18668 tablet_service.cc:1558] Processing DeleteTablet for tablet 6f51e089437f41c985b7b2278b722c64 with delete_type TABLET_DATA_TOMBSTONED (TS 75f3107eda204c22b05df27889d952db not found in new config with opid_index 4) from {username='slave'} at 127.0.0.1:49610
I20260608 09:57:01.981073 19107 tablet_replica.cc:333] T 6f51e089437f41c985b7b2278b722c64 P 75f3107eda204c22b05df27889d952db: stopping tablet replica
I20260608 09:57:01.982249 19107 raft_consensus.cc:2243] T 6f51e089437f41c985b7b2278b722c64 P 75f3107eda204c22b05df27889d952db [term 1 FOLLOWER]: Raft consensus shutting down.
I20260608 09:57:01.982968 19107 raft_consensus.cc:2272] T 6f51e089437f41c985b7b2278b722c64 P 75f3107eda204c22b05df27889d952db [term 1 FOLLOWER]: Raft consensus is shut down!
I20260608 09:57:01.986074 19107 ts_tablet_manager.cc:1916] T 6f51e089437f41c985b7b2278b722c64 P 75f3107eda204c22b05df27889d952db: Deleting tablet data with delete state TABLET_DATA_TOMBSTONED
I20260608 09:57:01.999888 19107 ts_tablet_manager.cc:1929] T 6f51e089437f41c985b7b2278b722c64 P 75f3107eda204c22b05df27889d952db: tablet deleted with delete type TABLET_DATA_TOMBSTONED: last-logged OpId 1.3
I20260608 09:57:02.000314 19107 log.cc:1199] T 6f51e089437f41c985b7b2278b722c64 P 75f3107eda204c22b05df27889d952db: Deleting WAL directory at /tmp/dist-test-taskSxkcbW/test-tmp/auto_rebalancer-test.0.AutoRebalancerTest.RangeAwareRebalancesNewRangeReplicas.1780912529321469-15487-0/minicluster-data/ts-2-root/wals/6f51e089437f41c985b7b2278b722c64
I20260608 09:57:02.002058 18413 catalog_manager.cc:5027] TS 75f3107eda204c22b05df27889d952db (127.15.31.195:41567): tablet 6f51e089437f41c985b7b2278b722c64 (table range_aware_rebalance_new_range [id=a9949484290d4fb6b419a9e26d1d5376]) successfully deleted
I20260608 09:57:02.372432 18480 auto_leader_rebalancer.cc:140] leader rebalance for table range_aware_rebalance_new_range
I20260608 09:57:02.384081 18480 auto_leader_rebalancer.cc:388] table: range_aware_rebalance_new_range, leader rebalance finish, leader transfer count: 0
I20260608 09:57:02.384686 18480 auto_leader_rebalancer.cc:451] All tables' leader rebalancing finished this round
I20260608 09:57:02.615801 15487 tablet_server.cc:179] TabletServer@127.15.31.193:0 shutting down...
W20260608 09:57:02.625905 18643 proxy.cc:239] Call had error, refreshing address and retrying: Remote error: Service unavailable: service kudu.consensus.ConsensusService not registered on TabletServer [suppressed 2 similar messages]
W20260608 09:57:02.630554 18643 consensus_peers.cc:597] T 011f1bb112f04f38b592a7628bf2285a P 75f3107eda204c22b05df27889d952db -> Peer da1c8a01591345c0be387c13cc674056 (127.15.31.193:38525): Couldn't send request to peer da1c8a01591345c0be387c13cc674056. Status: Remote error: Service unavailable: service kudu.consensus.ConsensusService not registered on TabletServer. This is attempt 1: this message will repeat every 5th retry.
W20260608 09:57:02.638127 18643 consensus_peers.cc:597] T 1f4c11b328344ed6baff15413e49af54 P 75f3107eda204c22b05df27889d952db -> Peer da1c8a01591345c0be387c13cc674056 (127.15.31.193:38525): Couldn't send request to peer da1c8a01591345c0be387c13cc674056. Status: Remote error: Service unavailable: service kudu.consensus.ConsensusService not registered on TabletServer. This is attempt 1: this message will repeat every 5th retry.
I20260608 09:57:02.651705 15487 ts_tablet_manager.cc:1507] Shutting down tablet manager...
I20260608 09:57:02.652781 15487 tablet_replica.cc:333] T 30651c39263448b8b5f12f518dac9575 P da1c8a01591345c0be387c13cc674056: stopping tablet replica
I20260608 09:57:02.653497 15487 raft_consensus.cc:2243] T 30651c39263448b8b5f12f518dac9575 P da1c8a01591345c0be387c13cc674056 [term 2 FOLLOWER]: Raft consensus shutting down.
I20260608 09:57:02.653998 15487 raft_consensus.cc:2272] T 30651c39263448b8b5f12f518dac9575 P da1c8a01591345c0be387c13cc674056 [term 2 FOLLOWER]: Raft consensus is shut down!
I20260608 09:57:02.656383 15487 tablet_replica.cc:333] T 1f4c11b328344ed6baff15413e49af54 P da1c8a01591345c0be387c13cc674056: stopping tablet replica
I20260608 09:57:02.656961 15487 raft_consensus.cc:2243] T 1f4c11b328344ed6baff15413e49af54 P da1c8a01591345c0be387c13cc674056 [term 1 FOLLOWER]: Raft consensus shutting down.
I20260608 09:57:02.657414 15487 raft_consensus.cc:2272] T 1f4c11b328344ed6baff15413e49af54 P da1c8a01591345c0be387c13cc674056 [term 1 FOLLOWER]: Raft consensus is shut down!
I20260608 09:57:02.659299 15487 tablet_replica.cc:333] T 8d8362da909c42d29029f123e2615e11 P da1c8a01591345c0be387c13cc674056: stopping tablet replica
I20260608 09:57:02.659909 15487 raft_consensus.cc:2243] T 8d8362da909c42d29029f123e2615e11 P da1c8a01591345c0be387c13cc674056 [term 1 FOLLOWER]: Raft consensus shutting down.
I20260608 09:57:02.660320 15487 raft_consensus.cc:2272] T 8d8362da909c42d29029f123e2615e11 P da1c8a01591345c0be387c13cc674056 [term 1 FOLLOWER]: Raft consensus is shut down!
I20260608 09:57:02.662094 15487 tablet_replica.cc:333] T d9a4b12e5fa84a38b21ff99cd045dbd7 P da1c8a01591345c0be387c13cc674056: stopping tablet replica
I20260608 09:57:02.662650 15487 raft_consensus.cc:2243] T d9a4b12e5fa84a38b21ff99cd045dbd7 P da1c8a01591345c0be387c13cc674056 [term 1 LEADER]: Raft consensus shutting down.
I20260608 09:57:02.663450 15487 raft_consensus.cc:2272] T d9a4b12e5fa84a38b21ff99cd045dbd7 P da1c8a01591345c0be387c13cc674056 [term 1 FOLLOWER]: Raft consensus is shut down!
I20260608 09:57:02.665303 15487 tablet_replica.cc:333] T 30e78bdfcd5f4ec88e39cb0e02ea1b6a P da1c8a01591345c0be387c13cc674056: stopping tablet replica
I20260608 09:57:02.665822 15487 raft_consensus.cc:2243] T 30e78bdfcd5f4ec88e39cb0e02ea1b6a P da1c8a01591345c0be387c13cc674056 [term 1 FOLLOWER]: Raft consensus shutting down.
I20260608 09:57:02.666565 15487 raft_consensus.cc:2272] T 30e78bdfcd5f4ec88e39cb0e02ea1b6a P da1c8a01591345c0be387c13cc674056 [term 1 FOLLOWER]: Raft consensus is shut down!
I20260608 09:57:02.668766 15487 tablet_replica.cc:333] T d9341bd566b8414fb11ca221730e70fd P da1c8a01591345c0be387c13cc674056: stopping tablet replica
I20260608 09:57:02.669327 15487 raft_consensus.cc:2243] T d9341bd566b8414fb11ca221730e70fd P da1c8a01591345c0be387c13cc674056 [term 2 FOLLOWER]: Raft consensus shutting down.
I20260608 09:57:02.669765 15487 raft_consensus.cc:2272] T d9341bd566b8414fb11ca221730e70fd P da1c8a01591345c0be387c13cc674056 [term 2 FOLLOWER]: Raft consensus is shut down!
I20260608 09:57:02.671783 15487 tablet_replica.cc:333] T 8e053e2923bc4c5db0010f2835bf3626 P da1c8a01591345c0be387c13cc674056: stopping tablet replica
I20260608 09:57:02.672330 15487 raft_consensus.cc:2243] T 8e053e2923bc4c5db0010f2835bf3626 P da1c8a01591345c0be387c13cc674056 [term 1 LEADER]: Raft consensus shutting down.
