I20260608 09:48:43.086102 11750 data_dirs.cc:400] Could only allocate 1 dirs of requested 3 for tablet d3fbf827e7b54fc3816780b682483f51. 1 dirs total, 0 dirs full, 0 dirs failed
I20260608 09:48:43.087092 11752 data_dirs.cc:400] Could only allocate 1 dirs of requested 3 for tablet 1b097602eb604877bac74bedb0e73649. 1 dirs total, 0 dirs full, 0 dirs failed
I20260608 09:48:43.089632 11753 tablet_service.cc:1511] Processing CreateTablet for tablet f9b164ffbe7f4ad2bfc2af9023a2161d (DEFAULT_TABLE table=range_aware_rebalance_new_range [id=767de4ca3e834793a1129d11ec9782d0]), partition=HASH (key) PARTITION 3, RANGE (key) PARTITION 0 <= VALUES < 10
I20260608 09:48:43.091109 11753 data_dirs.cc:400] Could only allocate 1 dirs of requested 3 for tablet f9b164ffbe7f4ad2bfc2af9023a2161d. 1 dirs total, 0 dirs full, 0 dirs failed
I20260608 09:48:43.093611 11754 tablet_service.cc:1511] Processing CreateTablet for tablet 334535bfece74d3283c46a629db64d69 (DEFAULT_TABLE table=range_aware_rebalance_new_range [id=767de4ca3e834793a1129d11ec9782d0]), partition=HASH (key) PARTITION 2, RANGE (key) PARTITION 0 <= VALUES < 10
I20260608 09:48:43.095165 11754 data_dirs.cc:400] Could only allocate 1 dirs of requested 3 for tablet 334535bfece74d3283c46a629db64d69. 1 dirs total, 0 dirs full, 0 dirs failed
I20260608 09:48:43.097852 11827 tablet_service.cc:1511] Processing CreateTablet for tablet f9b164ffbe7f4ad2bfc2af9023a2161d (DEFAULT_TABLE table=range_aware_rebalance_new_range [id=767de4ca3e834793a1129d11ec9782d0]), partition=HASH (key) PARTITION 3, RANGE (key) PARTITION 0 <= VALUES < 10
I20260608 09:48:43.100014 11827 data_dirs.cc:400] Could only allocate 1 dirs of requested 3 for tablet f9b164ffbe7f4ad2bfc2af9023a2161d. 1 dirs total, 0 dirs full, 0 dirs failed
I20260608 09:48:43.101950 11828 tablet_service.cc:1511] Processing CreateTablet for tablet 334535bfece74d3283c46a629db64d69 (DEFAULT_TABLE table=range_aware_rebalance_new_range [id=767de4ca3e834793a1129d11ec9782d0]), partition=HASH (key) PARTITION 2, RANGE (key) PARTITION 0 <= VALUES < 10
I20260608 09:48:43.105018 11885 tablet_bootstrap.cc:492] T cac067fb3b8b48dab481d211aad94d09 P be6c90ab259643fc929cabb1e3985e3f: Bootstrap starting.
I20260608 09:48:43.104223 11749 tablet_service.cc:1511] Processing CreateTablet for tablet bb0e26ac1311423a904be816205ebd07 (DEFAULT_TABLE table=range_aware_rebalance_new_range [id=767de4ca3e834793a1129d11ec9782d0]), partition=HASH (key) PARTITION 7, RANGE (key) PARTITION 0 <= VALUES < 10
I20260608 09:48:43.104840 11755 tablet_service.cc:1511] Processing CreateTablet for tablet cac067fb3b8b48dab481d211aad94d09 (DEFAULT_TABLE table=range_aware_rebalance_new_range [id=767de4ca3e834793a1129d11ec9782d0]), partition=HASH (key) PARTITION 1, RANGE (key) PARTITION 0 <= VALUES < 10
I20260608 09:48:43.106065 11749 data_dirs.cc:400] Could only allocate 1 dirs of requested 3 for tablet bb0e26ac1311423a904be816205ebd07. 1 dirs total, 0 dirs full, 0 dirs failed
I20260608 09:48:43.107026 11755 data_dirs.cc:400] Could only allocate 1 dirs of requested 3 for tablet cac067fb3b8b48dab481d211aad94d09. 1 dirs total, 0 dirs full, 0 dirs failed
I20260608 09:48:43.117020 11828 data_dirs.cc:400] Could only allocate 1 dirs of requested 3 for tablet 334535bfece74d3283c46a629db64d69. 1 dirs total, 0 dirs full, 0 dirs failed
I20260608 09:48:43.127636 11886 tablet_bootstrap.cc:492] T d64eb7b637734a168761caaa60d088c8 P 4e92a71746214e3f886fbc00e9462d83: Bootstrap starting.
I20260608 09:48:43.131978 11885 tablet_bootstrap.cc:654] T cac067fb3b8b48dab481d211aad94d09 P be6c90ab259643fc929cabb1e3985e3f: Neither blocks nor log segments found. Creating new log.
I20260608 09:48:43.134085 11886 tablet_bootstrap.cc:654] T d64eb7b637734a168761caaa60d088c8 P 4e92a71746214e3f886fbc00e9462d83: Neither blocks nor log segments found. Creating new log.
I20260608 09:48:43.144553 11885 tablet_bootstrap.cc:492] T cac067fb3b8b48dab481d211aad94d09 P be6c90ab259643fc929cabb1e3985e3f: No bootstrap required, opened a new log
I20260608 09:48:43.144454 11829 tablet_service.cc:1511] Processing CreateTablet for tablet 1b097602eb604877bac74bedb0e73649 (DEFAULT_TABLE table=range_aware_rebalance_new_range [id=767de4ca3e834793a1129d11ec9782d0]), partition=HASH (key) PARTITION 4, RANGE (key) PARTITION 0 <= VALUES < 10
I20260608 09:48:43.145515 11885 ts_tablet_manager.cc:1403] T cac067fb3b8b48dab481d211aad94d09 P be6c90ab259643fc929cabb1e3985e3f: Time spent bootstrapping tablet: real 0.041s	user 0.013s	sys 0.006s
I20260608 09:48:43.146082 11829 data_dirs.cc:400] Could only allocate 1 dirs of requested 3 for tablet 1b097602eb604877bac74bedb0e73649. 1 dirs total, 0 dirs full, 0 dirs failed
I20260608 09:48:43.150103 11885 raft_consensus.cc:359] T cac067fb3b8b48dab481d211aad94d09 P be6c90ab259643fc929cabb1e3985e3f [term 0 FOLLOWER]: Replica starting. Triggering 0 pending ops. Active config: opid_index: -1 OBSOLETE_local: false peers { permanent_uuid: "84ca2dbcbf194c03bdb2147ed19b1583" member_type: VOTER last_known_addr { host: "127.8.122.193" port: 37877 } } peers { permanent_uuid: "4e92a71746214e3f886fbc00e9462d83" member_type: VOTER last_known_addr { host: "127.8.122.194" port: 40821 } } peers { permanent_uuid: "be6c90ab259643fc929cabb1e3985e3f" member_type: VOTER last_known_addr { host: "127.8.122.195" port: 37485 } }
I20260608 09:48:43.152024 11885 raft_consensus.cc:385] T cac067fb3b8b48dab481d211aad94d09 P be6c90ab259643fc929cabb1e3985e3f [term 0 FOLLOWER]: Consensus starting up: Expiring failure detector timer to make a prompt election more likely
I20260608 09:48:43.152421 11885 raft_consensus.cc:740] T cac067fb3b8b48dab481d211aad94d09 P be6c90ab259643fc929cabb1e3985e3f [term 0 FOLLOWER]: Becoming Follower/Learner. State: Replica: be6c90ab259643fc929cabb1e3985e3f, State: Initialized, Role: FOLLOWER
I20260608 09:48:43.153467 11885 consensus_queue.cc:260] T cac067fb3b8b48dab481d211aad94d09 P be6c90ab259643fc929cabb1e3985e3f [NON_LEADER]: Queue going to NON_LEADER mode. State: All replicated index: 0, Majority replicated index: 0, Committed index: 0, Last appended: 0.0, Last appended by leader: 0, Current term: 0, Majority size: -1, State: 0, Mode: NON_LEADER, active raft config: opid_index: -1 OBSOLETE_local: false peers { permanent_uuid: "84ca2dbcbf194c03bdb2147ed19b1583" member_type: VOTER last_known_addr { host: "127.8.122.193" port: 37877 } } peers { permanent_uuid: "4e92a71746214e3f886fbc00e9462d83" member_type: VOTER last_known_addr { host: "127.8.122.194" port: 40821 } } peers { permanent_uuid: "be6c90ab259643fc929cabb1e3985e3f" member_type: VOTER last_known_addr { host: "127.8.122.195" port: 37485 } }
I20260608 09:48:43.154543 11886 tablet_bootstrap.cc:492] T d64eb7b637734a168761caaa60d088c8 P 4e92a71746214e3f886fbc00e9462d83: No bootstrap required, opened a new log
I20260608 09:48:43.155256 11886 ts_tablet_manager.cc:1403] T d64eb7b637734a168761caaa60d088c8 P 4e92a71746214e3f886fbc00e9462d83: Time spent bootstrapping tablet: real 0.028s	user 0.008s	sys 0.018s
I20260608 09:48:43.156612 11826 tablet_service.cc:1511] Processing CreateTablet for tablet ca17ad950773429eaf1997d863b4391f (DEFAULT_TABLE table=range_aware_rebalance_new_range [id=767de4ca3e834793a1129d11ec9782d0]), partition=HASH (key) PARTITION 5, RANGE (key) PARTITION 0 <= VALUES < 10
I20260608 09:48:43.158246 11826 data_dirs.cc:400] Could only allocate 1 dirs of requested 3 for tablet ca17ad950773429eaf1997d863b4391f. 1 dirs total, 0 dirs full, 0 dirs failed
I20260608 09:48:43.159618 11886 raft_consensus.cc:359] T d64eb7b637734a168761caaa60d088c8 P 4e92a71746214e3f886fbc00e9462d83 [term 0 FOLLOWER]: Replica starting. Triggering 0 pending ops. Active config: opid_index: -1 OBSOLETE_local: false peers { permanent_uuid: "84ca2dbcbf194c03bdb2147ed19b1583" member_type: VOTER last_known_addr { host: "127.8.122.193" port: 37877 } } peers { permanent_uuid: "be6c90ab259643fc929cabb1e3985e3f" member_type: VOTER last_known_addr { host: "127.8.122.195" port: 37485 } } peers { permanent_uuid: "4e92a71746214e3f886fbc00e9462d83" member_type: VOTER last_known_addr { host: "127.8.122.194" port: 40821 } }
I20260608 09:48:43.161029 11886 raft_consensus.cc:385] T d64eb7b637734a168761caaa60d088c8 P 4e92a71746214e3f886fbc00e9462d83 [term 0 FOLLOWER]: Consensus starting up: Expiring failure detector timer to make a prompt election more likely
I20260608 09:48:43.161530 11886 raft_consensus.cc:740] T d64eb7b637734a168761caaa60d088c8 P 4e92a71746214e3f886fbc00e9462d83 [term 0 FOLLOWER]: Becoming Follower/Learner. State: Replica: 4e92a71746214e3f886fbc00e9462d83, State: Initialized, Role: FOLLOWER
I20260608 09:48:43.162911 11886 consensus_queue.cc:260] T d64eb7b637734a168761caaa60d088c8 P 4e92a71746214e3f886fbc00e9462d83 [NON_LEADER]: Queue going to NON_LEADER mode. State: All replicated index: 0, Majority replicated index: 0, Committed index: 0, Last appended: 0.0, Last appended by leader: 0, Current term: 0, Majority size: -1, State: 0, Mode: NON_LEADER, active raft config: opid_index: -1 OBSOLETE_local: false peers { permanent_uuid: "84ca2dbcbf194c03bdb2147ed19b1583" member_type: VOTER last_known_addr { host: "127.8.122.193" port: 37877 } } peers { permanent_uuid: "be6c90ab259643fc929cabb1e3985e3f" member_type: VOTER last_known_addr { host: "127.8.122.195" port: 37485 } } peers { permanent_uuid: "4e92a71746214e3f886fbc00e9462d83" member_type: VOTER last_known_addr { host: "127.8.122.194" port: 40821 } }
I20260608 09:48:43.174813 11825 tablet_service.cc:1511] Processing CreateTablet for tablet d3fbf827e7b54fc3816780b682483f51 (DEFAULT_TABLE table=range_aware_rebalance_new_range [id=767de4ca3e834793a1129d11ec9782d0]), partition=HASH (key) PARTITION 6, RANGE (key) PARTITION 0 <= VALUES < 10
I20260608 09:48:43.176385 11825 data_dirs.cc:400] Could only allocate 1 dirs of requested 3 for tablet d3fbf827e7b54fc3816780b682483f51. 1 dirs total, 0 dirs full, 0 dirs failed
I20260608 09:48:43.191360 11824 tablet_service.cc:1511] Processing CreateTablet for tablet bb0e26ac1311423a904be816205ebd07 (DEFAULT_TABLE table=range_aware_rebalance_new_range [id=767de4ca3e834793a1129d11ec9782d0]), partition=HASH (key) PARTITION 7, RANGE (key) PARTITION 0 <= VALUES < 10
I20260608 09:48:43.193472 11824 data_dirs.cc:400] Could only allocate 1 dirs of requested 3 for tablet bb0e26ac1311423a904be816205ebd07. 1 dirs total, 0 dirs full, 0 dirs failed
I20260608 09:48:43.204013 11680 tablet_service.cc:1511] Processing CreateTablet for tablet d64eb7b637734a168761caaa60d088c8 (DEFAULT_TABLE table=range_aware_rebalance_new_range [id=767de4ca3e834793a1129d11ec9782d0]), partition=HASH (key) PARTITION 0, RANGE (key) PARTITION 0 <= VALUES < 10
I20260608 09:48:43.205704 11680 data_dirs.cc:400] Could only allocate 1 dirs of requested 3 for tablet d64eb7b637734a168761caaa60d088c8. 1 dirs total, 0 dirs full, 0 dirs failed
I20260608 09:48:43.221834 11679 tablet_service.cc:1511] Processing CreateTablet for tablet cac067fb3b8b48dab481d211aad94d09 (DEFAULT_TABLE table=range_aware_rebalance_new_range [id=767de4ca3e834793a1129d11ec9782d0]), partition=HASH (key) PARTITION 1, RANGE (key) PARTITION 0 <= VALUES < 10
I20260608 09:48:43.223425 11679 data_dirs.cc:400] Could only allocate 1 dirs of requested 3 for tablet cac067fb3b8b48dab481d211aad94d09. 1 dirs total, 0 dirs full, 0 dirs failed
I20260608 09:48:43.231454 11678 tablet_service.cc:1511] Processing CreateTablet for tablet 334535bfece74d3283c46a629db64d69 (DEFAULT_TABLE table=range_aware_rebalance_new_range [id=767de4ca3e834793a1129d11ec9782d0]), partition=HASH (key) PARTITION 2, RANGE (key) PARTITION 0 <= VALUES < 10
I20260608 09:48:43.233497 11678 data_dirs.cc:400] Could only allocate 1 dirs of requested 3 for tablet 334535bfece74d3283c46a629db64d69. 1 dirs total, 0 dirs full, 0 dirs failed
I20260608 09:48:43.238924 11677 tablet_service.cc:1511] Processing CreateTablet for tablet f9b164ffbe7f4ad2bfc2af9023a2161d (DEFAULT_TABLE table=range_aware_rebalance_new_range [id=767de4ca3e834793a1129d11ec9782d0]), partition=HASH (key) PARTITION 3, RANGE (key) PARTITION 0 <= VALUES < 10
I20260608 09:48:43.241438 11676 tablet_service.cc:1511] Processing CreateTablet for tablet 1b097602eb604877bac74bedb0e73649 (DEFAULT_TABLE table=range_aware_rebalance_new_range [id=767de4ca3e834793a1129d11ec9782d0]), partition=HASH (key) PARTITION 4, RANGE (key) PARTITION 0 <= VALUES < 10
I20260608 09:48:43.243894 11675 tablet_service.cc:1511] Processing CreateTablet for tablet ca17ad950773429eaf1997d863b4391f (DEFAULT_TABLE table=range_aware_rebalance_new_range [id=767de4ca3e834793a1129d11ec9782d0]), partition=HASH (key) PARTITION 5, RANGE (key) PARTITION 0 <= VALUES < 10
I20260608 09:48:43.246510 11674 tablet_service.cc:1511] Processing CreateTablet for tablet d3fbf827e7b54fc3816780b682483f51 (DEFAULT_TABLE table=range_aware_rebalance_new_range [id=767de4ca3e834793a1129d11ec9782d0]), partition=HASH (key) PARTITION 6, RANGE (key) PARTITION 0 <= VALUES < 10
I20260608 09:48:43.249508 11673 tablet_service.cc:1511] Processing CreateTablet for tablet bb0e26ac1311423a904be816205ebd07 (DEFAULT_TABLE table=range_aware_rebalance_new_range [id=767de4ca3e834793a1129d11ec9782d0]), partition=HASH (key) PARTITION 7, RANGE (key) PARTITION 0 <= VALUES < 10
I20260608 09:48:43.251243 11673 data_dirs.cc:400] Could only allocate 1 dirs of requested 3 for tablet bb0e26ac1311423a904be816205ebd07. 1 dirs total, 0 dirs full, 0 dirs failed
I20260608 09:48:43.252933 11674 data_dirs.cc:400] Could only allocate 1 dirs of requested 3 for tablet d3fbf827e7b54fc3816780b682483f51. 1 dirs total, 0 dirs full, 0 dirs failed
I20260608 09:48:43.254485 11675 data_dirs.cc:400] Could only allocate 1 dirs of requested 3 for tablet ca17ad950773429eaf1997d863b4391f. 1 dirs total, 0 dirs full, 0 dirs failed
I20260608 09:48:43.256036 11677 data_dirs.cc:400] Could only allocate 1 dirs of requested 3 for tablet f9b164ffbe7f4ad2bfc2af9023a2161d. 1 dirs total, 0 dirs full, 0 dirs failed
I20260608 09:48:43.257599 11676 data_dirs.cc:400] Could only allocate 1 dirs of requested 3 for tablet 1b097602eb604877bac74bedb0e73649. 1 dirs total, 0 dirs full, 0 dirs failed
I20260608 09:48:43.277446 11886 ts_tablet_manager.cc:1434] T d64eb7b637734a168761caaa60d088c8 P 4e92a71746214e3f886fbc00e9462d83: Time spent starting tablet: real 0.122s	user 0.048s	sys 0.069s
I20260608 09:48:43.278771 11886 tablet_bootstrap.cc:492] T d3fbf827e7b54fc3816780b682483f51 P 4e92a71746214e3f886fbc00e9462d83: Bootstrap starting.
I20260608 09:48:43.277654 11885 ts_tablet_manager.cc:1434] T cac067fb3b8b48dab481d211aad94d09 P be6c90ab259643fc929cabb1e3985e3f: Time spent starting tablet: real 0.132s	user 0.045s	sys 0.083s
I20260608 09:48:43.285712 11886 tablet_bootstrap.cc:654] T d3fbf827e7b54fc3816780b682483f51 P 4e92a71746214e3f886fbc00e9462d83: Neither blocks nor log segments found. Creating new log.
I20260608 09:48:43.286011 11885 tablet_bootstrap.cc:492] T d64eb7b637734a168761caaa60d088c8 P be6c90ab259643fc929cabb1e3985e3f: Bootstrap starting.
I20260608 09:48:43.294250 11885 tablet_bootstrap.cc:654] T d64eb7b637734a168761caaa60d088c8 P be6c90ab259643fc929cabb1e3985e3f: Neither blocks nor log segments found. Creating new log.
I20260608 09:48:43.350240 11893 tablet_bootstrap.cc:492] T d64eb7b637734a168761caaa60d088c8 P 84ca2dbcbf194c03bdb2147ed19b1583: Bootstrap starting.
I20260608 09:48:43.366828 11885 tablet_bootstrap.cc:492] T d64eb7b637734a168761caaa60d088c8 P be6c90ab259643fc929cabb1e3985e3f: No bootstrap required, opened a new log
I20260608 09:48:43.367377 11885 ts_tablet_manager.cc:1403] T d64eb7b637734a168761caaa60d088c8 P be6c90ab259643fc929cabb1e3985e3f: Time spent bootstrapping tablet: real 0.082s	user 0.033s	sys 0.043s
I20260608 09:48:43.370307 11885 raft_consensus.cc:359] T d64eb7b637734a168761caaa60d088c8 P be6c90ab259643fc929cabb1e3985e3f [term 0 FOLLOWER]: Replica starting. Triggering 0 pending ops. Active config: opid_index: -1 OBSOLETE_local: false peers { permanent_uuid: "84ca2dbcbf194c03bdb2147ed19b1583" member_type: VOTER last_known_addr { host: "127.8.122.193" port: 37877 } } peers { permanent_uuid: "be6c90ab259643fc929cabb1e3985e3f" member_type: VOTER last_known_addr { host: "127.8.122.195" port: 37485 } } peers { permanent_uuid: "4e92a71746214e3f886fbc00e9462d83" member_type: VOTER last_known_addr { host: "127.8.122.194" port: 40821 } }
I20260608 09:48:43.371063 11885 raft_consensus.cc:385] T d64eb7b637734a168761caaa60d088c8 P be6c90ab259643fc929cabb1e3985e3f [term 0 FOLLOWER]: Consensus starting up: Expiring failure detector timer to make a prompt election more likely
I20260608 09:48:43.371366 11885 raft_consensus.cc:740] T d64eb7b637734a168761caaa60d088c8 P be6c90ab259643fc929cabb1e3985e3f [term 0 FOLLOWER]: Becoming Follower/Learner. State: Replica: be6c90ab259643fc929cabb1e3985e3f, State: Initialized, Role: FOLLOWER
I20260608 09:48:43.372215 11886 tablet_bootstrap.cc:492] T d3fbf827e7b54fc3816780b682483f51 P 4e92a71746214e3f886fbc00e9462d83: No bootstrap required, opened a new log
I20260608 09:48:43.372867 11886 ts_tablet_manager.cc:1403] T d3fbf827e7b54fc3816780b682483f51 P 4e92a71746214e3f886fbc00e9462d83: Time spent bootstrapping tablet: real 0.094s	user 0.033s	sys 0.058s
I20260608 09:48:43.373346 11885 consensus_queue.cc:260] T d64eb7b637734a168761caaa60d088c8 P be6c90ab259643fc929cabb1e3985e3f [NON_LEADER]: Queue going to NON_LEADER mode. State: All replicated index: 0, Majority replicated index: 0, Committed index: 0, Last appended: 0.0, Last appended by leader: 0, Current term: 0, Majority size: -1, State: 0, Mode: NON_LEADER, active raft config: opid_index: -1 OBSOLETE_local: false peers { permanent_uuid: "84ca2dbcbf194c03bdb2147ed19b1583" member_type: VOTER last_known_addr { host: "127.8.122.193" port: 37877 } } peers { permanent_uuid: "be6c90ab259643fc929cabb1e3985e3f" member_type: VOTER last_known_addr { host: "127.8.122.195" port: 37485 } } peers { permanent_uuid: "4e92a71746214e3f886fbc00e9462d83" member_type: VOTER last_known_addr { host: "127.8.122.194" port: 40821 } }
I20260608 09:48:43.375743 11885 ts_tablet_manager.cc:1434] T d64eb7b637734a168761caaa60d088c8 P be6c90ab259643fc929cabb1e3985e3f: Time spent starting tablet: real 0.008s	user 0.006s	sys 0.003s
I20260608 09:48:43.376874 11885 tablet_bootstrap.cc:492] T 334535bfece74d3283c46a629db64d69 P be6c90ab259643fc929cabb1e3985e3f: Bootstrap starting.
I20260608 09:48:43.379222 11886 raft_consensus.cc:359] T d3fbf827e7b54fc3816780b682483f51 P 4e92a71746214e3f886fbc00e9462d83 [term 0 FOLLOWER]: Replica starting. Triggering 0 pending ops. Active config: opid_index: -1 OBSOLETE_local: false peers { permanent_uuid: "84ca2dbcbf194c03bdb2147ed19b1583" member_type: VOTER last_known_addr { host: "127.8.122.193" port: 37877 } } peers { permanent_uuid: "4e92a71746214e3f886fbc00e9462d83" member_type: VOTER last_known_addr { host: "127.8.122.194" port: 40821 } } peers { permanent_uuid: "be6c90ab259643fc929cabb1e3985e3f" member_type: VOTER last_known_addr { host: "127.8.122.195" port: 37485 } }
I20260608 09:48:43.380155 11886 raft_consensus.cc:385] T d3fbf827e7b54fc3816780b682483f51 P 4e92a71746214e3f886fbc00e9462d83 [term 0 FOLLOWER]: Consensus starting up: Expiring failure detector timer to make a prompt election more likely
I20260608 09:48:43.380666 11886 raft_consensus.cc:740] T d3fbf827e7b54fc3816780b682483f51 P 4e92a71746214e3f886fbc00e9462d83 [term 0 FOLLOWER]: Becoming Follower/Learner. State: Replica: 4e92a71746214e3f886fbc00e9462d83, State: Initialized, Role: FOLLOWER
I20260608 09:48:43.381728 11886 consensus_queue.cc:260] T d3fbf827e7b54fc3816780b682483f51 P 4e92a71746214e3f886fbc00e9462d83 [NON_LEADER]: Queue going to NON_LEADER mode. State: All replicated index: 0, Majority replicated index: 0, Committed index: 0, Last appended: 0.0, Last appended by leader: 0, Current term: 0, Majority size: -1, State: 0, Mode: NON_LEADER, active raft config: opid_index: -1 OBSOLETE_local: false peers { permanent_uuid: "84ca2dbcbf194c03bdb2147ed19b1583" member_type: VOTER last_known_addr { host: "127.8.122.193" port: 37877 } } peers { permanent_uuid: "4e92a71746214e3f886fbc00e9462d83" member_type: VOTER last_known_addr { host: "127.8.122.194" port: 40821 } } peers { permanent_uuid: "be6c90ab259643fc929cabb1e3985e3f" member_type: VOTER last_known_addr { host: "127.8.122.195" port: 37485 } }
I20260608 09:48:43.383328 11885 tablet_bootstrap.cc:654] T 334535bfece74d3283c46a629db64d69 P be6c90ab259643fc929cabb1e3985e3f: Neither blocks nor log segments found. Creating new log.
I20260608 09:48:43.385087 11893 tablet_bootstrap.cc:654] T d64eb7b637734a168761caaa60d088c8 P 84ca2dbcbf194c03bdb2147ed19b1583: Neither blocks nor log segments found. Creating new log.
I20260608 09:48:43.386612 11886 ts_tablet_manager.cc:1434] T d3fbf827e7b54fc3816780b682483f51 P 4e92a71746214e3f886fbc00e9462d83: Time spent starting tablet: real 0.013s	user 0.002s	sys 0.004s
I20260608 09:48:43.387745 11886 tablet_bootstrap.cc:492] T bb0e26ac1311423a904be816205ebd07 P 4e92a71746214e3f886fbc00e9462d83: Bootstrap starting.
I20260608 09:48:43.393649 11893 tablet_bootstrap.cc:492] T d64eb7b637734a168761caaa60d088c8 P 84ca2dbcbf194c03bdb2147ed19b1583: No bootstrap required, opened a new log
I20260608 09:48:43.394230 11893 ts_tablet_manager.cc:1403] T d64eb7b637734a168761caaa60d088c8 P 84ca2dbcbf194c03bdb2147ed19b1583: Time spent bootstrapping tablet: real 0.044s	user 0.002s	sys 0.012s
I20260608 09:48:43.395073 11886 tablet_bootstrap.cc:654] T bb0e26ac1311423a904be816205ebd07 P 4e92a71746214e3f886fbc00e9462d83: Neither blocks nor log segments found. Creating new log.
I20260608 09:48:43.403489 11893 raft_consensus.cc:359] T d64eb7b637734a168761caaa60d088c8 P 84ca2dbcbf194c03bdb2147ed19b1583 [term 0 FOLLOWER]: Replica starting. Triggering 0 pending ops. Active config: opid_index: -1 OBSOLETE_local: false peers { permanent_uuid: "84ca2dbcbf194c03bdb2147ed19b1583" member_type: VOTER last_known_addr { host: "127.8.122.193" port: 37877 } } peers { permanent_uuid: "be6c90ab259643fc929cabb1e3985e3f" member_type: VOTER last_known_addr { host: "127.8.122.195" port: 37485 } } peers { permanent_uuid: "4e92a71746214e3f886fbc00e9462d83" member_type: VOTER last_known_addr { host: "127.8.122.194" port: 40821 } }
I20260608 09:48:43.404218 11885 tablet_bootstrap.cc:492] T 334535bfece74d3283c46a629db64d69 P be6c90ab259643fc929cabb1e3985e3f: No bootstrap required, opened a new log
I20260608 09:48:43.404330 11893 raft_consensus.cc:385] T d64eb7b637734a168761caaa60d088c8 P 84ca2dbcbf194c03bdb2147ed19b1583 [term 0 FOLLOWER]: Consensus starting up: Expiring failure detector timer to make a prompt election more likely
I20260608 09:48:43.404860 11893 raft_consensus.cc:740] T d64eb7b637734a168761caaa60d088c8 P 84ca2dbcbf194c03bdb2147ed19b1583 [term 0 FOLLOWER]: Becoming Follower/Learner. State: Replica: 84ca2dbcbf194c03bdb2147ed19b1583, State: Initialized, Role: FOLLOWER
I20260608 09:48:43.404960 11885 ts_tablet_manager.cc:1403] T 334535bfece74d3283c46a629db64d69 P be6c90ab259643fc929cabb1e3985e3f: Time spent bootstrapping tablet: real 0.028s	user 0.024s	sys 0.002s
I20260608 09:48:43.405750 11893 consensus_queue.cc:260] T d64eb7b637734a168761caaa60d088c8 P 84ca2dbcbf194c03bdb2147ed19b1583 [NON_LEADER]: Queue going to NON_LEADER mode. State: All replicated index: 0, Majority replicated index: 0, Committed index: 0, Last appended: 0.0, Last appended by leader: 0, Current term: 0, Majority size: -1, State: 0, Mode: NON_LEADER, active raft config: opid_index: -1 OBSOLETE_local: false peers { permanent_uuid: "84ca2dbcbf194c03bdb2147ed19b1583" member_type: VOTER last_known_addr { host: "127.8.122.193" port: 37877 } } peers { permanent_uuid: "be6c90ab259643fc929cabb1e3985e3f" member_type: VOTER last_known_addr { host: "127.8.122.195" port: 37485 } } peers { permanent_uuid: "4e92a71746214e3f886fbc00e9462d83" member_type: VOTER last_known_addr { host: "127.8.122.194" port: 40821 } }
I20260608 09:48:43.407341 11886 tablet_bootstrap.cc:492] T bb0e26ac1311423a904be816205ebd07 P 4e92a71746214e3f886fbc00e9462d83: No bootstrap required, opened a new log
I20260608 09:48:43.407903 11886 ts_tablet_manager.cc:1403] T bb0e26ac1311423a904be816205ebd07 P 4e92a71746214e3f886fbc00e9462d83: Time spent bootstrapping tablet: real 0.020s	user 0.011s	sys 0.007s
I20260608 09:48:43.408859 11885 raft_consensus.cc:359] T 334535bfece74d3283c46a629db64d69 P be6c90ab259643fc929cabb1e3985e3f [term 0 FOLLOWER]: Replica starting. Triggering 0 pending ops. Active config: opid_index: -1 OBSOLETE_local: false peers { permanent_uuid: "84ca2dbcbf194c03bdb2147ed19b1583" member_type: VOTER last_known_addr { host: "127.8.122.193" port: 37877 } } peers { permanent_uuid: "4e92a71746214e3f886fbc00e9462d83" member_type: VOTER last_known_addr { host: "127.8.122.194" port: 40821 } } peers { permanent_uuid: "be6c90ab259643fc929cabb1e3985e3f" member_type: VOTER last_known_addr { host: "127.8.122.195" port: 37485 } }
I20260608 09:48:43.409586 11885 raft_consensus.cc:385] T 334535bfece74d3283c46a629db64d69 P be6c90ab259643fc929cabb1e3985e3f [term 0 FOLLOWER]: Consensus starting up: Expiring failure detector timer to make a prompt election more likely
I20260608 09:48:43.409888 11885 raft_consensus.cc:740] T 334535bfece74d3283c46a629db64d69 P be6c90ab259643fc929cabb1e3985e3f [term 0 FOLLOWER]: Becoming Follower/Learner. State: Replica: be6c90ab259643fc929cabb1e3985e3f, State: Initialized, Role: FOLLOWER
I20260608 09:48:43.410818 11885 consensus_queue.cc:260] T 334535bfece74d3283c46a629db64d69 P be6c90ab259643fc929cabb1e3985e3f [NON_LEADER]: Queue going to NON_LEADER mode. State: All replicated index: 0, Majority replicated index: 0, Committed index: 0, Last appended: 0.0, Last appended by leader: 0, Current term: 0, Majority size: -1, State: 0, Mode: NON_LEADER, active raft config: opid_index: -1 OBSOLETE_local: false peers { permanent_uuid: "84ca2dbcbf194c03bdb2147ed19b1583" member_type: VOTER last_known_addr { host: "127.8.122.193" port: 37877 } } peers { permanent_uuid: "4e92a71746214e3f886fbc00e9462d83" member_type: VOTER last_known_addr { host: "127.8.122.194" port: 40821 } } peers { permanent_uuid: "be6c90ab259643fc929cabb1e3985e3f" member_type: VOTER last_known_addr { host: "127.8.122.195" port: 37485 } }
I20260608 09:48:43.411074 11886 raft_consensus.cc:359] T bb0e26ac1311423a904be816205ebd07 P 4e92a71746214e3f886fbc00e9462d83 [term 0 FOLLOWER]: Replica starting. Triggering 0 pending ops. Active config: opid_index: -1 OBSOLETE_local: false peers { permanent_uuid: "84ca2dbcbf194c03bdb2147ed19b1583" member_type: VOTER last_known_addr { host: "127.8.122.193" port: 37877 } } peers { permanent_uuid: "4e92a71746214e3f886fbc00e9462d83" member_type: VOTER last_known_addr { host: "127.8.122.194" port: 40821 } } peers { permanent_uuid: "be6c90ab259643fc929cabb1e3985e3f" member_type: VOTER last_known_addr { host: "127.8.122.195" port: 37485 } }
I20260608 09:48:43.412168 11886 raft_consensus.cc:385] T bb0e26ac1311423a904be816205ebd07 P 4e92a71746214e3f886fbc00e9462d83 [term 0 FOLLOWER]: Consensus starting up: Expiring failure detector timer to make a prompt election more likely
I20260608 09:48:43.412575 11886 raft_consensus.cc:740] T bb0e26ac1311423a904be816205ebd07 P 4e92a71746214e3f886fbc00e9462d83 [term 0 FOLLOWER]: Becoming Follower/Learner. State: Replica: 4e92a71746214e3f886fbc00e9462d83, State: Initialized, Role: FOLLOWER
I20260608 09:48:43.413172 11885 ts_tablet_manager.cc:1434] T 334535bfece74d3283c46a629db64d69 P be6c90ab259643fc929cabb1e3985e3f: Time spent starting tablet: real 0.007s	user 0.006s	sys 0.000s
I20260608 09:48:43.413612 11886 consensus_queue.cc:260] T bb0e26ac1311423a904be816205ebd07 P 4e92a71746214e3f886fbc00e9462d83 [NON_LEADER]: Queue going to NON_LEADER mode. State: All replicated index: 0, Majority replicated index: 0, Committed index: 0, Last appended: 0.0, Last appended by leader: 0, Current term: 0, Majority size: -1, State: 0, Mode: NON_LEADER, active raft config: opid_index: -1 OBSOLETE_local: false peers { permanent_uuid: "84ca2dbcbf194c03bdb2147ed19b1583" member_type: VOTER last_known_addr { host: "127.8.122.193" port: 37877 } } peers { permanent_uuid: "4e92a71746214e3f886fbc00e9462d83" member_type: VOTER last_known_addr { host: "127.8.122.194" port: 40821 } } peers { permanent_uuid: "be6c90ab259643fc929cabb1e3985e3f" member_type: VOTER last_known_addr { host: "127.8.122.195" port: 37485 } }
I20260608 09:48:43.414215 11885 tablet_bootstrap.cc:492] T f9b164ffbe7f4ad2bfc2af9023a2161d P be6c90ab259643fc929cabb1e3985e3f: Bootstrap starting.
I20260608 09:48:43.416194 11886 ts_tablet_manager.cc:1434] T bb0e26ac1311423a904be816205ebd07 P 4e92a71746214e3f886fbc00e9462d83: Time spent starting tablet: real 0.008s	user 0.005s	sys 0.000s
I20260608 09:48:43.417325 11886 tablet_bootstrap.cc:492] T 1b097602eb604877bac74bedb0e73649 P 4e92a71746214e3f886fbc00e9462d83: Bootstrap starting.
I20260608 09:48:43.421062 11885 tablet_bootstrap.cc:654] T f9b164ffbe7f4ad2bfc2af9023a2161d P be6c90ab259643fc929cabb1e3985e3f: Neither blocks nor log segments found. Creating new log.
I20260608 09:48:43.422982 11893 ts_tablet_manager.cc:1434] T d64eb7b637734a168761caaa60d088c8 P 84ca2dbcbf194c03bdb2147ed19b1583: Time spent starting tablet: real 0.028s	user 0.016s	sys 0.007s
I20260608 09:48:43.424023 11893 tablet_bootstrap.cc:492] T f9b164ffbe7f4ad2bfc2af9023a2161d P 84ca2dbcbf194c03bdb2147ed19b1583: Bootstrap starting.
I20260608 09:48:43.430133 11893 tablet_bootstrap.cc:654] T f9b164ffbe7f4ad2bfc2af9023a2161d P 84ca2dbcbf194c03bdb2147ed19b1583: Neither blocks nor log segments found. Creating new log.
I20260608 09:48:43.430817 11886 tablet_bootstrap.cc:654] T 1b097602eb604877bac74bedb0e73649 P 4e92a71746214e3f886fbc00e9462d83: Neither blocks nor log segments found. Creating new log.
I20260608 09:48:43.437578 11885 tablet_bootstrap.cc:492] T f9b164ffbe7f4ad2bfc2af9023a2161d P be6c90ab259643fc929cabb1e3985e3f: No bootstrap required, opened a new log
I20260608 09:48:43.438392 11885 ts_tablet_manager.cc:1403] T f9b164ffbe7f4ad2bfc2af9023a2161d P be6c90ab259643fc929cabb1e3985e3f: Time spent bootstrapping tablet: real 0.024s	user 0.007s	sys 0.016s
I20260608 09:48:43.437832 11886 tablet_bootstrap.cc:492] T 1b097602eb604877bac74bedb0e73649 P 4e92a71746214e3f886fbc00e9462d83: No bootstrap required, opened a new log
I20260608 09:48:43.439158 11886 ts_tablet_manager.cc:1403] T 1b097602eb604877bac74bedb0e73649 P 4e92a71746214e3f886fbc00e9462d83: Time spent bootstrapping tablet: real 0.022s	user 0.009s	sys 0.003s
I20260608 09:48:43.441221 11893 tablet_bootstrap.cc:492] T f9b164ffbe7f4ad2bfc2af9023a2161d P 84ca2dbcbf194c03bdb2147ed19b1583: No bootstrap required, opened a new log
I20260608 09:48:43.441793 11893 ts_tablet_manager.cc:1403] T f9b164ffbe7f4ad2bfc2af9023a2161d P 84ca2dbcbf194c03bdb2147ed19b1583: Time spent bootstrapping tablet: real 0.018s	user 0.012s	sys 0.004s
I20260608 09:48:43.442236 11885 raft_consensus.cc:359] T f9b164ffbe7f4ad2bfc2af9023a2161d P be6c90ab259643fc929cabb1e3985e3f [term 0 FOLLOWER]: Replica starting. Triggering 0 pending ops. Active config: opid_index: -1 OBSOLETE_local: false peers { permanent_uuid: "84ca2dbcbf194c03bdb2147ed19b1583" member_type: VOTER last_known_addr { host: "127.8.122.193" port: 37877 } } peers { permanent_uuid: "4e92a71746214e3f886fbc00e9462d83" member_type: VOTER last_known_addr { host: "127.8.122.194" port: 40821 } } peers { permanent_uuid: "be6c90ab259643fc929cabb1e3985e3f" member_type: VOTER last_known_addr { host: "127.8.122.195" port: 37485 } }
I20260608 09:48:43.442420 11886 raft_consensus.cc:359] T 1b097602eb604877bac74bedb0e73649 P 4e92a71746214e3f886fbc00e9462d83 [term 0 FOLLOWER]: Replica starting. Triggering 0 pending ops. Active config: opid_index: -1 OBSOLETE_local: false peers { permanent_uuid: "84ca2dbcbf194c03bdb2147ed19b1583" member_type: VOTER last_known_addr { host: "127.8.122.193" port: 37877 } } peers { permanent_uuid: "4e92a71746214e3f886fbc00e9462d83" member_type: VOTER last_known_addr { host: "127.8.122.194" port: 40821 } } peers { permanent_uuid: "be6c90ab259643fc929cabb1e3985e3f" member_type: VOTER last_known_addr { host: "127.8.122.195" port: 37485 } }
I20260608 09:48:43.443176 11885 raft_consensus.cc:385] T f9b164ffbe7f4ad2bfc2af9023a2161d P be6c90ab259643fc929cabb1e3985e3f [term 0 FOLLOWER]: Consensus starting up: Expiring failure detector timer to make a prompt election more likely
I20260608 09:48:43.443696 11885 raft_consensus.cc:740] T f9b164ffbe7f4ad2bfc2af9023a2161d P be6c90ab259643fc929cabb1e3985e3f [term 0 FOLLOWER]: Becoming Follower/Learner. State: Replica: be6c90ab259643fc929cabb1e3985e3f, State: Initialized, Role: FOLLOWER
I20260608 09:48:43.444636 11885 consensus_queue.cc:260] T f9b164ffbe7f4ad2bfc2af9023a2161d P be6c90ab259643fc929cabb1e3985e3f [NON_LEADER]: Queue going to NON_LEADER mode. State: All replicated index: 0, Majority replicated index: 0, Committed index: 0, Last appended: 0.0, Last appended by leader: 0, Current term: 0, Majority size: -1, State: 0, Mode: NON_LEADER, active raft config: opid_index: -1 OBSOLETE_local: false peers { permanent_uuid: "84ca2dbcbf194c03bdb2147ed19b1583" member_type: VOTER last_known_addr { host: "127.8.122.193" port: 37877 } } peers { permanent_uuid: "4e92a71746214e3f886fbc00e9462d83" member_type: VOTER last_known_addr { host: "127.8.122.194" port: 40821 } } peers { permanent_uuid: "be6c90ab259643fc929cabb1e3985e3f" member_type: VOTER last_known_addr { host: "127.8.122.195" port: 37485 } }
I20260608 09:48:43.445006 11893 raft_consensus.cc:359] T f9b164ffbe7f4ad2bfc2af9023a2161d P 84ca2dbcbf194c03bdb2147ed19b1583 [term 0 FOLLOWER]: Replica starting. Triggering 0 pending ops. Active config: opid_index: -1 OBSOLETE_local: false peers { permanent_uuid: "84ca2dbcbf194c03bdb2147ed19b1583" member_type: VOTER last_known_addr { host: "127.8.122.193" port: 37877 } } peers { permanent_uuid: "4e92a71746214e3f886fbc00e9462d83" member_type: VOTER last_known_addr { host: "127.8.122.194" port: 40821 } } peers { permanent_uuid: "be6c90ab259643fc929cabb1e3985e3f" member_type: VOTER last_known_addr { host: "127.8.122.195" port: 37485 } }
I20260608 09:48:43.445703 11893 raft_consensus.cc:385] T f9b164ffbe7f4ad2bfc2af9023a2161d P 84ca2dbcbf194c03bdb2147ed19b1583 [term 0 FOLLOWER]: Consensus starting up: Expiring failure detector timer to make a prompt election more likely
I20260608 09:48:43.446022 11893 raft_consensus.cc:740] T f9b164ffbe7f4ad2bfc2af9023a2161d P 84ca2dbcbf194c03bdb2147ed19b1583 [term 0 FOLLOWER]: Becoming Follower/Learner. State: Replica: 84ca2dbcbf194c03bdb2147ed19b1583, State: Initialized, Role: FOLLOWER
I20260608 09:48:43.443241 11886 raft_consensus.cc:385] T 1b097602eb604877bac74bedb0e73649 P 4e92a71746214e3f886fbc00e9462d83 [term 0 FOLLOWER]: Consensus starting up: Expiring failure detector timer to make a prompt election more likely
I20260608 09:48:43.446924 11893 consensus_queue.cc:260] T f9b164ffbe7f4ad2bfc2af9023a2161d P 84ca2dbcbf194c03bdb2147ed19b1583 [NON_LEADER]: Queue going to NON_LEADER mode. State: All replicated index: 0, Majority replicated index: 0, Committed index: 0, Last appended: 0.0, Last appended by leader: 0, Current term: 0, Majority size: -1, State: 0, Mode: NON_LEADER, active raft config: opid_index: -1 OBSOLETE_local: false peers { permanent_uuid: "84ca2dbcbf194c03bdb2147ed19b1583" member_type: VOTER last_known_addr { host: "127.8.122.193" port: 37877 } } peers { permanent_uuid: "4e92a71746214e3f886fbc00e9462d83" member_type: VOTER last_known_addr { host: "127.8.122.194" port: 40821 } } peers { permanent_uuid: "be6c90ab259643fc929cabb1e3985e3f" member_type: VOTER last_known_addr { host: "127.8.122.195" port: 37485 } }
I20260608 09:48:43.447619 11886 raft_consensus.cc:740] T 1b097602eb604877bac74bedb0e73649 P 4e92a71746214e3f886fbc00e9462d83 [term 0 FOLLOWER]: Becoming Follower/Learner. State: Replica: 4e92a71746214e3f886fbc00e9462d83, State: Initialized, Role: FOLLOWER
I20260608 09:48:43.447903 11885 ts_tablet_manager.cc:1434] T f9b164ffbe7f4ad2bfc2af9023a2161d P be6c90ab259643fc929cabb1e3985e3f: Time spent starting tablet: real 0.009s	user 0.008s	sys 0.000s
I20260608 09:48:43.448604 11886 consensus_queue.cc:260] T 1b097602eb604877bac74bedb0e73649 P 4e92a71746214e3f886fbc00e9462d83 [NON_LEADER]: Queue going to NON_LEADER mode. State: All replicated index: 0, Majority replicated index: 0, Committed index: 0, Last appended: 0.0, Last appended by leader: 0, Current term: 0, Majority size: -1, State: 0, Mode: NON_LEADER, active raft config: opid_index: -1 OBSOLETE_local: false peers { permanent_uuid: "84ca2dbcbf194c03bdb2147ed19b1583" member_type: VOTER last_known_addr { host: "127.8.122.193" port: 37877 } } peers { permanent_uuid: "4e92a71746214e3f886fbc00e9462d83" member_type: VOTER last_known_addr { host: "127.8.122.194" port: 40821 } } peers { permanent_uuid: "be6c90ab259643fc929cabb1e3985e3f" member_type: VOTER last_known_addr { host: "127.8.122.195" port: 37485 } }
I20260608 09:48:43.449167 11885 tablet_bootstrap.cc:492] T 1b097602eb604877bac74bedb0e73649 P be6c90ab259643fc929cabb1e3985e3f: Bootstrap starting.
I20260608 09:48:43.449676 11893 ts_tablet_manager.cc:1434] T f9b164ffbe7f4ad2bfc2af9023a2161d P 84ca2dbcbf194c03bdb2147ed19b1583: Time spent starting tablet: real 0.007s	user 0.002s	sys 0.004s
I20260608 09:48:43.450676 11893 tablet_bootstrap.cc:492] T d3fbf827e7b54fc3816780b682483f51 P 84ca2dbcbf194c03bdb2147ed19b1583: Bootstrap starting.
I20260608 09:48:43.451409 11886 ts_tablet_manager.cc:1434] T 1b097602eb604877bac74bedb0e73649 P 4e92a71746214e3f886fbc00e9462d83: Time spent starting tablet: real 0.012s	user 0.006s	sys 0.000s
I20260608 09:48:43.452379 11886 tablet_bootstrap.cc:492] T 334535bfece74d3283c46a629db64d69 P 4e92a71746214e3f886fbc00e9462d83: Bootstrap starting.
I20260608 09:48:43.456471 11885 tablet_bootstrap.cc:654] T 1b097602eb604877bac74bedb0e73649 P be6c90ab259643fc929cabb1e3985e3f: Neither blocks nor log segments found. Creating new log.
I20260608 09:48:43.456521 11893 tablet_bootstrap.cc:654] T d3fbf827e7b54fc3816780b682483f51 P 84ca2dbcbf194c03bdb2147ed19b1583: Neither blocks nor log segments found. Creating new log.
I20260608 09:48:43.458236 11886 tablet_bootstrap.cc:654] T 334535bfece74d3283c46a629db64d69 P 4e92a71746214e3f886fbc00e9462d83: Neither blocks nor log segments found. Creating new log.
I20260608 09:48:43.466817 11885 tablet_bootstrap.cc:492] T 1b097602eb604877bac74bedb0e73649 P be6c90ab259643fc929cabb1e3985e3f: No bootstrap required, opened a new log
I20260608 09:48:43.467382 11885 ts_tablet_manager.cc:1403] T 1b097602eb604877bac74bedb0e73649 P be6c90ab259643fc929cabb1e3985e3f: Time spent bootstrapping tablet: real 0.018s	user 0.016s	sys 0.000s
I20260608 09:48:43.468449 11886 tablet_bootstrap.cc:492] T 334535bfece74d3283c46a629db64d69 P 4e92a71746214e3f886fbc00e9462d83: No bootstrap required, opened a new log
I20260608 09:48:43.469041 11886 ts_tablet_manager.cc:1403] T 334535bfece74d3283c46a629db64d69 P 4e92a71746214e3f886fbc00e9462d83: Time spent bootstrapping tablet: real 0.017s	user 0.010s	sys 0.004s
I20260608 09:48:43.470148 11893 tablet_bootstrap.cc:492] T d3fbf827e7b54fc3816780b682483f51 P 84ca2dbcbf194c03bdb2147ed19b1583: No bootstrap required, opened a new log
I20260608 09:48:43.470654 11893 ts_tablet_manager.cc:1403] T d3fbf827e7b54fc3816780b682483f51 P 84ca2dbcbf194c03bdb2147ed19b1583: Time spent bootstrapping tablet: real 0.020s	user 0.009s	sys 0.000s
I20260608 09:48:43.470470 11885 raft_consensus.cc:359] T 1b097602eb604877bac74bedb0e73649 P be6c90ab259643fc929cabb1e3985e3f [term 0 FOLLOWER]: Replica starting. Triggering 0 pending ops. Active config: opid_index: -1 OBSOLETE_local: false peers { permanent_uuid: "84ca2dbcbf194c03bdb2147ed19b1583" member_type: VOTER last_known_addr { host: "127.8.122.193" port: 37877 } } peers { permanent_uuid: "4e92a71746214e3f886fbc00e9462d83" member_type: VOTER last_known_addr { host: "127.8.122.194" port: 40821 } } peers { permanent_uuid: "be6c90ab259643fc929cabb1e3985e3f" member_type: VOTER last_known_addr { host: "127.8.122.195" port: 37485 } }
I20260608 09:48:43.471256 11885 raft_consensus.cc:385] T 1b097602eb604877bac74bedb0e73649 P be6c90ab259643fc929cabb1e3985e3f [term 0 FOLLOWER]: Consensus starting up: Expiring failure detector timer to make a prompt election more likely
I20260608 09:48:43.471582 11885 raft_consensus.cc:740] T 1b097602eb604877bac74bedb0e73649 P be6c90ab259643fc929cabb1e3985e3f [term 0 FOLLOWER]: Becoming Follower/Learner. State: Replica: be6c90ab259643fc929cabb1e3985e3f, State: Initialized, Role: FOLLOWER
I20260608 09:48:43.472404 11886 raft_consensus.cc:359] T 334535bfece74d3283c46a629db64d69 P 4e92a71746214e3f886fbc00e9462d83 [term 0 FOLLOWER]: Replica starting. Triggering 0 pending ops. Active config: opid_index: -1 OBSOLETE_local: false peers { permanent_uuid: "84ca2dbcbf194c03bdb2147ed19b1583" member_type: VOTER last_known_addr { host: "127.8.122.193" port: 37877 } } peers { permanent_uuid: "4e92a71746214e3f886fbc00e9462d83" member_type: VOTER last_known_addr { host: "127.8.122.194" port: 40821 } } peers { permanent_uuid: "be6c90ab259643fc929cabb1e3985e3f" member_type: VOTER last_known_addr { host: "127.8.122.195" port: 37485 } }
I20260608 09:48:43.472548 11885 consensus_queue.cc:260] T 1b097602eb604877bac74bedb0e73649 P be6c90ab259643fc929cabb1e3985e3f [NON_LEADER]: Queue going to NON_LEADER mode. State: All replicated index: 0, Majority replicated index: 0, Committed index: 0, Last appended: 0.0, Last appended by leader: 0, Current term: 0, Majority size: -1, State: 0, Mode: NON_LEADER, active raft config: opid_index: -1 OBSOLETE_local: false peers { permanent_uuid: "84ca2dbcbf194c03bdb2147ed19b1583" member_type: VOTER last_known_addr { host: "127.8.122.193" port: 37877 } } peers { permanent_uuid: "4e92a71746214e3f886fbc00e9462d83" member_type: VOTER last_known_addr { host: "127.8.122.194" port: 40821 } } peers { permanent_uuid: "be6c90ab259643fc929cabb1e3985e3f" member_type: VOTER last_known_addr { host: "127.8.122.195" port: 37485 } }
I20260608 09:48:43.473296 11886 raft_consensus.cc:385] T 334535bfece74d3283c46a629db64d69 P 4e92a71746214e3f886fbc00e9462d83 [term 0 FOLLOWER]: Consensus starting up: Expiring failure detector timer to make a prompt election more likely
I20260608 09:48:43.473817 11886 raft_consensus.cc:740] T 334535bfece74d3283c46a629db64d69 P 4e92a71746214e3f886fbc00e9462d83 [term 0 FOLLOWER]: Becoming Follower/Learner. State: Replica: 4e92a71746214e3f886fbc00e9462d83, State: Initialized, Role: FOLLOWER
I20260608 09:48:43.473824 11893 raft_consensus.cc:359] T d3fbf827e7b54fc3816780b682483f51 P 84ca2dbcbf194c03bdb2147ed19b1583 [term 0 FOLLOWER]: Replica starting. Triggering 0 pending ops. Active config: opid_index: -1 OBSOLETE_local: false peers { permanent_uuid: "84ca2dbcbf194c03bdb2147ed19b1583" member_type: VOTER last_known_addr { host: "127.8.122.193" port: 37877 } } peers { permanent_uuid: "4e92a71746214e3f886fbc00e9462d83" member_type: VOTER last_known_addr { host: "127.8.122.194" port: 40821 } } peers { permanent_uuid: "be6c90ab259643fc929cabb1e3985e3f" member_type: VOTER last_known_addr { host: "127.8.122.195" port: 37485 } }
I20260608 09:48:43.474699 11893 raft_consensus.cc:385] T d3fbf827e7b54fc3816780b682483f51 P 84ca2dbcbf194c03bdb2147ed19b1583 [term 0 FOLLOWER]: Consensus starting up: Expiring failure detector timer to make a prompt election more likely
I20260608 09:48:43.475041 11893 raft_consensus.cc:740] T d3fbf827e7b54fc3816780b682483f51 P 84ca2dbcbf194c03bdb2147ed19b1583 [term 0 FOLLOWER]: Becoming Follower/Learner. State: Replica: 84ca2dbcbf194c03bdb2147ed19b1583, State: Initialized, Role: FOLLOWER
I20260608 09:48:43.474834 11886 consensus_queue.cc:260] T 334535bfece74d3283c46a629db64d69 P 4e92a71746214e3f886fbc00e9462d83 [NON_LEADER]: Queue going to NON_LEADER mode. State: All replicated index: 0, Majority replicated index: 0, Committed index: 0, Last appended: 0.0, Last appended by leader: 0, Current term: 0, Majority size: -1, State: 0, Mode: NON_LEADER, active raft config: opid_index: -1 OBSOLETE_local: false peers { permanent_uuid: "84ca2dbcbf194c03bdb2147ed19b1583" member_type: VOTER last_known_addr { host: "127.8.122.193" port: 37877 } } peers { permanent_uuid: "4e92a71746214e3f886fbc00e9462d83" member_type: VOTER last_known_addr { host: "127.8.122.194" port: 40821 } } peers { permanent_uuid: "be6c90ab259643fc929cabb1e3985e3f" member_type: VOTER last_known_addr { host: "127.8.122.195" port: 37485 } }
I20260608 09:48:43.475558 11885 ts_tablet_manager.cc:1434] T 1b097602eb604877bac74bedb0e73649 P be6c90ab259643fc929cabb1e3985e3f: Time spent starting tablet: real 0.008s	user 0.009s	sys 0.000s
I20260608 09:48:43.476119 11893 consensus_queue.cc:260] T d3fbf827e7b54fc3816780b682483f51 P 84ca2dbcbf194c03bdb2147ed19b1583 [NON_LEADER]: Queue going to NON_LEADER mode. State: All replicated index: 0, Majority replicated index: 0, Committed index: 0, Last appended: 0.0, Last appended by leader: 0, Current term: 0, Majority size: -1, State: 0, Mode: NON_LEADER, active raft config: opid_index: -1 OBSOLETE_local: false peers { permanent_uuid: "84ca2dbcbf194c03bdb2147ed19b1583" member_type: VOTER last_known_addr { host: "127.8.122.193" port: 37877 } } peers { permanent_uuid: "4e92a71746214e3f886fbc00e9462d83" member_type: VOTER last_known_addr { host: "127.8.122.194" port: 40821 } } peers { permanent_uuid: "be6c90ab259643fc929cabb1e3985e3f" member_type: VOTER last_known_addr { host: "127.8.122.195" port: 37485 } }
I20260608 09:48:43.477066 11885 tablet_bootstrap.cc:492] T d3fbf827e7b54fc3816780b682483f51 P be6c90ab259643fc929cabb1e3985e3f: Bootstrap starting.
I20260608 09:48:43.477676 11886 ts_tablet_manager.cc:1434] T 334535bfece74d3283c46a629db64d69 P 4e92a71746214e3f886fbc00e9462d83: Time spent starting tablet: real 0.008s	user 0.007s	sys 0.000s
I20260608 09:48:43.478829 11886 tablet_bootstrap.cc:492] T cac067fb3b8b48dab481d211aad94d09 P 4e92a71746214e3f886fbc00e9462d83: Bootstrap starting.
I20260608 09:48:43.478982 11893 ts_tablet_manager.cc:1434] T d3fbf827e7b54fc3816780b682483f51 P 84ca2dbcbf194c03bdb2147ed19b1583: Time spent starting tablet: real 0.008s	user 0.004s	sys 0.004s
I20260608 09:48:43.479979 11893 tablet_bootstrap.cc:492] T 1b097602eb604877bac74bedb0e73649 P 84ca2dbcbf194c03bdb2147ed19b1583: Bootstrap starting.
W20260608 09:48:43.480904 11636 auto_rebalancer.cc:259] Could not retrieve cluster info: Service unavailable: Tablet not running
I20260608 09:48:43.482549 11641 auto_leader_rebalancer.cc:140] leader rebalance for table range_aware_rebalance_new_range
W20260608 09:48:43.483599 11641 auto_leader_rebalancer.cc:460] the master instance isn't leader: Service unavailable: Tablet not running
I20260608 09:48:43.484445 11885 tablet_bootstrap.cc:654] T d3fbf827e7b54fc3816780b682483f51 P be6c90ab259643fc929cabb1e3985e3f: Neither blocks nor log segments found. Creating new log.
I20260608 09:48:43.486601 11886 tablet_bootstrap.cc:654] T cac067fb3b8b48dab481d211aad94d09 P 4e92a71746214e3f886fbc00e9462d83: Neither blocks nor log segments found. Creating new log.
I20260608 09:48:43.486601 11893 tablet_bootstrap.cc:654] T 1b097602eb604877bac74bedb0e73649 P 84ca2dbcbf194c03bdb2147ed19b1583: Neither blocks nor log segments found. Creating new log.
I20260608 09:48:43.496752 11885 tablet_bootstrap.cc:492] T d3fbf827e7b54fc3816780b682483f51 P be6c90ab259643fc929cabb1e3985e3f: No bootstrap required, opened a new log
I20260608 09:48:43.497258 11885 ts_tablet_manager.cc:1403] T d3fbf827e7b54fc3816780b682483f51 P be6c90ab259643fc929cabb1e3985e3f: Time spent bootstrapping tablet: real 0.020s	user 0.007s	sys 0.011s
I20260608 09:48:43.497295 11890 raft_consensus.cc:493] T 334535bfece74d3283c46a629db64d69 P 4e92a71746214e3f886fbc00e9462d83 [term 0 FOLLOWER]: Starting pre-election (no leader contacted us within the election timeout)
I20260608 09:48:43.497913 11890 raft_consensus.cc:515] T 334535bfece74d3283c46a629db64d69 P 4e92a71746214e3f886fbc00e9462d83 [term 0 FOLLOWER]: Starting pre-election with config: opid_index: -1 OBSOLETE_local: false peers { permanent_uuid: "84ca2dbcbf194c03bdb2147ed19b1583" member_type: VOTER last_known_addr { host: "127.8.122.193" port: 37877 } } peers { permanent_uuid: "4e92a71746214e3f886fbc00e9462d83" member_type: VOTER last_known_addr { host: "127.8.122.194" port: 40821 } } peers { permanent_uuid: "be6c90ab259643fc929cabb1e3985e3f" member_type: VOTER last_known_addr { host: "127.8.122.195" port: 37485 } }
I20260608 09:48:43.501149 11885 raft_consensus.cc:359] T d3fbf827e7b54fc3816780b682483f51 P be6c90ab259643fc929cabb1e3985e3f [term 0 FOLLOWER]: Replica starting. Triggering 0 pending ops. Active config: opid_index: -1 OBSOLETE_local: false peers { permanent_uuid: "84ca2dbcbf194c03bdb2147ed19b1583" member_type: VOTER last_known_addr { host: "127.8.122.193" port: 37877 } } peers { permanent_uuid: "4e92a71746214e3f886fbc00e9462d83" member_type: VOTER last_known_addr { host: "127.8.122.194" port: 40821 } } peers { permanent_uuid: "be6c90ab259643fc929cabb1e3985e3f" member_type: VOTER last_known_addr { host: "127.8.122.195" port: 37485 } }
I20260608 09:48:43.502323 11885 raft_consensus.cc:385] T d3fbf827e7b54fc3816780b682483f51 P be6c90ab259643fc929cabb1e3985e3f [term 0 FOLLOWER]: Consensus starting up: Expiring failure detector timer to make a prompt election more likely
I20260608 09:48:43.502775 11885 raft_consensus.cc:740] T d3fbf827e7b54fc3816780b682483f51 P be6c90ab259643fc929cabb1e3985e3f [term 0 FOLLOWER]: Becoming Follower/Learner. State: Replica: be6c90ab259643fc929cabb1e3985e3f, State: Initialized, Role: FOLLOWER
I20260608 09:48:43.503257 11886 tablet_bootstrap.cc:492] T cac067fb3b8b48dab481d211aad94d09 P 4e92a71746214e3f886fbc00e9462d83: No bootstrap required, opened a new log
