I20260608 09:49:26.271107 13440 raft_consensus.cc:385] T 456babfef7ad4eb293af8737e8cef10a P 386ca3576a404af3ac3e010eb51b30d1 [term 0 FOLLOWER]: Consensus starting up: Expiring failure detector timer to make a prompt election more likely
I20260608 09:49:26.271442 13440 raft_consensus.cc:740] T 456babfef7ad4eb293af8737e8cef10a P 386ca3576a404af3ac3e010eb51b30d1 [term 0 FOLLOWER]: Becoming Follower/Learner. State: Replica: 386ca3576a404af3ac3e010eb51b30d1, State: Initialized, Role: FOLLOWER
I20260608 09:49:26.272230 13440 consensus_queue.cc:260] T 456babfef7ad4eb293af8737e8cef10a P 386ca3576a404af3ac3e010eb51b30d1 [NON_LEADER]: Queue going to NON_LEADER mode. State: All replicated index: 0, Majority replicated index: 0, Committed index: 0, Last appended: 0.0, Last appended by leader: 0, Current term: 0, Majority size: -1, State: 0, Mode: NON_LEADER, active raft config: opid_index: -1 OBSOLETE_local: false peers { permanent_uuid: "c462a4fe253649e4a37e2c5c39711281" member_type: VOTER last_known_addr { host: "127.8.122.193" port: 45935 } } peers { permanent_uuid: "386ca3576a404af3ac3e010eb51b30d1" member_type: VOTER last_known_addr { host: "127.8.122.194" port: 40011 } } peers { permanent_uuid: "008ad1eab7b649a29845431f832efeca" member_type: VOTER last_known_addr { host: "127.8.122.195" port: 46473 } }
I20260608 09:49:26.274772 13440 ts_tablet_manager.cc:1434] T 456babfef7ad4eb293af8737e8cef10a P 386ca3576a404af3ac3e010eb51b30d1: Time spent starting tablet: real 0.027s	user 0.004s	sys 0.004s
I20260608 09:49:26.276057 13440 tablet_bootstrap.cc:492] T e8dff64130874e67a6892b3693020965 P 386ca3576a404af3ac3e010eb51b30d1: Bootstrap starting.
I20260608 09:49:26.280891 13314 tablet_service.cc:1917] Received RequestConsensusVote() RPC: tablet_id: "2164c9b5f11641f183881967c5678024" candidate_uuid: "c462a4fe253649e4a37e2c5c39711281" candidate_term: 1 candidate_status { last_received { term: 0 index: 0 } } ignore_live_leader: false dest_uuid: "386ca3576a404af3ac3e010eb51b30d1"
I20260608 09:49:26.281905 13314 raft_consensus.cc:2393] T 2164c9b5f11641f183881967c5678024 P 386ca3576a404af3ac3e010eb51b30d1 [term 1 FOLLOWER]: Leader election vote request: Denying vote to candidate c462a4fe253649e4a37e2c5c39711281 in current term 1: Already voted for candidate 008ad1eab7b649a29845431f832efeca in this term.
I20260608 09:49:26.282016 13436 tablet_bootstrap.cc:492] T 0b29b391948e457c92659f5160e2a37e P 008ad1eab7b649a29845431f832efeca: No bootstrap required, opened a new log
I20260608 09:49:26.282263 13437 tablet_bootstrap.cc:492] T 456babfef7ad4eb293af8737e8cef10a P c462a4fe253649e4a37e2c5c39711281: No bootstrap required, opened a new log
I20260608 09:49:26.282701 13436 ts_tablet_manager.cc:1403] T 0b29b391948e457c92659f5160e2a37e P 008ad1eab7b649a29845431f832efeca: Time spent bootstrapping tablet: real 0.036s	user 0.010s	sys 0.010s
I20260608 09:49:26.282912 13437 ts_tablet_manager.cc:1403] T 456babfef7ad4eb293af8737e8cef10a P c462a4fe253649e4a37e2c5c39711281: Time spent bootstrapping tablet: real 0.021s	user 0.015s	sys 0.002s
I20260608 09:49:26.283255 13206 leader_election.cc:304] T 2164c9b5f11641f183881967c5678024 P c462a4fe253649e4a37e2c5c39711281 [CANDIDATE]: Term 1 election: Election decided. Result: candidate lost. Election summary: received 3 responses out of 3 voters: 1 yes votes; 2 no votes. yes voters: c462a4fe253649e4a37e2c5c39711281; no voters: 008ad1eab7b649a29845431f832efeca, 386ca3576a404af3ac3e010eb51b30d1
I20260608 09:49:26.284219 13478 raft_consensus.cc:2749] T 2164c9b5f11641f183881967c5678024 P c462a4fe253649e4a37e2c5c39711281 [term 1 FOLLOWER]: Leader election lost for term 1. Reason: could not achieve majority
I20260608 09:49:26.286101 13436 raft_consensus.cc:359] T 0b29b391948e457c92659f5160e2a37e P 008ad1eab7b649a29845431f832efeca [term 0 FOLLOWER]: Replica starting. Triggering 0 pending ops. Active config: opid_index: -1 OBSOLETE_local: false peers { permanent_uuid: "c462a4fe253649e4a37e2c5c39711281" member_type: VOTER last_known_addr { host: "127.8.122.193" port: 45935 } } peers { permanent_uuid: "386ca3576a404af3ac3e010eb51b30d1" member_type: VOTER last_known_addr { host: "127.8.122.194" port: 40011 } } peers { permanent_uuid: "008ad1eab7b649a29845431f832efeca" member_type: VOTER last_known_addr { host: "127.8.122.195" port: 46473 } }
I20260608 09:49:26.286859 13436 raft_consensus.cc:385] T 0b29b391948e457c92659f5160e2a37e P 008ad1eab7b649a29845431f832efeca [term 0 FOLLOWER]: Consensus starting up: Expiring failure detector timer to make a prompt election more likely
I20260608 09:49:26.287182 13436 raft_consensus.cc:740] T 0b29b391948e457c92659f5160e2a37e P 008ad1eab7b649a29845431f832efeca [term 0 FOLLOWER]: Becoming Follower/Learner. State: Replica: 008ad1eab7b649a29845431f832efeca, State: Initialized, Role: FOLLOWER
I20260608 09:49:26.287904 13437 raft_consensus.cc:359] T 456babfef7ad4eb293af8737e8cef10a P c462a4fe253649e4a37e2c5c39711281 [term 0 FOLLOWER]: Replica starting. Triggering 0 pending ops. Active config: opid_index: -1 OBSOLETE_local: false peers { permanent_uuid: "c462a4fe253649e4a37e2c5c39711281" member_type: VOTER last_known_addr { host: "127.8.122.193" port: 45935 } } peers { permanent_uuid: "386ca3576a404af3ac3e010eb51b30d1" member_type: VOTER last_known_addr { host: "127.8.122.194" port: 40011 } } peers { permanent_uuid: "008ad1eab7b649a29845431f832efeca" member_type: VOTER last_known_addr { host: "127.8.122.195" port: 46473 } }
I20260608 09:49:26.288162 13436 consensus_queue.cc:260] T 0b29b391948e457c92659f5160e2a37e P 008ad1eab7b649a29845431f832efeca [NON_LEADER]: Queue going to NON_LEADER mode. State: All replicated index: 0, Majority replicated index: 0, Committed index: 0, Last appended: 0.0, Last appended by leader: 0, Current term: 0, Majority size: -1, State: 0, Mode: NON_LEADER, active raft config: opid_index: -1 OBSOLETE_local: false peers { permanent_uuid: "c462a4fe253649e4a37e2c5c39711281" member_type: VOTER last_known_addr { host: "127.8.122.193" port: 45935 } } peers { permanent_uuid: "386ca3576a404af3ac3e010eb51b30d1" member_type: VOTER last_known_addr { host: "127.8.122.194" port: 40011 } } peers { permanent_uuid: "008ad1eab7b649a29845431f832efeca" member_type: VOTER last_known_addr { host: "127.8.122.195" port: 46473 } }
I20260608 09:49:26.288957 13437 raft_consensus.cc:385] T 456babfef7ad4eb293af8737e8cef10a P c462a4fe253649e4a37e2c5c39711281 [term 0 FOLLOWER]: Consensus starting up: Expiring failure detector timer to make a prompt election more likely
I20260608 09:49:26.289378 13437 raft_consensus.cc:740] T 456babfef7ad4eb293af8737e8cef10a P c462a4fe253649e4a37e2c5c39711281 [term 0 FOLLOWER]: Becoming Follower/Learner. State: Replica: c462a4fe253649e4a37e2c5c39711281, State: Initialized, Role: FOLLOWER
I20260608 09:49:26.290812 13436 ts_tablet_manager.cc:1434] T 0b29b391948e457c92659f5160e2a37e P 008ad1eab7b649a29845431f832efeca: Time spent starting tablet: real 0.008s	user 0.006s	sys 0.000s
I20260608 09:49:26.290534 13437 consensus_queue.cc:260] T 456babfef7ad4eb293af8737e8cef10a P c462a4fe253649e4a37e2c5c39711281 [NON_LEADER]: Queue going to NON_LEADER mode. State: All replicated index: 0, Majority replicated index: 0, Committed index: 0, Last appended: 0.0, Last appended by leader: 0, Current term: 0, Majority size: -1, State: 0, Mode: NON_LEADER, active raft config: opid_index: -1 OBSOLETE_local: false peers { permanent_uuid: "c462a4fe253649e4a37e2c5c39711281" member_type: VOTER last_known_addr { host: "127.8.122.193" port: 45935 } } peers { permanent_uuid: "386ca3576a404af3ac3e010eb51b30d1" member_type: VOTER last_known_addr { host: "127.8.122.194" port: 40011 } } peers { permanent_uuid: "008ad1eab7b649a29845431f832efeca" member_type: VOTER last_known_addr { host: "127.8.122.195" port: 46473 } }
I20260608 09:49:26.292570 13436 tablet_bootstrap.cc:492] T 6c9969974b6746ec8c2a738344c4ce9f P 008ad1eab7b649a29845431f832efeca: Bootstrap starting.
I20260608 09:49:26.294139 13437 ts_tablet_manager.cc:1434] T 456babfef7ad4eb293af8737e8cef10a P c462a4fe253649e4a37e2c5c39711281: Time spent starting tablet: real 0.011s	user 0.009s	sys 0.001s
I20260608 09:49:26.295571 13437 tablet_bootstrap.cc:492] T 6c9969974b6746ec8c2a738344c4ce9f P c462a4fe253649e4a37e2c5c39711281: Bootstrap starting.
I20260608 09:49:26.288347 13440 tablet_bootstrap.cc:654] T e8dff64130874e67a6892b3693020965 P 386ca3576a404af3ac3e010eb51b30d1: Neither blocks nor log segments found. Creating new log.
I20260608 09:49:26.300352 13437 tablet_bootstrap.cc:654] T 6c9969974b6746ec8c2a738344c4ce9f P c462a4fe253649e4a37e2c5c39711281: Neither blocks nor log segments found. Creating new log.
I20260608 09:49:26.301548 13436 tablet_bootstrap.cc:654] T 6c9969974b6746ec8c2a738344c4ce9f P 008ad1eab7b649a29845431f832efeca: Neither blocks nor log segments found. Creating new log.
I20260608 09:49:26.320302 13436 tablet_bootstrap.cc:492] T 6c9969974b6746ec8c2a738344c4ce9f P 008ad1eab7b649a29845431f832efeca: No bootstrap required, opened a new log
I20260608 09:49:26.320943 13436 ts_tablet_manager.cc:1403] T 6c9969974b6746ec8c2a738344c4ce9f P 008ad1eab7b649a29845431f832efeca: Time spent bootstrapping tablet: real 0.029s	user 0.007s	sys 0.008s
I20260608 09:49:26.321445 13437 tablet_bootstrap.cc:492] T 6c9969974b6746ec8c2a738344c4ce9f P c462a4fe253649e4a37e2c5c39711281: No bootstrap required, opened a new log
I20260608 09:49:26.322023 13437 ts_tablet_manager.cc:1403] T 6c9969974b6746ec8c2a738344c4ce9f P c462a4fe253649e4a37e2c5c39711281: Time spent bootstrapping tablet: real 0.027s	user 0.010s	sys 0.015s
I20260608 09:49:26.323959 13436 raft_consensus.cc:359] T 6c9969974b6746ec8c2a738344c4ce9f P 008ad1eab7b649a29845431f832efeca [term 0 FOLLOWER]: Replica starting. Triggering 0 pending ops. Active config: opid_index: -1 OBSOLETE_local: false peers { permanent_uuid: "c462a4fe253649e4a37e2c5c39711281" member_type: VOTER last_known_addr { host: "127.8.122.193" port: 45935 } } peers { permanent_uuid: "386ca3576a404af3ac3e010eb51b30d1" member_type: VOTER last_known_addr { host: "127.8.122.194" port: 40011 } } peers { permanent_uuid: "008ad1eab7b649a29845431f832efeca" member_type: VOTER last_known_addr { host: "127.8.122.195" port: 46473 } }
I20260608 09:49:26.325397 13436 raft_consensus.cc:385] T 6c9969974b6746ec8c2a738344c4ce9f P 008ad1eab7b649a29845431f832efeca [term 0 FOLLOWER]: Consensus starting up: Expiring failure detector timer to make a prompt election more likely
I20260608 09:49:26.325686 13436 raft_consensus.cc:740] T 6c9969974b6746ec8c2a738344c4ce9f P 008ad1eab7b649a29845431f832efeca [term 0 FOLLOWER]: Becoming Follower/Learner. State: Replica: 008ad1eab7b649a29845431f832efeca, State: Initialized, Role: FOLLOWER
I20260608 09:49:26.326488 13436 consensus_queue.cc:260] T 6c9969974b6746ec8c2a738344c4ce9f P 008ad1eab7b649a29845431f832efeca [NON_LEADER]: Queue going to NON_LEADER mode. State: All replicated index: 0, Majority replicated index: 0, Committed index: 0, Last appended: 0.0, Last appended by leader: 0, Current term: 0, Majority size: -1, State: 0, Mode: NON_LEADER, active raft config: opid_index: -1 OBSOLETE_local: false peers { permanent_uuid: "c462a4fe253649e4a37e2c5c39711281" member_type: VOTER last_known_addr { host: "127.8.122.193" port: 45935 } } peers { permanent_uuid: "386ca3576a404af3ac3e010eb51b30d1" member_type: VOTER last_known_addr { host: "127.8.122.194" port: 40011 } } peers { permanent_uuid: "008ad1eab7b649a29845431f832efeca" member_type: VOTER last_known_addr { host: "127.8.122.195" port: 46473 } }
I20260608 09:49:26.328362 13436 ts_tablet_manager.cc:1434] T 6c9969974b6746ec8c2a738344c4ce9f P 008ad1eab7b649a29845431f832efeca: Time spent starting tablet: real 0.007s	user 0.004s	sys 0.000s
I20260608 09:49:26.326500 13437 raft_consensus.cc:359] T 6c9969974b6746ec8c2a738344c4ce9f P c462a4fe253649e4a37e2c5c39711281 [term 0 FOLLOWER]: Replica starting. Triggering 0 pending ops. Active config: opid_index: -1 OBSOLETE_local: false peers { permanent_uuid: "c462a4fe253649e4a37e2c5c39711281" member_type: VOTER last_known_addr { host: "127.8.122.193" port: 45935 } } peers { permanent_uuid: "386ca3576a404af3ac3e010eb51b30d1" member_type: VOTER last_known_addr { host: "127.8.122.194" port: 40011 } } peers { permanent_uuid: "008ad1eab7b649a29845431f832efeca" member_type: VOTER last_known_addr { host: "127.8.122.195" port: 46473 } }
I20260608 09:49:26.330601 13440 tablet_bootstrap.cc:492] T e8dff64130874e67a6892b3693020965 P 386ca3576a404af3ac3e010eb51b30d1: No bootstrap required, opened a new log
I20260608 09:49:26.330955 13437 raft_consensus.cc:385] T 6c9969974b6746ec8c2a738344c4ce9f P c462a4fe253649e4a37e2c5c39711281 [term 0 FOLLOWER]: Consensus starting up: Expiring failure detector timer to make a prompt election more likely
I20260608 09:49:26.331346 13440 ts_tablet_manager.cc:1403] T e8dff64130874e67a6892b3693020965 P 386ca3576a404af3ac3e010eb51b30d1: Time spent bootstrapping tablet: real 0.056s	user 0.014s	sys 0.007s
I20260608 09:49:26.331842 13436 tablet_bootstrap.cc:492] T ffd3d11260a14b689313fe5a3ef134b6 P 008ad1eab7b649a29845431f832efeca: Bootstrap starting.
I20260608 09:49:26.331343 13437 raft_consensus.cc:740] T 6c9969974b6746ec8c2a738344c4ce9f P c462a4fe253649e4a37e2c5c39711281 [term 0 FOLLOWER]: Becoming Follower/Learner. State: Replica: c462a4fe253649e4a37e2c5c39711281, State: Initialized, Role: FOLLOWER
I20260608 09:49:26.332401 13138 catalog_manager.cc:5696] T 76076fb7f4f7479bbdfdd88f9752b3d4 P 008ad1eab7b649a29845431f832efeca reported cstate change: term changed from 0 to 1, leader changed from <none> to 008ad1eab7b649a29845431f832efeca (127.8.122.195). New cstate: current_term: 1 leader_uuid: "008ad1eab7b649a29845431f832efeca" committed_config { opid_index: -1 OBSOLETE_local: false peers { permanent_uuid: "008ad1eab7b649a29845431f832efeca" member_type: VOTER last_known_addr { host: "127.8.122.195" port: 46473 } health_report { overall_health: HEALTHY } } peers { permanent_uuid: "386ca3576a404af3ac3e010eb51b30d1" member_type: VOTER last_known_addr { host: "127.8.122.194" port: 40011 } health_report { overall_health: UNKNOWN } } peers { permanent_uuid: "c462a4fe253649e4a37e2c5c39711281" member_type: VOTER last_known_addr { host: "127.8.122.193" port: 45935 } health_report { overall_health: UNKNOWN } } }
I20260608 09:49:26.333304 13437 consensus_queue.cc:260] T 6c9969974b6746ec8c2a738344c4ce9f P c462a4fe253649e4a37e2c5c39711281 [NON_LEADER]: Queue going to NON_LEADER mode. State: All replicated index: 0, Majority replicated index: 0, Committed index: 0, Last appended: 0.0, Last appended by leader: 0, Current term: 0, Majority size: -1, State: 0, Mode: NON_LEADER, active raft config: opid_index: -1 OBSOLETE_local: false peers { permanent_uuid: "c462a4fe253649e4a37e2c5c39711281" member_type: VOTER last_known_addr { host: "127.8.122.193" port: 45935 } } peers { permanent_uuid: "386ca3576a404af3ac3e010eb51b30d1" member_type: VOTER last_known_addr { host: "127.8.122.194" port: 40011 } } peers { permanent_uuid: "008ad1eab7b649a29845431f832efeca" member_type: VOTER last_known_addr { host: "127.8.122.195" port: 46473 } }
I20260608 09:49:26.337281 13436 tablet_bootstrap.cc:654] T ffd3d11260a14b689313fe5a3ef134b6 P 008ad1eab7b649a29845431f832efeca: Neither blocks nor log segments found. Creating new log.
I20260608 09:49:26.336895 13440 raft_consensus.cc:359] T e8dff64130874e67a6892b3693020965 P 386ca3576a404af3ac3e010eb51b30d1 [term 0 FOLLOWER]: Replica starting. Triggering 0 pending ops. Active config: opid_index: -1 OBSOLETE_local: false peers { permanent_uuid: "c462a4fe253649e4a37e2c5c39711281" member_type: VOTER last_known_addr { host: "127.8.122.193" port: 45935 } } peers { permanent_uuid: "386ca3576a404af3ac3e010eb51b30d1" member_type: VOTER last_known_addr { host: "127.8.122.194" port: 40011 } } peers { permanent_uuid: "008ad1eab7b649a29845431f832efeca" member_type: VOTER last_known_addr { host: "127.8.122.195" port: 46473 } }
I20260608 09:49:26.335268 13138 catalog_manager.cc:5696] T 2164c9b5f11641f183881967c5678024 P 008ad1eab7b649a29845431f832efeca reported cstate change: term changed from 0 to 1, leader changed from <none> to 008ad1eab7b649a29845431f832efeca (127.8.122.195). New cstate: current_term: 1 leader_uuid: "008ad1eab7b649a29845431f832efeca" committed_config { opid_index: -1 OBSOLETE_local: false peers { permanent_uuid: "c462a4fe253649e4a37e2c5c39711281" member_type: VOTER last_known_addr { host: "127.8.122.193" port: 45935 } health_report { overall_health: UNKNOWN } } peers { permanent_uuid: "386ca3576a404af3ac3e010eb51b30d1" member_type: VOTER last_known_addr { host: "127.8.122.194" port: 40011 } health_report { overall_health: UNKNOWN } } peers { permanent_uuid: "008ad1eab7b649a29845431f832efeca" member_type: VOTER last_known_addr { host: "127.8.122.195" port: 46473 } health_report { overall_health: HEALTHY } } }
I20260608 09:49:26.337854 13440 raft_consensus.cc:385] T e8dff64130874e67a6892b3693020965 P 386ca3576a404af3ac3e010eb51b30d1 [term 0 FOLLOWER]: Consensus starting up: Expiring failure detector timer to make a prompt election more likely
I20260608 09:49:26.338258 13440 raft_consensus.cc:740] T e8dff64130874e67a6892b3693020965 P 386ca3576a404af3ac3e010eb51b30d1 [term 0 FOLLOWER]: Becoming Follower/Learner. State: Replica: 386ca3576a404af3ac3e010eb51b30d1, State: Initialized, Role: FOLLOWER
I20260608 09:49:26.338570 13437 ts_tablet_manager.cc:1434] T 6c9969974b6746ec8c2a738344c4ce9f P c462a4fe253649e4a37e2c5c39711281: Time spent starting tablet: real 0.016s	user 0.006s	sys 0.000s
I20260608 09:49:26.339742 13437 tablet_bootstrap.cc:492] T ffd3d11260a14b689313fe5a3ef134b6 P c462a4fe253649e4a37e2c5c39711281: Bootstrap starting.
I20260608 09:49:26.339365 13440 consensus_queue.cc:260] T e8dff64130874e67a6892b3693020965 P 386ca3576a404af3ac3e010eb51b30d1 [NON_LEADER]: Queue going to NON_LEADER mode. State: All replicated index: 0, Majority replicated index: 0, Committed index: 0, Last appended: 0.0, Last appended by leader: 0, Current term: 0, Majority size: -1, State: 0, Mode: NON_LEADER, active raft config: opid_index: -1 OBSOLETE_local: false peers { permanent_uuid: "c462a4fe253649e4a37e2c5c39711281" member_type: VOTER last_known_addr { host: "127.8.122.193" port: 45935 } } peers { permanent_uuid: "386ca3576a404af3ac3e010eb51b30d1" member_type: VOTER last_known_addr { host: "127.8.122.194" port: 40011 } } peers { permanent_uuid: "008ad1eab7b649a29845431f832efeca" member_type: VOTER last_known_addr { host: "127.8.122.195" port: 46473 } }
I20260608 09:49:26.344913 13440 ts_tablet_manager.cc:1434] T e8dff64130874e67a6892b3693020965 P 386ca3576a404af3ac3e010eb51b30d1: Time spent starting tablet: real 0.013s	user 0.008s	sys 0.000s
I20260608 09:49:26.345999 13440 tablet_bootstrap.cc:492] T 76076fb7f4f7479bbdfdd88f9752b3d4 P 386ca3576a404af3ac3e010eb51b30d1: Bootstrap starting.
I20260608 09:49:26.346210 13436 tablet_bootstrap.cc:492] T ffd3d11260a14b689313fe5a3ef134b6 P 008ad1eab7b649a29845431f832efeca: No bootstrap required, opened a new log
I20260608 09:49:26.346740 13436 ts_tablet_manager.cc:1403] T ffd3d11260a14b689313fe5a3ef134b6 P 008ad1eab7b649a29845431f832efeca: Time spent bootstrapping tablet: real 0.015s	user 0.011s	sys 0.000s
I20260608 09:49:26.348439 13437 tablet_bootstrap.cc:654] T ffd3d11260a14b689313fe5a3ef134b6 P c462a4fe253649e4a37e2c5c39711281: Neither blocks nor log segments found. Creating new log.
I20260608 09:49:26.350101 13436 raft_consensus.cc:359] T ffd3d11260a14b689313fe5a3ef134b6 P 008ad1eab7b649a29845431f832efeca [term 0 FOLLOWER]: Replica starting. Triggering 0 pending ops. Active config: opid_index: -1 OBSOLETE_local: false peers { permanent_uuid: "c462a4fe253649e4a37e2c5c39711281" member_type: VOTER last_known_addr { host: "127.8.122.193" port: 45935 } } peers { permanent_uuid: "386ca3576a404af3ac3e010eb51b30d1" member_type: VOTER last_known_addr { host: "127.8.122.194" port: 40011 } } peers { permanent_uuid: "008ad1eab7b649a29845431f832efeca" member_type: VOTER last_known_addr { host: "127.8.122.195" port: 46473 } }
I20260608 09:49:26.351210 13436 raft_consensus.cc:385] T ffd3d11260a14b689313fe5a3ef134b6 P 008ad1eab7b649a29845431f832efeca [term 0 FOLLOWER]: Consensus starting up: Expiring failure detector timer to make a prompt election more likely
I20260608 09:49:26.351526 13436 raft_consensus.cc:740] T ffd3d11260a14b689313fe5a3ef134b6 P 008ad1eab7b649a29845431f832efeca [term 0 FOLLOWER]: Becoming Follower/Learner. State: Replica: 008ad1eab7b649a29845431f832efeca, State: Initialized, Role: FOLLOWER
I20260608 09:49:26.352584 13440 tablet_bootstrap.cc:654] T 76076fb7f4f7479bbdfdd88f9752b3d4 P 386ca3576a404af3ac3e010eb51b30d1: Neither blocks nor log segments found. Creating new log.
I20260608 09:49:26.352421 13436 consensus_queue.cc:260] T ffd3d11260a14b689313fe5a3ef134b6 P 008ad1eab7b649a29845431f832efeca [NON_LEADER]: Queue going to NON_LEADER mode. State: All replicated index: 0, Majority replicated index: 0, Committed index: 0, Last appended: 0.0, Last appended by leader: 0, Current term: 0, Majority size: -1, State: 0, Mode: NON_LEADER, active raft config: opid_index: -1 OBSOLETE_local: false peers { permanent_uuid: "c462a4fe253649e4a37e2c5c39711281" member_type: VOTER last_known_addr { host: "127.8.122.193" port: 45935 } } peers { permanent_uuid: "386ca3576a404af3ac3e010eb51b30d1" member_type: VOTER last_known_addr { host: "127.8.122.194" port: 40011 } } peers { permanent_uuid: "008ad1eab7b649a29845431f832efeca" member_type: VOTER last_known_addr { host: "127.8.122.195" port: 46473 } }
I20260608 09:49:26.355087 13436 ts_tablet_manager.cc:1434] T ffd3d11260a14b689313fe5a3ef134b6 P 008ad1eab7b649a29845431f832efeca: Time spent starting tablet: real 0.008s	user 0.006s	sys 0.000s
I20260608 09:49:26.357332 13439 raft_consensus.cc:493] T e8dff64130874e67a6892b3693020965 P c462a4fe253649e4a37e2c5c39711281 [term 0 FOLLOWER]: Starting pre-election (no leader contacted us within the election timeout)
I20260608 09:49:26.357890 13439 raft_consensus.cc:515] T e8dff64130874e67a6892b3693020965 P c462a4fe253649e4a37e2c5c39711281 [term 0 FOLLOWER]: Starting pre-election with config: opid_index: -1 OBSOLETE_local: false peers { permanent_uuid: "c462a4fe253649e4a37e2c5c39711281" member_type: VOTER last_known_addr { host: "127.8.122.193" port: 45935 } } peers { permanent_uuid: "386ca3576a404af3ac3e010eb51b30d1" member_type: VOTER last_known_addr { host: "127.8.122.194" port: 40011 } } peers { permanent_uuid: "008ad1eab7b649a29845431f832efeca" member_type: VOTER last_known_addr { host: "127.8.122.195" port: 46473 } }
I20260608 09:49:26.358953 13440 tablet_bootstrap.cc:492] T 76076fb7f4f7479bbdfdd88f9752b3d4 P 386ca3576a404af3ac3e010eb51b30d1: No bootstrap required, opened a new log
I20260608 09:49:26.359481 13440 ts_tablet_manager.cc:1403] T 76076fb7f4f7479bbdfdd88f9752b3d4 P 386ca3576a404af3ac3e010eb51b30d1: Time spent bootstrapping tablet: real 0.014s	user 0.010s	sys 0.001s
I20260608 09:49:26.360139 13439 leader_election.cc:290] T e8dff64130874e67a6892b3693020965 P c462a4fe253649e4a37e2c5c39711281 [CANDIDATE]: Term 1 pre-election: Requested pre-vote from peers 386ca3576a404af3ac3e010eb51b30d1 (127.8.122.194:40011), 008ad1eab7b649a29845431f832efeca (127.8.122.195:46473)
I20260608 09:49:26.362025 13314 tablet_service.cc:1917] Received RequestConsensusVote() RPC: tablet_id: "e8dff64130874e67a6892b3693020965" candidate_uuid: "c462a4fe253649e4a37e2c5c39711281" candidate_term: 1 candidate_status { last_received { term: 0 index: 0 } } ignore_live_leader: false dest_uuid: "386ca3576a404af3ac3e010eb51b30d1" is_pre_election: true
I20260608 09:49:26.362329 13391 tablet_service.cc:1917] Received RequestConsensusVote() RPC: tablet_id: "e8dff64130874e67a6892b3693020965" candidate_uuid: "c462a4fe253649e4a37e2c5c39711281" candidate_term: 1 candidate_status { last_received { term: 0 index: 0 } } ignore_live_leader: false dest_uuid: "008ad1eab7b649a29845431f832efeca" is_pre_election: true
I20260608 09:49:26.362671 13314 raft_consensus.cc:2468] T e8dff64130874e67a6892b3693020965 P 386ca3576a404af3ac3e010eb51b30d1 [term 0 FOLLOWER]: Leader pre-election vote request: Granting yes vote for candidate c462a4fe253649e4a37e2c5c39711281 in term 0.
I20260608 09:49:26.363006 13391 raft_consensus.cc:2468] T e8dff64130874e67a6892b3693020965 P 008ad1eab7b649a29845431f832efeca [term 0 FOLLOWER]: Leader pre-election vote request: Granting yes vote for candidate c462a4fe253649e4a37e2c5c39711281 in term 0.
I20260608 09:49:26.363834 13450 raft_consensus.cc:493] T aea0bf4f050b42af8a0c86a4dbcefa2a P 386ca3576a404af3ac3e010eb51b30d1 [term 0 FOLLOWER]: Starting pre-election (no leader contacted us within the election timeout)
I20260608 09:49:26.364420 13206 leader_election.cc:304] T e8dff64130874e67a6892b3693020965 P c462a4fe253649e4a37e2c5c39711281 [CANDIDATE]: Term 1 pre-election: Election decided. Result: candidate won. Election summary: received 2 responses out of 3 voters: 2 yes votes; 0 no votes. yes voters: 008ad1eab7b649a29845431f832efeca, c462a4fe253649e4a37e2c5c39711281; no voters: 
I20260608 09:49:26.366099 13478 raft_consensus.cc:2804] T e8dff64130874e67a6892b3693020965 P c462a4fe253649e4a37e2c5c39711281 [term 0 FOLLOWER]: Leader pre-election won for term 1
I20260608 09:49:26.366472 13478 raft_consensus.cc:493] T e8dff64130874e67a6892b3693020965 P c462a4fe253649e4a37e2c5c39711281 [term 0 FOLLOWER]: Starting leader election (no leader contacted us within the election timeout)
I20260608 09:49:26.366793 13478 raft_consensus.cc:3060] T e8dff64130874e67a6892b3693020965 P c462a4fe253649e4a37e2c5c39711281 [term 0 FOLLOWER]: Advancing to term 1
I20260608 09:49:26.367173 13440 raft_consensus.cc:359] T 76076fb7f4f7479bbdfdd88f9752b3d4 P 386ca3576a404af3ac3e010eb51b30d1 [term 0 FOLLOWER]: Replica starting. Triggering 0 pending ops. Active config: opid_index: -1 OBSOLETE_local: false peers { permanent_uuid: "008ad1eab7b649a29845431f832efeca" member_type: VOTER last_known_addr { host: "127.8.122.195" port: 46473 } } peers { permanent_uuid: "386ca3576a404af3ac3e010eb51b30d1" member_type: VOTER last_known_addr { host: "127.8.122.194" port: 40011 } } peers { permanent_uuid: "c462a4fe253649e4a37e2c5c39711281" member_type: VOTER last_known_addr { host: "127.8.122.193" port: 45935 } }
I20260608 09:49:26.367832 13440 raft_consensus.cc:385] T 76076fb7f4f7479bbdfdd88f9752b3d4 P 386ca3576a404af3ac3e010eb51b30d1 [term 0 FOLLOWER]: Consensus starting up: Expiring failure detector timer to make a prompt election more likely
I20260608 09:49:26.368124 13440 raft_consensus.cc:740] T 76076fb7f4f7479bbdfdd88f9752b3d4 P 386ca3576a404af3ac3e010eb51b30d1 [term 0 FOLLOWER]: Becoming Follower/Learner. State: Replica: 386ca3576a404af3ac3e010eb51b30d1, State: Initialized, Role: FOLLOWER
I20260608 09:49:26.360195 13137 catalog_manager.cc:5696] T e2ca64b0be3d48968f0020b6b9224b97 P c462a4fe253649e4a37e2c5c39711281 reported cstate change: term changed from 0 to 1, leader changed from <none> to c462a4fe253649e4a37e2c5c39711281 (127.8.122.193). New cstate: current_term: 1 leader_uuid: "c462a4fe253649e4a37e2c5c39711281" committed_config { opid_index: -1 OBSOLETE_local: false peers { permanent_uuid: "c462a4fe253649e4a37e2c5c39711281" member_type: VOTER last_known_addr { host: "127.8.122.193" port: 45935 } health_report { overall_health: HEALTHY } } peers { permanent_uuid: "386ca3576a404af3ac3e010eb51b30d1" member_type: VOTER last_known_addr { host: "127.8.122.194" port: 40011 } health_report { overall_health: UNKNOWN } } peers { permanent_uuid: "008ad1eab7b649a29845431f832efeca" member_type: VOTER last_known_addr { host: "127.8.122.195" port: 46473 } health_report { overall_health: UNKNOWN } } }
I20260608 09:49:26.369130 13440 consensus_queue.cc:260] T 76076fb7f4f7479bbdfdd88f9752b3d4 P 386ca3576a404af3ac3e010eb51b30d1 [NON_LEADER]: Queue going to NON_LEADER mode. State: All replicated index: 0, Majority replicated index: 0, Committed index: 0, Last appended: 0.0, Last appended by leader: 0, Current term: 0, Majority size: -1, State: 0, Mode: NON_LEADER, active raft config: opid_index: -1 OBSOLETE_local: false peers { permanent_uuid: "008ad1eab7b649a29845431f832efeca" member_type: VOTER last_known_addr { host: "127.8.122.195" port: 46473 } } peers { permanent_uuid: "386ca3576a404af3ac3e010eb51b30d1" member_type: VOTER last_known_addr { host: "127.8.122.194" port: 40011 } } peers { permanent_uuid: "c462a4fe253649e4a37e2c5c39711281" member_type: VOTER last_known_addr { host: "127.8.122.193" port: 45935 } }
I20260608 09:49:26.364321 13450 raft_consensus.cc:515] T aea0bf4f050b42af8a0c86a4dbcefa2a P 386ca3576a404af3ac3e010eb51b30d1 [term 0 FOLLOWER]: Starting pre-election with config: opid_index: -1 OBSOLETE_local: false peers { permanent_uuid: "c462a4fe253649e4a37e2c5c39711281" member_type: VOTER last_known_addr { host: "127.8.122.193" port: 45935 } } peers { permanent_uuid: "386ca3576a404af3ac3e010eb51b30d1" member_type: VOTER last_known_addr { host: "127.8.122.194" port: 40011 } } peers { permanent_uuid: "008ad1eab7b649a29845431f832efeca" member_type: VOTER last_known_addr { host: "127.8.122.195" port: 46473 } }
I20260608 09:49:26.371724 13440 ts_tablet_manager.cc:1434] T 76076fb7f4f7479bbdfdd88f9752b3d4 P 386ca3576a404af3ac3e010eb51b30d1: Time spent starting tablet: real 0.012s	user 0.005s	sys 0.003s
I20260608 09:49:26.372154 13450 leader_election.cc:290] T aea0bf4f050b42af8a0c86a4dbcefa2a P 386ca3576a404af3ac3e010eb51b30d1 [CANDIDATE]: Term 1 pre-election: Requested pre-vote from peers c462a4fe253649e4a37e2c5c39711281 (127.8.122.193:45935), 008ad1eab7b649a29845431f832efeca (127.8.122.195:46473)
I20260608 09:49:26.373435 13391 tablet_service.cc:1917] Received RequestConsensusVote() RPC: tablet_id: "aea0bf4f050b42af8a0c86a4dbcefa2a" candidate_uuid: "386ca3576a404af3ac3e010eb51b30d1" candidate_term: 1 candidate_status { last_received { term: 0 index: 0 } } ignore_live_leader: false dest_uuid: "008ad1eab7b649a29845431f832efeca" is_pre_election: true
I20260608 09:49:26.375133 13391 raft_consensus.cc:2468] T aea0bf4f050b42af8a0c86a4dbcefa2a P 008ad1eab7b649a29845431f832efeca [term 0 FOLLOWER]: Leader pre-election vote request: Granting yes vote for candidate 386ca3576a404af3ac3e010eb51b30d1 in term 0.
I20260608 09:49:26.376507 13282 leader_election.cc:304] T aea0bf4f050b42af8a0c86a4dbcefa2a P 386ca3576a404af3ac3e010eb51b30d1 [CANDIDATE]: Term 1 pre-election: Election decided. Result: candidate won. Election summary: received 2 responses out of 3 voters: 2 yes votes; 0 no votes. yes voters: 008ad1eab7b649a29845431f832efeca, 386ca3576a404af3ac3e010eb51b30d1; no voters: 
I20260608 09:49:26.373821 13240 tablet_service.cc:1917] Received RequestConsensusVote() RPC: tablet_id: "aea0bf4f050b42af8a0c86a4dbcefa2a" candidate_uuid: "386ca3576a404af3ac3e010eb51b30d1" candidate_term: 1 candidate_status { last_received { term: 0 index: 0 } } ignore_live_leader: false dest_uuid: "c462a4fe253649e4a37e2c5c39711281" is_pre_election: true
I20260608 09:49:26.377807 13450 raft_consensus.cc:2804] T aea0bf4f050b42af8a0c86a4dbcefa2a P 386ca3576a404af3ac3e010eb51b30d1 [term 0 FOLLOWER]: Leader pre-election won for term 1
I20260608 09:49:26.378243 13450 raft_consensus.cc:493] T aea0bf4f050b42af8a0c86a4dbcefa2a P 386ca3576a404af3ac3e010eb51b30d1 [term 0 FOLLOWER]: Starting leader election (no leader contacted us within the election timeout)
I20260608 09:49:26.378651 13450 raft_consensus.cc:3060] T aea0bf4f050b42af8a0c86a4dbcefa2a P 386ca3576a404af3ac3e010eb51b30d1 [term 0 FOLLOWER]: Advancing to term 1
I20260608 09:49:26.379581 13478 raft_consensus.cc:515] T e8dff64130874e67a6892b3693020965 P c462a4fe253649e4a37e2c5c39711281 [term 1 FOLLOWER]: Starting leader election with config: opid_index: -1 OBSOLETE_local: false peers { permanent_uuid: "c462a4fe253649e4a37e2c5c39711281" member_type: VOTER last_known_addr { host: "127.8.122.193" port: 45935 } } peers { permanent_uuid: "386ca3576a404af3ac3e010eb51b30d1" member_type: VOTER last_known_addr { host: "127.8.122.194" port: 40011 } } peers { permanent_uuid: "008ad1eab7b649a29845431f832efeca" member_type: VOTER last_known_addr { host: "127.8.122.195" port: 46473 } }
I20260608 09:49:26.381876 13478 leader_election.cc:290] T e8dff64130874e67a6892b3693020965 P c462a4fe253649e4a37e2c5c39711281 [CANDIDATE]: Term 1 election: Requested vote from peers 386ca3576a404af3ac3e010eb51b30d1 (127.8.122.194:40011), 008ad1eab7b649a29845431f832efeca (127.8.122.195:46473)
I20260608 09:49:26.382725 13314 tablet_service.cc:1917] Received RequestConsensusVote() RPC: tablet_id: "e8dff64130874e67a6892b3693020965" candidate_uuid: "c462a4fe253649e4a37e2c5c39711281" candidate_term: 1 candidate_status { last_received { term: 0 index: 0 } } ignore_live_leader: false dest_uuid: "386ca3576a404af3ac3e010eb51b30d1"
I20260608 09:49:26.383313 13314 raft_consensus.cc:3060] T e8dff64130874e67a6892b3693020965 P 386ca3576a404af3ac3e010eb51b30d1 [term 0 FOLLOWER]: Advancing to term 1
I20260608 09:49:26.384686 13437 tablet_bootstrap.cc:492] T ffd3d11260a14b689313fe5a3ef134b6 P c462a4fe253649e4a37e2c5c39711281: No bootstrap required, opened a new log
I20260608 09:49:26.385246 13437 ts_tablet_manager.cc:1403] T ffd3d11260a14b689313fe5a3ef134b6 P c462a4fe253649e4a37e2c5c39711281: Time spent bootstrapping tablet: real 0.046s	user 0.018s	sys 0.000s
I20260608 09:49:26.386248 13391 tablet_service.cc:1917] Received RequestConsensusVote() RPC: tablet_id: "e8dff64130874e67a6892b3693020965" candidate_uuid: "c462a4fe253649e4a37e2c5c39711281" candidate_term: 1 candidate_status { last_received { term: 0 index: 0 } } ignore_live_leader: false dest_uuid: "008ad1eab7b649a29845431f832efeca"
I20260608 09:49:26.386920 13391 raft_consensus.cc:3060] T e8dff64130874e67a6892b3693020965 P 008ad1eab7b649a29845431f832efeca [term 0 FOLLOWER]: Advancing to term 1
I20260608 09:49:26.374528 13440 tablet_bootstrap.cc:492] T 6c9969974b6746ec8c2a738344c4ce9f P 386ca3576a404af3ac3e010eb51b30d1: Bootstrap starting.
I20260608 09:49:26.388211 13437 raft_consensus.cc:359] T ffd3d11260a14b689313fe5a3ef134b6 P c462a4fe253649e4a37e2c5c39711281 [term 0 FOLLOWER]: Replica starting. Triggering 0 pending ops. Active config: opid_index: -1 OBSOLETE_local: false peers { permanent_uuid: "c462a4fe253649e4a37e2c5c39711281" member_type: VOTER last_known_addr { host: "127.8.122.193" port: 45935 } } peers { permanent_uuid: "386ca3576a404af3ac3e010eb51b30d1" member_type: VOTER last_known_addr { host: "127.8.122.194" port: 40011 } } peers { permanent_uuid: "008ad1eab7b649a29845431f832efeca" member_type: VOTER last_known_addr { host: "127.8.122.195" port: 46473 } }
I20260608 09:49:26.389108 13437 raft_consensus.cc:385] T ffd3d11260a14b689313fe5a3ef134b6 P c462a4fe253649e4a37e2c5c39711281 [term 0 FOLLOWER]: Consensus starting up: Expiring failure detector timer to make a prompt election more likely
I20260608 09:49:26.389448 13437 raft_consensus.cc:740] T ffd3d11260a14b689313fe5a3ef134b6 P c462a4fe253649e4a37e2c5c39711281 [term 0 FOLLOWER]: Becoming Follower/Learner. State: Replica: c462a4fe253649e4a37e2c5c39711281, State: Initialized, Role: FOLLOWER
I20260608 09:49:26.374364 13439 raft_consensus.cc:493] T aea0bf4f050b42af8a0c86a4dbcefa2a P c462a4fe253649e4a37e2c5c39711281 [term 0 FOLLOWER]: Starting pre-election (no leader contacted us within the election timeout)
I20260608 09:49:26.390117 13439 raft_consensus.cc:515] T aea0bf4f050b42af8a0c86a4dbcefa2a P c462a4fe253649e4a37e2c5c39711281 [term 0 FOLLOWER]: Starting pre-election with config: opid_index: -1 OBSOLETE_local: false peers { permanent_uuid: "c462a4fe253649e4a37e2c5c39711281" member_type: VOTER last_known_addr { host: "127.8.122.193" port: 45935 } } peers { permanent_uuid: "386ca3576a404af3ac3e010eb51b30d1" member_type: VOTER last_known_addr { host: "127.8.122.194" port: 40011 } } peers { permanent_uuid: "008ad1eab7b649a29845431f832efeca" member_type: VOTER last_known_addr { host: "127.8.122.195" port: 46473 } }
I20260608 09:49:26.390228 13437 consensus_queue.cc:260] T ffd3d11260a14b689313fe5a3ef134b6 P c462a4fe253649e4a37e2c5c39711281 [NON_LEADER]: Queue going to NON_LEADER mode. State: All replicated index: 0, Majority replicated index: 0, Committed index: 0, Last appended: 0.0, Last appended by leader: 0, Current term: 0, Majority size: -1, State: 0, Mode: NON_LEADER, active raft config: opid_index: -1 OBSOLETE_local: false peers { permanent_uuid: "c462a4fe253649e4a37e2c5c39711281" member_type: VOTER last_known_addr { host: "127.8.122.193" port: 45935 } } peers { permanent_uuid: "386ca3576a404af3ac3e010eb51b30d1" member_type: VOTER last_known_addr { host: "127.8.122.194" port: 40011 } } peers { permanent_uuid: "008ad1eab7b649a29845431f832efeca" member_type: VOTER last_known_addr { host: "127.8.122.195" port: 46473 } }
I20260608 09:49:26.391217 13240 raft_consensus.cc:2468] T aea0bf4f050b42af8a0c86a4dbcefa2a P c462a4fe253649e4a37e2c5c39711281 [term 0 FOLLOWER]: Leader pre-election vote request: Granting yes vote for candidate 386ca3576a404af3ac3e010eb51b30d1 in term 0.
I20260608 09:49:26.392738 13437 ts_tablet_manager.cc:1434] T ffd3d11260a14b689313fe5a3ef134b6 P c462a4fe253649e4a37e2c5c39711281: Time spent starting tablet: real 0.007s	user 0.007s	sys 0.000s
I20260608 09:49:26.393010 13466 raft_consensus.cc:493] T 76076fb7f4f7479bbdfdd88f9752b3d4 P 386ca3576a404af3ac3e010eb51b30d1 [term 0 FOLLOWER]: Starting pre-election (no leader contacted us within the election timeout)
I20260608 09:49:26.393473 13466 raft_consensus.cc:515] T 76076fb7f4f7479bbdfdd88f9752b3d4 P 386ca3576a404af3ac3e010eb51b30d1 [term 0 FOLLOWER]: Starting pre-election with config: opid_index: -1 OBSOLETE_local: false peers { permanent_uuid: "008ad1eab7b649a29845431f832efeca" member_type: VOTER last_known_addr { host: "127.8.122.195" port: 46473 } } peers { permanent_uuid: "386ca3576a404af3ac3e010eb51b30d1" member_type: VOTER last_known_addr { host: "127.8.122.194" port: 40011 } } peers { permanent_uuid: "c462a4fe253649e4a37e2c5c39711281" member_type: VOTER last_known_addr { host: "127.8.122.193" port: 45935 } }
I20260608 09:49:26.393867 13437 tablet_bootstrap.cc:492] T 0b29b391948e457c92659f5160e2a37e P c462a4fe253649e4a37e2c5c39711281: Bootstrap starting.
I20260608 09:49:26.394618 13440 tablet_bootstrap.cc:654] T 6c9969974b6746ec8c2a738344c4ce9f P 386ca3576a404af3ac3e010eb51b30d1: Neither blocks nor log segments found. Creating new log.
I20260608 09:49:26.395829 13466 leader_election.cc:290] T 76076fb7f4f7479bbdfdd88f9752b3d4 P 386ca3576a404af3ac3e010eb51b30d1 [CANDIDATE]: Term 1 pre-election: Requested pre-vote from peers 008ad1eab7b649a29845431f832efeca (127.8.122.195:46473), c462a4fe253649e4a37e2c5c39711281 (127.8.122.193:45935)
I20260608 09:49:26.396705 13390 tablet_service.cc:1917] Received RequestConsensusVote() RPC: tablet_id: "76076fb7f4f7479bbdfdd88f9752b3d4" candidate_uuid: "386ca3576a404af3ac3e010eb51b30d1" candidate_term: 1 candidate_status { last_received { term: 0 index: 0 } } ignore_live_leader: false dest_uuid: "008ad1eab7b649a29845431f832efeca" is_pre_election: true
I20260608 09:49:26.398504 13450 raft_consensus.cc:515] T aea0bf4f050b42af8a0c86a4dbcefa2a P 386ca3576a404af3ac3e010eb51b30d1 [term 1 FOLLOWER]: Starting leader election with config: opid_index: -1 OBSOLETE_local: false peers { permanent_uuid: "c462a4fe253649e4a37e2c5c39711281" member_type: VOTER last_known_addr { host: "127.8.122.193" port: 45935 } } peers { permanent_uuid: "386ca3576a404af3ac3e010eb51b30d1" member_type: VOTER last_known_addr { host: "127.8.122.194" port: 40011 } } peers { permanent_uuid: "008ad1eab7b649a29845431f832efeca" member_type: VOTER last_known_addr { host: "127.8.122.195" port: 46473 } }
I20260608 09:49:26.400394 13450 leader_election.cc:290] T aea0bf4f050b42af8a0c86a4dbcefa2a P 386ca3576a404af3ac3e010eb51b30d1 [CANDIDATE]: Term 1 election: Requested vote from peers c462a4fe253649e4a37e2c5c39711281 (127.8.122.193:45935), 008ad1eab7b649a29845431f832efeca (127.8.122.195:46473)
I20260608 09:49:26.400511 13437 tablet_bootstrap.cc:654] T 0b29b391948e457c92659f5160e2a37e P c462a4fe253649e4a37e2c5c39711281: Neither blocks nor log segments found. Creating new log.
I20260608 09:49:26.398617 13240 tablet_service.cc:1917] Received RequestConsensusVote() RPC: tablet_id: "76076fb7f4f7479bbdfdd88f9752b3d4" candidate_uuid: "386ca3576a404af3ac3e010eb51b30d1" candidate_term: 1 candidate_status { last_received { term: 0 index: 0 } } ignore_live_leader: false dest_uuid: "c462a4fe253649e4a37e2c5c39711281" is_pre_election: true
I20260608 09:49:26.401424 13240 raft_consensus.cc:2393] T 76076fb7f4f7479bbdfdd88f9752b3d4 P c462a4fe253649e4a37e2c5c39711281 [term 1 FOLLOWER]: Leader pre-election vote request: Denying vote to candidate 386ca3576a404af3ac3e010eb51b30d1 in current term 1: Already voted for candidate 008ad1eab7b649a29845431f832efeca in this term.
I20260608 09:49:26.401643 13390 tablet_service.cc:1917] Received RequestConsensusVote() RPC: tablet_id: "aea0bf4f050b42af8a0c86a4dbcefa2a" candidate_uuid: "386ca3576a404af3ac3e010eb51b30d1" candidate_term: 1 candidate_status { last_received { term: 0 index: 0 } } ignore_live_leader: false dest_uuid: "008ad1eab7b649a29845431f832efeca"
I20260608 09:49:26.402242 13390 raft_consensus.cc:3060] T aea0bf4f050b42af8a0c86a4dbcefa2a P 008ad1eab7b649a29845431f832efeca [term 0 FOLLOWER]: Advancing to term 1
I20260608 09:49:26.403544 13439 leader_election.cc:290] T aea0bf4f050b42af8a0c86a4dbcefa2a P c462a4fe253649e4a37e2c5c39711281 [CANDIDATE]: Term 1 pre-election: Requested pre-vote from peers 386ca3576a404af3ac3e010eb51b30d1 (127.8.122.194:40011), 008ad1eab7b649a29845431f832efeca (127.8.122.195:46473)
I20260608 09:49:26.411687 13314 raft_consensus.cc:2468] T e8dff64130874e67a6892b3693020965 P 386ca3576a404af3ac3e010eb51b30d1 [term 1 FOLLOWER]: Leader election vote request: Granting yes vote for candidate c462a4fe253649e4a37e2c5c39711281 in term 1.
I20260608 09:49:26.406689 13437 tablet_bootstrap.cc:492] T 0b29b391948e457c92659f5160e2a37e P c462a4fe253649e4a37e2c5c39711281: No bootstrap required, opened a new log
I20260608 09:49:26.409837 13391 raft_consensus.cc:2468] T e8dff64130874e67a6892b3693020965 P 008ad1eab7b649a29845431f832efeca [term 1 FOLLOWER]: Leader election vote request: Granting yes vote for candidate c462a4fe253649e4a37e2c5c39711281 in term 1.
I20260608 09:49:26.412873 13437 ts_tablet_manager.cc:1403] T 0b29b391948e457c92659f5160e2a37e P c462a4fe253649e4a37e2c5c39711281: Time spent bootstrapping tablet: real 0.019s	user 0.010s	sys 0.002s
I20260608 09:49:26.414191 13314 tablet_service.cc:1917] Received RequestConsensusVote() RPC: tablet_id: "aea0bf4f050b42af8a0c86a4dbcefa2a" candidate_uuid: "c462a4fe253649e4a37e2c5c39711281" candidate_term: 1 candidate_status { last_received { term: 0 index: 0 } } ignore_live_leader: false dest_uuid: "386ca3576a404af3ac3e010eb51b30d1" is_pre_election: true
I20260608 09:49:26.415096 13314 raft_consensus.cc:2393] T aea0bf4f050b42af8a0c86a4dbcefa2a P 386ca3576a404af3ac3e010eb51b30d1 [term 1 FOLLOWER]: Leader pre-election vote request: Denying vote to candidate c462a4fe253649e4a37e2c5c39711281 in current term 1: Already voted for candidate 386ca3576a404af3ac3e010eb51b30d1 in this term.
I20260608 09:49:26.414209 13279 leader_election.cc:304] T 76076fb7f4f7479bbdfdd88f9752b3d4 P 386ca3576a404af3ac3e010eb51b30d1 [CANDIDATE]: Term 1 pre-election: Election decided. Result: candidate lost. Election summary: received 3 responses out of 3 voters: 1 yes votes; 2 no votes. yes voters: 386ca3576a404af3ac3e010eb51b30d1; no voters: 008ad1eab7b649a29845431f832efeca, c462a4fe253649e4a37e2c5c39711281
I20260608 09:49:26.415910 13440 tablet_bootstrap.cc:492] T 6c9969974b6746ec8c2a738344c4ce9f P 386ca3576a404af3ac3e010eb51b30d1: No bootstrap required, opened a new log
I20260608 09:49:26.415979 13450 raft_consensus.cc:3060] T 76076fb7f4f7479bbdfdd88f9752b3d4 P 386ca3576a404af3ac3e010eb51b30d1 [term 0 FOLLOWER]: Advancing to term 1
I20260608 09:49:26.416514 13440 ts_tablet_manager.cc:1403] T 6c9969974b6746ec8c2a738344c4ce9f P 386ca3576a404af3ac3e010eb51b30d1: Time spent bootstrapping tablet: real 0.042s	user 0.014s	sys 0.006s
I20260608 09:49:26.416698 13437 raft_consensus.cc:359] T 0b29b391948e457c92659f5160e2a37e P c462a4fe253649e4a37e2c5c39711281 [term 0 FOLLOWER]: Replica starting. Triggering 0 pending ops. Active config: opid_index: -1 OBSOLETE_local: false peers { permanent_uuid: "c462a4fe253649e4a37e2c5c39711281" member_type: VOTER last_known_addr { host: "127.8.122.193" port: 45935 } } peers { permanent_uuid: "386ca3576a404af3ac3e010eb51b30d1" member_type: VOTER last_known_addr { host: "127.8.122.194" port: 40011 } } peers { permanent_uuid: "008ad1eab7b649a29845431f832efeca" member_type: VOTER last_known_addr { host: "127.8.122.195" port: 46473 } }
I20260608 09:49:26.417109 13240 tablet_service.cc:1917] Received RequestConsensusVote() RPC: tablet_id: "aea0bf4f050b42af8a0c86a4dbcefa2a" candidate_uuid: "386ca3576a404af3ac3e010eb51b30d1" candidate_term: 1 candidate_status { last_received { term: 0 index: 0 } } ignore_live_leader: false dest_uuid: "c462a4fe253649e4a37e2c5c39711281"
I20260608 09:49:26.417420 13437 raft_consensus.cc:385] T 0b29b391948e457c92659f5160e2a37e P c462a4fe253649e4a37e2c5c39711281 [term 0 FOLLOWER]: Consensus starting up: Expiring failure detector timer to make a prompt election more likely
I20260608 09:49:26.417723 13240 raft_consensus.cc:3060] T aea0bf4f050b42af8a0c86a4dbcefa2a P c462a4fe253649e4a37e2c5c39711281 [term 0 FOLLOWER]: Advancing to term 1
I20260608 09:49:26.418130 13206 leader_election.cc:304] T e8dff64130874e67a6892b3693020965 P c462a4fe253649e4a37e2c5c39711281 [CANDIDATE]: Term 1 election: Election decided. Result: candidate won. Election summary: received 2 responses out of 3 voters: 2 yes votes; 0 no votes. yes voters: 008ad1eab7b649a29845431f832efeca, c462a4fe253649e4a37e2c5c39711281; no voters: 
I20260608 09:49:26.418936 13439 raft_consensus.cc:2804] T e8dff64130874e67a6892b3693020965 P c462a4fe253649e4a37e2c5c39711281 [term 1 FOLLOWER]: Leader election won for term 1
I20260608 09:49:26.419394 13439 raft_consensus.cc:697] T e8dff64130874e67a6892b3693020965 P c462a4fe253649e4a37e2c5c39711281 [term 1 LEADER]: Becoming Leader. State: Replica: c462a4fe253649e4a37e2c5c39711281, State: Running, Role: LEADER
I20260608 09:49:26.419772 13440 raft_consensus.cc:359] T 6c9969974b6746ec8c2a738344c4ce9f P 386ca3576a404af3ac3e010eb51b30d1 [term 0 FOLLOWER]: Replica starting. Triggering 0 pending ops. Active config: opid_index: -1 OBSOLETE_local: false peers { permanent_uuid: "c462a4fe253649e4a37e2c5c39711281" member_type: VOTER last_known_addr { host: "127.8.122.193" port: 45935 } } peers { permanent_uuid: "386ca3576a404af3ac3e010eb51b30d1" member_type: VOTER last_known_addr { host: "127.8.122.194" port: 40011 } } peers { permanent_uuid: "008ad1eab7b649a29845431f832efeca" member_type: VOTER last_known_addr { host: "127.8.122.195" port: 46473 } }
I20260608 09:49:26.420446 13440 raft_consensus.cc:385] T 6c9969974b6746ec8c2a738344c4ce9f P 386ca3576a404af3ac3e010eb51b30d1 [term 0 FOLLOWER]: Consensus starting up: Expiring failure detector timer to make a prompt election more likely
I20260608 09:49:26.420835 13440 raft_consensus.cc:740] T 6c9969974b6746ec8c2a738344c4ce9f P 386ca3576a404af3ac3e010eb51b30d1 [term 0 FOLLOWER]: Becoming Follower/Learner. State: Replica: 386ca3576a404af3ac3e010eb51b30d1, State: Initialized, Role: FOLLOWER
I20260608 09:49:26.421221 13478 raft_consensus.cc:493] T ffd3d11260a14b689313fe5a3ef134b6 P c462a4fe253649e4a37e2c5c39711281 [term 0 FOLLOWER]: Starting pre-election (no leader contacted us within the election timeout)
I20260608 09:49:26.421638 13440 consensus_queue.cc:260] T 6c9969974b6746ec8c2a738344c4ce9f P 386ca3576a404af3ac3e010eb51b30d1 [NON_LEADER]: Queue going to NON_LEADER mode. State: All replicated index: 0, Majority replicated index: 0, Committed index: 0, Last appended: 0.0, Last appended by leader: 0, Current term: 0, Majority size: -1, State: 0, Mode: NON_LEADER, active raft config: opid_index: -1 OBSOLETE_local: false peers { permanent_uuid: "c462a4fe253649e4a37e2c5c39711281" member_type: VOTER last_known_addr { host: "127.8.122.193" port: 45935 } } peers { permanent_uuid: "386ca3576a404af3ac3e010eb51b30d1" member_type: VOTER last_known_addr { host: "127.8.122.194" port: 40011 } } peers { permanent_uuid: "008ad1eab7b649a29845431f832efeca" member_type: VOTER last_known_addr { host: "127.8.122.195" port: 46473 } }
I20260608 09:49:26.421669 13478 raft_consensus.cc:515] T ffd3d11260a14b689313fe5a3ef134b6 P c462a4fe253649e4a37e2c5c39711281 [term 0 FOLLOWER]: Starting pre-election with config: opid_index: -1 OBSOLETE_local: false peers { permanent_uuid: "c462a4fe253649e4a37e2c5c39711281" member_type: VOTER last_known_addr { host: "127.8.122.193" port: 45935 } } peers { permanent_uuid: "386ca3576a404af3ac3e010eb51b30d1" member_type: VOTER last_known_addr { host: "127.8.122.194" port: 40011 } } peers { permanent_uuid: "008ad1eab7b649a29845431f832efeca" member_type: VOTER last_known_addr { host: "127.8.122.195" port: 46473 } }
I20260608 09:49:26.423564 13450 raft_consensus.cc:2749] T 76076fb7f4f7479bbdfdd88f9752b3d4 P 386ca3576a404af3ac3e010eb51b30d1 [term 1 FOLLOWER]: Leader pre-election lost for term 1. Reason: could not achieve majority
I20260608 09:49:26.424136 13478 leader_election.cc:290] T ffd3d11260a14b689313fe5a3ef134b6 P c462a4fe253649e4a37e2c5c39711281 [CANDIDATE]: Term 1 pre-election: Requested pre-vote from peers 386ca3576a404af3ac3e010eb51b30d1 (127.8.122.194:40011), 008ad1eab7b649a29845431f832efeca (127.8.122.195:46473)
I20260608 09:49:26.424173 13440 ts_tablet_manager.cc:1434] T 6c9969974b6746ec8c2a738344c4ce9f P 386ca3576a404af3ac3e010eb51b30d1: Time spent starting tablet: real 0.007s	user 0.006s	sys 0.000s
