I20260608 09:48:46.420877  2688 raft_consensus.cc:2243] T c0c7dc0c5e9d4993b45af680582b54d6 P ddaf011844224b48aae5ce229a43d06d [term 1 FOLLOWER]: Raft consensus shutting down.
I20260608 09:48:46.421607  2688 raft_consensus.cc:2272] T c0c7dc0c5e9d4993b45af680582b54d6 P ddaf011844224b48aae5ce229a43d06d [term 1 FOLLOWER]: Raft consensus is shut down!
I20260608 09:48:46.424932  2688 ts_tablet_manager.cc:1916] T c0c7dc0c5e9d4993b45af680582b54d6 P ddaf011844224b48aae5ce229a43d06d: Deleting tablet data with delete state TABLET_DATA_TOMBSTONED
I20260608 09:48:46.440897  2688 ts_tablet_manager.cc:1929] T c0c7dc0c5e9d4993b45af680582b54d6 P ddaf011844224b48aae5ce229a43d06d: tablet deleted with delete type TABLET_DATA_TOMBSTONED: last-logged OpId 1.3
I20260608 09:48:46.442060  2688 log.cc:1199] T c0c7dc0c5e9d4993b45af680582b54d6 P ddaf011844224b48aae5ce229a43d06d: Deleting WAL directory at /tmp/dist-test-taskZdizl_/test-tmp/auto_rebalancer-test.0.AutoRebalancerTest.RangeAwareRebalancesNewRangeReplicas.1780912040290069-31615-0/minicluster-data/ts-3-root/wals/c0c7dc0c5e9d4993b45af680582b54d6
I20260608 09:48:46.443858  2018 catalog_manager.cc:5027] TS ddaf011844224b48aae5ce229a43d06d (127.30.223.196:43965): tablet c0c7dc0c5e9d4993b45af680582b54d6 (table range_aware_rebalance_new_range [id=16dcf9cd032b49f5859c762e408af241]) successfully deleted
I20260608 09:48:46.499607  2675 raft_consensus.cc:1064] T 86a41636df364e0fbdf7f23383e98aa8 P 3bf525b76fe743aabb3a8bcc3ceddba9: attempting to promote NON_VOTER ddaf011844224b48aae5ce229a43d06d to VOTER
I20260608 09:48:46.502038  2675 consensus_queue.cc:237] T 86a41636df364e0fbdf7f23383e98aa8 P 3bf525b76fe743aabb3a8bcc3ceddba9 [LEADER]: Queue going to LEADER mode. State: All replicated index: 0, Majority replicated index: 2, Committed index: 2, Last appended: 1.2, Last appended by leader: 0, Current term: 1, Majority size: 3, State: 0, Mode: LEADER, active raft config: opid_index: 3 OBSOLETE_local: false peers { permanent_uuid: "3bf525b76fe743aabb3a8bcc3ceddba9" member_type: VOTER last_known_addr { host: "127.30.223.193" port: 36775 } } peers { permanent_uuid: "8bd2b1fa54a34f749bfa84c7af610bee" member_type: VOTER last_known_addr { host: "127.30.223.194" port: 41573 } attrs { replace: true } } peers { permanent_uuid: "0913fd4adc8b496f8df29f6d2fd47cea" member_type: VOTER last_known_addr { host: "127.30.223.195" port: 40705 } } peers { permanent_uuid: "ddaf011844224b48aae5ce229a43d06d" member_type: VOTER last_known_addr { host: "127.30.223.196" port: 43965 } attrs { promote: false } }
I20260608 09:48:46.510551  2281 raft_consensus.cc:1275] T 86a41636df364e0fbdf7f23383e98aa8 P 0913fd4adc8b496f8df29f6d2fd47cea [term 1 FOLLOWER]: Refusing update from remote peer 3bf525b76fe743aabb3a8bcc3ceddba9: Log matching property violated. Preceding OpId in replica: term: 1 index: 2. Preceding OpId from leader: term: 1 index: 3. (index mismatch)
I20260608 09:48:46.510836  2206 raft_consensus.cc:1275] T 86a41636df364e0fbdf7f23383e98aa8 P 8bd2b1fa54a34f749bfa84c7af610bee [term 1 FOLLOWER]: Refusing update from remote peer 3bf525b76fe743aabb3a8bcc3ceddba9: Log matching property violated. Preceding OpId in replica: term: 1 index: 2. Preceding OpId from leader: term: 1 index: 3. (index mismatch)
I20260608 09:48:46.510885  2445 raft_consensus.cc:1275] T 86a41636df364e0fbdf7f23383e98aa8 P ddaf011844224b48aae5ce229a43d06d [term 1 LEARNER]: Refusing update from remote peer 3bf525b76fe743aabb3a8bcc3ceddba9: Log matching property violated. Preceding OpId in replica: term: 1 index: 2. Preceding OpId from leader: term: 1 index: 3. (index mismatch)
I20260608 09:48:46.512588  2675 consensus_queue.cc:1048] T 86a41636df364e0fbdf7f23383e98aa8 P 3bf525b76fe743aabb3a8bcc3ceddba9 [LEADER]: Connected to new peer: Peer: permanent_uuid: "0913fd4adc8b496f8df29f6d2fd47cea" member_type: VOTER last_known_addr { host: "127.30.223.195" port: 40705 }, Status: LMP_MISMATCH, Last received: 0.0, Next index: 3, Last known committed idx: 2, Time since last communication: 0.001s
I20260608 09:48:46.513669  2640 raft_consensus.cc:1064] T 12361a624c684a6caddf5a7dfc545bf2 P 8bd2b1fa54a34f749bfa84c7af610bee: attempting to promote NON_VOTER ddaf011844224b48aae5ce229a43d06d to VOTER
I20260608 09:48:46.513870  2662 consensus_queue.cc:1048] T 86a41636df364e0fbdf7f23383e98aa8 P 3bf525b76fe743aabb3a8bcc3ceddba9 [LEADER]: Connected to new peer: Peer: permanent_uuid: "8bd2b1fa54a34f749bfa84c7af610bee" member_type: VOTER last_known_addr { host: "127.30.223.194" port: 41573 } attrs { replace: true }, Status: LMP_MISMATCH, Last received: 0.0, Next index: 3, Last known committed idx: 2, Time since last communication: 0.001s
I20260608 09:48:46.515499  2689 consensus_queue.cc:1048] T 86a41636df364e0fbdf7f23383e98aa8 P 3bf525b76fe743aabb3a8bcc3ceddba9 [LEADER]: Connected to new peer: Peer: permanent_uuid: "ddaf011844224b48aae5ce229a43d06d" member_type: VOTER last_known_addr { host: "127.30.223.196" port: 43965 } attrs { promote: false }, Status: LMP_MISMATCH, Last received: 0.0, Next index: 3, Last known committed idx: 2, Time since last communication: 0.000s
I20260608 09:48:46.516717  2640 consensus_queue.cc:237] T 12361a624c684a6caddf5a7dfc545bf2 P 8bd2b1fa54a34f749bfa84c7af610bee [LEADER]: Queue going to LEADER mode. State: All replicated index: 0, Majority replicated index: 2, Committed index: 2, Last appended: 1.2, Last appended by leader: 0, Current term: 1, Majority size: 3, State: 0, Mode: LEADER, active raft config: opid_index: 3 OBSOLETE_local: false peers { permanent_uuid: "3bf525b76fe743aabb3a8bcc3ceddba9" member_type: VOTER last_known_addr { host: "127.30.223.193" port: 36775 } } peers { permanent_uuid: "8bd2b1fa54a34f749bfa84c7af610bee" member_type: VOTER last_known_addr { host: "127.30.223.194" port: 41573 } } peers { permanent_uuid: "0913fd4adc8b496f8df29f6d2fd47cea" member_type: VOTER last_known_addr { host: "127.30.223.195" port: 40705 } attrs { replace: true } } peers { permanent_uuid: "ddaf011844224b48aae5ce229a43d06d" member_type: VOTER last_known_addr { host: "127.30.223.196" port: 43965 } attrs { promote: false } }
I20260608 09:48:46.530344  2447 raft_consensus.cc:1275] T 12361a624c684a6caddf5a7dfc545bf2 P ddaf011844224b48aae5ce229a43d06d [term 1 LEARNER]: Refusing update from remote peer 8bd2b1fa54a34f749bfa84c7af610bee: Log matching property violated. Preceding OpId in replica: term: 1 index: 2. Preceding OpId from leader: term: 1 index: 3. (index mismatch)
I20260608 09:48:46.531867  2280 raft_consensus.cc:1275] T 12361a624c684a6caddf5a7dfc545bf2 P 0913fd4adc8b496f8df29f6d2fd47cea [term 1 FOLLOWER]: Refusing update from remote peer 8bd2b1fa54a34f749bfa84c7af610bee: Log matching property violated. Preceding OpId in replica: term: 1 index: 2. Preceding OpId from leader: term: 1 index: 3. (index mismatch)
I20260608 09:48:46.531852  2673 consensus_queue.cc:1048] T 12361a624c684a6caddf5a7dfc545bf2 P 8bd2b1fa54a34f749bfa84c7af610bee [LEADER]: Connected to new peer: Peer: permanent_uuid: "ddaf011844224b48aae5ce229a43d06d" member_type: VOTER last_known_addr { host: "127.30.223.196" port: 43965 } attrs { promote: false }, Status: LMP_MISMATCH, Last received: 0.0, Next index: 3, Last known committed idx: 2, Time since last communication: 0.001s
I20260608 09:48:46.534051  2673 consensus_queue.cc:1048] T 12361a624c684a6caddf5a7dfc545bf2 P 8bd2b1fa54a34f749bfa84c7af610bee [LEADER]: Connected to new peer: Peer: permanent_uuid: "0913fd4adc8b496f8df29f6d2fd47cea" member_type: VOTER last_known_addr { host: "127.30.223.195" port: 40705 } attrs { replace: true }, Status: LMP_MISMATCH, Last received: 0.0, Next index: 3, Last known committed idx: 2, Time since last communication: 0.000s
I20260608 09:48:46.541481  2131 raft_consensus.cc:1275] T 12361a624c684a6caddf5a7dfc545bf2 P 3bf525b76fe743aabb3a8bcc3ceddba9 [term 1 FOLLOWER]: Refusing update from remote peer 8bd2b1fa54a34f749bfa84c7af610bee: Log matching property violated. Preceding OpId in replica: term: 1 index: 2. Preceding OpId from leader: term: 1 index: 3. (index mismatch)
I20260608 09:48:46.546286  2700 consensus_queue.cc:1048] T 12361a624c684a6caddf5a7dfc545bf2 P 8bd2b1fa54a34f749bfa84c7af610bee [LEADER]: Connected to new peer: Peer: permanent_uuid: "3bf525b76fe743aabb3a8bcc3ceddba9" member_type: VOTER last_known_addr { host: "127.30.223.193" port: 36775 }, Status: LMP_MISMATCH, Last received: 0.0, Next index: 3, Last known committed idx: 2, Time since last communication: 0.001s
I20260608 09:48:46.552031  2662 raft_consensus.cc:2955] T 86a41636df364e0fbdf7f23383e98aa8 P 3bf525b76fe743aabb3a8bcc3ceddba9 [term 1 LEADER]: Committing config change with OpId 1.3: config changed from index 2 to 3, ddaf011844224b48aae5ce229a43d06d (127.30.223.196) changed from NON_VOTER to VOTER. New config: { opid_index: 3 OBSOLETE_local: false peers { permanent_uuid: "3bf525b76fe743aabb3a8bcc3ceddba9" member_type: VOTER last_known_addr { host: "127.30.223.193" port: 36775 } } peers { permanent_uuid: "8bd2b1fa54a34f749bfa84c7af610bee" member_type: VOTER last_known_addr { host: "127.30.223.194" port: 41573 } attrs { replace: true } } peers { permanent_uuid: "0913fd4adc8b496f8df29f6d2fd47cea" member_type: VOTER last_known_addr { host: "127.30.223.195" port: 40705 } } peers { permanent_uuid: "ddaf011844224b48aae5ce229a43d06d" member_type: VOTER last_known_addr { host: "127.30.223.196" port: 43965 } attrs { promote: false } } }
I20260608 09:48:46.555693  2208 raft_consensus.cc:2955] T 86a41636df364e0fbdf7f23383e98aa8 P 8bd2b1fa54a34f749bfa84c7af610bee [term 1 FOLLOWER]: Committing config change with OpId 1.3: config changed from index 2 to 3, ddaf011844224b48aae5ce229a43d06d (127.30.223.196) changed from NON_VOTER to VOTER. New config: { opid_index: 3 OBSOLETE_local: false peers { permanent_uuid: "3bf525b76fe743aabb3a8bcc3ceddba9" member_type: VOTER last_known_addr { host: "127.30.223.193" port: 36775 } } peers { permanent_uuid: "8bd2b1fa54a34f749bfa84c7af610bee" member_type: VOTER last_known_addr { host: "127.30.223.194" port: 41573 } attrs { replace: true } } peers { permanent_uuid: "0913fd4adc8b496f8df29f6d2fd47cea" member_type: VOTER last_known_addr { host: "127.30.223.195" port: 40705 } } peers { permanent_uuid: "ddaf011844224b48aae5ce229a43d06d" member_type: VOTER last_known_addr { host: "127.30.223.196" port: 43965 } attrs { promote: false } } }
I20260608 09:48:46.561208  2281 raft_consensus.cc:2955] T 86a41636df364e0fbdf7f23383e98aa8 P 0913fd4adc8b496f8df29f6d2fd47cea [term 1 FOLLOWER]: Committing config change with OpId 1.3: config changed from index 2 to 3, ddaf011844224b48aae5ce229a43d06d (127.30.223.196) changed from NON_VOTER to VOTER. New config: { opid_index: 3 OBSOLETE_local: false peers { permanent_uuid: "3bf525b76fe743aabb3a8bcc3ceddba9" member_type: VOTER last_known_addr { host: "127.30.223.193" port: 36775 } } peers { permanent_uuid: "8bd2b1fa54a34f749bfa84c7af610bee" member_type: VOTER last_known_addr { host: "127.30.223.194" port: 41573 } attrs { replace: true } } peers { permanent_uuid: "0913fd4adc8b496f8df29f6d2fd47cea" member_type: VOTER last_known_addr { host: "127.30.223.195" port: 40705 } } peers { permanent_uuid: "ddaf011844224b48aae5ce229a43d06d" member_type: VOTER last_known_addr { host: "127.30.223.196" port: 43965 } attrs { promote: false } } }
I20260608 09:48:46.575305  2030 catalog_manager.cc:5696] T 86a41636df364e0fbdf7f23383e98aa8 P 8bd2b1fa54a34f749bfa84c7af610bee reported cstate change: config changed from index 2 to 3, ddaf011844224b48aae5ce229a43d06d (127.30.223.196) changed from NON_VOTER to VOTER. New cstate: current_term: 1 leader_uuid: "3bf525b76fe743aabb3a8bcc3ceddba9" committed_config { opid_index: 3 OBSOLETE_local: false peers { permanent_uuid: "3bf525b76fe743aabb3a8bcc3ceddba9" member_type: VOTER last_known_addr { host: "127.30.223.193" port: 36775 } } peers { permanent_uuid: "8bd2b1fa54a34f749bfa84c7af610bee" member_type: VOTER last_known_addr { host: "127.30.223.194" port: 41573 } attrs { replace: true } } peers { permanent_uuid: "0913fd4adc8b496f8df29f6d2fd47cea" member_type: VOTER last_known_addr { host: "127.30.223.195" port: 40705 } } peers { permanent_uuid: "ddaf011844224b48aae5ce229a43d06d" member_type: VOTER last_known_addr { host: "127.30.223.196" port: 43965 } attrs { promote: false } } }
I20260608 09:48:46.582778  2447 raft_consensus.cc:2955] T 86a41636df364e0fbdf7f23383e98aa8 P ddaf011844224b48aae5ce229a43d06d [term 1 FOLLOWER]: Committing config change with OpId 1.3: config changed from index 2 to 3, ddaf011844224b48aae5ce229a43d06d (127.30.223.196) changed from NON_VOTER to VOTER. New config: { opid_index: 3 OBSOLETE_local: false peers { permanent_uuid: "3bf525b76fe743aabb3a8bcc3ceddba9" member_type: VOTER last_known_addr { host: "127.30.223.193" port: 36775 } } peers { permanent_uuid: "8bd2b1fa54a34f749bfa84c7af610bee" member_type: VOTER last_known_addr { host: "127.30.223.194" port: 41573 } attrs { replace: true } } peers { permanent_uuid: "0913fd4adc8b496f8df29f6d2fd47cea" member_type: VOTER last_known_addr { host: "127.30.223.195" port: 40705 } } peers { permanent_uuid: "ddaf011844224b48aae5ce229a43d06d" member_type: VOTER last_known_addr { host: "127.30.223.196" port: 43965 } attrs { promote: false } } }
I20260608 09:48:46.604403  2673 raft_consensus.cc:2955] T 12361a624c684a6caddf5a7dfc545bf2 P 8bd2b1fa54a34f749bfa84c7af610bee [term 1 LEADER]: Committing config change with OpId 1.3: config changed from index 2 to 3, ddaf011844224b48aae5ce229a43d06d (127.30.223.196) changed from NON_VOTER to VOTER. New config: { opid_index: 3 OBSOLETE_local: false peers { permanent_uuid: "3bf525b76fe743aabb3a8bcc3ceddba9" member_type: VOTER last_known_addr { host: "127.30.223.193" port: 36775 } } peers { permanent_uuid: "8bd2b1fa54a34f749bfa84c7af610bee" member_type: VOTER last_known_addr { host: "127.30.223.194" port: 41573 } } peers { permanent_uuid: "0913fd4adc8b496f8df29f6d2fd47cea" member_type: VOTER last_known_addr { host: "127.30.223.195" port: 40705 } attrs { replace: true } } peers { permanent_uuid: "ddaf011844224b48aae5ce229a43d06d" member_type: VOTER last_known_addr { host: "127.30.223.196" port: 43965 } attrs { promote: false } } }
I20260608 09:48:46.607347  2280 raft_consensus.cc:2955] T 12361a624c684a6caddf5a7dfc545bf2 P 0913fd4adc8b496f8df29f6d2fd47cea [term 1 FOLLOWER]: Committing config change with OpId 1.3: config changed from index 2 to 3, ddaf011844224b48aae5ce229a43d06d (127.30.223.196) changed from NON_VOTER to VOTER. New config: { opid_index: 3 OBSOLETE_local: false peers { permanent_uuid: "3bf525b76fe743aabb3a8bcc3ceddba9" member_type: VOTER last_known_addr { host: "127.30.223.193" port: 36775 } } peers { permanent_uuid: "8bd2b1fa54a34f749bfa84c7af610bee" member_type: VOTER last_known_addr { host: "127.30.223.194" port: 41573 } } peers { permanent_uuid: "0913fd4adc8b496f8df29f6d2fd47cea" member_type: VOTER last_known_addr { host: "127.30.223.195" port: 40705 } attrs { replace: true } } peers { permanent_uuid: "ddaf011844224b48aae5ce229a43d06d" member_type: VOTER last_known_addr { host: "127.30.223.196" port: 43965 } attrs { promote: false } } }
I20260608 09:48:46.617641  2447 raft_consensus.cc:2955] T 12361a624c684a6caddf5a7dfc545bf2 P ddaf011844224b48aae5ce229a43d06d [term 1 FOLLOWER]: Committing config change with OpId 1.3: config changed from index 2 to 3, ddaf011844224b48aae5ce229a43d06d (127.30.223.196) changed from NON_VOTER to VOTER. New config: { opid_index: 3 OBSOLETE_local: false peers { permanent_uuid: "3bf525b76fe743aabb3a8bcc3ceddba9" member_type: VOTER last_known_addr { host: "127.30.223.193" port: 36775 } } peers { permanent_uuid: "8bd2b1fa54a34f749bfa84c7af610bee" member_type: VOTER last_known_addr { host: "127.30.223.194" port: 41573 } } peers { permanent_uuid: "0913fd4adc8b496f8df29f6d2fd47cea" member_type: VOTER last_known_addr { host: "127.30.223.195" port: 40705 } attrs { replace: true } } peers { permanent_uuid: "ddaf011844224b48aae5ce229a43d06d" member_type: VOTER last_known_addr { host: "127.30.223.196" port: 43965 } attrs { promote: false } } }
I20260608 09:48:46.618448  2133 consensus_queue.cc:237] T 86a41636df364e0fbdf7f23383e98aa8 P 3bf525b76fe743aabb3a8bcc3ceddba9 [LEADER]: Queue going to LEADER mode. State: All replicated index: 0, Majority replicated index: 3, Committed index: 3, Last appended: 1.3, Last appended by leader: 0, Current term: 1, Majority size: 2, State: 0, Mode: LEADER, active raft config: opid_index: 4 OBSOLETE_local: false peers { permanent_uuid: "3bf525b76fe743aabb3a8bcc3ceddba9" member_type: VOTER last_known_addr { host: "127.30.223.193" port: 36775 } } peers { permanent_uuid: "0913fd4adc8b496f8df29f6d2fd47cea" member_type: VOTER last_known_addr { host: "127.30.223.195" port: 40705 } } peers { permanent_uuid: "ddaf011844224b48aae5ce229a43d06d" member_type: VOTER last_known_addr { host: "127.30.223.196" port: 43965 } attrs { promote: false } }
I20260608 09:48:46.614530  2131 raft_consensus.cc:2955] T 12361a624c684a6caddf5a7dfc545bf2 P 3bf525b76fe743aabb3a8bcc3ceddba9 [term 1 FOLLOWER]: Committing config change with OpId 1.3: config changed from index 2 to 3, ddaf011844224b48aae5ce229a43d06d (127.30.223.196) changed from NON_VOTER to VOTER. New config: { opid_index: 3 OBSOLETE_local: false peers { permanent_uuid: "3bf525b76fe743aabb3a8bcc3ceddba9" member_type: VOTER last_known_addr { host: "127.30.223.193" port: 36775 } } peers { permanent_uuid: "8bd2b1fa54a34f749bfa84c7af610bee" member_type: VOTER last_known_addr { host: "127.30.223.194" port: 41573 } } peers { permanent_uuid: "0913fd4adc8b496f8df29f6d2fd47cea" member_type: VOTER last_known_addr { host: "127.30.223.195" port: 40705 } attrs { replace: true } } peers { permanent_uuid: "ddaf011844224b48aae5ce229a43d06d" member_type: VOTER last_known_addr { host: "127.30.223.196" port: 43965 } attrs { promote: false } } }
I20260608 09:48:46.627017  2445 raft_consensus.cc:1275] T 86a41636df364e0fbdf7f23383e98aa8 P ddaf011844224b48aae5ce229a43d06d [term 1 FOLLOWER]: Refusing update from remote peer 3bf525b76fe743aabb3a8bcc3ceddba9: Log matching property violated. Preceding OpId in replica: term: 1 index: 3. Preceding OpId from leader: term: 1 index: 4. (index mismatch)
I20260608 09:48:46.627552  2280 raft_consensus.cc:1275] T 86a41636df364e0fbdf7f23383e98aa8 P 0913fd4adc8b496f8df29f6d2fd47cea [term 1 FOLLOWER]: Refusing update from remote peer 3bf525b76fe743aabb3a8bcc3ceddba9: Log matching property violated. Preceding OpId in replica: term: 1 index: 3. Preceding OpId from leader: term: 1 index: 4. (index mismatch)
I20260608 09:48:46.628647  2662 consensus_queue.cc:1048] T 86a41636df364e0fbdf7f23383e98aa8 P 3bf525b76fe743aabb3a8bcc3ceddba9 [LEADER]: Connected to new peer: Peer: permanent_uuid: "ddaf011844224b48aae5ce229a43d06d" member_type: VOTER last_known_addr { host: "127.30.223.196" port: 43965 } attrs { promote: false }, Status: LMP_MISMATCH, Last received: 0.0, Next index: 4, Last known committed idx: 3, Time since last communication: 0.000s
I20260608 09:48:46.628340  2027 catalog_manager.cc:5696] T 12361a624c684a6caddf5a7dfc545bf2 P 0913fd4adc8b496f8df29f6d2fd47cea reported cstate change: config changed from index 2 to 3, ddaf011844224b48aae5ce229a43d06d (127.30.223.196) changed from NON_VOTER to VOTER. New cstate: current_term: 1 leader_uuid: "8bd2b1fa54a34f749bfa84c7af610bee" committed_config { opid_index: 3 OBSOLETE_local: false peers { permanent_uuid: "3bf525b76fe743aabb3a8bcc3ceddba9" member_type: VOTER last_known_addr { host: "127.30.223.193" port: 36775 } } peers { permanent_uuid: "8bd2b1fa54a34f749bfa84c7af610bee" member_type: VOTER last_known_addr { host: "127.30.223.194" port: 41573 } } peers { permanent_uuid: "0913fd4adc8b496f8df29f6d2fd47cea" member_type: VOTER last_known_addr { host: "127.30.223.195" port: 40705 } attrs { replace: true } } peers { permanent_uuid: "ddaf011844224b48aae5ce229a43d06d" member_type: VOTER last_known_addr { host: "127.30.223.196" port: 43965 } attrs { promote: false } } }
I20260608 09:48:46.629552  2675 consensus_queue.cc:1048] T 86a41636df364e0fbdf7f23383e98aa8 P 3bf525b76fe743aabb3a8bcc3ceddba9 [LEADER]: Connected to new peer: Peer: permanent_uuid: "0913fd4adc8b496f8df29f6d2fd47cea" member_type: VOTER last_known_addr { host: "127.30.223.195" port: 40705 }, Status: LMP_MISMATCH, Last received: 0.0, Next index: 4, Last known committed idx: 3, Time since last communication: 0.000s
I20260608 09:48:46.645637  2445 raft_consensus.cc:2955] T 86a41636df364e0fbdf7f23383e98aa8 P ddaf011844224b48aae5ce229a43d06d [term 1 FOLLOWER]: Committing config change with OpId 1.4: config changed from index 3 to 4, VOTER 8bd2b1fa54a34f749bfa84c7af610bee (127.30.223.194) evicted. New config: { opid_index: 4 OBSOLETE_local: false peers { permanent_uuid: "3bf525b76fe743aabb3a8bcc3ceddba9" member_type: VOTER last_known_addr { host: "127.30.223.193" port: 36775 } } peers { permanent_uuid: "0913fd4adc8b496f8df29f6d2fd47cea" member_type: VOTER last_known_addr { host: "127.30.223.195" port: 40705 } } peers { permanent_uuid: "ddaf011844224b48aae5ce229a43d06d" member_type: VOTER last_known_addr { host: "127.30.223.196" port: 43965 } attrs { promote: false } } }
I20260608 09:48:46.643913  2675 raft_consensus.cc:2955] T 86a41636df364e0fbdf7f23383e98aa8 P 3bf525b76fe743aabb3a8bcc3ceddba9 [term 1 LEADER]: Committing config change with OpId 1.4: config changed from index 3 to 4, VOTER 8bd2b1fa54a34f749bfa84c7af610bee (127.30.223.194) evicted. New config: { opid_index: 4 OBSOLETE_local: false peers { permanent_uuid: "3bf525b76fe743aabb3a8bcc3ceddba9" member_type: VOTER last_known_addr { host: "127.30.223.193" port: 36775 } } peers { permanent_uuid: "0913fd4adc8b496f8df29f6d2fd47cea" member_type: VOTER last_known_addr { host: "127.30.223.195" port: 40705 } } peers { permanent_uuid: "ddaf011844224b48aae5ce229a43d06d" member_type: VOTER last_known_addr { host: "127.30.223.196" port: 43965 } attrs { promote: false } } }
I20260608 09:48:46.651805  2206 consensus_queue.cc:237] T 12361a624c684a6caddf5a7dfc545bf2 P 8bd2b1fa54a34f749bfa84c7af610bee [LEADER]: Queue going to LEADER mode. State: All replicated index: 0, Majority replicated index: 3, Committed index: 3, Last appended: 1.3, Last appended by leader: 0, Current term: 1, Majority size: 2, State: 0, Mode: LEADER, active raft config: opid_index: 4 OBSOLETE_local: false peers { permanent_uuid: "3bf525b76fe743aabb3a8bcc3ceddba9" member_type: VOTER last_known_addr { host: "127.30.223.193" port: 36775 } } peers { permanent_uuid: "8bd2b1fa54a34f749bfa84c7af610bee" member_type: VOTER last_known_addr { host: "127.30.223.194" port: 41573 } } peers { permanent_uuid: "ddaf011844224b48aae5ce229a43d06d" member_type: VOTER last_known_addr { host: "127.30.223.196" port: 43965 } attrs { promote: false } }
I20260608 09:48:46.659912  2445 raft_consensus.cc:1275] T 12361a624c684a6caddf5a7dfc545bf2 P ddaf011844224b48aae5ce229a43d06d [term 1 FOLLOWER]: Refusing update from remote peer 8bd2b1fa54a34f749bfa84c7af610bee: Log matching property violated. Preceding OpId in replica: term: 1 index: 3. Preceding OpId from leader: term: 1 index: 4. (index mismatch)
I20260608 09:48:46.661062  2131 raft_consensus.cc:1275] T 12361a624c684a6caddf5a7dfc545bf2 P 3bf525b76fe743aabb3a8bcc3ceddba9 [term 1 FOLLOWER]: Refusing update from remote peer 8bd2b1fa54a34f749bfa84c7af610bee: Log matching property violated. Preceding OpId in replica: term: 1 index: 3. Preceding OpId from leader: term: 1 index: 4. (index mismatch)
I20260608 09:48:46.662755  2280 raft_consensus.cc:2955] T 86a41636df364e0fbdf7f23383e98aa8 P 0913fd4adc8b496f8df29f6d2fd47cea [term 1 FOLLOWER]: Committing config change with OpId 1.4: config changed from index 3 to 4, VOTER 8bd2b1fa54a34f749bfa84c7af610bee (127.30.223.194) evicted. New config: { opid_index: 4 OBSOLETE_local: false peers { permanent_uuid: "3bf525b76fe743aabb3a8bcc3ceddba9" member_type: VOTER last_known_addr { host: "127.30.223.193" port: 36775 } } peers { permanent_uuid: "0913fd4adc8b496f8df29f6d2fd47cea" member_type: VOTER last_known_addr { host: "127.30.223.195" port: 40705 } } peers { permanent_uuid: "ddaf011844224b48aae5ce229a43d06d" member_type: VOTER last_known_addr { host: "127.30.223.196" port: 43965 } attrs { promote: false } } }
I20260608 09:48:46.662048  2673 consensus_queue.cc:1048] T 12361a624c684a6caddf5a7dfc545bf2 P 8bd2b1fa54a34f749bfa84c7af610bee [LEADER]: Connected to new peer: Peer: permanent_uuid: "ddaf011844224b48aae5ce229a43d06d" member_type: VOTER last_known_addr { host: "127.30.223.196" port: 43965 } attrs { promote: false }, Status: LMP_MISMATCH, Last received: 0.0, Next index: 4, Last known committed idx: 3, Time since last communication: 0.001s
I20260608 09:48:46.664703  2700 consensus_queue.cc:1048] T 12361a624c684a6caddf5a7dfc545bf2 P 8bd2b1fa54a34f749bfa84c7af610bee [LEADER]: Connected to new peer: Peer: permanent_uuid: "3bf525b76fe743aabb3a8bcc3ceddba9" member_type: VOTER last_known_addr { host: "127.30.223.193" port: 36775 }, Status: LMP_MISMATCH, Last received: 0.0, Next index: 4, Last known committed idx: 3, Time since last communication: 0.000s
I20260608 09:48:46.662163  2031 catalog_manager.cc:5696] T 86a41636df364e0fbdf7f23383e98aa8 P ddaf011844224b48aae5ce229a43d06d reported cstate change: config changed from index 3 to 4, VOTER 8bd2b1fa54a34f749bfa84c7af610bee (127.30.223.194) evicted. New cstate: current_term: 1 leader_uuid: "3bf525b76fe743aabb3a8bcc3ceddba9" committed_config { opid_index: 4 OBSOLETE_local: false peers { permanent_uuid: "3bf525b76fe743aabb3a8bcc3ceddba9" member_type: VOTER last_known_addr { host: "127.30.223.193" port: 36775 } } peers { permanent_uuid: "0913fd4adc8b496f8df29f6d2fd47cea" member_type: VOTER last_known_addr { host: "127.30.223.195" port: 40705 } } peers { permanent_uuid: "ddaf011844224b48aae5ce229a43d06d" member_type: VOTER last_known_addr { host: "127.30.223.196" port: 43965 } attrs { promote: false } } }
I20260608 09:48:46.677371  2691 raft_consensus.cc:2955] T 12361a624c684a6caddf5a7dfc545bf2 P 8bd2b1fa54a34f749bfa84c7af610bee [term 1 LEADER]: Committing config change with OpId 1.4: config changed from index 3 to 4, VOTER 0913fd4adc8b496f8df29f6d2fd47cea (127.30.223.195) evicted. New config: { opid_index: 4 OBSOLETE_local: false peers { permanent_uuid: "3bf525b76fe743aabb3a8bcc3ceddba9" member_type: VOTER last_known_addr { host: "127.30.223.193" port: 36775 } } peers { permanent_uuid: "8bd2b1fa54a34f749bfa84c7af610bee" member_type: VOTER last_known_addr { host: "127.30.223.194" port: 41573 } } peers { permanent_uuid: "ddaf011844224b48aae5ce229a43d06d" member_type: VOTER last_known_addr { host: "127.30.223.196" port: 43965 } attrs { promote: false } } }
I20260608 09:48:46.682482  2017 catalog_manager.cc:5209] ChangeConfig:REMOVE_PEER RPC for tablet 86a41636df364e0fbdf7f23383e98aa8 with cas_config_opid_index 3: ChangeConfig:REMOVE_PEER succeeded (attempt 1)
I20260608 09:48:46.684640  2445 raft_consensus.cc:2955] T 12361a624c684a6caddf5a7dfc545bf2 P ddaf011844224b48aae5ce229a43d06d [term 1 FOLLOWER]: Committing config change with OpId 1.4: config changed from index 3 to 4, VOTER 0913fd4adc8b496f8df29f6d2fd47cea (127.30.223.195) evicted. New config: { opid_index: 4 OBSOLETE_local: false peers { permanent_uuid: "3bf525b76fe743aabb3a8bcc3ceddba9" member_type: VOTER last_known_addr { host: "127.30.223.193" port: 36775 } } peers { permanent_uuid: "8bd2b1fa54a34f749bfa84c7af610bee" member_type: VOTER last_known_addr { host: "127.30.223.194" port: 41573 } } peers { permanent_uuid: "ddaf011844224b48aae5ce229a43d06d" member_type: VOTER last_known_addr { host: "127.30.223.196" port: 43965 } attrs { promote: false } } }
I20260608 09:48:46.687093  2018 catalog_manager.cc:5209] ChangeConfig:REMOVE_PEER RPC for tablet 12361a624c684a6caddf5a7dfc545bf2 with cas_config_opid_index 3: ChangeConfig:REMOVE_PEER succeeded (attempt 1)
I20260608 09:48:46.692572  2029 catalog_manager.cc:5696] T 12361a624c684a6caddf5a7dfc545bf2 P 8bd2b1fa54a34f749bfa84c7af610bee reported cstate change: config changed from index 3 to 4, VOTER 0913fd4adc8b496f8df29f6d2fd47cea (127.30.223.195) evicted. New cstate: current_term: 1 leader_uuid: "8bd2b1fa54a34f749bfa84c7af610bee" committed_config { opid_index: 4 OBSOLETE_local: false peers { permanent_uuid: "3bf525b76fe743aabb3a8bcc3ceddba9" member_type: VOTER last_known_addr { host: "127.30.223.193" port: 36775 } health_report { overall_health: UNKNOWN } } peers { permanent_uuid: "8bd2b1fa54a34f749bfa84c7af610bee" member_type: VOTER last_known_addr { host: "127.30.223.194" port: 41573 } health_report { overall_health: HEALTHY } } peers { permanent_uuid: "ddaf011844224b48aae5ce229a43d06d" member_type: VOTER last_known_addr { host: "127.30.223.196" port: 43965 } attrs { promote: false } health_report { overall_health: HEALTHY } } }
I20260608 09:48:46.691988  2131 raft_consensus.cc:2955] T 12361a624c684a6caddf5a7dfc545bf2 P 3bf525b76fe743aabb3a8bcc3ceddba9 [term 1 FOLLOWER]: Committing config change with OpId 1.4: config changed from index 3 to 4, VOTER 0913fd4adc8b496f8df29f6d2fd47cea (127.30.223.195) evicted. New config: { opid_index: 4 OBSOLETE_local: false peers { permanent_uuid: "3bf525b76fe743aabb3a8bcc3ceddba9" member_type: VOTER last_known_addr { host: "127.30.223.193" port: 36775 } } peers { permanent_uuid: "8bd2b1fa54a34f749bfa84c7af610bee" member_type: VOTER last_known_addr { host: "127.30.223.194" port: 41573 } } peers { permanent_uuid: "ddaf011844224b48aae5ce229a43d06d" member_type: VOTER last_known_addr { host: "127.30.223.196" port: 43965 } attrs { promote: false } } }
I20260608 09:48:46.695289  2195 tablet_service.cc:1558] Processing DeleteTablet for tablet 86a41636df364e0fbdf7f23383e98aa8 with delete_type TABLET_DATA_TOMBSTONED (TS 8bd2b1fa54a34f749bfa84c7af610bee not found in new config with opid_index 4) from {username='slave'} at 127.0.0.1:35830
I20260608 09:48:46.711580  2706 tablet_replica.cc:333] T 86a41636df364e0fbdf7f23383e98aa8 P 8bd2b1fa54a34f749bfa84c7af610bee: stopping tablet replica
I20260608 09:48:46.712616  2706 raft_consensus.cc:2243] T 86a41636df364e0fbdf7f23383e98aa8 P 8bd2b1fa54a34f749bfa84c7af610bee [term 1 FOLLOWER]: Raft consensus shutting down.
I20260608 09:48:46.711616  2269 tablet_service.cc:1558] Processing DeleteTablet for tablet 12361a624c684a6caddf5a7dfc545bf2 with delete_type TABLET_DATA_TOMBSTONED (TS 0913fd4adc8b496f8df29f6d2fd47cea not found in new config with opid_index 4) from {username='slave'} at 127.0.0.1:45116
I20260608 09:48:46.713476  2706 raft_consensus.cc:2272] T 86a41636df364e0fbdf7f23383e98aa8 P 8bd2b1fa54a34f749bfa84c7af610bee [term 1 FOLLOWER]: Raft consensus is shut down!
I20260608 09:48:46.716231  2707 tablet_replica.cc:333] T 12361a624c684a6caddf5a7dfc545bf2 P 0913fd4adc8b496f8df29f6d2fd47cea: stopping tablet replica
I20260608 09:48:46.717363  2706 ts_tablet_manager.cc:1916] T 86a41636df364e0fbdf7f23383e98aa8 P 8bd2b1fa54a34f749bfa84c7af610bee: Deleting tablet data with delete state TABLET_DATA_TOMBSTONED
I20260608 09:48:46.717303  2707 raft_consensus.cc:2243] T 12361a624c684a6caddf5a7dfc545bf2 P 0913fd4adc8b496f8df29f6d2fd47cea [term 1 FOLLOWER]: Raft consensus shutting down.
I20260608 09:48:46.718367  2707 raft_consensus.cc:2272] T 12361a624c684a6caddf5a7dfc545bf2 P 0913fd4adc8b496f8df29f6d2fd47cea [term 1 FOLLOWER]: Raft consensus is shut down!
I20260608 09:48:46.721988  2707 ts_tablet_manager.cc:1916] T 12361a624c684a6caddf5a7dfc545bf2 P 0913fd4adc8b496f8df29f6d2fd47cea: Deleting tablet data with delete state TABLET_DATA_TOMBSTONED
W20260608 09:48:46.724258  2154 debug-util.cc:398] Leaking SignalData structure 0x7b0800091ae0 after lost signal to thread 31618
W20260608 09:48:46.725494  2154 debug-util.cc:398] Leaking SignalData structure 0x7b08001e1420 after lost signal to thread 2065
W20260608 09:48:46.726976  2154 debug-util.cc:398] Leaking SignalData structure 0x7b0800242da0 after lost signal to thread 2157
W20260608 09:48:46.728191  2154 debug-util.cc:398] Leaking SignalData structure 0x7b08002602a0 after lost signal to thread 2232
I20260608 09:48:46.729154  2706 ts_tablet_manager.cc:1929] T 86a41636df364e0fbdf7f23383e98aa8 P 8bd2b1fa54a34f749bfa84c7af610bee: tablet deleted with delete type TABLET_DATA_TOMBSTONED: last-logged OpId 1.3
W20260608 09:48:46.729378  2154 debug-util.cc:398] Leaking SignalData structure 0x7b08001c5b60 after lost signal to thread 2306
I20260608 09:48:46.729537  2706 log.cc:1199] T 86a41636df364e0fbdf7f23383e98aa8 P 8bd2b1fa54a34f749bfa84c7af610bee: Deleting WAL directory at /tmp/dist-test-taskZdizl_/test-tmp/auto_rebalancer-test.0.AutoRebalancerTest.RangeAwareRebalancesNewRangeReplicas.1780912040290069-31615-0/minicluster-data/ts-1-root/wals/86a41636df364e0fbdf7f23383e98aa8
W20260608 09:48:46.730741  2154 debug-util.cc:398] Leaking SignalData structure 0x7b080011e700 after lost signal to thread 2471
I20260608 09:48:46.731313  2018 catalog_manager.cc:5027] TS 8bd2b1fa54a34f749bfa84c7af610bee (127.30.223.194:41573): tablet 86a41636df364e0fbdf7f23383e98aa8 (table range_aware_rebalance_new_range [id=16dcf9cd032b49f5859c762e408af241]) successfully deleted
I20260608 09:48:46.737926  2707 ts_tablet_manager.cc:1929] T 12361a624c684a6caddf5a7dfc545bf2 P 0913fd4adc8b496f8df29f6d2fd47cea: tablet deleted with delete type TABLET_DATA_TOMBSTONED: last-logged OpId 1.3
I20260608 09:48:46.738445  2707 log.cc:1199] T 12361a624c684a6caddf5a7dfc545bf2 P 0913fd4adc8b496f8df29f6d2fd47cea: Deleting WAL directory at /tmp/dist-test-taskZdizl_/test-tmp/auto_rebalancer-test.0.AutoRebalancerTest.RangeAwareRebalancesNewRangeReplicas.1780912040290069-31615-0/minicluster-data/ts-2-root/wals/12361a624c684a6caddf5a7dfc545bf2
I20260608 09:48:46.740361  2016 catalog_manager.cc:5027] TS 0913fd4adc8b496f8df29f6d2fd47cea (127.30.223.195:40705): tablet 12361a624c684a6caddf5a7dfc545bf2 (table range_aware_rebalance_new_range [id=16dcf9cd032b49f5859c762e408af241]) successfully deleted
I20260608 09:48:47.157428 31615 tablet_server.cc:179] TabletServer@127.30.223.193:0 shutting down...
I20260608 09:48:47.174296  2084 auto_leader_rebalancer.cc:140] leader rebalance for table range_aware_rebalance_new_range
W20260608 09:48:47.201393  2173 consensus_peers.cc:597] T 12361a624c684a6caddf5a7dfc545bf2 P 8bd2b1fa54a34f749bfa84c7af610bee -> Peer 3bf525b76fe743aabb3a8bcc3ceddba9 (127.30.223.193:36775): Couldn't send request to peer 3bf525b76fe743aabb3a8bcc3ceddba9. Status: Remote error: Service unavailable: service kudu.consensus.ConsensusService not registered on TabletServer. This is attempt 1: this message will repeat every 5th retry.
I20260608 09:48:47.202884 31615 ts_tablet_manager.cc:1507] Shutting down tablet manager...
I20260608 09:48:47.204340 31615 tablet_replica.cc:333] T db9ff5ab34be4d3da17a7b03a560efad P 3bf525b76fe743aabb3a8bcc3ceddba9: stopping tablet replica
I20260608 09:48:47.204623  2280 tablet_service.cc:2072] Received LeaderStepDown RPC: tablet_id: "691dbc4649374a83ae4175275ca6a172"
dest_uuid: "0913fd4adc8b496f8df29f6d2fd47cea"
mode: GRACEFUL
new_leader_uuid: "ddaf011844224b48aae5ce229a43d06d"
 from {username='slave'} at 127.0.0.1:59242
I20260608 09:48:47.205238  2280 raft_consensus.cc:606] T 691dbc4649374a83ae4175275ca6a172 P 0913fd4adc8b496f8df29f6d2fd47cea [term 1 LEADER]: Received request to transfer leadership to TS ddaf011844224b48aae5ce229a43d06d
I20260608 09:48:47.205626 31615 raft_consensus.cc:2243] T db9ff5ab34be4d3da17a7b03a560efad P 3bf525b76fe743aabb3a8bcc3ceddba9 [term 1 LEADER]: Raft consensus shutting down.
I20260608 09:48:47.206967 31615 raft_consensus.cc:2272] T db9ff5ab34be4d3da17a7b03a560efad P 3bf525b76fe743aabb3a8bcc3ceddba9 [term 1 FOLLOWER]: Raft consensus is shut down!
I20260608 09:48:47.207659  2084 auto_leader_rebalancer.cc:388] table: range_aware_rebalance_new_range, leader rebalance finish, leader transfer count: 1
I20260608 09:48:47.208400  2084 auto_leader_rebalancer.cc:451] All tables' leader rebalancing finished this round
I20260608 09:48:47.209406 31615 tablet_replica.cc:333] T c0c7dc0c5e9d4993b45af680582b54d6 P 3bf525b76fe743aabb3a8bcc3ceddba9: stopping tablet replica
I20260608 09:48:47.210034 31615 raft_consensus.cc:2243] T c0c7dc0c5e9d4993b45af680582b54d6 P 3bf525b76fe743aabb3a8bcc3ceddba9 [term 1 FOLLOWER]: Raft consensus shutting down.
I20260608 09:48:47.210700 31615 raft_consensus.cc:2272] T c0c7dc0c5e9d4993b45af680582b54d6 P 3bf525b76fe743aabb3a8bcc3ceddba9 [term 1 FOLLOWER]: Raft consensus is shut down!
I20260608 09:48:47.213091 31615 tablet_replica.cc:333] T 79ed00090c174848b59f3cbbe7269f2f P 3bf525b76fe743aabb3a8bcc3ceddba9: stopping tablet replica
I20260608 09:48:47.213774 31615 raft_consensus.cc:2243] T 79ed00090c174848b59f3cbbe7269f2f P 3bf525b76fe743aabb3a8bcc3ceddba9 [term 2 FOLLOWER]: Raft consensus shutting down.
I20260608 09:48:47.214210 31615 raft_consensus.cc:2272] T 79ed00090c174848b59f3cbbe7269f2f P 3bf525b76fe743aabb3a8bcc3ceddba9 [term 2 FOLLOWER]: Raft consensus is shut down!
I20260608 09:48:47.216028 31615 tablet_replica.cc:333] T 42babed799df43a8bc55d1029595df0c P 3bf525b76fe743aabb3a8bcc3ceddba9: stopping tablet replica
I20260608 09:48:47.216545 31615 raft_consensus.cc:2243] T 42babed799df43a8bc55d1029595df0c P 3bf525b76fe743aabb3a8bcc3ceddba9 [term 3 FOLLOWER]: Raft consensus shutting down.
I20260608 09:48:47.217082 31615 raft_consensus.cc:2272] T 42babed799df43a8bc55d1029595df0c P 3bf525b76fe743aabb3a8bcc3ceddba9 [term 3 FOLLOWER]: Raft consensus is shut down!
I20260608 09:48:47.218858 31615 tablet_replica.cc:333] T 1d2ffeb547d74696a511cdcad07f413c P 3bf525b76fe743aabb3a8bcc3ceddba9: stopping tablet replica
I20260608 09:48:47.219537 31615 raft_consensus.cc:2243] T 1d2ffeb547d74696a511cdcad07f413c P 3bf525b76fe743aabb3a8bcc3ceddba9 [term 2 FOLLOWER]: Raft consensus shutting down.
I20260608 09:48:47.220048 31615 raft_consensus.cc:2272] T 1d2ffeb547d74696a511cdcad07f413c P 3bf525b76fe743aabb3a8bcc3ceddba9 [term 2 FOLLOWER]: Raft consensus is shut down!
I20260608 09:48:47.221982 31615 tablet_replica.cc:333] T da03b001aad84639bf3c2713f69cb465 P 3bf525b76fe743aabb3a8bcc3ceddba9: stopping tablet replica
I20260608 09:48:47.222824 31615 raft_consensus.cc:2243] T da03b001aad84639bf3c2713f69cb465 P 3bf525b76fe743aabb3a8bcc3ceddba9 [term 1 LEADER]: Raft consensus shutting down.
I20260608 09:48:47.223577 31615 raft_consensus.cc:2272] T da03b001aad84639bf3c2713f69cb465 P 3bf525b76fe743aabb3a8bcc3ceddba9 [term 1 FOLLOWER]: Raft consensus is shut down!
I20260608 09:48:47.225325 31615 tablet_replica.cc:333] T a34f9e0b89264eca9c473d9bbe93c384 P 3bf525b76fe743aabb3a8bcc3ceddba9: stopping tablet replica
I20260608 09:48:47.225826 31615 raft_consensus.cc:2243] T a34f9e0b89264eca9c473d9bbe93c384 P 3bf525b76fe743aabb3a8bcc3ceddba9 [term 1 LEADER]: Raft consensus shutting down.
I20260608 09:48:47.226564 31615 raft_consensus.cc:2272] T a34f9e0b89264eca9c473d9bbe93c384 P 3bf525b76fe743aabb3a8bcc3ceddba9 [term 1 FOLLOWER]: Raft consensus is shut down!
I20260608 09:48:47.228281 31615 tablet_replica.cc:333] T 86a41636df364e0fbdf7f23383e98aa8 P 3bf525b76fe743aabb3a8bcc3ceddba9: stopping tablet replica
I20260608 09:48:47.228987 31615 raft_consensus.cc:2243] T 86a41636df364e0fbdf7f23383e98aa8 P 3bf525b76fe743aabb3a8bcc3ceddba9 [term 1 LEADER]: Raft consensus shutting down.
I20260608 09:48:47.229866 31615 raft_consensus.cc:2272] T 86a41636df364e0fbdf7f23383e98aa8 P 3bf525b76fe743aabb3a8bcc3ceddba9 [term 1 FOLLOWER]: Raft consensus is shut down!
I20260608 09:48:47.232553 31615 tablet_replica.cc:333] T e47ee6c0e7484a108d0406806bf6cbbd P 3bf525b76fe743aabb3a8bcc3ceddba9: stopping tablet replica
I20260608 09:48:47.233078 31615 raft_consensus.cc:2243] T e47ee6c0e7484a108d0406806bf6cbbd P 3bf525b76fe743aabb3a8bcc3ceddba9 [term 2 FOLLOWER]: Raft consensus shutting down.
I20260608 09:48:47.233486 31615 raft_consensus.cc:2272] T e47ee6c0e7484a108d0406806bf6cbbd P 3bf525b76fe743aabb3a8bcc3ceddba9 [term 2 FOLLOWER]: Raft consensus is shut down!
I20260608 09:48:47.235239 31615 tablet_replica.cc:333] T c541d8f231cf4f9b96aaa6da07224d6f P 3bf525b76fe743aabb3a8bcc3ceddba9: stopping tablet replica
I20260608 09:48:47.235705 31615 raft_consensus.cc:2243] T c541d8f231cf4f9b96aaa6da07224d6f P 3bf525b76fe743aabb3a8bcc3ceddba9 [term 1 FOLLOWER]: Raft consensus shutting down.
I20260608 09:48:47.236104 31615 raft_consensus.cc:2272] T c541d8f231cf4f9b96aaa6da07224d6f P 3bf525b76fe743aabb3a8bcc3ceddba9 [term 1 FOLLOWER]: Raft consensus is shut down!
I20260608 09:48:47.237982 31615 tablet_replica.cc:333] T 12361a624c684a6caddf5a7dfc545bf2 P 3bf525b76fe743aabb3a8bcc3ceddba9: stopping tablet replica
I20260608 09:48:47.238504 31615 raft_consensus.cc:2243] T 12361a624c684a6caddf5a7dfc545bf2 P 3bf525b76fe743aabb3a8bcc3ceddba9 [term 1 FOLLOWER]: Raft consensus shutting down.
I20260608 09:48:47.238955 31615 raft_consensus.cc:2272] T 12361a624c684a6caddf5a7dfc545bf2 P 3bf525b76fe743aabb3a8bcc3ceddba9 [term 1 FOLLOWER]: Raft consensus is shut down!
I20260608 09:48:47.241628 31615 tablet_replica.cc:333] T b7673a66c6cf47a695168f786e55df24 P 3bf525b76fe743aabb3a8bcc3ceddba9: stopping tablet replica
I20260608 09:48:47.242308 31615 raft_consensus.cc:2243] T b7673a66c6cf47a695168f786e55df24 P 3bf525b76fe743aabb3a8bcc3ceddba9 [term 2 FOLLOWER]: Raft consensus shutting down.
I20260608 09:48:47.242834 31615 raft_consensus.cc:2272] T b7673a66c6cf47a695168f786e55df24 P 3bf525b76fe743aabb3a8bcc3ceddba9 [term 2 FOLLOWER]: Raft consensus is shut down!
W20260608 09:48:47.247349  2408 consensus_peers.cc:597] T c541d8f231cf4f9b96aaa6da07224d6f P ddaf011844224b48aae5ce229a43d06d -> Peer 3bf525b76fe743aabb3a8bcc3ceddba9 (127.30.223.193:36775): Couldn't send request to peer 3bf525b76fe743aabb3a8bcc3ceddba9. Status: Remote error: Service unavailable: service kudu.consensus.ConsensusService not registered on TabletServer. This is attempt 1: this message will repeat every 5th retry.
W20260608 09:48:47.309691  2408 consensus_peers.cc:597] T 79ed00090c174848b59f3cbbe7269f2f P ddaf011844224b48aae5ce229a43d06d -> Peer 3bf525b76fe743aabb3a8bcc3ceddba9 (127.30.223.193:36775): Couldn't send request to peer 3bf525b76fe743aabb3a8bcc3ceddba9. Status: Network error: Client connection negotiation failed: client connection to 127.30.223.193:36775: connect: Connection refused (error 111). This is attempt 1: this message will repeat every 5th retry.
W20260608 09:48:47.320864  2173 consensus_peers.cc:597] T c0c7dc0c5e9d4993b45af680582b54d6 P 8bd2b1fa54a34f749bfa84c7af610bee -> Peer 3bf525b76fe743aabb3a8bcc3ceddba9 (127.30.223.193:36775): Couldn't send request to peer 3bf525b76fe743aabb3a8bcc3ceddba9. Status: Network error: Client connection negotiation failed: client connection to 127.30.223.193:36775: connect: Connection refused (error 111). This is attempt 1: this message will repeat every 5th retry.
W20260608 09:48:47.411988  2247 consensus_peers.cc:597] T b7673a66c6cf47a695168f786e55df24 P 0913fd4adc8b496f8df29f6d2fd47cea -> Peer 3bf525b76fe743aabb3a8bcc3ceddba9 (127.30.223.193:36775): Couldn't send request to peer 3bf525b76fe743aabb3a8bcc3ceddba9. Status: Network error: Client connection negotiation failed: client connection to 127.30.223.193:36775: connect: Connection refused (error 111). This is attempt 1: this message will repeat every 5th retry.
I20260608 09:48:47.492831  2703 raft_consensus.cc:993] T 691dbc4649374a83ae4175275ca6a172 P 0913fd4adc8b496f8df29f6d2fd47cea: : Instructing follower ddaf011844224b48aae5ce229a43d06d to start an election
I20260608 09:48:47.493337  2708 raft_consensus.cc:1081] T 691dbc4649374a83ae4175275ca6a172 P 0913fd4adc8b496f8df29f6d2fd47cea [term 1 LEADER]: Signalling peer ddaf011844224b48aae5ce229a43d06d to start an election
I20260608 09:48:47.495044  2445 tablet_service.cc:2044] Received Run Leader Election RPC: tablet_id: "691dbc4649374a83ae4175275ca6a172"
dest_uuid: "ddaf011844224b48aae5ce229a43d06d"
 from {username='slave'} at 127.0.0.1:56312
I20260608 09:48:47.495639  2445 raft_consensus.cc:493] T 691dbc4649374a83ae4175275ca6a172 P ddaf011844224b48aae5ce229a43d06d [term 1 FOLLOWER]: Starting forced leader election (received explicit request)
I20260608 09:48:47.496011  2445 raft_consensus.cc:3060] T 691dbc4649374a83ae4175275ca6a172 P ddaf011844224b48aae5ce229a43d06d [term 1 FOLLOWER]: Advancing to term 2
I20260608 09:48:47.503116  2445 raft_consensus.cc:515] T 691dbc4649374a83ae4175275ca6a172 P ddaf011844224b48aae5ce229a43d06d [term 2 FOLLOWER]: Starting forced leader election with config: opid_index: 4 OBSOLETE_local: false peers { permanent_uuid: "8bd2b1fa54a34f749bfa84c7af610bee" member_type: VOTER last_known_addr { host: "127.30.223.194" port: 41573 } } peers { permanent_uuid: "0913fd4adc8b496f8df29f6d2fd47cea" member_type: VOTER last_known_addr { host: "127.30.223.195" port: 40705 } } peers { permanent_uuid: "ddaf011844224b48aae5ce229a43d06d" member_type: VOTER last_known_addr { host: "127.30.223.196" port: 43965 } attrs { promote: false } }
I20260608 09:48:47.505262  2445 leader_election.cc:290] T 691dbc4649374a83ae4175275ca6a172 P ddaf011844224b48aae5ce229a43d06d [CANDIDATE]: Term 2 election: Requested vote from peers 8bd2b1fa54a34f749bfa84c7af610bee (127.30.223.194:41573), 0913fd4adc8b496f8df29f6d2fd47cea (127.30.223.195:40705)
I20260608 09:48:47.506088  2206 tablet_service.cc:1917] Received RequestConsensusVote() RPC: tablet_id: "691dbc4649374a83ae4175275ca6a172" candidate_uuid: "ddaf011844224b48aae5ce229a43d06d" candidate_term: 2 candidate_status { last_received { term: 1 index: 4 } } ignore_live_leader: true dest_uuid: "8bd2b1fa54a34f749bfa84c7af610bee"
I20260608 09:48:47.506603  2280 tablet_service.cc:1917] Received RequestConsensusVote() RPC: tablet_id: "691dbc4649374a83ae4175275ca6a172" candidate_uuid: "ddaf011844224b48aae5ce229a43d06d" candidate_term: 2 candidate_status { last_received { term: 1 index: 4 } } ignore_live_leader: true dest_uuid: "0913fd4adc8b496f8df29f6d2fd47cea"
I20260608 09:48:47.506742  2206 raft_consensus.cc:3060] T 691dbc4649374a83ae4175275ca6a172 P 8bd2b1fa54a34f749bfa84c7af610bee [term 1 FOLLOWER]: Advancing to term 2
I20260608 09:48:47.507226  2280 raft_consensus.cc:3055] T 691dbc4649374a83ae4175275ca6a172 P 0913fd4adc8b496f8df29f6d2fd47cea [term 1 LEADER]: Stepping down as leader of term 1
I20260608 09:48:47.507576  2280 raft_consensus.cc:740] T 691dbc4649374a83ae4175275ca6a172 P 0913fd4adc8b496f8df29f6d2fd47cea [term 1 LEADER]: Becoming Follower/Learner. State: Replica: 0913fd4adc8b496f8df29f6d2fd47cea, State: Running, Role: LEADER
I20260608 09:48:47.508404  2280 consensus_queue.cc:260] T 691dbc4649374a83ae4175275ca6a172 P 0913fd4adc8b496f8df29f6d2fd47cea [NON_LEADER]: Queue going to NON_LEADER mode. State: All replicated index: 0, Majority replicated index: 4, Committed index: 4, Last appended: 1.4, Last appended by leader: 4, Current term: 1, Majority size: -1, State: 0, Mode: NON_LEADER, active raft config: opid_index: 4 OBSOLETE_local: false peers { permanent_uuid: "8bd2b1fa54a34f749bfa84c7af610bee" member_type: VOTER last_known_addr { host: "127.30.223.194" port: 41573 } } peers { permanent_uuid: "0913fd4adc8b496f8df29f6d2fd47cea" member_type: VOTER last_known_addr { host: "127.30.223.195" port: 40705 } } peers { permanent_uuid: "ddaf011844224b48aae5ce229a43d06d" member_type: VOTER last_known_addr { host: "127.30.223.196" port: 43965 } attrs { promote: false } }
I20260608 09:48:47.509641  2280 raft_consensus.cc:3060] T 691dbc4649374a83ae4175275ca6a172 P 0913fd4adc8b496f8df29f6d2fd47cea [term 1 FOLLOWER]: Advancing to term 2
I20260608 09:48:47.512478  2206 raft_consensus.cc:2468] T 691dbc4649374a83ae4175275ca6a172 P 8bd2b1fa54a34f749bfa84c7af610bee [term 2 FOLLOWER]: Leader election vote request: Granting yes vote for candidate ddaf011844224b48aae5ce229a43d06d in term 2.
I20260608 09:48:47.513628  2409 leader_election.cc:304] T 691dbc4649374a83ae4175275ca6a172 P ddaf011844224b48aae5ce229a43d06d [CANDIDATE]: Term 2 election: Election decided. Result: candidate won. Election summary: received 2 responses out of 3 voters: 2 yes votes; 0 no votes. yes voters: 8bd2b1fa54a34f749bfa84c7af610bee, ddaf011844224b48aae5ce229a43d06d; no voters: 
I20260608 09:48:47.514578  2656 raft_consensus.cc:2804] T 691dbc4649374a83ae4175275ca6a172 P ddaf011844224b48aae5ce229a43d06d [term 2 FOLLOWER]: Leader election won for term 2
I20260608 09:48:47.515672  2656 raft_consensus.cc:697] T 691dbc4649374a83ae4175275ca6a172 P ddaf011844224b48aae5ce229a43d06d [term 2 LEADER]: Becoming Leader. State: Replica: ddaf011844224b48aae5ce229a43d06d, State: Running, Role: LEADER
I20260608 09:48:47.516166  2280 raft_consensus.cc:2468] T 691dbc4649374a83ae4175275ca6a172 P 0913fd4adc8b496f8df29f6d2fd47cea [term 2 FOLLOWER]: Leader election vote request: Granting yes vote for candidate ddaf011844224b48aae5ce229a43d06d in term 2.
I20260608 09:48:47.516578  2656 consensus_queue.cc:237] T 691dbc4649374a83ae4175275ca6a172 P ddaf011844224b48aae5ce229a43d06d [LEADER]: Queue going to LEADER mode. State: All replicated index: 0, Majority replicated index: 4, Committed index: 4, Last appended: 1.4, Last appended by leader: 4, Current term: 2, Majority size: 2, State: 0, Mode: LEADER, active raft config: opid_index: 4 OBSOLETE_local: false peers { permanent_uuid: "8bd2b1fa54a34f749bfa84c7af610bee" member_type: VOTER last_known_addr { host: "127.30.223.194" port: 41573 } } peers { permanent_uuid: "0913fd4adc8b496f8df29f6d2fd47cea" member_type: VOTER last_known_addr { host: "127.30.223.195" port: 40705 } } peers { permanent_uuid: "ddaf011844224b48aae5ce229a43d06d" member_type: VOTER last_known_addr { host: "127.30.223.196" port: 43965 } attrs { promote: false } }
