I20260608 09:55:54.164891 32750 consensus_queue.cc:1048] T ace543ca914c45e491f84f80c9c6ae83 P ac90ba8f592748ceb4164f3e0add7697 [LEADER]: Connected to new peer: Peer: permanent_uuid: "c565bd14bbfa4b52a71c4eb7d9794bb6" member_type: VOTER last_known_addr { host: "127.28.216.65" port: 46397 }, Status: LMP_MISMATCH, Last received: 0.0, Next index: 1, Last known committed idx: 0, Time since last communication: 0.000s
I20260608 09:55:54.166235   380 raft_consensus.cc:359] T 29caf959fa07417183e5a2ee157d69f8 P ac90ba8f592748ceb4164f3e0add7697 [term 0 FOLLOWER]: Replica starting. Triggering 0 pending ops. Active config: opid_index: -1 OBSOLETE_local: false peers { permanent_uuid: "f8488291181d4982a868a32f2e40f442" member_type: VOTER last_known_addr { host: "127.28.216.68" port: 37601 } } peers { permanent_uuid: "ac90ba8f592748ceb4164f3e0add7697" member_type: VOTER last_known_addr { host: "127.28.216.66" port: 33385 } } peers { permanent_uuid: "c565bd14bbfa4b52a71c4eb7d9794bb6" member_type: VOTER last_known_addr { host: "127.28.216.65" port: 46397 } }
I20260608 09:55:54.166932   386 tablet_bootstrap.cc:654] T 379f6ff24cc14c7fbb53e529fa6d7f3d P f8488291181d4982a868a32f2e40f442: Neither blocks nor log segments found. Creating new log.
I20260608 09:55:54.166939   380 raft_consensus.cc:385] T 29caf959fa07417183e5a2ee157d69f8 P ac90ba8f592748ceb4164f3e0add7697 [term 0 FOLLOWER]: Consensus starting up: Expiring failure detector timer to make a prompt election more likely
I20260608 09:55:54.167502   380 raft_consensus.cc:740] T 29caf959fa07417183e5a2ee157d69f8 P ac90ba8f592748ceb4164f3e0add7697 [term 0 FOLLOWER]: Becoming Follower/Learner. State: Replica: ac90ba8f592748ceb4164f3e0add7697, State: Initialized, Role: FOLLOWER
I20260608 09:55:54.168382   380 consensus_queue.cc:260] T 29caf959fa07417183e5a2ee157d69f8 P ac90ba8f592748ceb4164f3e0add7697 [NON_LEADER]: Queue going to NON_LEADER mode. State: All replicated index: 0, Majority replicated index: 0, Committed index: 0, Last appended: 0.0, Last appended by leader: 0, Current term: 0, Majority size: -1, State: 0, Mode: NON_LEADER, active raft config: opid_index: -1 OBSOLETE_local: false peers { permanent_uuid: "f8488291181d4982a868a32f2e40f442" member_type: VOTER last_known_addr { host: "127.28.216.68" port: 37601 } } peers { permanent_uuid: "ac90ba8f592748ceb4164f3e0add7697" member_type: VOTER last_known_addr { host: "127.28.216.66" port: 33385 } } peers { permanent_uuid: "c565bd14bbfa4b52a71c4eb7d9794bb6" member_type: VOTER last_known_addr { host: "127.28.216.65" port: 46397 } }
I20260608 09:55:54.170756   380 ts_tablet_manager.cc:1434] T 29caf959fa07417183e5a2ee157d69f8 P ac90ba8f592748ceb4164f3e0add7697: Time spent starting tablet: real 0.007s	user 0.007s	sys 0.000s
W20260608 09:55:54.177700   388 log.cc:927] Time spent T c97dbd2988be46159aa724cc7cdce688 P 27e4be11a13444a491e8e64b8d16d9b2: Append to log took a long time: real 0.067s	user 0.000s	sys 0.000s
W20260608 09:55:54.189461 32474 leader_election.cc:343] T 29caf959fa07417183e5a2ee157d69f8 P c565bd14bbfa4b52a71c4eb7d9794bb6 [CANDIDATE]: Term 1 pre-election: Tablet error from VoteRequest() call to peer ac90ba8f592748ceb4164f3e0add7697 (127.28.216.66:33385): Illegal state: must be running to vote when last-logged opid is not known
I20260608 09:55:54.197054   380 tablet_bootstrap.cc:492] T c50f747c03bd4c0c98eb351b0b8cb83e P ac90ba8f592748ceb4164f3e0add7697: Bootstrap starting.
I20260608 09:55:54.190583   390 raft_consensus.cc:2749] T e62632aa1aec433f8872ac6988859759 P c565bd14bbfa4b52a71c4eb7d9794bb6 [term 1 FOLLOWER]: Leader pre-election lost for term 1. Reason: could not achieve majority
I20260608 09:55:54.211519 32707 tablet_bootstrap.cc:654] T c50f747c03bd4c0c98eb351b0b8cb83e P 27e4be11a13444a491e8e64b8d16d9b2: Neither blocks nor log segments found. Creating new log.
I20260608 09:55:54.238950 32705 tablet_bootstrap.cc:492] T 379f6ff24cc14c7fbb53e529fa6d7f3d P c565bd14bbfa4b52a71c4eb7d9794bb6: No bootstrap required, opened a new log
I20260608 09:55:54.239511 32705 ts_tablet_manager.cc:1403] T 379f6ff24cc14c7fbb53e529fa6d7f3d P c565bd14bbfa4b52a71c4eb7d9794bb6: Time spent bootstrapping tablet: real 0.363s	user 0.013s	sys 0.019s
I20260608 09:55:54.243898 32705 raft_consensus.cc:359] T 379f6ff24cc14c7fbb53e529fa6d7f3d P c565bd14bbfa4b52a71c4eb7d9794bb6 [term 0 FOLLOWER]: Replica starting. Triggering 0 pending ops. Active config: opid_index: -1 OBSOLETE_local: false peers { permanent_uuid: "f8488291181d4982a868a32f2e40f442" member_type: VOTER last_known_addr { host: "127.28.216.68" port: 37601 } } peers { permanent_uuid: "27e4be11a13444a491e8e64b8d16d9b2" member_type: VOTER last_known_addr { host: "127.28.216.67" port: 42855 } } peers { permanent_uuid: "c565bd14bbfa4b52a71c4eb7d9794bb6" member_type: VOTER last_known_addr { host: "127.28.216.65" port: 46397 } }
I20260608 09:55:54.248471 32705 raft_consensus.cc:385] T 379f6ff24cc14c7fbb53e529fa6d7f3d P c565bd14bbfa4b52a71c4eb7d9794bb6 [term 0 FOLLOWER]: Consensus starting up: Expiring failure detector timer to make a prompt election more likely
I20260608 09:55:54.248842 32705 raft_consensus.cc:740] T 379f6ff24cc14c7fbb53e529fa6d7f3d P c565bd14bbfa4b52a71c4eb7d9794bb6 [term 0 FOLLOWER]: Becoming Follower/Learner. State: Replica: c565bd14bbfa4b52a71c4eb7d9794bb6, State: Initialized, Role: FOLLOWER
W20260608 09:55:54.249231 32474 leader_election.cc:343] T 29caf959fa07417183e5a2ee157d69f8 P c565bd14bbfa4b52a71c4eb7d9794bb6 [CANDIDATE]: Term 1 pre-election: Tablet error from VoteRequest() call to peer f8488291181d4982a868a32f2e40f442 (127.28.216.68:37601): Not found: Tablet not found: 29caf959fa07417183e5a2ee157d69f8
I20260608 09:55:54.249807 32705 consensus_queue.cc:260] T 379f6ff24cc14c7fbb53e529fa6d7f3d P c565bd14bbfa4b52a71c4eb7d9794bb6 [NON_LEADER]: Queue going to NON_LEADER mode. State: All replicated index: 0, Majority replicated index: 0, Committed index: 0, Last appended: 0.0, Last appended by leader: 0, Current term: 0, Majority size: -1, State: 0, Mode: NON_LEADER, active raft config: opid_index: -1 OBSOLETE_local: false peers { permanent_uuid: "f8488291181d4982a868a32f2e40f442" member_type: VOTER last_known_addr { host: "127.28.216.68" port: 37601 } } peers { permanent_uuid: "27e4be11a13444a491e8e64b8d16d9b2" member_type: VOTER last_known_addr { host: "127.28.216.67" port: 42855 } } peers { permanent_uuid: "c565bd14bbfa4b52a71c4eb7d9794bb6" member_type: VOTER last_known_addr { host: "127.28.216.65" port: 46397 } }
I20260608 09:55:54.250455   386 tablet_bootstrap.cc:492] T 379f6ff24cc14c7fbb53e529fa6d7f3d P f8488291181d4982a868a32f2e40f442: No bootstrap required, opened a new log
I20260608 09:55:54.250972   386 ts_tablet_manager.cc:1403] T 379f6ff24cc14c7fbb53e529fa6d7f3d P f8488291181d4982a868a32f2e40f442: Time spent bootstrapping tablet: real 0.225s	user 0.020s	sys 0.006s
I20260608 09:55:54.253084 32705 ts_tablet_manager.cc:1434] T 379f6ff24cc14c7fbb53e529fa6d7f3d P c565bd14bbfa4b52a71c4eb7d9794bb6: Time spent starting tablet: real 0.013s	user 0.007s	sys 0.001s
I20260608 09:55:54.254159 32705 tablet_bootstrap.cc:492] T 22671532257a4d5dbd494b6eae64480d P c565bd14bbfa4b52a71c4eb7d9794bb6: Bootstrap starting.
I20260608 09:55:54.259366   386 raft_consensus.cc:359] T 379f6ff24cc14c7fbb53e529fa6d7f3d P f8488291181d4982a868a32f2e40f442 [term 0 FOLLOWER]: Replica starting. Triggering 0 pending ops. Active config: opid_index: -1 OBSOLETE_local: false peers { permanent_uuid: "f8488291181d4982a868a32f2e40f442" member_type: VOTER last_known_addr { host: "127.28.216.68" port: 37601 } } peers { permanent_uuid: "27e4be11a13444a491e8e64b8d16d9b2" member_type: VOTER last_known_addr { host: "127.28.216.67" port: 42855 } } peers { permanent_uuid: "c565bd14bbfa4b52a71c4eb7d9794bb6" member_type: VOTER last_known_addr { host: "127.28.216.65" port: 46397 } }
I20260608 09:55:54.260201   386 raft_consensus.cc:385] T 379f6ff24cc14c7fbb53e529fa6d7f3d P f8488291181d4982a868a32f2e40f442 [term 0 FOLLOWER]: Consensus starting up: Expiring failure detector timer to make a prompt election more likely
I20260608 09:55:54.262200   386 raft_consensus.cc:740] T 379f6ff24cc14c7fbb53e529fa6d7f3d P f8488291181d4982a868a32f2e40f442 [term 0 FOLLOWER]: Becoming Follower/Learner. State: Replica: f8488291181d4982a868a32f2e40f442, State: Initialized, Role: FOLLOWER
I20260608 09:55:54.263150   386 consensus_queue.cc:260] T 379f6ff24cc14c7fbb53e529fa6d7f3d P f8488291181d4982a868a32f2e40f442 [NON_LEADER]: Queue going to NON_LEADER mode. State: All replicated index: 0, Majority replicated index: 0, Committed index: 0, Last appended: 0.0, Last appended by leader: 0, Current term: 0, Majority size: -1, State: 0, Mode: NON_LEADER, active raft config: opid_index: -1 OBSOLETE_local: false peers { permanent_uuid: "f8488291181d4982a868a32f2e40f442" member_type: VOTER last_known_addr { host: "127.28.216.68" port: 37601 } } peers { permanent_uuid: "27e4be11a13444a491e8e64b8d16d9b2" member_type: VOTER last_known_addr { host: "127.28.216.67" port: 42855 } } peers { permanent_uuid: "c565bd14bbfa4b52a71c4eb7d9794bb6" member_type: VOTER last_known_addr { host: "127.28.216.65" port: 46397 } }
I20260608 09:55:54.278548 32705 tablet_bootstrap.cc:654] T 22671532257a4d5dbd494b6eae64480d P c565bd14bbfa4b52a71c4eb7d9794bb6: Neither blocks nor log segments found. Creating new log.
I20260608 09:55:54.249701 32474 leader_election.cc:304] T 29caf959fa07417183e5a2ee157d69f8 P c565bd14bbfa4b52a71c4eb7d9794bb6 [CANDIDATE]: Term 1 pre-election: Election decided. Result: candidate lost. Election summary: received 3 responses out of 3 voters: 1 yes votes; 2 no votes. yes voters: c565bd14bbfa4b52a71c4eb7d9794bb6; no voters: ac90ba8f592748ceb4164f3e0add7697, f8488291181d4982a868a32f2e40f442
I20260608 09:55:54.301168   395 raft_consensus.cc:2749] T 29caf959fa07417183e5a2ee157d69f8 P c565bd14bbfa4b52a71c4eb7d9794bb6 [term 0 FOLLOWER]: Leader pre-election lost for term 1. Reason: could not achieve majority
I20260608 09:55:54.303078   380 tablet_bootstrap.cc:654] T c50f747c03bd4c0c98eb351b0b8cb83e P ac90ba8f592748ceb4164f3e0add7697: Neither blocks nor log segments found. Creating new log.
W20260608 09:55:54.302963 32474 outbound_call.cc:321] RPC callback for RPC call kudu.consensus.ConsensusService.RequestConsensusVote -> {remote=127.28.216.68:37601, user_credentials={real_user=slave}} blocked reactor thread for 53769.1us
I20260608 09:55:54.309594 32707 tablet_bootstrap.cc:492] T c50f747c03bd4c0c98eb351b0b8cb83e P 27e4be11a13444a491e8e64b8d16d9b2: No bootstrap required, opened a new log
I20260608 09:55:54.310109 32707 ts_tablet_manager.cc:1403] T c50f747c03bd4c0c98eb351b0b8cb83e P 27e4be11a13444a491e8e64b8d16d9b2: Time spent bootstrapping tablet: real 0.292s	user 0.028s	sys 0.008s
I20260608 09:55:54.311610   386 ts_tablet_manager.cc:1434] T 379f6ff24cc14c7fbb53e529fa6d7f3d P f8488291181d4982a868a32f2e40f442: Time spent starting tablet: real 0.060s	user 0.011s	sys 0.027s
I20260608 09:55:54.312801   386 tablet_bootstrap.cc:492] T 96c0ec63bd7046109949f4007dc56a28 P f8488291181d4982a868a32f2e40f442: Bootstrap starting.
I20260608 09:55:54.313252   366 heartbeater.cc:499] Master 127.28.216.126:38461 was elected leader, sending a full tablet report...
I20260608 09:55:54.312884 32707 raft_consensus.cc:359] T c50f747c03bd4c0c98eb351b0b8cb83e P 27e4be11a13444a491e8e64b8d16d9b2 [term 0 FOLLOWER]: Replica starting. Triggering 0 pending ops. Active config: opid_index: -1 OBSOLETE_local: false peers { permanent_uuid: "f8488291181d4982a868a32f2e40f442" member_type: VOTER last_known_addr { host: "127.28.216.68" port: 37601 } } peers { permanent_uuid: "27e4be11a13444a491e8e64b8d16d9b2" member_type: VOTER last_known_addr { host: "127.28.216.67" port: 42855 } } peers { permanent_uuid: "ac90ba8f592748ceb4164f3e0add7697" member_type: VOTER last_known_addr { host: "127.28.216.66" port: 33385 } }
I20260608 09:55:54.318099 32707 raft_consensus.cc:385] T c50f747c03bd4c0c98eb351b0b8cb83e P 27e4be11a13444a491e8e64b8d16d9b2 [term 0 FOLLOWER]: Consensus starting up: Expiring failure detector timer to make a prompt election more likely
I20260608 09:55:54.318378 32707 raft_consensus.cc:740] T c50f747c03bd4c0c98eb351b0b8cb83e P 27e4be11a13444a491e8e64b8d16d9b2 [term 0 FOLLOWER]: Becoming Follower/Learner. State: Replica: 27e4be11a13444a491e8e64b8d16d9b2, State: Initialized, Role: FOLLOWER
I20260608 09:55:54.319237 32707 consensus_queue.cc:260] T c50f747c03bd4c0c98eb351b0b8cb83e P 27e4be11a13444a491e8e64b8d16d9b2 [NON_LEADER]: Queue going to NON_LEADER mode. State: All replicated index: 0, Majority replicated index: 0, Committed index: 0, Last appended: 0.0, Last appended by leader: 0, Current term: 0, Majority size: -1, State: 0, Mode: NON_LEADER, active raft config: opid_index: -1 OBSOLETE_local: false peers { permanent_uuid: "f8488291181d4982a868a32f2e40f442" member_type: VOTER last_known_addr { host: "127.28.216.68" port: 37601 } } peers { permanent_uuid: "27e4be11a13444a491e8e64b8d16d9b2" member_type: VOTER last_known_addr { host: "127.28.216.67" port: 42855 } } peers { permanent_uuid: "ac90ba8f592748ceb4164f3e0add7697" member_type: VOTER last_known_addr { host: "127.28.216.66" port: 33385 } }
I20260608 09:55:54.320700   386 tablet_bootstrap.cc:654] T 96c0ec63bd7046109949f4007dc56a28 P f8488291181d4982a868a32f2e40f442: Neither blocks nor log segments found. Creating new log.
I20260608 09:55:54.323428   401 raft_consensus.cc:493] T c50f747c03bd4c0c98eb351b0b8cb83e P 27e4be11a13444a491e8e64b8d16d9b2 [term 0 FOLLOWER]: Starting pre-election (no leader contacted us within the election timeout)
I20260608 09:55:54.323940   401 raft_consensus.cc:515] T c50f747c03bd4c0c98eb351b0b8cb83e P 27e4be11a13444a491e8e64b8d16d9b2 [term 0 FOLLOWER]: Starting pre-election with config: opid_index: -1 OBSOLETE_local: false peers { permanent_uuid: "f8488291181d4982a868a32f2e40f442" member_type: VOTER last_known_addr { host: "127.28.216.68" port: 37601 } } peers { permanent_uuid: "27e4be11a13444a491e8e64b8d16d9b2" member_type: VOTER last_known_addr { host: "127.28.216.67" port: 42855 } } peers { permanent_uuid: "ac90ba8f592748ceb4164f3e0add7697" member_type: VOTER last_known_addr { host: "127.28.216.66" port: 33385 } }
I20260608 09:55:54.326508   380 tablet_bootstrap.cc:492] T c50f747c03bd4c0c98eb351b0b8cb83e P ac90ba8f592748ceb4164f3e0add7697: No bootstrap required, opened a new log
I20260608 09:55:54.326998   380 ts_tablet_manager.cc:1403] T c50f747c03bd4c0c98eb351b0b8cb83e P ac90ba8f592748ceb4164f3e0add7697: Time spent bootstrapping tablet: real 0.130s	user 0.014s	sys 0.002s
W20260608 09:55:54.329289 32456 auto_rebalancer.cc:259] Could not retrieve cluster info: Service unavailable: Tablet not running
I20260608 09:55:54.330008   380 raft_consensus.cc:359] T c50f747c03bd4c0c98eb351b0b8cb83e P ac90ba8f592748ceb4164f3e0add7697 [term 0 FOLLOWER]: Replica starting. Triggering 0 pending ops. Active config: opid_index: -1 OBSOLETE_local: false peers { permanent_uuid: "f8488291181d4982a868a32f2e40f442" member_type: VOTER last_known_addr { host: "127.28.216.68" port: 37601 } } peers { permanent_uuid: "27e4be11a13444a491e8e64b8d16d9b2" member_type: VOTER last_known_addr { host: "127.28.216.67" port: 42855 } } peers { permanent_uuid: "ac90ba8f592748ceb4164f3e0add7697" member_type: VOTER last_known_addr { host: "127.28.216.66" port: 33385 } }
I20260608 09:55:54.330665   380 raft_consensus.cc:385] T c50f747c03bd4c0c98eb351b0b8cb83e P ac90ba8f592748ceb4164f3e0add7697 [term 0 FOLLOWER]: Consensus starting up: Expiring failure detector timer to make a prompt election more likely
I20260608 09:55:54.330933   380 raft_consensus.cc:740] T c50f747c03bd4c0c98eb351b0b8cb83e P ac90ba8f592748ceb4164f3e0add7697 [term 0 FOLLOWER]: Becoming Follower/Learner. State: Replica: ac90ba8f592748ceb4164f3e0add7697, State: Initialized, Role: FOLLOWER
I20260608 09:55:54.331696   380 consensus_queue.cc:260] T c50f747c03bd4c0c98eb351b0b8cb83e P ac90ba8f592748ceb4164f3e0add7697 [NON_LEADER]: Queue going to NON_LEADER mode. State: All replicated index: 0, Majority replicated index: 0, Committed index: 0, Last appended: 0.0, Last appended by leader: 0, Current term: 0, Majority size: -1, State: 0, Mode: NON_LEADER, active raft config: opid_index: -1 OBSOLETE_local: false peers { permanent_uuid: "f8488291181d4982a868a32f2e40f442" member_type: VOTER last_known_addr { host: "127.28.216.68" port: 37601 } } peers { permanent_uuid: "27e4be11a13444a491e8e64b8d16d9b2" member_type: VOTER last_known_addr { host: "127.28.216.67" port: 42855 } } peers { permanent_uuid: "ac90ba8f592748ceb4164f3e0add7697" member_type: VOTER last_known_addr { host: "127.28.216.66" port: 33385 } }
I20260608 09:55:54.335067   380 ts_tablet_manager.cc:1434] T c50f747c03bd4c0c98eb351b0b8cb83e P ac90ba8f592748ceb4164f3e0add7697: Time spent starting tablet: real 0.008s	user 0.006s	sys 0.000s
I20260608 09:55:54.326527   401 leader_election.cc:290] T c50f747c03bd4c0c98eb351b0b8cb83e P 27e4be11a13444a491e8e64b8d16d9b2 [CANDIDATE]: Term 1 pre-election: Requested pre-vote from peers f8488291181d4982a868a32f2e40f442 (127.28.216.68:37601), ac90ba8f592748ceb4164f3e0add7697 (127.28.216.66:33385)
I20260608 09:55:54.336072   380 tablet_bootstrap.cc:492] T 22671532257a4d5dbd494b6eae64480d P ac90ba8f592748ceb4164f3e0add7697: Bootstrap starting.
I20260608 09:55:54.336221 32707 ts_tablet_manager.cc:1434] T c50f747c03bd4c0c98eb351b0b8cb83e P 27e4be11a13444a491e8e64b8d16d9b2: Time spent starting tablet: real 0.026s	user 0.008s	sys 0.000s
I20260608 09:55:54.337204 32707 tablet_bootstrap.cc:492] T 4bdb06983c544b81a5c1baa4ba001b93 P 27e4be11a13444a491e8e64b8d16d9b2: Bootstrap starting.
I20260608 09:55:54.339251 32705 tablet_bootstrap.cc:492] T 22671532257a4d5dbd494b6eae64480d P c565bd14bbfa4b52a71c4eb7d9794bb6: No bootstrap required, opened a new log
I20260608 09:55:54.343315   380 tablet_bootstrap.cc:654] T 22671532257a4d5dbd494b6eae64480d P ac90ba8f592748ceb4164f3e0add7697: Neither blocks nor log segments found. Creating new log.
I20260608 09:55:54.344704 32583 tablet_service.cc:1917] Received RequestConsensusVote() RPC: tablet_id: "c50f747c03bd4c0c98eb351b0b8cb83e" candidate_uuid: "27e4be11a13444a491e8e64b8d16d9b2" candidate_term: 1 candidate_status { last_received { term: 0 index: 0 } } ignore_live_leader: false dest_uuid: "ac90ba8f592748ceb4164f3e0add7697" is_pre_election: true
I20260608 09:55:54.345381 32583 raft_consensus.cc:2468] T c50f747c03bd4c0c98eb351b0b8cb83e P ac90ba8f592748ceb4164f3e0add7697 [term 0 FOLLOWER]: Leader pre-election vote request: Granting yes vote for candidate 27e4be11a13444a491e8e64b8d16d9b2 in term 0.
I20260608 09:55:54.346926 32624 leader_election.cc:304] T c50f747c03bd4c0c98eb351b0b8cb83e P 27e4be11a13444a491e8e64b8d16d9b2 [CANDIDATE]: Term 1 pre-election: Election decided. Result: candidate won. Election summary: received 2 responses out of 3 voters: 2 yes votes; 0 no votes. yes voters: 27e4be11a13444a491e8e64b8d16d9b2, ac90ba8f592748ceb4164f3e0add7697; no voters: 
I20260608 09:55:54.347720   401 raft_consensus.cc:2804] T c50f747c03bd4c0c98eb351b0b8cb83e P 27e4be11a13444a491e8e64b8d16d9b2 [term 0 FOLLOWER]: Leader pre-election won for term 1
I20260608 09:55:54.348073   401 raft_consensus.cc:493] T c50f747c03bd4c0c98eb351b0b8cb83e P 27e4be11a13444a491e8e64b8d16d9b2 [term 0 FOLLOWER]: Starting leader election (no leader contacted us within the election timeout)
I20260608 09:55:54.348402   401 raft_consensus.cc:3060] T c50f747c03bd4c0c98eb351b0b8cb83e P 27e4be11a13444a491e8e64b8d16d9b2 [term 0 FOLLOWER]: Advancing to term 1
I20260608 09:55:54.343354 32705 ts_tablet_manager.cc:1403] T 22671532257a4d5dbd494b6eae64480d P c565bd14bbfa4b52a71c4eb7d9794bb6: Time spent bootstrapping tablet: real 0.089s	user 0.012s	sys 0.022s
I20260608 09:55:54.351621 32705 raft_consensus.cc:359] T 22671532257a4d5dbd494b6eae64480d P c565bd14bbfa4b52a71c4eb7d9794bb6 [term 0 FOLLOWER]: Replica starting. Triggering 0 pending ops. Active config: opid_index: -1 OBSOLETE_local: false peers { permanent_uuid: "c565bd14bbfa4b52a71c4eb7d9794bb6" member_type: VOTER last_known_addr { host: "127.28.216.65" port: 46397 } } peers { permanent_uuid: "ac90ba8f592748ceb4164f3e0add7697" member_type: VOTER last_known_addr { host: "127.28.216.66" port: 33385 } } peers { permanent_uuid: "f8488291181d4982a868a32f2e40f442" member_type: VOTER last_known_addr { host: "127.28.216.68" port: 37601 } }
I20260608 09:55:54.354357 32705 raft_consensus.cc:385] T 22671532257a4d5dbd494b6eae64480d P c565bd14bbfa4b52a71c4eb7d9794bb6 [term 0 FOLLOWER]: Consensus starting up: Expiring failure detector timer to make a prompt election more likely
I20260608 09:55:54.354727 32705 raft_consensus.cc:740] T 22671532257a4d5dbd494b6eae64480d P c565bd14bbfa4b52a71c4eb7d9794bb6 [term 0 FOLLOWER]: Becoming Follower/Learner. State: Replica: c565bd14bbfa4b52a71c4eb7d9794bb6, State: Initialized, Role: FOLLOWER
I20260608 09:55:54.355105   401 raft_consensus.cc:515] T c50f747c03bd4c0c98eb351b0b8cb83e P 27e4be11a13444a491e8e64b8d16d9b2 [term 1 FOLLOWER]: Starting leader election with config: opid_index: -1 OBSOLETE_local: false peers { permanent_uuid: "f8488291181d4982a868a32f2e40f442" member_type: VOTER last_known_addr { host: "127.28.216.68" port: 37601 } } peers { permanent_uuid: "27e4be11a13444a491e8e64b8d16d9b2" member_type: VOTER last_known_addr { host: "127.28.216.67" port: 42855 } } peers { permanent_uuid: "ac90ba8f592748ceb4164f3e0add7697" member_type: VOTER last_known_addr { host: "127.28.216.66" port: 33385 } }
I20260608 09:55:54.353608 32707 tablet_bootstrap.cc:654] T 4bdb06983c544b81a5c1baa4ba001b93 P 27e4be11a13444a491e8e64b8d16d9b2: Neither blocks nor log segments found. Creating new log.
I20260608 09:55:54.357266   401 leader_election.cc:290] T c50f747c03bd4c0c98eb351b0b8cb83e P 27e4be11a13444a491e8e64b8d16d9b2 [CANDIDATE]: Term 1 election: Requested vote from peers f8488291181d4982a868a32f2e40f442 (127.28.216.68:37601), ac90ba8f592748ceb4164f3e0add7697 (127.28.216.66:33385)
I20260608 09:55:54.355669 32705 consensus_queue.cc:260] T 22671532257a4d5dbd494b6eae64480d P c565bd14bbfa4b52a71c4eb7d9794bb6 [NON_LEADER]: Queue going to NON_LEADER mode. State: All replicated index: 0, Majority replicated index: 0, Committed index: 0, Last appended: 0.0, Last appended by leader: 0, Current term: 0, Majority size: -1, State: 0, Mode: NON_LEADER, active raft config: opid_index: -1 OBSOLETE_local: false peers { permanent_uuid: "c565bd14bbfa4b52a71c4eb7d9794bb6" member_type: VOTER last_known_addr { host: "127.28.216.65" port: 46397 } } peers { permanent_uuid: "ac90ba8f592748ceb4164f3e0add7697" member_type: VOTER last_known_addr { host: "127.28.216.66" port: 33385 } } peers { permanent_uuid: "f8488291181d4982a868a32f2e40f442" member_type: VOTER last_known_addr { host: "127.28.216.68" port: 37601 } }
I20260608 09:55:54.359541 32583 tablet_service.cc:1917] Received RequestConsensusVote() RPC: tablet_id: "c50f747c03bd4c0c98eb351b0b8cb83e" candidate_uuid: "27e4be11a13444a491e8e64b8d16d9b2" candidate_term: 1 candidate_status { last_received { term: 0 index: 0 } } ignore_live_leader: false dest_uuid: "ac90ba8f592748ceb4164f3e0add7697"
I20260608 09:55:54.360119 32583 raft_consensus.cc:3060] T c50f747c03bd4c0c98eb351b0b8cb83e P ac90ba8f592748ceb4164f3e0add7697 [term 0 FOLLOWER]: Advancing to term 1
I20260608 09:55:54.363075 32705 ts_tablet_manager.cc:1434] T 22671532257a4d5dbd494b6eae64480d P c565bd14bbfa4b52a71c4eb7d9794bb6: Time spent starting tablet: real 0.014s	user 0.005s	sys 0.002s
I20260608 09:55:54.364974 32705 tablet_bootstrap.cc:492] T 9d878185ce9744a6b7585001b6eaa4ce P c565bd14bbfa4b52a71c4eb7d9794bb6: Bootstrap starting.
I20260608 09:55:54.367473 32583 raft_consensus.cc:2468] T c50f747c03bd4c0c98eb351b0b8cb83e P ac90ba8f592748ceb4164f3e0add7697 [term 1 FOLLOWER]: Leader election vote request: Granting yes vote for candidate 27e4be11a13444a491e8e64b8d16d9b2 in term 1.
I20260608 09:55:54.371889   380 tablet_bootstrap.cc:492] T 22671532257a4d5dbd494b6eae64480d P ac90ba8f592748ceb4164f3e0add7697: No bootstrap required, opened a new log
I20260608 09:55:54.372385   380 ts_tablet_manager.cc:1403] T 22671532257a4d5dbd494b6eae64480d P ac90ba8f592748ceb4164f3e0add7697: Time spent bootstrapping tablet: real 0.037s	user 0.012s	sys 0.021s
I20260608 09:55:54.368956 32624 leader_election.cc:304] T c50f747c03bd4c0c98eb351b0b8cb83e P 27e4be11a13444a491e8e64b8d16d9b2 [CANDIDATE]: Term 1 election: Election decided. Result: candidate won. Election summary: received 2 responses out of 3 voters: 2 yes votes; 0 no votes. yes voters: 27e4be11a13444a491e8e64b8d16d9b2, ac90ba8f592748ceb4164f3e0add7697; no voters: 
I20260608 09:55:54.375434   380 raft_consensus.cc:359] T 22671532257a4d5dbd494b6eae64480d P ac90ba8f592748ceb4164f3e0add7697 [term 0 FOLLOWER]: Replica starting. Triggering 0 pending ops. Active config: opid_index: -1 OBSOLETE_local: false peers { permanent_uuid: "c565bd14bbfa4b52a71c4eb7d9794bb6" member_type: VOTER last_known_addr { host: "127.28.216.65" port: 46397 } } peers { permanent_uuid: "ac90ba8f592748ceb4164f3e0add7697" member_type: VOTER last_known_addr { host: "127.28.216.66" port: 33385 } } peers { permanent_uuid: "f8488291181d4982a868a32f2e40f442" member_type: VOTER last_known_addr { host: "127.28.216.68" port: 37601 } }
I20260608 09:55:54.376183   380 raft_consensus.cc:385] T 22671532257a4d5dbd494b6eae64480d P ac90ba8f592748ceb4164f3e0add7697 [term 0 FOLLOWER]: Consensus starting up: Expiring failure detector timer to make a prompt election more likely
I20260608 09:55:54.376493   380 raft_consensus.cc:740] T 22671532257a4d5dbd494b6eae64480d P ac90ba8f592748ceb4164f3e0add7697 [term 0 FOLLOWER]: Becoming Follower/Learner. State: Replica: ac90ba8f592748ceb4164f3e0add7697, State: Initialized, Role: FOLLOWER
I20260608 09:55:54.376504   401 raft_consensus.cc:2804] T c50f747c03bd4c0c98eb351b0b8cb83e P 27e4be11a13444a491e8e64b8d16d9b2 [term 1 FOLLOWER]: Leader election won for term 1
I20260608 09:55:54.377393   401 raft_consensus.cc:697] T c50f747c03bd4c0c98eb351b0b8cb83e P 27e4be11a13444a491e8e64b8d16d9b2 [term 1 LEADER]: Becoming Leader. State: Replica: 27e4be11a13444a491e8e64b8d16d9b2, State: Running, Role: LEADER
I20260608 09:55:54.377566   380 consensus_queue.cc:260] T 22671532257a4d5dbd494b6eae64480d P ac90ba8f592748ceb4164f3e0add7697 [NON_LEADER]: Queue going to NON_LEADER mode. State: All replicated index: 0, Majority replicated index: 0, Committed index: 0, Last appended: 0.0, Last appended by leader: 0, Current term: 0, Majority size: -1, State: 0, Mode: NON_LEADER, active raft config: opid_index: -1 OBSOLETE_local: false peers { permanent_uuid: "c565bd14bbfa4b52a71c4eb7d9794bb6" member_type: VOTER last_known_addr { host: "127.28.216.65" port: 46397 } } peers { permanent_uuid: "ac90ba8f592748ceb4164f3e0add7697" member_type: VOTER last_known_addr { host: "127.28.216.66" port: 33385 } } peers { permanent_uuid: "f8488291181d4982a868a32f2e40f442" member_type: VOTER last_known_addr { host: "127.28.216.68" port: 37601 } }
I20260608 09:55:54.378234   401 consensus_queue.cc:237] T c50f747c03bd4c0c98eb351b0b8cb83e P 27e4be11a13444a491e8e64b8d16d9b2 [LEADER]: Queue going to LEADER mode. State: All replicated index: 0, Majority replicated index: 0, Committed index: 0, Last appended: 0.0, Last appended by leader: 0, Current term: 1, Majority size: 2, State: 0, Mode: LEADER, active raft config: opid_index: -1 OBSOLETE_local: false peers { permanent_uuid: "f8488291181d4982a868a32f2e40f442" member_type: VOTER last_known_addr { host: "127.28.216.68" port: 37601 } } peers { permanent_uuid: "27e4be11a13444a491e8e64b8d16d9b2" member_type: VOTER last_known_addr { host: "127.28.216.67" port: 42855 } } peers { permanent_uuid: "ac90ba8f592748ceb4164f3e0add7697" member_type: VOTER last_known_addr { host: "127.28.216.66" port: 33385 } }
I20260608 09:55:54.380169   380 ts_tablet_manager.cc:1434] T 22671532257a4d5dbd494b6eae64480d P ac90ba8f592748ceb4164f3e0add7697: Time spent starting tablet: real 0.007s	user 0.006s	sys 0.000s
I20260608 09:55:54.381318   380 tablet_bootstrap.cc:492] T ed85a4f2cefa41caad4dc21c5d7a266d P ac90ba8f592748ceb4164f3e0add7697: Bootstrap starting.
I20260608 09:55:54.382355   386 tablet_bootstrap.cc:492] T 96c0ec63bd7046109949f4007dc56a28 P f8488291181d4982a868a32f2e40f442: No bootstrap required, opened a new log
I20260608 09:55:54.382896   386 ts_tablet_manager.cc:1403] T 96c0ec63bd7046109949f4007dc56a28 P f8488291181d4982a868a32f2e40f442: Time spent bootstrapping tablet: real 0.070s	user 0.012s	sys 0.007s
I20260608 09:55:54.387181 32705 tablet_bootstrap.cc:654] T 9d878185ce9744a6b7585001b6eaa4ce P c565bd14bbfa4b52a71c4eb7d9794bb6: Neither blocks nor log segments found. Creating new log.
I20260608 09:55:54.388499   380 tablet_bootstrap.cc:654] T ed85a4f2cefa41caad4dc21c5d7a266d P ac90ba8f592748ceb4164f3e0add7697: Neither blocks nor log segments found. Creating new log.
I20260608 09:55:54.388939   341 tablet_service.cc:1917] Received RequestConsensusVote() RPC: tablet_id: "c50f747c03bd4c0c98eb351b0b8cb83e" candidate_uuid: "27e4be11a13444a491e8e64b8d16d9b2" candidate_term: 1 candidate_status { last_received { term: 0 index: 0 } } ignore_live_leader: false dest_uuid: "f8488291181d4982a868a32f2e40f442" is_pre_election: true
I20260608 09:55:54.389218   386 raft_consensus.cc:359] T 96c0ec63bd7046109949f4007dc56a28 P f8488291181d4982a868a32f2e40f442 [term 0 FOLLOWER]: Replica starting. Triggering 0 pending ops. Active config: opid_index: -1 OBSOLETE_local: false peers { permanent_uuid: "f8488291181d4982a868a32f2e40f442" member_type: VOTER last_known_addr { host: "127.28.216.68" port: 37601 } } peers { permanent_uuid: "27e4be11a13444a491e8e64b8d16d9b2" member_type: VOTER last_known_addr { host: "127.28.216.67" port: 42855 } } peers { permanent_uuid: "c565bd14bbfa4b52a71c4eb7d9794bb6" member_type: VOTER last_known_addr { host: "127.28.216.65" port: 46397 } }
I20260608 09:55:54.390125   386 raft_consensus.cc:385] T 96c0ec63bd7046109949f4007dc56a28 P f8488291181d4982a868a32f2e40f442 [term 0 FOLLOWER]: Consensus starting up: Expiring failure detector timer to make a prompt election more likely
I20260608 09:55:54.383608 32707 tablet_bootstrap.cc:492] T 4bdb06983c544b81a5c1baa4ba001b93 P 27e4be11a13444a491e8e64b8d16d9b2: No bootstrap required, opened a new log
I20260608 09:55:54.390568   386 raft_consensus.cc:740] T 96c0ec63bd7046109949f4007dc56a28 P f8488291181d4982a868a32f2e40f442 [term 0 FOLLOWER]: Becoming Follower/Learner. State: Replica: f8488291181d4982a868a32f2e40f442, State: Initialized, Role: FOLLOWER
I20260608 09:55:54.390475   340 tablet_service.cc:1917] Received RequestConsensusVote() RPC: tablet_id: "c50f747c03bd4c0c98eb351b0b8cb83e" candidate_uuid: "27e4be11a13444a491e8e64b8d16d9b2" candidate_term: 1 candidate_status { last_received { term: 0 index: 0 } } ignore_live_leader: false dest_uuid: "f8488291181d4982a868a32f2e40f442"
I20260608 09:55:54.391474   386 consensus_queue.cc:260] T 96c0ec63bd7046109949f4007dc56a28 P f8488291181d4982a868a32f2e40f442 [NON_LEADER]: Queue going to NON_LEADER mode. State: All replicated index: 0, Majority replicated index: 0, Committed index: 0, Last appended: 0.0, Last appended by leader: 0, Current term: 0, Majority size: -1, State: 0, Mode: NON_LEADER, active raft config: opid_index: -1 OBSOLETE_local: false peers { permanent_uuid: "f8488291181d4982a868a32f2e40f442" member_type: VOTER last_known_addr { host: "127.28.216.68" port: 37601 } } peers { permanent_uuid: "27e4be11a13444a491e8e64b8d16d9b2" member_type: VOTER last_known_addr { host: "127.28.216.67" port: 42855 } } peers { permanent_uuid: "c565bd14bbfa4b52a71c4eb7d9794bb6" member_type: VOTER last_known_addr { host: "127.28.216.65" port: 46397 } }
W20260608 09:55:54.392391 32624 leader_election.cc:343] T c50f747c03bd4c0c98eb351b0b8cb83e P 27e4be11a13444a491e8e64b8d16d9b2 [CANDIDATE]: Term 1 pre-election: Tablet error from VoteRequest() call to peer f8488291181d4982a868a32f2e40f442 (127.28.216.68:37601): Illegal state: must be running to vote when last-logged opid is not known
W20260608 09:55:54.393363 32624 leader_election.cc:343] T c50f747c03bd4c0c98eb351b0b8cb83e P 27e4be11a13444a491e8e64b8d16d9b2 [CANDIDATE]: Term 1 election: Tablet error from VoteRequest() call to peer f8488291181d4982a868a32f2e40f442 (127.28.216.68:37601): Illegal state: must be running to vote when last-logged opid is not known
I20260608 09:55:54.394500   386 ts_tablet_manager.cc:1434] T 96c0ec63bd7046109949f4007dc56a28 P f8488291181d4982a868a32f2e40f442: Time spent starting tablet: real 0.010s	user 0.003s	sys 0.003s
I20260608 09:55:54.395056 32707 ts_tablet_manager.cc:1403] T 4bdb06983c544b81a5c1baa4ba001b93 P 27e4be11a13444a491e8e64b8d16d9b2: Time spent bootstrapping tablet: real 0.058s	user 0.007s	sys 0.004s
I20260608 09:55:54.397842 32707 raft_consensus.cc:359] T 4bdb06983c544b81a5c1baa4ba001b93 P 27e4be11a13444a491e8e64b8d16d9b2 [term 0 FOLLOWER]: Replica starting. Triggering 0 pending ops. Active config: opid_index: -1 OBSOLETE_local: false peers { permanent_uuid: "f8488291181d4982a868a32f2e40f442" member_type: VOTER last_known_addr { host: "127.28.216.68" port: 37601 } } peers { permanent_uuid: "ac90ba8f592748ceb4164f3e0add7697" member_type: VOTER last_known_addr { host: "127.28.216.66" port: 33385 } } peers { permanent_uuid: "27e4be11a13444a491e8e64b8d16d9b2" member_type: VOTER last_known_addr { host: "127.28.216.67" port: 42855 } }
I20260608 09:55:54.399561 32707 raft_consensus.cc:385] T 4bdb06983c544b81a5c1baa4ba001b93 P 27e4be11a13444a491e8e64b8d16d9b2 [term 0 FOLLOWER]: Consensus starting up: Expiring failure detector timer to make a prompt election more likely
I20260608 09:55:54.399269   386 tablet_bootstrap.cc:492] T 4bdb06983c544b81a5c1baa4ba001b93 P f8488291181d4982a868a32f2e40f442: Bootstrap starting.
I20260608 09:55:54.399897   380 tablet_bootstrap.cc:492] T ed85a4f2cefa41caad4dc21c5d7a266d P ac90ba8f592748ceb4164f3e0add7697: No bootstrap required, opened a new log
I20260608 09:55:54.400497   380 ts_tablet_manager.cc:1403] T ed85a4f2cefa41caad4dc21c5d7a266d P ac90ba8f592748ceb4164f3e0add7697: Time spent bootstrapping tablet: real 0.019s	user 0.010s	sys 0.005s
I20260608 09:55:54.404270   380 raft_consensus.cc:359] T ed85a4f2cefa41caad4dc21c5d7a266d P ac90ba8f592748ceb4164f3e0add7697 [term 0 FOLLOWER]: Replica starting. Triggering 0 pending ops. Active config: opid_index: -1 OBSOLETE_local: false peers { permanent_uuid: "f8488291181d4982a868a32f2e40f442" member_type: VOTER last_known_addr { host: "127.28.216.68" port: 37601 } } peers { permanent_uuid: "c565bd14bbfa4b52a71c4eb7d9794bb6" member_type: VOTER last_known_addr { host: "127.28.216.65" port: 46397 } } peers { permanent_uuid: "ac90ba8f592748ceb4164f3e0add7697" member_type: VOTER last_known_addr { host: "127.28.216.66" port: 33385 } }
I20260608 09:55:54.405018   380 raft_consensus.cc:385] T ed85a4f2cefa41caad4dc21c5d7a266d P ac90ba8f592748ceb4164f3e0add7697 [term 0 FOLLOWER]: Consensus starting up: Expiring failure detector timer to make a prompt election more likely
I20260608 09:55:54.405320   380 raft_consensus.cc:740] T ed85a4f2cefa41caad4dc21c5d7a266d P ac90ba8f592748ceb4164f3e0add7697 [term 0 FOLLOWER]: Becoming Follower/Learner. State: Replica: ac90ba8f592748ceb4164f3e0add7697, State: Initialized, Role: FOLLOWER
I20260608 09:55:54.399904 32707 raft_consensus.cc:740] T 4bdb06983c544b81a5c1baa4ba001b93 P 27e4be11a13444a491e8e64b8d16d9b2 [term 0 FOLLOWER]: Becoming Follower/Learner. State: Replica: 27e4be11a13444a491e8e64b8d16d9b2, State: Initialized, Role: FOLLOWER
I20260608 09:55:54.407225   386 tablet_bootstrap.cc:654] T 4bdb06983c544b81a5c1baa4ba001b93 P f8488291181d4982a868a32f2e40f442: Neither blocks nor log segments found. Creating new log.
I20260608 09:55:54.406850 32707 consensus_queue.cc:260] T 4bdb06983c544b81a5c1baa4ba001b93 P 27e4be11a13444a491e8e64b8d16d9b2 [NON_LEADER]: Queue going to NON_LEADER mode. State: All replicated index: 0, Majority replicated index: 0, Committed index: 0, Last appended: 0.0, Last appended by leader: 0, Current term: 0, Majority size: -1, State: 0, Mode: NON_LEADER, active raft config: opid_index: -1 OBSOLETE_local: false peers { permanent_uuid: "f8488291181d4982a868a32f2e40f442" member_type: VOTER last_known_addr { host: "127.28.216.68" port: 37601 } } peers { permanent_uuid: "ac90ba8f592748ceb4164f3e0add7697" member_type: VOTER last_known_addr { host: "127.28.216.66" port: 33385 } } peers { permanent_uuid: "27e4be11a13444a491e8e64b8d16d9b2" member_type: VOTER last_known_addr { host: "127.28.216.67" port: 42855 } }
I20260608 09:55:54.409155 32707 ts_tablet_manager.cc:1434] T 4bdb06983c544b81a5c1baa4ba001b93 P 27e4be11a13444a491e8e64b8d16d9b2: Time spent starting tablet: real 0.014s	user 0.006s	sys 0.000s
I20260608 09:55:54.410270 32707 tablet_bootstrap.cc:492] T 96c0ec63bd7046109949f4007dc56a28 P 27e4be11a13444a491e8e64b8d16d9b2: Bootstrap starting.
I20260608 09:55:54.414857 32715 raft_consensus.cc:493] T 379f6ff24cc14c7fbb53e529fa6d7f3d P 27e4be11a13444a491e8e64b8d16d9b2 [term 0 FOLLOWER]: Starting pre-election (no leader contacted us within the election timeout)
I20260608 09:55:54.415386 32715 raft_consensus.cc:515] T 379f6ff24cc14c7fbb53e529fa6d7f3d P 27e4be11a13444a491e8e64b8d16d9b2 [term 0 FOLLOWER]: Starting pre-election with config: opid_index: -1 OBSOLETE_local: false peers { permanent_uuid: "f8488291181d4982a868a32f2e40f442" member_type: VOTER last_known_addr { host: "127.28.216.68" port: 37601 } } peers { permanent_uuid: "27e4be11a13444a491e8e64b8d16d9b2" member_type: VOTER last_known_addr { host: "127.28.216.67" port: 42855 } } peers { permanent_uuid: "c565bd14bbfa4b52a71c4eb7d9794bb6" member_type: VOTER last_known_addr { host: "127.28.216.65" port: 46397 } }
I20260608 09:55:54.416145 32707 tablet_bootstrap.cc:654] T 96c0ec63bd7046109949f4007dc56a28 P 27e4be11a13444a491e8e64b8d16d9b2: Neither blocks nor log segments found. Creating new log.
I20260608 09:55:54.418045   380 consensus_queue.cc:260] T ed85a4f2cefa41caad4dc21c5d7a266d P ac90ba8f592748ceb4164f3e0add7697 [NON_LEADER]: Queue going to NON_LEADER mode. State: All replicated index: 0, Majority replicated index: 0, Committed index: 0, Last appended: 0.0, Last appended by leader: 0, Current term: 0, Majority size: -1, State: 0, Mode: NON_LEADER, active raft config: opid_index: -1 OBSOLETE_local: false peers { permanent_uuid: "f8488291181d4982a868a32f2e40f442" member_type: VOTER last_known_addr { host: "127.28.216.68" port: 37601 } } peers { permanent_uuid: "c565bd14bbfa4b52a71c4eb7d9794bb6" member_type: VOTER last_known_addr { host: "127.28.216.65" port: 46397 } } peers { permanent_uuid: "ac90ba8f592748ceb4164f3e0add7697" member_type: VOTER last_known_addr { host: "127.28.216.66" port: 33385 } }
I20260608 09:55:54.418576   340 tablet_service.cc:1917] Received RequestConsensusVote() RPC: tablet_id: "379f6ff24cc14c7fbb53e529fa6d7f3d" candidate_uuid: "27e4be11a13444a491e8e64b8d16d9b2" candidate_term: 1 candidate_status { last_received { term: 0 index: 0 } } ignore_live_leader: false dest_uuid: "f8488291181d4982a868a32f2e40f442" is_pre_election: true
I20260608 09:55:54.419148 32510 tablet_service.cc:1917] Received RequestConsensusVote() RPC: tablet_id: "379f6ff24cc14c7fbb53e529fa6d7f3d" candidate_uuid: "27e4be11a13444a491e8e64b8d16d9b2" candidate_term: 1 candidate_status { last_received { term: 0 index: 0 } } ignore_live_leader: false dest_uuid: "c565bd14bbfa4b52a71c4eb7d9794bb6" is_pre_election: true
I20260608 09:55:54.419831 32510 raft_consensus.cc:2468] T 379f6ff24cc14c7fbb53e529fa6d7f3d P c565bd14bbfa4b52a71c4eb7d9794bb6 [term 0 FOLLOWER]: Leader pre-election vote request: Granting yes vote for candidate 27e4be11a13444a491e8e64b8d16d9b2 in term 0.
I20260608 09:55:54.420627   380 ts_tablet_manager.cc:1434] T ed85a4f2cefa41caad4dc21c5d7a266d P ac90ba8f592748ceb4164f3e0add7697: Time spent starting tablet: real 0.020s	user 0.008s	sys 0.000s
I20260608 09:55:54.420680 32705 tablet_bootstrap.cc:492] T 9d878185ce9744a6b7585001b6eaa4ce P c565bd14bbfa4b52a71c4eb7d9794bb6: No bootstrap required, opened a new log
I20260608 09:55:54.420809 32715 leader_election.cc:290] T 379f6ff24cc14c7fbb53e529fa6d7f3d P 27e4be11a13444a491e8e64b8d16d9b2 [CANDIDATE]: Term 1 pre-election: Requested pre-vote from peers f8488291181d4982a868a32f2e40f442 (127.28.216.68:37601), c565bd14bbfa4b52a71c4eb7d9794bb6 (127.28.216.65:46397)
I20260608 09:55:54.423496   391 raft_consensus.cc:493] T ed85a4f2cefa41caad4dc21c5d7a266d P ac90ba8f592748ceb4164f3e0add7697 [term 0 FOLLOWER]: Starting pre-election (no leader contacted us within the election timeout)
I20260608 09:55:54.419160   340 raft_consensus.cc:2468] T 379f6ff24cc14c7fbb53e529fa6d7f3d P f8488291181d4982a868a32f2e40f442 [term 0 FOLLOWER]: Leader pre-election vote request: Granting yes vote for candidate 27e4be11a13444a491e8e64b8d16d9b2 in term 0.
I20260608 09:55:54.424062   391 raft_consensus.cc:515] T ed85a4f2cefa41caad4dc21c5d7a266d P ac90ba8f592748ceb4164f3e0add7697 [term 0 FOLLOWER]: Starting pre-election with config: opid_index: -1 OBSOLETE_local: false peers { permanent_uuid: "f8488291181d4982a868a32f2e40f442" member_type: VOTER last_known_addr { host: "127.28.216.68" port: 37601 } } peers { permanent_uuid: "c565bd14bbfa4b52a71c4eb7d9794bb6" member_type: VOTER last_known_addr { host: "127.28.216.65" port: 46397 } } peers { permanent_uuid: "ac90ba8f592748ceb4164f3e0add7697" member_type: VOTER last_known_addr { host: "127.28.216.66" port: 33385 } }
I20260608 09:55:54.430434   386 tablet_bootstrap.cc:492] T 4bdb06983c544b81a5c1baa4ba001b93 P f8488291181d4982a868a32f2e40f442: No bootstrap required, opened a new log
I20260608 09:55:54.430998   386 ts_tablet_manager.cc:1403] T 4bdb06983c544b81a5c1baa4ba001b93 P f8488291181d4982a868a32f2e40f442: Time spent bootstrapping tablet: real 0.032s	user 0.013s	sys 0.016s
I20260608 09:55:54.433250   391 leader_election.cc:290] T ed85a4f2cefa41caad4dc21c5d7a266d P ac90ba8f592748ceb4164f3e0add7697 [CANDIDATE]: Term 1 pre-election: Requested pre-vote from peers f8488291181d4982a868a32f2e40f442 (127.28.216.68:37601), c565bd14bbfa4b52a71c4eb7d9794bb6 (127.28.216.65:46397)
I20260608 09:55:54.421341 32705 ts_tablet_manager.cc:1403] T 9d878185ce9744a6b7585001b6eaa4ce P c565bd14bbfa4b52a71c4eb7d9794bb6: Time spent bootstrapping tablet: real 0.057s	user 0.019s	sys 0.016s
I20260608 09:55:54.421743   380 tablet_bootstrap.cc:492] T 4bdb06983c544b81a5c1baa4ba001b93 P ac90ba8f592748ceb4164f3e0add7697: Bootstrap starting.
I20260608 09:55:54.421929 32626 leader_election.cc:304] T 379f6ff24cc14c7fbb53e529fa6d7f3d P 27e4be11a13444a491e8e64b8d16d9b2 [CANDIDATE]: Term 1 pre-election: Election decided. Result: candidate won. Election summary: received 2 responses out of 3 voters: 2 yes votes; 0 no votes. yes voters: 27e4be11a13444a491e8e64b8d16d9b2, c565bd14bbfa4b52a71c4eb7d9794bb6; no voters: 
I20260608 09:55:54.436002   401 raft_consensus.cc:2804] T 379f6ff24cc14c7fbb53e529fa6d7f3d P 27e4be11a13444a491e8e64b8d16d9b2 [term 0 FOLLOWER]: Leader pre-election won for term 1
I20260608 09:55:54.436204 32510 tablet_service.cc:1917] Received RequestConsensusVote() RPC: tablet_id: "ed85a4f2cefa41caad4dc21c5d7a266d" candidate_uuid: "ac90ba8f592748ceb4164f3e0add7697" candidate_term: 1 candidate_status { last_received { term: 0 index: 0 } } ignore_live_leader: false dest_uuid: "c565bd14bbfa4b52a71c4eb7d9794bb6" is_pre_election: true
W20260608 09:55:54.437747 32551 leader_election.cc:343] T ed85a4f2cefa41caad4dc21c5d7a266d P ac90ba8f592748ceb4164f3e0add7697 [CANDIDATE]: Term 1 pre-election: Tablet error from VoteRequest() call to peer c565bd14bbfa4b52a71c4eb7d9794bb6 (127.28.216.65:46397): Illegal state: must be running to vote when last-logged opid is not known
I20260608 09:55:54.438410   386 raft_consensus.cc:359] T 4bdb06983c544b81a5c1baa4ba001b93 P f8488291181d4982a868a32f2e40f442 [term 0 FOLLOWER]: Replica starting. Triggering 0 pending ops. Active config: opid_index: -1 OBSOLETE_local: false peers { permanent_uuid: "f8488291181d4982a868a32f2e40f442" member_type: VOTER last_known_addr { host: "127.28.216.68" port: 37601 } } peers { permanent_uuid: "ac90ba8f592748ceb4164f3e0add7697" member_type: VOTER last_known_addr { host: "127.28.216.66" port: 33385 } } peers { permanent_uuid: "27e4be11a13444a491e8e64b8d16d9b2" member_type: VOTER last_known_addr { host: "127.28.216.67" port: 42855 } }
I20260608 09:55:54.439152   386 raft_consensus.cc:385] T 4bdb06983c544b81a5c1baa4ba001b93 P f8488291181d4982a868a32f2e40f442 [term 0 FOLLOWER]: Consensus starting up: Expiring failure detector timer to make a prompt election more likely
I20260608 09:55:54.439437   386 raft_consensus.cc:740] T 4bdb06983c544b81a5c1baa4ba001b93 P f8488291181d4982a868a32f2e40f442 [term 0 FOLLOWER]: Becoming Follower/Learner. State: Replica: f8488291181d4982a868a32f2e40f442, State: Initialized, Role: FOLLOWER
I20260608 09:55:54.440168   386 consensus_queue.cc:260] T 4bdb06983c544b81a5c1baa4ba001b93 P f8488291181d4982a868a32f2e40f442 [NON_LEADER]: Queue going to NON_LEADER mode. State: All replicated index: 0, Majority replicated index: 0, Committed index: 0, Last appended: 0.0, Last appended by leader: 0, Current term: 0, Majority size: -1, State: 0, Mode: NON_LEADER, active raft config: opid_index: -1 OBSOLETE_local: false peers { permanent_uuid: "f8488291181d4982a868a32f2e40f442" member_type: VOTER last_known_addr { host: "127.28.216.68" port: 37601 } } peers { permanent_uuid: "ac90ba8f592748ceb4164f3e0add7697" member_type: VOTER last_known_addr { host: "127.28.216.66" port: 33385 } } peers { permanent_uuid: "27e4be11a13444a491e8e64b8d16d9b2" member_type: VOTER last_known_addr { host: "127.28.216.67" port: 42855 } }
I20260608 09:55:54.440402   401 raft_consensus.cc:493] T 379f6ff24cc14c7fbb53e529fa6d7f3d P 27e4be11a13444a491e8e64b8d16d9b2 [term 0 FOLLOWER]: Starting leader election (no leader contacted us within the election timeout)
I20260608 09:55:54.441814   401 raft_consensus.cc:3060] T 379f6ff24cc14c7fbb53e529fa6d7f3d P 27e4be11a13444a491e8e64b8d16d9b2 [term 0 FOLLOWER]: Advancing to term 1
I20260608 09:55:54.443437   386 ts_tablet_manager.cc:1434] T 4bdb06983c544b81a5c1baa4ba001b93 P f8488291181d4982a868a32f2e40f442: Time spent starting tablet: real 0.012s	user 0.004s	sys 0.002s
I20260608 09:55:54.443287 32406 catalog_manager.cc:5696] T c50f747c03bd4c0c98eb351b0b8cb83e P 27e4be11a13444a491e8e64b8d16d9b2 reported cstate change: term changed from 0 to 1, leader changed from <none> to 27e4be11a13444a491e8e64b8d16d9b2 (127.28.216.67). New cstate: current_term: 1 leader_uuid: "27e4be11a13444a491e8e64b8d16d9b2" committed_config { opid_index: -1 OBSOLETE_local: false peers { permanent_uuid: "f8488291181d4982a868a32f2e40f442" member_type: VOTER last_known_addr { host: "127.28.216.68" port: 37601 } health_report { overall_health: UNKNOWN } } peers { permanent_uuid: "27e4be11a13444a491e8e64b8d16d9b2" member_type: VOTER last_known_addr { host: "127.28.216.67" port: 42855 } health_report { overall_health: HEALTHY } } peers { permanent_uuid: "ac90ba8f592748ceb4164f3e0add7697" member_type: VOTER last_known_addr { host: "127.28.216.66" port: 33385 } health_report { overall_health: UNKNOWN } } }
I20260608 09:55:54.444380   386 tablet_bootstrap.cc:492] T 9d878185ce9744a6b7585001b6eaa4ce P f8488291181d4982a868a32f2e40f442: Bootstrap starting.
I20260608 09:55:54.447779 32705 raft_consensus.cc:359] T 9d878185ce9744a6b7585001b6eaa4ce P c565bd14bbfa4b52a71c4eb7d9794bb6 [term 0 FOLLOWER]: Replica starting. Triggering 0 pending ops. Active config: opid_index: -1 OBSOLETE_local: false peers { permanent_uuid: "c565bd14bbfa4b52a71c4eb7d9794bb6" member_type: VOTER last_known_addr { host: "127.28.216.65" port: 46397 } } peers { permanent_uuid: "f8488291181d4982a868a32f2e40f442" member_type: VOTER last_known_addr { host: "127.28.216.68" port: 37601 } } peers { permanent_uuid: "27e4be11a13444a491e8e64b8d16d9b2" member_type: VOTER last_known_addr { host: "127.28.216.67" port: 42855 } }
I20260608 09:55:54.448449 32705 raft_consensus.cc:385] T 9d878185ce9744a6b7585001b6eaa4ce P c565bd14bbfa4b52a71c4eb7d9794bb6 [term 0 FOLLOWER]: Consensus starting up: Expiring failure detector timer to make a prompt election more likely
I20260608 09:55:54.448618 32407 catalog_manager.cc:6241] T 00000000000000000000000000000000 P 411a7082782c4db886fb913cb065c752: range_aware_rebalance_new_range [id=074f814ed73945ec8a12285a84fa9cea] alter complete (version 0)
I20260608 09:55:54.448812 32705 raft_consensus.cc:740] T 9d878185ce9744a6b7585001b6eaa4ce P c565bd14bbfa4b52a71c4eb7d9794bb6 [term 0 FOLLOWER]: Becoming Follower/Learner. State: Replica: c565bd14bbfa4b52a71c4eb7d9794bb6, State: Initialized, Role: FOLLOWER
I20260608 09:55:54.448941   380 tablet_bootstrap.cc:654] T 4bdb06983c544b81a5c1baa4ba001b93 P ac90ba8f592748ceb4164f3e0add7697: Neither blocks nor log segments found. Creating new log.
I20260608 09:55:54.449626 32705 consensus_queue.cc:260] T 9d878185ce9744a6b7585001b6eaa4ce P c565bd14bbfa4b52a71c4eb7d9794bb6 [NON_LEADER]: Queue going to NON_LEADER mode. State: All replicated index: 0, Majority replicated index: 0, Committed index: 0, Last appended: 0.0, Last appended by leader: 0, Current term: 0, Majority size: -1, State: 0, Mode: NON_LEADER, active raft config: opid_index: -1 OBSOLETE_local: false peers { permanent_uuid: "c565bd14bbfa4b52a71c4eb7d9794bb6" member_type: VOTER last_known_addr { host: "127.28.216.65" port: 46397 } } peers { permanent_uuid: "f8488291181d4982a868a32f2e40f442" member_type: VOTER last_known_addr { host: "127.28.216.68" port: 37601 } } peers { permanent_uuid: "27e4be11a13444a491e8e64b8d16d9b2" member_type: VOTER last_known_addr { host: "127.28.216.67" port: 42855 } }
I20260608 09:55:54.452072 32705 ts_tablet_manager.cc:1434] T 9d878185ce9744a6b7585001b6eaa4ce P c565bd14bbfa4b52a71c4eb7d9794bb6: Time spent starting tablet: real 0.017s	user 0.006s	sys 0.000s
