I20260608 09:55:43.447654 11113 raft_consensus.cc:2468] T b3c448744aae493485608b5ac3156cd4 P 6e76d9ee36a741f5b8586da52626fcab [term 2 FOLLOWER]: Leader election vote request: Granting yes vote for candidate b522f3dd5b1e4caba17569ee6c2570ce in term 2.
I20260608 09:55:43.444685 11011 catalog_manager.cc:5696] T 192918700d164945ada071bcd5243a73 P cc382377e5524480a6b5027407b19158 reported cstate change: config changed from index -1 to 2, NON_VOTER d6be5f1fba2d4922ac078275739a7545 (127.7.233.132) added. New cstate: current_term: 1 leader_uuid: "cc382377e5524480a6b5027407b19158" committed_config { opid_index: 2 OBSOLETE_local: false peers { permanent_uuid: "6e76d9ee36a741f5b8586da52626fcab" member_type: VOTER last_known_addr { host: "127.7.233.129" port: 43689 } attrs { replace: true } health_report { overall_health: HEALTHY } } peers { permanent_uuid: "b522f3dd5b1e4caba17569ee6c2570ce" member_type: VOTER last_known_addr { host: "127.7.233.130" port: 33919 } health_report { overall_health: HEALTHY } } peers { permanent_uuid: "cc382377e5524480a6b5027407b19158" member_type: VOTER last_known_addr { host: "127.7.233.131" port: 34869 } health_report { overall_health: HEALTHY } } peers { permanent_uuid: "d6be5f1fba2d4922ac078275739a7545" member_type: NON_VOTER last_known_addr { host: "127.7.233.132" port: 38431 } attrs { promote: true } health_report { overall_health: UNKNOWN } } }
I20260608 09:55:43.452920 11506 raft_consensus.cc:2749] T 04b223bacaca4e2ab67f90e5e02a9d79 P d6be5f1fba2d4922ac078275739a7545 [term 1 FOLLOWER]: Leader pre-election lost for term 1. Reason: could not achieve majority
W20260608 09:55:43.455376 11061 auto_rebalancer.cc:591] Failed to schedule move for tablet b3c448744aae493485608b5ac3156cd4: Illegal state: Replica 6e76d9ee36a741f5b8586da52626fcab is not leader of this config. Role: FOLLOWER. Consensus state: current_term: 2 committed_config { opid_index: -1 OBSOLETE_local: false peers { permanent_uuid: "6e76d9ee36a741f5b8586da52626fcab" member_type: VOTER last_known_addr { host: "127.7.233.129" port: 43689 } } peers { permanent_uuid: "b522f3dd5b1e4caba17569ee6c2570ce" member_type: VOTER last_known_addr { host: "127.7.233.130" port: 33919 } } peers { permanent_uuid: "cc382377e5524480a6b5027407b19158" member_type: VOTER last_known_addr { host: "127.7.233.131" port: 34869 } } }
I20260608 09:55:43.455909 11153 leader_election.cc:304] T b3c448744aae493485608b5ac3156cd4 P b522f3dd5b1e4caba17569ee6c2570ce [CANDIDATE]: Term 2 election: Election decided. Result: candidate won. Election summary: received 2 responses out of 3 voters: 2 yes votes; 0 no votes. yes voters: 6e76d9ee36a741f5b8586da52626fcab, b522f3dd5b1e4caba17569ee6c2570ce; no voters: 
I20260608 09:55:43.456666 11344 raft_consensus.cc:2804] T b3c448744aae493485608b5ac3156cd4 P b522f3dd5b1e4caba17569ee6c2570ce [term 2 FOLLOWER]: Leader election won for term 2
I20260608 09:55:43.457188 11344 raft_consensus.cc:697] T b3c448744aae493485608b5ac3156cd4 P b522f3dd5b1e4caba17569ee6c2570ce [term 2 LEADER]: Becoming Leader. State: Replica: b522f3dd5b1e4caba17569ee6c2570ce, State: Running, Role: LEADER
I20260608 09:55:43.458060 11344 consensus_queue.cc:237] T b3c448744aae493485608b5ac3156cd4 P b522f3dd5b1e4caba17569ee6c2570ce [LEADER]: Queue going to LEADER mode. State: All replicated index: 0, Majority replicated index: 1, Committed index: 1, Last appended: 1.1, Last appended by leader: 1, Current term: 2, Majority size: 2, State: 0, Mode: LEADER, active raft config: opid_index: -1 OBSOLETE_local: false peers { permanent_uuid: "6e76d9ee36a741f5b8586da52626fcab" member_type: VOTER last_known_addr { host: "127.7.233.129" port: 43689 } } peers { permanent_uuid: "b522f3dd5b1e4caba17569ee6c2570ce" member_type: VOTER last_known_addr { host: "127.7.233.130" port: 33919 } } peers { permanent_uuid: "cc382377e5524480a6b5027407b19158" member_type: VOTER last_known_addr { host: "127.7.233.131" port: 34869 } }
I20260608 09:55:43.459887 11264 raft_consensus.cc:2468] T b3c448744aae493485608b5ac3156cd4 P cc382377e5524480a6b5027407b19158 [term 2 FOLLOWER]: Leader election vote request: Granting yes vote for candidate b522f3dd5b1e4caba17569ee6c2570ce in term 2.
I20260608 09:55:43.462050 11263 consensus_queue.cc:237] T 19f9f68f3c77430ca1d722faa96c4569 P cc382377e5524480a6b5027407b19158 [LEADER]: Queue going to LEADER mode. State: All replicated index: 0, Majority replicated index: 1, Committed index: 1, Last appended: 1.1, Last appended by leader: 0, Current term: 1, Majority size: 2, State: 0, Mode: LEADER, active raft config: opid_index: 2 OBSOLETE_local: false peers { permanent_uuid: "b522f3dd5b1e4caba17569ee6c2570ce" member_type: VOTER last_known_addr { host: "127.7.233.130" port: 33919 } attrs { replace: true } } peers { permanent_uuid: "6e76d9ee36a741f5b8586da52626fcab" member_type: VOTER last_known_addr { host: "127.7.233.129" port: 43689 } } peers { permanent_uuid: "cc382377e5524480a6b5027407b19158" member_type: VOTER last_known_addr { host: "127.7.233.131" port: 34869 } } peers { permanent_uuid: "d6be5f1fba2d4922ac078275739a7545" member_type: NON_VOTER last_known_addr { host: "127.7.233.132" port: 38431 } attrs { promote: true } }
I20260608 09:55:43.467844 11366 consensus_queue.cc:1048] T b3ce4729d89b4e08aa6561a35db4da7f P 6e76d9ee36a741f5b8586da52626fcab [LEADER]: Connected to new peer: Peer: permanent_uuid: "b522f3dd5b1e4caba17569ee6c2570ce" member_type: VOTER last_known_addr { host: "127.7.233.130" port: 33919 }, Status: LMP_MISMATCH, Last received: 0.0, Next index: 1, Last known committed idx: 0, Time since last communication: 0.000s
I20260608 09:55:43.477730 11013 catalog_manager.cc:5696] T b3c448744aae493485608b5ac3156cd4 P b522f3dd5b1e4caba17569ee6c2570ce reported cstate change: term changed from 1 to 2, leader changed from 6e76d9ee36a741f5b8586da52626fcab (127.7.233.129) to b522f3dd5b1e4caba17569ee6c2570ce (127.7.233.130). New cstate: current_term: 2 leader_uuid: "b522f3dd5b1e4caba17569ee6c2570ce" committed_config { opid_index: -1 OBSOLETE_local: false peers { permanent_uuid: "6e76d9ee36a741f5b8586da52626fcab" member_type: VOTER last_known_addr { host: "127.7.233.129" port: 43689 } health_report { overall_health: UNKNOWN } } peers { permanent_uuid: "b522f3dd5b1e4caba17569ee6c2570ce" member_type: VOTER last_known_addr { host: "127.7.233.130" port: 33919 } health_report { overall_health: HEALTHY } } peers { permanent_uuid: "cc382377e5524480a6b5027407b19158" member_type: VOTER last_known_addr { host: "127.7.233.131" port: 34869 } health_report { overall_health: UNKNOWN } } }
W20260608 09:55:43.485399 11227 consensus_peers.cc:597] T 19f9f68f3c77430ca1d722faa96c4569 P cc382377e5524480a6b5027407b19158 -> Peer d6be5f1fba2d4922ac078275739a7545 (127.7.233.132:38431): Couldn't send request to peer d6be5f1fba2d4922ac078275739a7545. Error code: TABLET_NOT_FOUND (6). Status: Not found: Tablet not found: 19f9f68f3c77430ca1d722faa96c4569. This is attempt 1: this message will repeat every 5th retry.
I20260608 09:55:43.486940 11113 raft_consensus.cc:1275] T 19f9f68f3c77430ca1d722faa96c4569 P 6e76d9ee36a741f5b8586da52626fcab [term 1 FOLLOWER]: Refusing update from remote peer cc382377e5524480a6b5027407b19158: Log matching property violated. Preceding OpId in replica: term: 1 index: 1. Preceding OpId from leader: term: 1 index: 2. (index mismatch)
I20260608 09:55:43.487991 11336 consensus_queue.cc:1048] T b3ce4729d89b4e08aa6561a35db4da7f P 6e76d9ee36a741f5b8586da52626fcab [LEADER]: Connected to new peer: Peer: permanent_uuid: "d6be5f1fba2d4922ac078275739a7545" member_type: VOTER last_known_addr { host: "127.7.233.132" port: 38431 }, Status: LMP_MISMATCH, Last received: 0.0, Next index: 1, Last known committed idx: 0, Time since last communication: 0.000s
I20260608 09:55:43.490185 11469 consensus_queue.cc:1048] T 19f9f68f3c77430ca1d722faa96c4569 P cc382377e5524480a6b5027407b19158 [LEADER]: Connected to new peer: Peer: permanent_uuid: "6e76d9ee36a741f5b8586da52626fcab" member_type: VOTER last_known_addr { host: "127.7.233.129" port: 43689 }, Status: LMP_MISMATCH, Last received: 0.0, Next index: 2, Last known committed idx: 1, Time since last communication: 0.000s
I20260608 09:55:43.495659 11190 raft_consensus.cc:1275] T 19f9f68f3c77430ca1d722faa96c4569 P b522f3dd5b1e4caba17569ee6c2570ce [term 1 FOLLOWER]: Refusing update from remote peer cc382377e5524480a6b5027407b19158: Log matching property violated. Preceding OpId in replica: term: 1 index: 1. Preceding OpId from leader: term: 1 index: 2. (index mismatch)
I20260608 09:55:43.497804 11469 consensus_queue.cc:1048] T 19f9f68f3c77430ca1d722faa96c4569 P cc382377e5524480a6b5027407b19158 [LEADER]: Connected to new peer: Peer: permanent_uuid: "b522f3dd5b1e4caba17569ee6c2570ce" member_type: VOTER last_known_addr { host: "127.7.233.130" port: 33919 } attrs { replace: true }, Status: LMP_MISMATCH, Last received: 0.0, Next index: 2, Last known committed idx: 1, Time since last communication: 0.001s
I20260608 09:55:43.521042 11373 raft_consensus.cc:2955] T 19f9f68f3c77430ca1d722faa96c4569 P cc382377e5524480a6b5027407b19158 [term 1 LEADER]: Committing config change with OpId 1.2: config changed from index -1 to 2, NON_VOTER d6be5f1fba2d4922ac078275739a7545 (127.7.233.132) added. New config: { opid_index: 2 OBSOLETE_local: false peers { permanent_uuid: "b522f3dd5b1e4caba17569ee6c2570ce" member_type: VOTER last_known_addr { host: "127.7.233.130" port: 33919 } attrs { replace: true } } peers { permanent_uuid: "6e76d9ee36a741f5b8586da52626fcab" member_type: VOTER last_known_addr { host: "127.7.233.129" port: 43689 } } peers { permanent_uuid: "cc382377e5524480a6b5027407b19158" member_type: VOTER last_known_addr { host: "127.7.233.131" port: 34869 } } peers { permanent_uuid: "d6be5f1fba2d4922ac078275739a7545" member_type: NON_VOTER last_known_addr { host: "127.7.233.132" port: 38431 } attrs { promote: true } } }
I20260608 09:55:43.522841 11189 raft_consensus.cc:2955] T 19f9f68f3c77430ca1d722faa96c4569 P b522f3dd5b1e4caba17569ee6c2570ce [term 1 FOLLOWER]: Committing config change with OpId 1.2: config changed from index -1 to 2, NON_VOTER d6be5f1fba2d4922ac078275739a7545 (127.7.233.132) added. New config: { opid_index: 2 OBSOLETE_local: false peers { permanent_uuid: "b522f3dd5b1e4caba17569ee6c2570ce" member_type: VOTER last_known_addr { host: "127.7.233.130" port: 33919 } attrs { replace: true } } peers { permanent_uuid: "6e76d9ee36a741f5b8586da52626fcab" member_type: VOTER last_known_addr { host: "127.7.233.129" port: 43689 } } peers { permanent_uuid: "cc382377e5524480a6b5027407b19158" member_type: VOTER last_known_addr { host: "127.7.233.131" port: 34869 } } peers { permanent_uuid: "d6be5f1fba2d4922ac078275739a7545" member_type: NON_VOTER last_known_addr { host: "127.7.233.132" port: 38431 } attrs { promote: true } } }
I20260608 09:55:43.524073 11113 raft_consensus.cc:2955] T 19f9f68f3c77430ca1d722faa96c4569 P 6e76d9ee36a741f5b8586da52626fcab [term 1 FOLLOWER]: Committing config change with OpId 1.2: config changed from index -1 to 2, NON_VOTER d6be5f1fba2d4922ac078275739a7545 (127.7.233.132) added. New config: { opid_index: 2 OBSOLETE_local: false peers { permanent_uuid: "b522f3dd5b1e4caba17569ee6c2570ce" member_type: VOTER last_known_addr { host: "127.7.233.130" port: 33919 } attrs { replace: true } } peers { permanent_uuid: "6e76d9ee36a741f5b8586da52626fcab" member_type: VOTER last_known_addr { host: "127.7.233.129" port: 43689 } } peers { permanent_uuid: "cc382377e5524480a6b5027407b19158" member_type: VOTER last_known_addr { host: "127.7.233.131" port: 34869 } } peers { permanent_uuid: "d6be5f1fba2d4922ac078275739a7545" member_type: NON_VOTER last_known_addr { host: "127.7.233.132" port: 38431 } attrs { promote: true } } }
I20260608 09:55:43.536841 11011 catalog_manager.cc:5696] T 19f9f68f3c77430ca1d722faa96c4569 P cc382377e5524480a6b5027407b19158 reported cstate change: config changed from index -1 to 2, NON_VOTER d6be5f1fba2d4922ac078275739a7545 (127.7.233.132) added. New cstate: current_term: 1 leader_uuid: "cc382377e5524480a6b5027407b19158" committed_config { opid_index: 2 OBSOLETE_local: false peers { permanent_uuid: "b522f3dd5b1e4caba17569ee6c2570ce" member_type: VOTER last_known_addr { host: "127.7.233.130" port: 33919 } attrs { replace: true } health_report { overall_health: HEALTHY } } peers { permanent_uuid: "6e76d9ee36a741f5b8586da52626fcab" member_type: VOTER last_known_addr { host: "127.7.233.129" port: 43689 } health_report { overall_health: HEALTHY } } peers { permanent_uuid: "cc382377e5524480a6b5027407b19158" member_type: VOTER last_known_addr { host: "127.7.233.131" port: 34869 } health_report { overall_health: HEALTHY } } peers { permanent_uuid: "d6be5f1fba2d4922ac078275739a7545" member_type: NON_VOTER last_known_addr { host: "127.7.233.132" port: 38431 } attrs { promote: true } health_report { overall_health: UNKNOWN } } }
I20260608 09:55:43.543530 11373 consensus_queue.cc:1048] T 04b223bacaca4e2ab67f90e5e02a9d79 P cc382377e5524480a6b5027407b19158 [LEADER]: Connected to new peer: Peer: permanent_uuid: "d6be5f1fba2d4922ac078275739a7545" member_type: VOTER last_known_addr { host: "127.7.233.132" port: 38431 }, Status: LMP_MISMATCH, Last received: 0.0, Next index: 1, Last known committed idx: 0, Time since last communication: 0.001s
I20260608 09:55:43.550513 11336 consensus_queue.cc:1048] T 4b0c837abfda49f3b392a29e851319bb P 6e76d9ee36a741f5b8586da52626fcab [LEADER]: Connected to new peer: Peer: permanent_uuid: "d6be5f1fba2d4922ac078275739a7545" member_type: VOTER last_known_addr { host: "127.7.233.132" port: 38431 }, Status: LMP_MISMATCH, Last received: 0.0, Next index: 1, Last known committed idx: 0, Time since last communication: 0.000s
I20260608 09:55:43.564823 11362 raft_consensus.cc:993] T 4b0c837abfda49f3b392a29e851319bb P 6e76d9ee36a741f5b8586da52626fcab: : Instructing follower d6be5f1fba2d4922ac078275739a7545 to start an election
I20260608 09:55:43.565344 11362 raft_consensus.cc:1081] T 4b0c837abfda49f3b392a29e851319bb P 6e76d9ee36a741f5b8586da52626fcab [term 1 LEADER]: Signalling peer d6be5f1fba2d4922ac078275739a7545 to start an election
I20260608 09:55:43.572762 11366 consensus_queue.cc:1048] T 4b0c837abfda49f3b392a29e851319bb P 6e76d9ee36a741f5b8586da52626fcab [LEADER]: Connected to new peer: Peer: permanent_uuid: "cc382377e5524480a6b5027407b19158" member_type: VOTER last_known_addr { host: "127.7.233.131" port: 34869 }, Status: LMP_MISMATCH, Last received: 0.0, Next index: 1, Last known committed idx: 0, Time since last communication: 0.000s
I20260608 09:55:43.574201 11427 tablet_service.cc:2044] Received Run Leader Election RPC: tablet_id: "4b0c837abfda49f3b392a29e851319bb"
dest_uuid: "d6be5f1fba2d4922ac078275739a7545"
 from {username='slave'} at 127.0.0.1:43604
I20260608 09:55:43.574899 11427 raft_consensus.cc:493] T 4b0c837abfda49f3b392a29e851319bb P d6be5f1fba2d4922ac078275739a7545 [term 1 FOLLOWER]: Starting forced leader election (received explicit request)
I20260608 09:55:43.575330 11427 raft_consensus.cc:3060] T 4b0c837abfda49f3b392a29e851319bb P d6be5f1fba2d4922ac078275739a7545 [term 1 FOLLOWER]: Advancing to term 2
I20260608 09:55:43.578346 11373 consensus_queue.cc:1048] T 04b223bacaca4e2ab67f90e5e02a9d79 P cc382377e5524480a6b5027407b19158 [LEADER]: Connected to new peer: Peer: permanent_uuid: "6e76d9ee36a741f5b8586da52626fcab" member_type: VOTER last_known_addr { host: "127.7.233.129" port: 43689 }, Status: LMP_MISMATCH, Last received: 0.0, Next index: 1, Last known committed idx: 0, Time since last communication: 0.000s
I20260608 09:55:43.580677 11506 consensus_queue.cc:1048] T 1863a9cf8cb3434983fb93a7d08e729e P d6be5f1fba2d4922ac078275739a7545 [LEADER]: Connected to new peer: Peer: permanent_uuid: "b522f3dd5b1e4caba17569ee6c2570ce" member_type: VOTER last_known_addr { host: "127.7.233.130" port: 33919 }, Status: LMP_MISMATCH, Last received: 0.0, Next index: 1, Last known committed idx: 0, Time since last communication: 0.000s
I20260608 09:55:43.584729 11427 raft_consensus.cc:515] T 4b0c837abfda49f3b392a29e851319bb P d6be5f1fba2d4922ac078275739a7545 [term 2 FOLLOWER]: Starting forced leader election with config: opid_index: -1 OBSOLETE_local: false peers { permanent_uuid: "d6be5f1fba2d4922ac078275739a7545" member_type: VOTER last_known_addr { host: "127.7.233.132" port: 38431 } } peers { permanent_uuid: "cc382377e5524480a6b5027407b19158" member_type: VOTER last_known_addr { host: "127.7.233.131" port: 34869 } } peers { permanent_uuid: "6e76d9ee36a741f5b8586da52626fcab" member_type: VOTER last_known_addr { host: "127.7.233.129" port: 43689 } }
I20260608 09:55:43.591255 11427 leader_election.cc:290] T 4b0c837abfda49f3b392a29e851319bb P d6be5f1fba2d4922ac078275739a7545 [CANDIDATE]: Term 2 election: Requested vote from peers cc382377e5524480a6b5027407b19158 (127.7.233.131:34869), 6e76d9ee36a741f5b8586da52626fcab (127.7.233.129:43689)
I20260608 09:55:43.592664 11428 raft_consensus.cc:1240] T 4b0c837abfda49f3b392a29e851319bb P d6be5f1fba2d4922ac078275739a7545 [term 2 FOLLOWER]: Rejecting Update request from peer 6e76d9ee36a741f5b8586da52626fcab for earlier term 1. Current term is 2. Ops: []
I20260608 09:55:43.592763 11263 tablet_service.cc:1917] Received RequestConsensusVote() RPC: tablet_id: "4b0c837abfda49f3b392a29e851319bb" candidate_uuid: "d6be5f1fba2d4922ac078275739a7545" candidate_term: 2 candidate_status { last_received { term: 1 index: 1 } } ignore_live_leader: true dest_uuid: "cc382377e5524480a6b5027407b19158"
I20260608 09:55:43.594738 11111 tablet_service.cc:1917] Received RequestConsensusVote() RPC: tablet_id: "4b0c837abfda49f3b392a29e851319bb" candidate_uuid: "d6be5f1fba2d4922ac078275739a7545" candidate_term: 2 candidate_status { last_received { term: 1 index: 1 } } ignore_live_leader: true dest_uuid: "6e76d9ee36a741f5b8586da52626fcab"
I20260608 09:55:43.595364 11111 raft_consensus.cc:3055] T 4b0c837abfda49f3b392a29e851319bb P 6e76d9ee36a741f5b8586da52626fcab [term 1 LEADER]: Stepping down as leader of term 1
I20260608 09:55:43.595675 11111 raft_consensus.cc:740] T 4b0c837abfda49f3b392a29e851319bb P 6e76d9ee36a741f5b8586da52626fcab [term 1 LEADER]: Becoming Follower/Learner. State: Replica: 6e76d9ee36a741f5b8586da52626fcab, State: Running, Role: LEADER
I20260608 09:55:43.596649 11111 consensus_queue.cc:260] T 4b0c837abfda49f3b392a29e851319bb P 6e76d9ee36a741f5b8586da52626fcab [NON_LEADER]: Queue going to NON_LEADER mode. State: All replicated index: 0, Majority replicated index: 1, Committed index: 1, Last appended: 1.1, Last appended by leader: 1, Current term: 1, Majority size: -1, State: 0, Mode: NON_LEADER, active raft config: opid_index: -1 OBSOLETE_local: false peers { permanent_uuid: "d6be5f1fba2d4922ac078275739a7545" member_type: VOTER last_known_addr { host: "127.7.233.132" port: 38431 } } peers { permanent_uuid: "cc382377e5524480a6b5027407b19158" member_type: VOTER last_known_addr { host: "127.7.233.131" port: 34869 } } peers { permanent_uuid: "6e76d9ee36a741f5b8586da52626fcab" member_type: VOTER last_known_addr { host: "127.7.233.129" port: 43689 } }
I20260608 09:55:43.597663 11111 raft_consensus.cc:3060] T 4b0c837abfda49f3b392a29e851319bb P 6e76d9ee36a741f5b8586da52626fcab [term 1 FOLLOWER]: Advancing to term 2
I20260608 09:55:43.598863 11189 consensus_queue.cc:237] T 37913dbcf53a422caad3d15ea782d060 P b522f3dd5b1e4caba17569ee6c2570ce [LEADER]: Queue going to LEADER mode. State: All replicated index: 0, Majority replicated index: 1, Committed index: 1, Last appended: 1.1, Last appended by leader: 0, Current term: 1, Majority size: 2, State: 0, Mode: LEADER, active raft config: opid_index: 2 OBSOLETE_local: false peers { permanent_uuid: "6e76d9ee36a741f5b8586da52626fcab" member_type: VOTER last_known_addr { host: "127.7.233.129" port: 43689 } attrs { replace: true } } peers { permanent_uuid: "b522f3dd5b1e4caba17569ee6c2570ce" member_type: VOTER last_known_addr { host: "127.7.233.130" port: 33919 } } peers { permanent_uuid: "cc382377e5524480a6b5027407b19158" member_type: VOTER last_known_addr { host: "127.7.233.131" port: 34869 } } peers { permanent_uuid: "d6be5f1fba2d4922ac078275739a7545" member_type: NON_VOTER last_known_addr { host: "127.7.233.132" port: 38431 } attrs { promote: true } }
I20260608 09:55:43.608009 11111 raft_consensus.cc:2468] T 4b0c837abfda49f3b392a29e851319bb P 6e76d9ee36a741f5b8586da52626fcab [term 2 FOLLOWER]: Leader election vote request: Granting yes vote for candidate d6be5f1fba2d4922ac078275739a7545 in term 2.
I20260608 09:55:43.609797 11392 leader_election.cc:304] T 4b0c837abfda49f3b392a29e851319bb P d6be5f1fba2d4922ac078275739a7545 [CANDIDATE]: Term 2 election: Election decided. Result: candidate won. Election summary: received 3 responses out of 3 voters: 2 yes votes; 1 no votes. yes voters: 6e76d9ee36a741f5b8586da52626fcab, d6be5f1fba2d4922ac078275739a7545; no voters: cc382377e5524480a6b5027407b19158
I20260608 09:55:43.617511 11506 raft_consensus.cc:2804] T 4b0c837abfda49f3b392a29e851319bb P d6be5f1fba2d4922ac078275739a7545 [term 2 FOLLOWER]: Leader election won for term 2
I20260608 09:55:43.618237 11506 raft_consensus.cc:697] T 4b0c837abfda49f3b392a29e851319bb P d6be5f1fba2d4922ac078275739a7545 [term 2 LEADER]: Becoming Leader. State: Replica: d6be5f1fba2d4922ac078275739a7545, State: Running, Role: LEADER
I20260608 09:55:43.619359 11506 consensus_queue.cc:237] T 4b0c837abfda49f3b392a29e851319bb P d6be5f1fba2d4922ac078275739a7545 [LEADER]: Queue going to LEADER mode. State: All replicated index: 0, Majority replicated index: 0, Committed index: 0, Last appended: 1.1, Last appended by leader: 1, Current term: 2, Majority size: 2, State: 0, Mode: LEADER, active raft config: opid_index: -1 OBSOLETE_local: false peers { permanent_uuid: "d6be5f1fba2d4922ac078275739a7545" member_type: VOTER last_known_addr { host: "127.7.233.132" port: 38431 } } peers { permanent_uuid: "cc382377e5524480a6b5027407b19158" member_type: VOTER last_known_addr { host: "127.7.233.131" port: 34869 } } peers { permanent_uuid: "6e76d9ee36a741f5b8586da52626fcab" member_type: VOTER last_known_addr { host: "127.7.233.129" port: 43689 } }
I20260608 09:55:43.634929 11012 catalog_manager.cc:5696] T 4b0c837abfda49f3b392a29e851319bb P d6be5f1fba2d4922ac078275739a7545 reported cstate change: term changed from 1 to 2, leader changed from 6e76d9ee36a741f5b8586da52626fcab (127.7.233.129) to d6be5f1fba2d4922ac078275739a7545 (127.7.233.132). New cstate: current_term: 2 leader_uuid: "d6be5f1fba2d4922ac078275739a7545" committed_config { opid_index: -1 OBSOLETE_local: false peers { permanent_uuid: "d6be5f1fba2d4922ac078275739a7545" member_type: VOTER last_known_addr { host: "127.7.233.132" port: 38431 } health_report { overall_health: HEALTHY } } peers { permanent_uuid: "cc382377e5524480a6b5027407b19158" member_type: VOTER last_known_addr { host: "127.7.233.131" port: 34869 } health_report { overall_health: UNKNOWN } } peers { permanent_uuid: "6e76d9ee36a741f5b8586da52626fcab" member_type: VOTER last_known_addr { host: "127.7.233.129" port: 43689 } health_report { overall_health: UNKNOWN } } }
I20260608 09:55:43.644703 11506 consensus_queue.cc:1048] T 2c0aeabce4c0499a8b107aff33e667ae P d6be5f1fba2d4922ac078275739a7545 [LEADER]: Connected to new peer: Peer: permanent_uuid: "b522f3dd5b1e4caba17569ee6c2570ce" member_type: VOTER last_known_addr { host: "127.7.233.130" port: 33919 }, Status: LMP_MISMATCH, Last received: 0.0, Next index: 1, Last known committed idx: 0, Time since last communication: 0.001s
I20260608 09:55:43.651726 11111 raft_consensus.cc:1275] T 37913dbcf53a422caad3d15ea782d060 P 6e76d9ee36a741f5b8586da52626fcab [term 1 FOLLOWER]: Refusing update from remote peer b522f3dd5b1e4caba17569ee6c2570ce: Log matching property violated. Preceding OpId in replica: term: 1 index: 1. Preceding OpId from leader: term: 1 index: 2. (index mismatch)
I20260608 09:55:43.660272 11262 raft_consensus.cc:1275] T 37913dbcf53a422caad3d15ea782d060 P cc382377e5524480a6b5027407b19158 [term 1 FOLLOWER]: Refusing update from remote peer b522f3dd5b1e4caba17569ee6c2570ce: Log matching property violated. Preceding OpId in replica: term: 1 index: 1. Preceding OpId from leader: term: 1 index: 2. (index mismatch)
W20260608 09:55:43.651871 11153 consensus_peers.cc:597] T 37913dbcf53a422caad3d15ea782d060 P b522f3dd5b1e4caba17569ee6c2570ce -> Peer d6be5f1fba2d4922ac078275739a7545 (127.7.233.132:38431): Couldn't send request to peer d6be5f1fba2d4922ac078275739a7545. Error code: TABLET_NOT_FOUND (6). Status: Not found: Tablet not found: 37913dbcf53a422caad3d15ea782d060. This is attempt 1: this message will repeat every 5th retry.
I20260608 09:55:43.663139 11471 consensus_queue.cc:1048] T 37913dbcf53a422caad3d15ea782d060 P b522f3dd5b1e4caba17569ee6c2570ce [LEADER]: Connected to new peer: Peer: permanent_uuid: "cc382377e5524480a6b5027407b19158" member_type: VOTER last_known_addr { host: "127.7.233.131" port: 34869 }, Status: LMP_MISMATCH, Last received: 0.0, Next index: 2, Last known committed idx: 1, Time since last communication: 0.001s
I20260608 09:55:43.662845 11545 consensus_queue.cc:1048] T 1863a9cf8cb3434983fb93a7d08e729e P d6be5f1fba2d4922ac078275739a7545 [LEADER]: Connected to new peer: Peer: permanent_uuid: "cc382377e5524480a6b5027407b19158" member_type: VOTER last_known_addr { host: "127.7.233.131" port: 34869 }, Status: LMP_MISMATCH, Last received: 0.0, Next index: 1, Last known committed idx: 0, Time since last communication: 0.002s
I20260608 09:55:43.669282 11344 consensus_queue.cc:1048] T 37913dbcf53a422caad3d15ea782d060 P b522f3dd5b1e4caba17569ee6c2570ce [LEADER]: Connected to new peer: Peer: permanent_uuid: "6e76d9ee36a741f5b8586da52626fcab" member_type: VOTER last_known_addr { host: "127.7.233.129" port: 43689 } attrs { replace: true }, Status: LMP_MISMATCH, Last received: 0.0, Next index: 2, Last known committed idx: 1, Time since last communication: 0.006s
I20260608 09:55:43.682132 11471 raft_consensus.cc:2955] T 37913dbcf53a422caad3d15ea782d060 P b522f3dd5b1e4caba17569ee6c2570ce [term 1 LEADER]: Committing config change with OpId 1.2: config changed from index -1 to 2, NON_VOTER d6be5f1fba2d4922ac078275739a7545 (127.7.233.132) added. New config: { opid_index: 2 OBSOLETE_local: false peers { permanent_uuid: "6e76d9ee36a741f5b8586da52626fcab" member_type: VOTER last_known_addr { host: "127.7.233.129" port: 43689 } attrs { replace: true } } peers { permanent_uuid: "b522f3dd5b1e4caba17569ee6c2570ce" member_type: VOTER last_known_addr { host: "127.7.233.130" port: 33919 } } peers { permanent_uuid: "cc382377e5524480a6b5027407b19158" member_type: VOTER last_known_addr { host: "127.7.233.131" port: 34869 } } peers { permanent_uuid: "d6be5f1fba2d4922ac078275739a7545" member_type: NON_VOTER last_known_addr { host: "127.7.233.132" port: 38431 } attrs { promote: true } } }
I20260608 09:55:43.684530 11262 raft_consensus.cc:2955] T 37913dbcf53a422caad3d15ea782d060 P cc382377e5524480a6b5027407b19158 [term 1 FOLLOWER]: Committing config change with OpId 1.2: config changed from index -1 to 2, NON_VOTER d6be5f1fba2d4922ac078275739a7545 (127.7.233.132) added. New config: { opid_index: 2 OBSOLETE_local: false peers { permanent_uuid: "6e76d9ee36a741f5b8586da52626fcab" member_type: VOTER last_known_addr { host: "127.7.233.129" port: 43689 } attrs { replace: true } } peers { permanent_uuid: "b522f3dd5b1e4caba17569ee6c2570ce" member_type: VOTER last_known_addr { host: "127.7.233.130" port: 33919 } } peers { permanent_uuid: "cc382377e5524480a6b5027407b19158" member_type: VOTER last_known_addr { host: "127.7.233.131" port: 34869 } } peers { permanent_uuid: "d6be5f1fba2d4922ac078275739a7545" member_type: NON_VOTER last_known_addr { host: "127.7.233.132" port: 38431 } attrs { promote: true } } }
I20260608 09:55:43.693727 11544 consensus_queue.cc:1048] T 2c0aeabce4c0499a8b107aff33e667ae P d6be5f1fba2d4922ac078275739a7545 [LEADER]: Connected to new peer: Peer: permanent_uuid: "6e76d9ee36a741f5b8586da52626fcab" member_type: VOTER last_known_addr { host: "127.7.233.129" port: 43689 }, Status: LMP_MISMATCH, Last received: 0.0, Next index: 1, Last known committed idx: 0, Time since last communication: 0.001s
I20260608 09:55:43.699098 11111 raft_consensus.cc:2955] T 37913dbcf53a422caad3d15ea782d060 P 6e76d9ee36a741f5b8586da52626fcab [term 1 FOLLOWER]: Committing config change with OpId 1.2: config changed from index -1 to 2, NON_VOTER d6be5f1fba2d4922ac078275739a7545 (127.7.233.132) added. New config: { opid_index: 2 OBSOLETE_local: false peers { permanent_uuid: "6e76d9ee36a741f5b8586da52626fcab" member_type: VOTER last_known_addr { host: "127.7.233.129" port: 43689 } attrs { replace: true } } peers { permanent_uuid: "b522f3dd5b1e4caba17569ee6c2570ce" member_type: VOTER last_known_addr { host: "127.7.233.130" port: 33919 } } peers { permanent_uuid: "cc382377e5524480a6b5027407b19158" member_type: VOTER last_known_addr { host: "127.7.233.131" port: 34869 } } peers { permanent_uuid: "d6be5f1fba2d4922ac078275739a7545" member_type: NON_VOTER last_known_addr { host: "127.7.233.132" port: 38431 } attrs { promote: true } } }
I20260608 09:55:43.728332 11012 catalog_manager.cc:5696] T 37913dbcf53a422caad3d15ea782d060 P cc382377e5524480a6b5027407b19158 reported cstate change: config changed from index -1 to 2, NON_VOTER d6be5f1fba2d4922ac078275739a7545 (127.7.233.132) added. New cstate: current_term: 1 leader_uuid: "b522f3dd5b1e4caba17569ee6c2570ce" committed_config { opid_index: 2 OBSOLETE_local: false peers { permanent_uuid: "6e76d9ee36a741f5b8586da52626fcab" member_type: VOTER last_known_addr { host: "127.7.233.129" port: 43689 } attrs { replace: true } } peers { permanent_uuid: "b522f3dd5b1e4caba17569ee6c2570ce" member_type: VOTER last_known_addr { host: "127.7.233.130" port: 33919 } } peers { permanent_uuid: "cc382377e5524480a6b5027407b19158" member_type: VOTER last_known_addr { host: "127.7.233.131" port: 34869 } } peers { permanent_uuid: "d6be5f1fba2d4922ac078275739a7545" member_type: NON_VOTER last_known_addr { host: "127.7.233.132" port: 38431 } attrs { promote: true } } }
I20260608 09:55:43.735905 11362 consensus_queue.cc:1048] T a969365da786477e80bd4d2ee9842b09 P 6e76d9ee36a741f5b8586da52626fcab [LEADER]: Connected to new peer: Peer: permanent_uuid: "cc382377e5524480a6b5027407b19158" member_type: VOTER last_known_addr { host: "127.7.233.131" port: 34869 }, Status: LMP_MISMATCH, Last received: 0.0, Next index: 1, Last known committed idx: 0, Time since last communication: 0.000s
I20260608 09:55:43.752229 11366 consensus_queue.cc:1048] T a969365da786477e80bd4d2ee9842b09 P 6e76d9ee36a741f5b8586da52626fcab [LEADER]: Connected to new peer: Peer: permanent_uuid: "d6be5f1fba2d4922ac078275739a7545" member_type: VOTER last_known_addr { host: "127.7.233.132" port: 38431 }, Status: LMP_MISMATCH, Last received: 0.0, Next index: 1, Last known committed idx: 0, Time since last communication: 0.000s
I20260608 09:55:43.775736 11555 ts_tablet_manager.cc:933] T 192918700d164945ada071bcd5243a73 P d6be5f1fba2d4922ac078275739a7545: Initiating tablet copy from peer cc382377e5524480a6b5027407b19158 (127.7.233.131:34869)
I20260608 09:55:43.777844 11555 tablet_copy_client.cc:323] T 192918700d164945ada071bcd5243a73 P d6be5f1fba2d4922ac078275739a7545: tablet copy: Beginning tablet copy session from remote peer at address 127.7.233.131:34869
I20260608 09:55:43.779511 11274 tablet_copy_service.cc:140] P cc382377e5524480a6b5027407b19158: Received BeginTabletCopySession request for tablet 192918700d164945ada071bcd5243a73 from peer d6be5f1fba2d4922ac078275739a7545 ({username='slave'} at 127.0.0.1:56862)
I20260608 09:55:43.780046 11274 tablet_copy_service.cc:161] P cc382377e5524480a6b5027407b19158: Beginning new tablet copy session on tablet 192918700d164945ada071bcd5243a73 from peer d6be5f1fba2d4922ac078275739a7545 at {username='slave'} at 127.0.0.1:56862: session id = d6be5f1fba2d4922ac078275739a7545-192918700d164945ada071bcd5243a73
I20260608 09:55:43.785715 11274 tablet_copy_source_session.cc:215] T 192918700d164945ada071bcd5243a73 P cc382377e5524480a6b5027407b19158: Tablet Copy: opened 0 blocks and 1 log segments
I20260608 09:55:43.789009 11555 data_dirs.cc:400] Could only allocate 1 dirs of requested 3 for tablet 192918700d164945ada071bcd5243a73. 1 dirs total, 0 dirs full, 0 dirs failed
I20260608 09:55:43.800328 11555 tablet_copy_client.cc:806] T 192918700d164945ada071bcd5243a73 P d6be5f1fba2d4922ac078275739a7545: tablet copy: Starting download of 0 data blocks...
I20260608 09:55:43.800884 11555 tablet_copy_client.cc:670] T 192918700d164945ada071bcd5243a73 P d6be5f1fba2d4922ac078275739a7545: tablet copy: Starting download of 1 WAL segments...
I20260608 09:55:43.806002 11428 raft_consensus.cc:1275] T cb358a1f801a46ce82578daf766150bd P d6be5f1fba2d4922ac078275739a7545 [term 2 FOLLOWER]: Refusing update from remote peer b522f3dd5b1e4caba17569ee6c2570ce: Log matching property violated. Preceding OpId in replica: term: 1 index: 1. Preceding OpId from leader: term: 2 index: 2. (index mismatch)
I20260608 09:55:43.806948 11555 tablet_copy_client.cc:538] T 192918700d164945ada071bcd5243a73 P d6be5f1fba2d4922ac078275739a7545: tablet copy: Tablet Copy complete. Replacing tablet superblock.
I20260608 09:55:43.807598 11552 consensus_queue.cc:1048] T cb358a1f801a46ce82578daf766150bd P b522f3dd5b1e4caba17569ee6c2570ce [LEADER]: Connected to new peer: Peer: permanent_uuid: "d6be5f1fba2d4922ac078275739a7545" member_type: VOTER last_known_addr { host: "127.7.233.132" port: 38431 }, Status: LMP_MISMATCH, Last received: 0.0, Next index: 2, Last known committed idx: 1, Time since last communication: 0.000s
I20260608 09:55:43.818639 11555 tablet_bootstrap.cc:492] T 192918700d164945ada071bcd5243a73 P d6be5f1fba2d4922ac078275739a7545: Bootstrap starting.
I20260608 09:55:43.822655 11113 raft_consensus.cc:1275] T cb358a1f801a46ce82578daf766150bd P 6e76d9ee36a741f5b8586da52626fcab [term 2 FOLLOWER]: Refusing update from remote peer b522f3dd5b1e4caba17569ee6c2570ce: Log matching property violated. Preceding OpId in replica: term: 1 index: 1. Preceding OpId from leader: term: 2 index: 2. (index mismatch)
I20260608 09:55:43.825286 11471 consensus_queue.cc:1048] T cb358a1f801a46ce82578daf766150bd P b522f3dd5b1e4caba17569ee6c2570ce [LEADER]: Connected to new peer: Peer: permanent_uuid: "6e76d9ee36a741f5b8586da52626fcab" member_type: VOTER last_known_addr { host: "127.7.233.129" port: 43689 }, Status: LMP_MISMATCH, Last received: 0.0, Next index: 2, Last known committed idx: 1, Time since last communication: 0.000s
I20260608 09:55:43.866751 11555 tablet_bootstrap.cc:492] T 192918700d164945ada071bcd5243a73 P d6be5f1fba2d4922ac078275739a7545: Bootstrap replayed 1/1 log segments. Stats: ops{read=2 overwritten=0 applied=2 ignored=0} inserts{seen=0 ignored=0} mutations{seen=0 ignored=0} orphaned_commits=0. Pending: 0 replicates
I20260608 09:55:43.867833 11555 tablet_bootstrap.cc:492] T 192918700d164945ada071bcd5243a73 P d6be5f1fba2d4922ac078275739a7545: Bootstrap complete.
I20260608 09:55:43.868522 11555 ts_tablet_manager.cc:1403] T 192918700d164945ada071bcd5243a73 P d6be5f1fba2d4922ac078275739a7545: Time spent bootstrapping tablet: real 0.050s	user 0.028s	sys 0.016s
I20260608 09:55:43.871492 11555 raft_consensus.cc:359] T 192918700d164945ada071bcd5243a73 P d6be5f1fba2d4922ac078275739a7545 [term 1 LEARNER]: Replica starting. Triggering 0 pending ops. Active config: opid_index: 2 OBSOLETE_local: false peers { permanent_uuid: "6e76d9ee36a741f5b8586da52626fcab" member_type: VOTER last_known_addr { host: "127.7.233.129" port: 43689 } attrs { replace: true } } peers { permanent_uuid: "b522f3dd5b1e4caba17569ee6c2570ce" member_type: VOTER last_known_addr { host: "127.7.233.130" port: 33919 } } peers { permanent_uuid: "cc382377e5524480a6b5027407b19158" member_type: VOTER last_known_addr { host: "127.7.233.131" port: 34869 } } peers { permanent_uuid: "d6be5f1fba2d4922ac078275739a7545" member_type: NON_VOTER last_known_addr { host: "127.7.233.132" port: 38431 } attrs { promote: true } }
I20260608 09:55:43.872319 11555 raft_consensus.cc:740] T 192918700d164945ada071bcd5243a73 P d6be5f1fba2d4922ac078275739a7545 [term 1 LEARNER]: Becoming Follower/Learner. State: Replica: d6be5f1fba2d4922ac078275739a7545, State: Initialized, Role: LEARNER
I20260608 09:55:43.872992 11555 consensus_queue.cc:260] T 192918700d164945ada071bcd5243a73 P d6be5f1fba2d4922ac078275739a7545 [NON_LEADER]: Queue going to NON_LEADER mode. State: All replicated index: 0, Majority replicated index: 0, Committed index: 2, Last appended: 1.2, Last appended by leader: 2, Current term: 0, Majority size: -1, State: 0, Mode: NON_LEADER, active raft config: opid_index: 2 OBSOLETE_local: false peers { permanent_uuid: "6e76d9ee36a741f5b8586da52626fcab" member_type: VOTER last_known_addr { host: "127.7.233.129" port: 43689 } attrs { replace: true } } peers { permanent_uuid: "b522f3dd5b1e4caba17569ee6c2570ce" member_type: VOTER last_known_addr { host: "127.7.233.130" port: 33919 } } peers { permanent_uuid: "cc382377e5524480a6b5027407b19158" member_type: VOTER last_known_addr { host: "127.7.233.131" port: 34869 } } peers { permanent_uuid: "d6be5f1fba2d4922ac078275739a7545" member_type: NON_VOTER last_known_addr { host: "127.7.233.132" port: 38431 } attrs { promote: true } }
I20260608 09:55:43.875451 11555 ts_tablet_manager.cc:1434] T 192918700d164945ada071bcd5243a73 P d6be5f1fba2d4922ac078275739a7545: Time spent starting tablet: real 0.007s	user 0.008s	sys 0.000s
I20260608 09:55:43.877315 11274 tablet_copy_service.cc:342] P cc382377e5524480a6b5027407b19158: Request end of tablet copy session d6be5f1fba2d4922ac078275739a7545-192918700d164945ada071bcd5243a73 received from {username='slave'} at 127.0.0.1:56862
I20260608 09:55:43.877854 11274 tablet_copy_service.cc:434] P cc382377e5524480a6b5027407b19158: ending tablet copy session d6be5f1fba2d4922ac078275739a7545-192918700d164945ada071bcd5243a73 on tablet 192918700d164945ada071bcd5243a73 with peer d6be5f1fba2d4922ac078275739a7545
I20260608 09:55:43.884891 11113 raft_consensus.cc:1275] T b3c448744aae493485608b5ac3156cd4 P 6e76d9ee36a741f5b8586da52626fcab [term 2 FOLLOWER]: Refusing update from remote peer b522f3dd5b1e4caba17569ee6c2570ce: Log matching property violated. Preceding OpId in replica: term: 1 index: 1. Preceding OpId from leader: term: 2 index: 2. (index mismatch)
I20260608 09:55:43.886864 11552 consensus_queue.cc:1048] T b3c448744aae493485608b5ac3156cd4 P b522f3dd5b1e4caba17569ee6c2570ce [LEADER]: Connected to new peer: Peer: permanent_uuid: "6e76d9ee36a741f5b8586da52626fcab" member_type: VOTER last_known_addr { host: "127.7.233.129" port: 43689 }, Status: LMP_MISMATCH, Last received: 0.0, Next index: 2, Last known committed idx: 1, Time since last communication: 0.000s
I20260608 09:55:43.902150 11264 raft_consensus.cc:1275] T b3c448744aae493485608b5ac3156cd4 P cc382377e5524480a6b5027407b19158 [term 2 FOLLOWER]: Refusing update from remote peer b522f3dd5b1e4caba17569ee6c2570ce: Log matching property violated. Preceding OpId in replica: term: 1 index: 1. Preceding OpId from leader: term: 2 index: 2. (index mismatch)
I20260608 09:55:43.904114 11344 consensus_queue.cc:1048] T b3c448744aae493485608b5ac3156cd4 P b522f3dd5b1e4caba17569ee6c2570ce [LEADER]: Connected to new peer: Peer: permanent_uuid: "cc382377e5524480a6b5027407b19158" member_type: VOTER last_known_addr { host: "127.7.233.131" port: 34869 }, Status: LMP_MISMATCH, Last received: 0.0, Next index: 2, Last known committed idx: 1, Time since last communication: 0.000s
I20260608 09:55:44.023514 11264 raft_consensus.cc:3060] T 4b0c837abfda49f3b392a29e851319bb P cc382377e5524480a6b5027407b19158 [term 1 FOLLOWER]: Advancing to term 2
I20260608 09:55:44.032388 11264 raft_consensus.cc:1275] T 4b0c837abfda49f3b392a29e851319bb P cc382377e5524480a6b5027407b19158 [term 2 FOLLOWER]: Refusing update from remote peer d6be5f1fba2d4922ac078275739a7545: Log matching property violated. Preceding OpId in replica: term: 1 index: 1. Preceding OpId from leader: term: 2 index: 2. (index mismatch)
I20260608 09:55:44.033813 11545 consensus_queue.cc:1048] T 4b0c837abfda49f3b392a29e851319bb P d6be5f1fba2d4922ac078275739a7545 [LEADER]: Connected to new peer: Peer: permanent_uuid: "cc382377e5524480a6b5027407b19158" member_type: VOTER last_known_addr { host: "127.7.233.131" port: 34869 }, Status: LMP_MISMATCH, Last received: 0.0, Next index: 2, Last known committed idx: 1, Time since last communication: 0.000s
I20260608 09:55:44.048192 11113 raft_consensus.cc:1275] T 4b0c837abfda49f3b392a29e851319bb P 6e76d9ee36a741f5b8586da52626fcab [term 2 FOLLOWER]: Refusing update from remote peer d6be5f1fba2d4922ac078275739a7545: Log matching property violated. Preceding OpId in replica: term: 1 index: 1. Preceding OpId from leader: term: 2 index: 2. (index mismatch)
I20260608 09:55:44.050875 11545 consensus_queue.cc:1048] T 4b0c837abfda49f3b392a29e851319bb P d6be5f1fba2d4922ac078275739a7545 [LEADER]: Connected to new peer: Peer: permanent_uuid: "6e76d9ee36a741f5b8586da52626fcab" member_type: VOTER last_known_addr { host: "127.7.233.129" port: 43689 }, Status: LMP_MISMATCH, Last received: 0.0, Next index: 2, Last known committed idx: 1, Time since last communication: 0.000s
I20260608 09:55:44.058749 11555 ts_tablet_manager.cc:933] T 19f9f68f3c77430ca1d722faa96c4569 P d6be5f1fba2d4922ac078275739a7545: Initiating tablet copy from peer cc382377e5524480a6b5027407b19158 (127.7.233.131:34869)
I20260608 09:55:44.068529 11555 tablet_copy_client.cc:323] T 19f9f68f3c77430ca1d722faa96c4569 P d6be5f1fba2d4922ac078275739a7545: tablet copy: Beginning tablet copy session from remote peer at address 127.7.233.131:34869
I20260608 09:55:44.070286 11274 tablet_copy_service.cc:140] P cc382377e5524480a6b5027407b19158: Received BeginTabletCopySession request for tablet 19f9f68f3c77430ca1d722faa96c4569 from peer d6be5f1fba2d4922ac078275739a7545 ({username='slave'} at 127.0.0.1:56862)
I20260608 09:55:44.070835 11274 tablet_copy_service.cc:161] P cc382377e5524480a6b5027407b19158: Beginning new tablet copy session on tablet 19f9f68f3c77430ca1d722faa96c4569 from peer d6be5f1fba2d4922ac078275739a7545 at {username='slave'} at 127.0.0.1:56862: session id = d6be5f1fba2d4922ac078275739a7545-19f9f68f3c77430ca1d722faa96c4569
I20260608 09:55:44.078459 11274 tablet_copy_source_session.cc:215] T 19f9f68f3c77430ca1d722faa96c4569 P cc382377e5524480a6b5027407b19158: Tablet Copy: opened 0 blocks and 1 log segments
I20260608 09:55:44.083446 11555 data_dirs.cc:400] Could only allocate 1 dirs of requested 3 for tablet 19f9f68f3c77430ca1d722faa96c4569. 1 dirs total, 0 dirs full, 0 dirs failed
I20260608 09:55:44.093365 11561 ts_tablet_manager.cc:933] T 37913dbcf53a422caad3d15ea782d060 P d6be5f1fba2d4922ac078275739a7545: Initiating tablet copy from peer b522f3dd5b1e4caba17569ee6c2570ce (127.7.233.130:33919)
I20260608 09:55:44.103296 11555 tablet_copy_client.cc:806] T 19f9f68f3c77430ca1d722faa96c4569 P d6be5f1fba2d4922ac078275739a7545: tablet copy: Starting download of 0 data blocks...
I20260608 09:55:44.103927 11555 tablet_copy_client.cc:670] T 19f9f68f3c77430ca1d722faa96c4569 P d6be5f1fba2d4922ac078275739a7545: tablet copy: Starting download of 1 WAL segments...
I20260608 09:55:44.105252 11561 tablet_copy_client.cc:323] T 37913dbcf53a422caad3d15ea782d060 P d6be5f1fba2d4922ac078275739a7545: tablet copy: Beginning tablet copy session from remote peer at address 127.7.233.130:33919
I20260608 09:55:44.107709 11200 tablet_copy_service.cc:140] P b522f3dd5b1e4caba17569ee6c2570ce: Received BeginTabletCopySession request for tablet 37913dbcf53a422caad3d15ea782d060 from peer d6be5f1fba2d4922ac078275739a7545 ({username='slave'} at 127.0.0.1:59340)
I20260608 09:55:44.108311 11200 tablet_copy_service.cc:161] P b522f3dd5b1e4caba17569ee6c2570ce: Beginning new tablet copy session on tablet 37913dbcf53a422caad3d15ea782d060 from peer d6be5f1fba2d4922ac078275739a7545 at {username='slave'} at 127.0.0.1:59340: session id = d6be5f1fba2d4922ac078275739a7545-37913dbcf53a422caad3d15ea782d060
I20260608 09:55:44.114735 11555 tablet_copy_client.cc:538] T 19f9f68f3c77430ca1d722faa96c4569 P d6be5f1fba2d4922ac078275739a7545: tablet copy: Tablet Copy complete. Replacing tablet superblock.
I20260608 09:55:44.116052 11200 tablet_copy_source_session.cc:215] T 37913dbcf53a422caad3d15ea782d060 P b522f3dd5b1e4caba17569ee6c2570ce: Tablet Copy: opened 0 blocks and 1 log segments
I20260608 09:55:44.119505 11561 data_dirs.cc:400] Could only allocate 1 dirs of requested 3 for tablet 37913dbcf53a422caad3d15ea782d060. 1 dirs total, 0 dirs full, 0 dirs failed
I20260608 09:55:44.126221 11555 tablet_bootstrap.cc:492] T 19f9f68f3c77430ca1d722faa96c4569 P d6be5f1fba2d4922ac078275739a7545: Bootstrap starting.
I20260608 09:55:44.134301 11561 tablet_copy_client.cc:806] T 37913dbcf53a422caad3d15ea782d060 P d6be5f1fba2d4922ac078275739a7545: tablet copy: Starting download of 0 data blocks...
I20260608 09:55:44.135313 11561 tablet_copy_client.cc:670] T 37913dbcf53a422caad3d15ea782d060 P d6be5f1fba2d4922ac078275739a7545: tablet copy: Starting download of 1 WAL segments...
I20260608 09:55:44.143967 11561 tablet_copy_client.cc:538] T 37913dbcf53a422caad3d15ea782d060 P d6be5f1fba2d4922ac078275739a7545: tablet copy: Tablet Copy complete. Replacing tablet superblock.
I20260608 09:55:44.148787 11555 tablet_bootstrap.cc:492] T 19f9f68f3c77430ca1d722faa96c4569 P d6be5f1fba2d4922ac078275739a7545: Bootstrap replayed 1/1 log segments. Stats: ops{read=2 overwritten=0 applied=2 ignored=0} inserts{seen=0 ignored=0} mutations{seen=0 ignored=0} orphaned_commits=0. Pending: 0 replicates
I20260608 09:55:44.149796 11555 tablet_bootstrap.cc:492] T 19f9f68f3c77430ca1d722faa96c4569 P d6be5f1fba2d4922ac078275739a7545: Bootstrap complete.
I20260608 09:55:44.150126 11561 tablet_bootstrap.cc:492] T 37913dbcf53a422caad3d15ea782d060 P d6be5f1fba2d4922ac078275739a7545: Bootstrap starting.
I20260608 09:55:44.150487 11555 ts_tablet_manager.cc:1403] T 19f9f68f3c77430ca1d722faa96c4569 P d6be5f1fba2d4922ac078275739a7545: Time spent bootstrapping tablet: real 0.025s	user 0.007s	sys 0.016s
I20260608 09:55:44.153730 11555 raft_consensus.cc:359] T 19f9f68f3c77430ca1d722faa96c4569 P d6be5f1fba2d4922ac078275739a7545 [term 1 LEARNER]: Replica starting. Triggering 0 pending ops. Active config: opid_index: 2 OBSOLETE_local: false peers { permanent_uuid: "b522f3dd5b1e4caba17569ee6c2570ce" member_type: VOTER last_known_addr { host: "127.7.233.130" port: 33919 } attrs { replace: true } } peers { permanent_uuid: "6e76d9ee36a741f5b8586da52626fcab" member_type: VOTER last_known_addr { host: "127.7.233.129" port: 43689 } } peers { permanent_uuid: "cc382377e5524480a6b5027407b19158" member_type: VOTER last_known_addr { host: "127.7.233.131" port: 34869 } } peers { permanent_uuid: "d6be5f1fba2d4922ac078275739a7545" member_type: NON_VOTER last_known_addr { host: "127.7.233.132" port: 38431 } attrs { promote: true } }
I20260608 09:55:44.154580 11555 raft_consensus.cc:740] T 19f9f68f3c77430ca1d722faa96c4569 P d6be5f1fba2d4922ac078275739a7545 [term 1 LEARNER]: Becoming Follower/Learner. State: Replica: d6be5f1fba2d4922ac078275739a7545, State: Initialized, Role: LEARNER
I20260608 09:55:44.155268 11555 consensus_queue.cc:260] T 19f9f68f3c77430ca1d722faa96c4569 P d6be5f1fba2d4922ac078275739a7545 [NON_LEADER]: Queue going to NON_LEADER mode. State: All replicated index: 0, Majority replicated index: 0, Committed index: 2, Last appended: 1.2, Last appended by leader: 2, Current term: 0, Majority size: -1, State: 0, Mode: NON_LEADER, active raft config: opid_index: 2 OBSOLETE_local: false peers { permanent_uuid: "b522f3dd5b1e4caba17569ee6c2570ce" member_type: VOTER last_known_addr { host: "127.7.233.130" port: 33919 } attrs { replace: true } } peers { permanent_uuid: "6e76d9ee36a741f5b8586da52626fcab" member_type: VOTER last_known_addr { host: "127.7.233.129" port: 43689 } } peers { permanent_uuid: "cc382377e5524480a6b5027407b19158" member_type: VOTER last_known_addr { host: "127.7.233.131" port: 34869 } } peers { permanent_uuid: "d6be5f1fba2d4922ac078275739a7545" member_type: NON_VOTER last_known_addr { host: "127.7.233.132" port: 38431 } attrs { promote: true } }
I20260608 09:55:44.158110 11555 ts_tablet_manager.cc:1434] T 19f9f68f3c77430ca1d722faa96c4569 P d6be5f1fba2d4922ac078275739a7545: Time spent starting tablet: real 0.007s	user 0.007s	sys 0.001s
I20260608 09:55:44.161743 11274 tablet_copy_service.cc:342] P cc382377e5524480a6b5027407b19158: Request end of tablet copy session d6be5f1fba2d4922ac078275739a7545-19f9f68f3c77430ca1d722faa96c4569 received from {username='slave'} at 127.0.0.1:56862
I20260608 09:55:44.162189 11274 tablet_copy_service.cc:434] P cc382377e5524480a6b5027407b19158: ending tablet copy session d6be5f1fba2d4922ac078275739a7545-19f9f68f3c77430ca1d722faa96c4569 on tablet 19f9f68f3c77430ca1d722faa96c4569 with peer d6be5f1fba2d4922ac078275739a7545
I20260608 09:55:44.177248 11561 tablet_bootstrap.cc:492] T 37913dbcf53a422caad3d15ea782d060 P d6be5f1fba2d4922ac078275739a7545: Bootstrap replayed 1/1 log segments. Stats: ops{read=2 overwritten=0 applied=2 ignored=0} inserts{seen=0 ignored=0} mutations{seen=0 ignored=0} orphaned_commits=0. Pending: 0 replicates
I20260608 09:55:44.178079 11561 tablet_bootstrap.cc:492] T 37913dbcf53a422caad3d15ea782d060 P d6be5f1fba2d4922ac078275739a7545: Bootstrap complete.
I20260608 09:55:44.178660 11561 ts_tablet_manager.cc:1403] T 37913dbcf53a422caad3d15ea782d060 P d6be5f1fba2d4922ac078275739a7545: Time spent bootstrapping tablet: real 0.029s	user 0.018s	sys 0.008s
