W20260608 09:54:19.085481 15973 instance_detector.cc:116] could not retrieve Azure instance metadata: Network error: curl error: HTTP response code said error: The requested URL returned error: 404
I20260608 09:54:19.088300 15429 server_base.cc:1061] running on GCE node
I20260608 09:54:19.090552 15429 hybrid_clock.cc:584] initializing the hybrid clock with 'system_unsync' time source
W20260608 09:54:19.090728 15429 system_unsync_time.cc:38] NTP support is disabled. Clock error bounds will not be accurate. This configuration is not suitable for distributed clusters.
I20260608 09:54:19.090847 15429 hybrid_clock.cc:648] HybridClock initialized: now 1780912459090835 us; error 0 us; skew 500 ppm
I20260608 09:54:19.091563 15429 server_base.cc:861] Flag tcmalloc_max_total_thread_cache_bytes is not working since tcmalloc is not enabled.
I20260608 09:54:19.093729 15429 webserver.cc:533] Webserver started at http://127.15.17.126:37187/ using document root <none> and password file <none>
I20260608 09:54:19.094163 15429 fs_manager.cc:362] Metadata directory not provided
I20260608 09:54:19.094312 15429 fs_manager.cc:368] Using write-ahead log directory (fs_wal_dir) as metadata directory
I20260608 09:54:19.094522 15429 server_base.cc:909] This appears to be a new deployment of Kudu; creating new FS layout
I20260608 09:54:19.095578 15429 fs_manager.cc:1068] Generated new instance metadata in path /tmp/dist-test-taskLRahs2/test-tmp/auto_rebalancer-test.0.AutoRebalancerTest.AutoRebalancingTurnOffAndOn.1780912454110597-15429-0/minicluster-data/master-0-root/instance:
uuid: "bd15f0a962f54d4aa1d720154fcee588"
format_stamp: "Formatted at 2026-06-08 09:54:19 on dist-test-slave-4ppr"
I20260608 09:54:19.099759 15429 fs_manager.cc:696] Time spent creating directory manager: real 0.004s	user 0.003s	sys 0.001s
I20260608 09:54:19.102931 15980 log_block_manager.cc:4031] Time spent loading block containers with low live blocks: real 0.000s	user 0.000s	sys 0.000s
I20260608 09:54:19.103714 15429 fs_manager.cc:730] Time spent opening block manager: real 0.002s	user 0.002s	sys 0.001s
I20260608 09:54:19.104032 15429 fs_manager.cc:647] Opened local filesystem: /tmp/dist-test-taskLRahs2/test-tmp/auto_rebalancer-test.0.AutoRebalancerTest.AutoRebalancingTurnOffAndOn.1780912454110597-15429-0/minicluster-data/master-0-root
uuid: "bd15f0a962f54d4aa1d720154fcee588"
format_stamp: "Formatted at 2026-06-08 09:54:19 on dist-test-slave-4ppr"
I20260608 09:54:19.104326 15429 fs_report.cc:389] FS layout report
--------------------
wal directory: /tmp/dist-test-taskLRahs2/test-tmp/auto_rebalancer-test.0.AutoRebalancerTest.AutoRebalancingTurnOffAndOn.1780912454110597-15429-0/minicluster-data/master-0-root
metadata directory: /tmp/dist-test-taskLRahs2/test-tmp/auto_rebalancer-test.0.AutoRebalancerTest.AutoRebalancingTurnOffAndOn.1780912454110597-15429-0/minicluster-data/master-0-root
1 data directories: /tmp/dist-test-taskLRahs2/test-tmp/auto_rebalancer-test.0.AutoRebalancerTest.AutoRebalancingTurnOffAndOn.1780912454110597-15429-0/minicluster-data/master-0-root/data
Total live blocks: 0
Total live bytes: 0
Total live bytes (after alignment): 0
Total number of LBM containers: 0 (0 full)
Did not check for missing blocks
Did not check for orphaned blocks
Total full LBM containers with extra space: 0 (0 repaired)
Total full LBM container extra space in bytes: 0 (0 repaired)
Total incomplete LBM containers: 0 (0 repaired)
Total LBM partial records: 0 (0 repaired)
Total corrupted LBM metadata records in RocksDB: 0 (0 repaired)
I20260608 09:54:19.122257 15429 rpc_server.cc:225] running with OpenSSL 1.1.1  11 Sep 2018
I20260608 09:54:19.123378 15429 kserver.cc:163] Server-wide thread pool size limit: 3276
I20260608 09:54:19.159080 15429 rpc_server.cc:307] RPC server started. Bound to: 127.15.17.126:45451
I20260608 09:54:19.159178 16031 acceptor_pool.cc:272] collecting diagnostics on the listening RPC socket 127.15.17.126:45451 every 8 connection(s)
I20260608 09:54:19.163041 16032 data_dirs.cc:400] Could only allocate 1 dirs of requested 3 for tablet 00000000000000000000000000000000. 1 dirs total, 0 dirs full, 0 dirs failed
I20260608 09:54:19.172777 16032 tablet_bootstrap.cc:492] T 00000000000000000000000000000000 P bd15f0a962f54d4aa1d720154fcee588: Bootstrap starting.
I20260608 09:54:19.177119 16032 tablet_bootstrap.cc:654] T 00000000000000000000000000000000 P bd15f0a962f54d4aa1d720154fcee588: Neither blocks nor log segments found. Creating new log.
I20260608 09:54:19.181010 16032 tablet_bootstrap.cc:492] T 00000000000000000000000000000000 P bd15f0a962f54d4aa1d720154fcee588: No bootstrap required, opened a new log
I20260608 09:54:19.183053 16032 raft_consensus.cc:359] T 00000000000000000000000000000000 P bd15f0a962f54d4aa1d720154fcee588 [term 0 FOLLOWER]: Replica starting. Triggering 0 pending ops. Active config: opid_index: -1 OBSOLETE_local: true peers { permanent_uuid: "bd15f0a962f54d4aa1d720154fcee588" member_type: VOTER }
I20260608 09:54:19.183466 16032 raft_consensus.cc:385] T 00000000000000000000000000000000 P bd15f0a962f54d4aa1d720154fcee588 [term 0 FOLLOWER]: Consensus starting up: Expiring failure detector timer to make a prompt election more likely
I20260608 09:54:19.183708 16032 raft_consensus.cc:740] T 00000000000000000000000000000000 P bd15f0a962f54d4aa1d720154fcee588 [term 0 FOLLOWER]: Becoming Follower/Learner. State: Replica: bd15f0a962f54d4aa1d720154fcee588, State: Initialized, Role: FOLLOWER
I20260608 09:54:19.184329 16032 consensus_queue.cc:260] T 00000000000000000000000000000000 P bd15f0a962f54d4aa1d720154fcee588 [NON_LEADER]: Queue going to NON_LEADER mode. State: All replicated index: 0, Majority replicated index: 0, Committed index: 0, Last appended: 0.0, Last appended by leader: 0, Current term: 0, Majority size: -1, State: 0, Mode: NON_LEADER, active raft config: opid_index: -1 OBSOLETE_local: true peers { permanent_uuid: "bd15f0a962f54d4aa1d720154fcee588" member_type: VOTER }
I20260608 09:54:19.184815 16032 raft_consensus.cc:399] T 00000000000000000000000000000000 P bd15f0a962f54d4aa1d720154fcee588 [term 0 FOLLOWER]: Only one voter in the Raft config. Triggering election immediately
I20260608 09:54:19.185041 16032 raft_consensus.cc:493] T 00000000000000000000000000000000 P bd15f0a962f54d4aa1d720154fcee588 [term 0 FOLLOWER]: Starting leader election (initial election of a single-replica configuration)
I20260608 09:54:19.185339 16032 raft_consensus.cc:3060] T 00000000000000000000000000000000 P bd15f0a962f54d4aa1d720154fcee588 [term 0 FOLLOWER]: Advancing to term 1
I20260608 09:54:19.189294 16032 raft_consensus.cc:515] T 00000000000000000000000000000000 P bd15f0a962f54d4aa1d720154fcee588 [term 1 FOLLOWER]: Starting leader election with config: opid_index: -1 OBSOLETE_local: true peers { permanent_uuid: "bd15f0a962f54d4aa1d720154fcee588" member_type: VOTER }
I20260608 09:54:19.189810 16032 leader_election.cc:304] T 00000000000000000000000000000000 P bd15f0a962f54d4aa1d720154fcee588 [CANDIDATE]: Term 1 election: Election decided. Result: candidate won. Election summary: received 1 responses out of 1 voters: 1 yes votes; 0 no votes. yes voters: bd15f0a962f54d4aa1d720154fcee588; no voters: 
I20260608 09:54:19.191154 16032 leader_election.cc:290] T 00000000000000000000000000000000 P bd15f0a962f54d4aa1d720154fcee588 [CANDIDATE]: Term 1 election: Requested vote from peers 
I20260608 09:54:19.191620 16035 raft_consensus.cc:2804] T 00000000000000000000000000000000 P bd15f0a962f54d4aa1d720154fcee588 [term 1 FOLLOWER]: Leader election won for term 1
I20260608 09:54:19.193436 16035 raft_consensus.cc:697] T 00000000000000000000000000000000 P bd15f0a962f54d4aa1d720154fcee588 [term 1 LEADER]: Becoming Leader. State: Replica: bd15f0a962f54d4aa1d720154fcee588, State: Running, Role: LEADER
I20260608 09:54:19.194217 16035 consensus_queue.cc:237] T 00000000000000000000000000000000 P bd15f0a962f54d4aa1d720154fcee588 [LEADER]: Queue going to LEADER mode. State: All replicated index: 0, Majority replicated index: 0, Committed index: 0, Last appended: 0.0, Last appended by leader: 0, Current term: 1, Majority size: 1, State: 0, Mode: LEADER, active raft config: opid_index: -1 OBSOLETE_local: true peers { permanent_uuid: "bd15f0a962f54d4aa1d720154fcee588" member_type: VOTER }
I20260608 09:54:19.194741 16032 sys_catalog.cc:565] T 00000000000000000000000000000000 P bd15f0a962f54d4aa1d720154fcee588 [sys.catalog]: configured and running, proceeding with master startup.
I20260608 09:54:19.198577 16036 sys_catalog.cc:455] T 00000000000000000000000000000000 P bd15f0a962f54d4aa1d720154fcee588 [sys.catalog]: SysCatalogTable state changed. Reason: RaftConsensus started. Latest consensus state: current_term: 1 leader_uuid: "bd15f0a962f54d4aa1d720154fcee588" committed_config { opid_index: -1 OBSOLETE_local: true peers { permanent_uuid: "bd15f0a962f54d4aa1d720154fcee588" member_type: VOTER } }
I20260608 09:54:19.198705 16037 sys_catalog.cc:455] T 00000000000000000000000000000000 P bd15f0a962f54d4aa1d720154fcee588 [sys.catalog]: SysCatalogTable state changed. Reason: New leader bd15f0a962f54d4aa1d720154fcee588. Latest consensus state: current_term: 1 leader_uuid: "bd15f0a962f54d4aa1d720154fcee588" committed_config { opid_index: -1 OBSOLETE_local: true peers { permanent_uuid: "bd15f0a962f54d4aa1d720154fcee588" member_type: VOTER } }
I20260608 09:54:19.199180 16036 sys_catalog.cc:458] T 00000000000000000000000000000000 P bd15f0a962f54d4aa1d720154fcee588 [sys.catalog]: This master's current role is: LEADER
I20260608 09:54:19.199275 16037 sys_catalog.cc:458] T 00000000000000000000000000000000 P bd15f0a962f54d4aa1d720154fcee588 [sys.catalog]: This master's current role is: LEADER
I20260608 09:54:19.201610 16042 catalog_manager.cc:1510] Loading table and tablet metadata into memory...
I20260608 09:54:19.206804 16042 catalog_manager.cc:1519] Initializing Kudu cluster ID...
I20260608 09:54:19.211802 15429 internal_mini_cluster.cc:184] Waiting to initialize catalog manager on master 0
I20260608 09:54:19.215827 16042 catalog_manager.cc:1382] Generated new cluster ID: dca6c168cd944885adff1b17b1356f7d
I20260608 09:54:19.216089 16042 catalog_manager.cc:1530] Initializing Kudu internal certificate authority...
I20260608 09:54:19.229646 16042 catalog_manager.cc:1405] Generated new certificate authority record
I20260608 09:54:19.230870 16042 catalog_manager.cc:1539] Loading token signing keys...
I20260608 09:54:19.249580 16042 catalog_manager.cc:6069] T 00000000000000000000000000000000 P bd15f0a962f54d4aa1d720154fcee588: Generated new TSK 0
I20260608 09:54:19.250217 16042 catalog_manager.cc:1549] Initializing in-progress tserver states...
I20260608 09:54:19.278925 15429 file_cache.cc:492] Constructed file cache file cache with capacity 419430
W20260608 09:54:19.285005 16053 instance_detector.cc:116] could not retrieve AWS instance metadata: Network error: curl error: HTTP response code said error: The requested URL returned error: 404
W20260608 09:54:19.286162 16054 instance_detector.cc:116] could not retrieve Azure instance metadata: Network error: curl error: HTTP response code said error: The requested URL returned error: 404
W20260608 09:54:19.288003 16056 instance_detector.cc:116] could not retrieve OpenStack instance metadata: Network error: curl error: HTTP response code said error: The requested URL returned error: 404
I20260608 09:54:19.290089 15429 server_base.cc:1061] running on GCE node
I20260608 09:54:19.291043 15429 hybrid_clock.cc:584] initializing the hybrid clock with 'system_unsync' time source
W20260608 09:54:19.291317 15429 system_unsync_time.cc:38] NTP support is disabled. Clock error bounds will not be accurate. This configuration is not suitable for distributed clusters.
I20260608 09:54:19.291499 15429 hybrid_clock.cc:648] HybridClock initialized: now 1780912459291482 us; error 0 us; skew 500 ppm
I20260608 09:54:19.292096 15429 server_base.cc:861] Flag tcmalloc_max_total_thread_cache_bytes is not working since tcmalloc is not enabled.
I20260608 09:54:19.294309 15429 webserver.cc:533] Webserver started at http://127.15.17.65:43525/ using document root <none> and password file <none>
I20260608 09:54:19.294821 15429 fs_manager.cc:362] Metadata directory not provided
I20260608 09:54:19.295028 15429 fs_manager.cc:368] Using write-ahead log directory (fs_wal_dir) as metadata directory
I20260608 09:54:19.295351 15429 server_base.cc:909] This appears to be a new deployment of Kudu; creating new FS layout
I20260608 09:54:19.296491 15429 fs_manager.cc:1068] Generated new instance metadata in path /tmp/dist-test-taskLRahs2/test-tmp/auto_rebalancer-test.0.AutoRebalancerTest.AutoRebalancingTurnOffAndOn.1780912454110597-15429-0/minicluster-data/ts-0-root/instance:
uuid: "1ee6e14a5dbc4a488e29a4f1647475be"
format_stamp: "Formatted at 2026-06-08 09:54:19 on dist-test-slave-4ppr"
I20260608 09:54:19.300948 15429 fs_manager.cc:696] Time spent creating directory manager: real 0.004s	user 0.005s	sys 0.000s
I20260608 09:54:19.304225 16061 log_block_manager.cc:4031] Time spent loading block containers with low live blocks: real 0.000s	user 0.000s	sys 0.000s
I20260608 09:54:19.304932 15429 fs_manager.cc:730] Time spent opening block manager: real 0.002s	user 0.002s	sys 0.001s
I20260608 09:54:19.305213 15429 fs_manager.cc:647] Opened local filesystem: /tmp/dist-test-taskLRahs2/test-tmp/auto_rebalancer-test.0.AutoRebalancerTest.AutoRebalancingTurnOffAndOn.1780912454110597-15429-0/minicluster-data/ts-0-root
uuid: "1ee6e14a5dbc4a488e29a4f1647475be"
format_stamp: "Formatted at 2026-06-08 09:54:19 on dist-test-slave-4ppr"
I20260608 09:54:19.305495 15429 fs_report.cc:389] FS layout report
--------------------
wal directory: /tmp/dist-test-taskLRahs2/test-tmp/auto_rebalancer-test.0.AutoRebalancerTest.AutoRebalancingTurnOffAndOn.1780912454110597-15429-0/minicluster-data/ts-0-root
metadata directory: /tmp/dist-test-taskLRahs2/test-tmp/auto_rebalancer-test.0.AutoRebalancerTest.AutoRebalancingTurnOffAndOn.1780912454110597-15429-0/minicluster-data/ts-0-root
1 data directories: /tmp/dist-test-taskLRahs2/test-tmp/auto_rebalancer-test.0.AutoRebalancerTest.AutoRebalancingTurnOffAndOn.1780912454110597-15429-0/minicluster-data/ts-0-root/data
Total live blocks: 0
Total live bytes: 0
Total live bytes (after alignment): 0
Total number of LBM containers: 0 (0 full)
Did not check for missing blocks
Did not check for orphaned blocks
Total full LBM containers with extra space: 0 (0 repaired)
Total full LBM container extra space in bytes: 0 (0 repaired)
Total incomplete LBM containers: 0 (0 repaired)
Total LBM partial records: 0 (0 repaired)
Total corrupted LBM metadata records in RocksDB: 0 (0 repaired)
I20260608 09:54:19.323360 15429 rpc_server.cc:225] running with OpenSSL 1.1.1  11 Sep 2018
I20260608 09:54:19.324321 15429 kserver.cc:163] Server-wide thread pool size limit: 3276
I20260608 09:54:19.325817 15429 txn_system_client.cc:432] TxnSystemClient initialization is disabled...
I20260608 09:54:19.328055 15429 ts_tablet_manager.cc:585] Loaded tablet metadata (0 total tablets, 0 live tablets)
I20260608 09:54:19.328274 15429 ts_tablet_manager.cc:531] Time spent load tablet metadata: real 0.000s	user 0.000s	sys 0.000s
I20260608 09:54:19.328497 15429 ts_tablet_manager.cc:616] Registered 0 tablets
I20260608 09:54:19.328681 15429 ts_tablet_manager.cc:595] Time spent register tablets: real 0.000s	user 0.000s	sys 0.000s
I20260608 09:54:19.366916 15429 rpc_server.cc:307] RPC server started. Bound to: 127.15.17.65:36071
I20260608 09:54:19.367027 16123 acceptor_pool.cc:272] collecting diagnostics on the listening RPC socket 127.15.17.65:36071 every 8 connection(s)
I20260608 09:54:19.372164 15429 file_cache.cc:492] Constructed file cache file cache with capacity 419430
W20260608 09:54:19.379500 16128 instance_detector.cc:116] could not retrieve AWS instance metadata: Network error: curl error: HTTP response code said error: The requested URL returned error: 404
W20260608 09:54:19.380214 16129 instance_detector.cc:116] could not retrieve Azure instance metadata: Network error: curl error: HTTP response code said error: The requested URL returned error: 404
I20260608 09:54:19.384202 15429 server_base.cc:1061] running on GCE node
W20260608 09:54:19.384475 16132 instance_detector.cc:116] could not retrieve OpenStack instance metadata: Network error: curl error: HTTP response code said error: The requested URL returned error: 404
I20260608 09:54:19.385528 15429 hybrid_clock.cc:584] initializing the hybrid clock with 'system_unsync' time source
I20260608 09:54:19.385583 16124 heartbeater.cc:344] Connected to a master server at 127.15.17.126:45451
W20260608 09:54:19.385871 15429 system_unsync_time.cc:38] NTP support is disabled. Clock error bounds will not be accurate. This configuration is not suitable for distributed clusters.
I20260608 09:54:19.386041 16124 heartbeater.cc:461] Registering TS with master...
I20260608 09:54:19.386087 15429 hybrid_clock.cc:648] HybridClock initialized: now 1780912459386046 us; error 0 us; skew 500 ppm
I20260608 09:54:19.386895 15429 server_base.cc:861] Flag tcmalloc_max_total_thread_cache_bytes is not working since tcmalloc is not enabled.
I20260608 09:54:19.386888 16124 heartbeater.cc:507] Master 127.15.17.126:45451 requested a full tablet report, sending...
I20260608 09:54:19.389405 15997 ts_manager.cc:194] Registered new tserver with Master: 1ee6e14a5dbc4a488e29a4f1647475be (127.15.17.65:36071)
I20260608 09:54:19.389989 15429 webserver.cc:533] Webserver started at http://127.15.17.66:33573/ using document root <none> and password file <none>
I20260608 09:54:19.390698 15429 fs_manager.cc:362] Metadata directory not provided
I20260608 09:54:19.390944 15429 fs_manager.cc:368] Using write-ahead log directory (fs_wal_dir) as metadata directory
I20260608 09:54:19.391312 15429 server_base.cc:909] This appears to be a new deployment of Kudu; creating new FS layout
I20260608 09:54:19.391937 15997 master_service.cc:502] Signed X509 certificate for tserver {username='slave'} at 127.0.0.1:39580
I20260608 09:54:19.392700 15429 fs_manager.cc:1068] Generated new instance metadata in path /tmp/dist-test-taskLRahs2/test-tmp/auto_rebalancer-test.0.AutoRebalancerTest.AutoRebalancingTurnOffAndOn.1780912454110597-15429-0/minicluster-data/ts-1-root/instance:
uuid: "c4bfbcd197c74b21b994972acb1315cb"
format_stamp: "Formatted at 2026-06-08 09:54:19 on dist-test-slave-4ppr"
I20260608 09:54:19.397310 15429 fs_manager.cc:696] Time spent creating directory manager: real 0.004s	user 0.001s	sys 0.004s
I20260608 09:54:19.400506 16136 log_block_manager.cc:4031] Time spent loading block containers with low live blocks: real 0.000s	user 0.000s	sys 0.000s
I20260608 09:54:19.401268 15429 fs_manager.cc:730] Time spent opening block manager: real 0.002s	user 0.003s	sys 0.000s
I20260608 09:54:19.401541 15429 fs_manager.cc:647] Opened local filesystem: /tmp/dist-test-taskLRahs2/test-tmp/auto_rebalancer-test.0.AutoRebalancerTest.AutoRebalancingTurnOffAndOn.1780912454110597-15429-0/minicluster-data/ts-1-root
uuid: "c4bfbcd197c74b21b994972acb1315cb"
format_stamp: "Formatted at 2026-06-08 09:54:19 on dist-test-slave-4ppr"
I20260608 09:54:19.401820 15429 fs_report.cc:389] FS layout report
--------------------
wal directory: /tmp/dist-test-taskLRahs2/test-tmp/auto_rebalancer-test.0.AutoRebalancerTest.AutoRebalancingTurnOffAndOn.1780912454110597-15429-0/minicluster-data/ts-1-root
metadata directory: /tmp/dist-test-taskLRahs2/test-tmp/auto_rebalancer-test.0.AutoRebalancerTest.AutoRebalancingTurnOffAndOn.1780912454110597-15429-0/minicluster-data/ts-1-root
1 data directories: /tmp/dist-test-taskLRahs2/test-tmp/auto_rebalancer-test.0.AutoRebalancerTest.AutoRebalancingTurnOffAndOn.1780912454110597-15429-0/minicluster-data/ts-1-root/data
Total live blocks: 0
Total live bytes: 0
Total live bytes (after alignment): 0
Total number of LBM containers: 0 (0 full)
Did not check for missing blocks
Did not check for orphaned blocks
Total full LBM containers with extra space: 0 (0 repaired)
Total full LBM container extra space in bytes: 0 (0 repaired)
Total incomplete LBM containers: 0 (0 repaired)
Total LBM partial records: 0 (0 repaired)
Total corrupted LBM metadata records in RocksDB: 0 (0 repaired)
I20260608 09:54:19.412600 15429 rpc_server.cc:225] running with OpenSSL 1.1.1  11 Sep 2018
I20260608 09:54:19.413599 15429 kserver.cc:163] Server-wide thread pool size limit: 3276
I20260608 09:54:19.414891 15429 txn_system_client.cc:432] TxnSystemClient initialization is disabled...
I20260608 09:54:19.417166 15429 ts_tablet_manager.cc:585] Loaded tablet metadata (0 total tablets, 0 live tablets)
I20260608 09:54:19.417357 15429 ts_tablet_manager.cc:531] Time spent load tablet metadata: real 0.000s	user 0.000s	sys 0.000s
I20260608 09:54:19.417601 15429 ts_tablet_manager.cc:616] Registered 0 tablets
I20260608 09:54:19.417755 15429 ts_tablet_manager.cc:595] Time spent register tablets: real 0.000s	user 0.000s	sys 0.000s
I20260608 09:54:19.454042 15429 rpc_server.cc:307] RPC server started. Bound to: 127.15.17.66:43783
I20260608 09:54:19.454149 16198 acceptor_pool.cc:272] collecting diagnostics on the listening RPC socket 127.15.17.66:43783 every 8 connection(s)
I20260608 09:54:19.458990 15429 file_cache.cc:492] Constructed file cache file cache with capacity 419430
W20260608 09:54:19.466065 16202 instance_detector.cc:116] could not retrieve AWS instance metadata: Network error: curl error: HTTP response code said error: The requested URL returned error: 404
W20260608 09:54:19.468547 16203 instance_detector.cc:116] could not retrieve Azure instance metadata: Network error: curl error: HTTP response code said error: The requested URL returned error: 404
I20260608 09:54:19.469274 15429 server_base.cc:1061] running on GCE node
W20260608 09:54:19.469882 16205 instance_detector.cc:116] could not retrieve OpenStack instance metadata: Network error: curl error: HTTP response code said error: The requested URL returned error: 404
I20260608 09:54:19.470835 15429 hybrid_clock.cc:584] initializing the hybrid clock with 'system_unsync' time source
W20260608 09:54:19.471104 15429 system_unsync_time.cc:38] NTP support is disabled. Clock error bounds will not be accurate. This configuration is not suitable for distributed clusters.
I20260608 09:54:19.471349 15429 hybrid_clock.cc:648] HybridClock initialized: now 1780912459471329 us; error 0 us; skew 500 ppm
I20260608 09:54:19.471776 16199 heartbeater.cc:344] Connected to a master server at 127.15.17.126:45451
I20260608 09:54:19.472172 15429 server_base.cc:861] Flag tcmalloc_max_total_thread_cache_bytes is not working since tcmalloc is not enabled.
I20260608 09:54:19.472199 16199 heartbeater.cc:461] Registering TS with master...
I20260608 09:54:19.473338 16199 heartbeater.cc:507] Master 127.15.17.126:45451 requested a full tablet report, sending...
I20260608 09:54:19.475251 15429 webserver.cc:533] Webserver started at http://127.15.17.67:42377/ using document root <none> and password file <none>
I20260608 09:54:19.475612 15997 ts_manager.cc:194] Registered new tserver with Master: c4bfbcd197c74b21b994972acb1315cb (127.15.17.66:43783)
I20260608 09:54:19.475821 15429 fs_manager.cc:362] Metadata directory not provided
I20260608 09:54:19.476131 15429 fs_manager.cc:368] Using write-ahead log directory (fs_wal_dir) as metadata directory
I20260608 09:54:19.476405 15429 server_base.cc:909] This appears to be a new deployment of Kudu; creating new FS layout
I20260608 09:54:19.477101 15997 master_service.cc:502] Signed X509 certificate for tserver {username='slave'} at 127.0.0.1:39588
I20260608 09:54:19.477510 15429 fs_manager.cc:1068] Generated new instance metadata in path /tmp/dist-test-taskLRahs2/test-tmp/auto_rebalancer-test.0.AutoRebalancerTest.AutoRebalancingTurnOffAndOn.1780912454110597-15429-0/minicluster-data/ts-2-root/instance:
uuid: "ffce98c18168416cbc33b40a2aaf37fc"
format_stamp: "Formatted at 2026-06-08 09:54:19 on dist-test-slave-4ppr"
I20260608 09:54:19.482214 15429 fs_manager.cc:696] Time spent creating directory manager: real 0.004s	user 0.002s	sys 0.004s
I20260608 09:54:19.485549 16210 log_block_manager.cc:4031] Time spent loading block containers with low live blocks: real 0.000s	user 0.000s	sys 0.000s
I20260608 09:54:19.486291 15429 fs_manager.cc:730] Time spent opening block manager: real 0.002s	user 0.002s	sys 0.000s
I20260608 09:54:19.486588 15429 fs_manager.cc:647] Opened local filesystem: /tmp/dist-test-taskLRahs2/test-tmp/auto_rebalancer-test.0.AutoRebalancerTest.AutoRebalancingTurnOffAndOn.1780912454110597-15429-0/minicluster-data/ts-2-root
uuid: "ffce98c18168416cbc33b40a2aaf37fc"
format_stamp: "Formatted at 2026-06-08 09:54:19 on dist-test-slave-4ppr"
I20260608 09:54:19.486868 15429 fs_report.cc:389] FS layout report
--------------------
wal directory: /tmp/dist-test-taskLRahs2/test-tmp/auto_rebalancer-test.0.AutoRebalancerTest.AutoRebalancingTurnOffAndOn.1780912454110597-15429-0/minicluster-data/ts-2-root
metadata directory: /tmp/dist-test-taskLRahs2/test-tmp/auto_rebalancer-test.0.AutoRebalancerTest.AutoRebalancingTurnOffAndOn.1780912454110597-15429-0/minicluster-data/ts-2-root
1 data directories: /tmp/dist-test-taskLRahs2/test-tmp/auto_rebalancer-test.0.AutoRebalancerTest.AutoRebalancingTurnOffAndOn.1780912454110597-15429-0/minicluster-data/ts-2-root/data
Total live blocks: 0
Total live bytes: 0
Total live bytes (after alignment): 0
Total number of LBM containers: 0 (0 full)
Did not check for missing blocks
Did not check for orphaned blocks
Total full LBM containers with extra space: 0 (0 repaired)
Total full LBM container extra space in bytes: 0 (0 repaired)
Total incomplete LBM containers: 0 (0 repaired)
Total LBM partial records: 0 (0 repaired)
Total corrupted LBM metadata records in RocksDB: 0 (0 repaired)
I20260608 09:54:19.525976 15429 rpc_server.cc:225] running with OpenSSL 1.1.1  11 Sep 2018
I20260608 09:54:19.527139 15429 kserver.cc:163] Server-wide thread pool size limit: 3276
I20260608 09:54:19.528630 15429 txn_system_client.cc:432] TxnSystemClient initialization is disabled...
I20260608 09:54:19.530825 15429 ts_tablet_manager.cc:585] Loaded tablet metadata (0 total tablets, 0 live tablets)
I20260608 09:54:19.531039 15429 ts_tablet_manager.cc:531] Time spent load tablet metadata: real 0.000s	user 0.000s	sys 0.000s
I20260608 09:54:19.531329 15429 ts_tablet_manager.cc:616] Registered 0 tablets
I20260608 09:54:19.531507 15429 ts_tablet_manager.cc:595] Time spent register tablets: real 0.000s	user 0.000s	sys 0.000s
I20260608 09:54:19.569005 15429 rpc_server.cc:307] RPC server started. Bound to: 127.15.17.67:41029
I20260608 09:54:19.569109 16272 acceptor_pool.cc:272] collecting diagnostics on the listening RPC socket 127.15.17.67:41029 every 8 connection(s)
I20260608 09:54:19.582721 16273 heartbeater.cc:344] Connected to a master server at 127.15.17.126:45451
I20260608 09:54:19.583403 16273 heartbeater.cc:461] Registering TS with master...
I20260608 09:54:19.584172 16273 heartbeater.cc:507] Master 127.15.17.126:45451 requested a full tablet report, sending...
I20260608 09:54:19.586524 15997 ts_manager.cc:194] Registered new tserver with Master: ffce98c18168416cbc33b40a2aaf37fc (127.15.17.67:41029)
I20260608 09:54:19.586910 15429 internal_mini_cluster.cc:371] 3 TS(s) registered with all masters after 0.014635905s
I20260608 09:54:19.588006 15997 master_service.cc:502] Signed X509 certificate for tserver {username='slave'} at 127.0.0.1:39594
I20260608 09:54:20.394562 16124 heartbeater.cc:499] Master 127.15.17.126:45451 was elected leader, sending a full tablet report...
I20260608 09:54:20.479616 16199 heartbeater.cc:499] Master 127.15.17.126:45451 was elected leader, sending a full tablet report...
I20260608 09:54:20.590770 16273 heartbeater.cc:499] Master 127.15.17.126:45451 was elected leader, sending a full tablet report...
I20260608 09:54:20.646849 15997 catalog_manager.cc:2282] Servicing CreateTable request from {username='slave'} at 127.0.0.1:39608:
name: "test-workload"
schema {
  columns {
    name: "key"
    type: INT32
    is_key: true
    is_nullable: false
    encoding: AUTO_ENCODING
    compression: DEFAULT_COMPRESSION
    cfile_block_size: 0
    immutable: false
  }
  columns {
    name: "int_val"
    type: INT32
    is_key: false
    is_nullable: false
    encoding: AUTO_ENCODING
    compression: DEFAULT_COMPRESSION
    cfile_block_size: 0
    immutable: false
  }
  columns {
    name: "string_val"
    type: STRING
    is_key: false
    is_nullable: true
    encoding: AUTO_ENCODING
    compression: DEFAULT_COMPRESSION
    cfile_block_size: 0
    immutable: false
  }
}
num_replicas: 3
split_rows_range_bounds {
  rows: "\004\001\000\377\377\377\017\004\001\000\376\377\377\037\004\001\000\375\377\377/\004\001\000\374\377\377?\004\001\000\373\377\377O\004\001\000\372\377\377_\004\001\000\371\377\377o""\004\001\000\377\377\377\017\004\001\000\376\377\377\037\004\001\000\375\377\377/\004\001\000\374\377\377?\004\001\000\373\377\377O\004\001\000\372\377\377_\004\001\000\371\377\377o"
  indirect_data: """"
}
partition_schema {
  range_schema {
    columns {
      name: "key"
    }
  }
}
W20260608 09:54:20.649807 15997 catalog_manager.cc:7076] The number of live tablet servers is not enough to re-replicate a tablet replica of the newly created table test-workload in case of a server failure: 4 tablet servers would be needed, 3 are available. Consider bringing up more tablet servers.
I20260608 09:54:20.726840 16164 tablet_service.cc:1511] Processing CreateTablet for tablet da2f489c78384bceafa45e92c9e8b4ec (DEFAULT_TABLE table=test-workload [id=0c8efac6407747ecbe5086a8099d17dc]), partition=RANGE (key) PARTITION VALUES < 268435455
I20260608 09:54:20.728363 16164 data_dirs.cc:400] Could only allocate 1 dirs of requested 3 for tablet da2f489c78384bceafa45e92c9e8b4ec. 1 dirs total, 0 dirs full, 0 dirs failed
I20260608 09:54:20.728891 16160 tablet_service.cc:1511] Processing CreateTablet for tablet 7705bf7135214fe89916ebe0806a86c6 (DEFAULT_TABLE table=test-workload [id=0c8efac6407747ecbe5086a8099d17dc]), partition=RANGE (key) PARTITION 1073741820 <= VALUES < 1342177275
I20260608 09:54:20.729880 16089 tablet_service.cc:1511] Processing CreateTablet for tablet da2f489c78384bceafa45e92c9e8b4ec (DEFAULT_TABLE table=test-workload [id=0c8efac6407747ecbe5086a8099d17dc]), partition=RANGE (key) PARTITION VALUES < 268435455
I20260608 09:54:20.730713 16085 tablet_service.cc:1511] Processing CreateTablet for tablet 7705bf7135214fe89916ebe0806a86c6 (DEFAULT_TABLE table=test-workload [id=0c8efac6407747ecbe5086a8099d17dc]), partition=RANGE (key) PARTITION 1073741820 <= VALUES < 1342177275
I20260608 09:54:20.730849 16163 tablet_service.cc:1511] Processing CreateTablet for tablet ca3e976bf40c46e0b9f8241db8cd812c (DEFAULT_TABLE table=test-workload [id=0c8efac6407747ecbe5086a8099d17dc]), partition=RANGE (key) PARTITION 268435455 <= VALUES < 536870910
I20260608 09:54:20.731364 16089 data_dirs.cc:400] Could only allocate 1 dirs of requested 3 for tablet da2f489c78384bceafa45e92c9e8b4ec. 1 dirs total, 0 dirs full, 0 dirs failed
I20260608 09:54:20.732112 16085 data_dirs.cc:400] Could only allocate 1 dirs of requested 3 for tablet 7705bf7135214fe89916ebe0806a86c6. 1 dirs total, 0 dirs full, 0 dirs failed
I20260608 09:54:20.731415 16161 tablet_service.cc:1511] Processing CreateTablet for tablet db09ed52ba8248a49d92085a1216a8b4 (DEFAULT_TABLE table=test-workload [id=0c8efac6407747ecbe5086a8099d17dc]), partition=RANGE (key) PARTITION 805306365 <= VALUES < 1073741820
I20260608 09:54:20.733247 16162 tablet_service.cc:1511] Processing CreateTablet for tablet 7c74b75554834ce6a810ad440eb3fb44 (DEFAULT_TABLE table=test-workload [id=0c8efac6407747ecbe5086a8099d17dc]), partition=RANGE (key) PARTITION 536870910 <= VALUES < 805306365
I20260608 09:54:20.733675 16235 tablet_service.cc:1511] Processing CreateTablet for tablet db09ed52ba8248a49d92085a1216a8b4 (DEFAULT_TABLE table=test-workload [id=0c8efac6407747ecbe5086a8099d17dc]), partition=RANGE (key) PARTITION 805306365 <= VALUES < 1073741820
I20260608 09:54:20.735932 16088 tablet_service.cc:1511] Processing CreateTablet for tablet ca3e976bf40c46e0b9f8241db8cd812c (DEFAULT_TABLE table=test-workload [id=0c8efac6407747ecbe5086a8099d17dc]), partition=RANGE (key) PARTITION 268435455 <= VALUES < 536870910
I20260608 09:54:20.737300 16088 data_dirs.cc:400] Could only allocate 1 dirs of requested 3 for tablet ca3e976bf40c46e0b9f8241db8cd812c. 1 dirs total, 0 dirs full, 0 dirs failed
I20260608 09:54:20.735110 16235 data_dirs.cc:400] Could only allocate 1 dirs of requested 3 for tablet db09ed52ba8248a49d92085a1216a8b4. 1 dirs total, 0 dirs full, 0 dirs failed
I20260608 09:54:20.738683 16084 tablet_service.cc:1511] Processing CreateTablet for tablet 67fd8bf84e5b403c9985c11b26c7eafc (DEFAULT_TABLE table=test-workload [id=0c8efac6407747ecbe5086a8099d17dc]), partition=RANGE (key) PARTITION 1342177275 <= VALUES < 1610612730
I20260608 09:54:20.740061 16084 data_dirs.cc:400] Could only allocate 1 dirs of requested 3 for tablet 67fd8bf84e5b403c9985c11b26c7eafc. 1 dirs total, 0 dirs full, 0 dirs failed
I20260608 09:54:20.740501 16238 tablet_service.cc:1511] Processing CreateTablet for tablet da2f489c78384bceafa45e92c9e8b4ec (DEFAULT_TABLE table=test-workload [id=0c8efac6407747ecbe5086a8099d17dc]), partition=RANGE (key) PARTITION VALUES < 268435455
I20260608 09:54:20.741946 16238 data_dirs.cc:400] Could only allocate 1 dirs of requested 3 for tablet da2f489c78384bceafa45e92c9e8b4ec. 1 dirs total, 0 dirs full, 0 dirs failed
I20260608 09:54:20.744477 16087 tablet_service.cc:1511] Processing CreateTablet for tablet 7c74b75554834ce6a810ad440eb3fb44 (DEFAULT_TABLE table=test-workload [id=0c8efac6407747ecbe5086a8099d17dc]), partition=RANGE (key) PARTITION 536870910 <= VALUES < 805306365
I20260608 09:54:20.745332 16159 tablet_service.cc:1511] Processing CreateTablet for tablet 67fd8bf84e5b403c9985c11b26c7eafc (DEFAULT_TABLE table=test-workload [id=0c8efac6407747ecbe5086a8099d17dc]), partition=RANGE (key) PARTITION 1342177275 <= VALUES < 1610612730
I20260608 09:54:20.745872 16087 data_dirs.cc:400] Could only allocate 1 dirs of requested 3 for tablet 7c74b75554834ce6a810ad440eb3fb44. 1 dirs total, 0 dirs full, 0 dirs failed
I20260608 09:54:20.747871 16158 tablet_service.cc:1511] Processing CreateTablet for tablet de73df954ce84e2a9abe35326e849706 (DEFAULT_TABLE table=test-workload [id=0c8efac6407747ecbe5086a8099d17dc]), partition=RANGE (key) PARTITION 1610612730 <= VALUES < 1879048185
I20260608 09:54:20.748502 16086 tablet_service.cc:1511] Processing CreateTablet for tablet db09ed52ba8248a49d92085a1216a8b4 (DEFAULT_TABLE table=test-workload [id=0c8efac6407747ecbe5086a8099d17dc]), partition=RANGE (key) PARTITION 805306365 <= VALUES < 1073741820
I20260608 09:54:20.749886 16086 data_dirs.cc:400] Could only allocate 1 dirs of requested 3 for tablet db09ed52ba8248a49d92085a1216a8b4. 1 dirs total, 0 dirs full, 0 dirs failed
I20260608 09:54:20.750924 16157 tablet_service.cc:1511] Processing CreateTablet for tablet 1910779a733145b98b12b299cca8f83a (DEFAULT_TABLE table=test-workload [id=0c8efac6407747ecbe5086a8099d17dc]), partition=RANGE (key) PARTITION 1879048185 <= VALUES
I20260608 09:54:20.751083 16236 tablet_service.cc:1511] Processing CreateTablet for tablet 7c74b75554834ce6a810ad440eb3fb44 (DEFAULT_TABLE table=test-workload [id=0c8efac6407747ecbe5086a8099d17dc]), partition=RANGE (key) PARTITION 536870910 <= VALUES < 805306365
I20260608 09:54:20.752545 16236 data_dirs.cc:400] Could only allocate 1 dirs of requested 3 for tablet 7c74b75554834ce6a810ad440eb3fb44. 1 dirs total, 0 dirs full, 0 dirs failed
I20260608 09:54:20.753026 16234 tablet_service.cc:1511] Processing CreateTablet for tablet 7705bf7135214fe89916ebe0806a86c6 (DEFAULT_TABLE table=test-workload [id=0c8efac6407747ecbe5086a8099d17dc]), partition=RANGE (key) PARTITION 1073741820 <= VALUES < 1342177275
I20260608 09:54:20.754443 16234 data_dirs.cc:400] Could only allocate 1 dirs of requested 3 for tablet 7705bf7135214fe89916ebe0806a86c6. 1 dirs total, 0 dirs full, 0 dirs failed
I20260608 09:54:20.754297 16237 tablet_service.cc:1511] Processing CreateTablet for tablet ca3e976bf40c46e0b9f8241db8cd812c (DEFAULT_TABLE table=test-workload [id=0c8efac6407747ecbe5086a8099d17dc]), partition=RANGE (key) PARTITION 268435455 <= VALUES < 536870910
I20260608 09:54:20.755815 16237 data_dirs.cc:400] Could only allocate 1 dirs of requested 3 for tablet ca3e976bf40c46e0b9f8241db8cd812c. 1 dirs total, 0 dirs full, 0 dirs failed
I20260608 09:54:20.755755 16083 tablet_service.cc:1511] Processing CreateTablet for tablet de73df954ce84e2a9abe35326e849706 (DEFAULT_TABLE table=test-workload [id=0c8efac6407747ecbe5086a8099d17dc]), partition=RANGE (key) PARTITION 1610612730 <= VALUES < 1879048185
I20260608 09:54:20.756520 16233 tablet_service.cc:1511] Processing CreateTablet for tablet 67fd8bf84e5b403c9985c11b26c7eafc (DEFAULT_TABLE table=test-workload [id=0c8efac6407747ecbe5086a8099d17dc]), partition=RANGE (key) PARTITION 1342177275 <= VALUES < 1610612730
I20260608 09:54:20.757284 16083 data_dirs.cc:400] Could only allocate 1 dirs of requested 3 for tablet de73df954ce84e2a9abe35326e849706. 1 dirs total, 0 dirs full, 0 dirs failed
I20260608 09:54:20.757896 16233 data_dirs.cc:400] Could only allocate 1 dirs of requested 3 for tablet 67fd8bf84e5b403c9985c11b26c7eafc. 1 dirs total, 0 dirs full, 0 dirs failed
I20260608 09:54:20.760596 16231 tablet_service.cc:1511] Processing CreateTablet for tablet 1910779a733145b98b12b299cca8f83a (DEFAULT_TABLE table=test-workload [id=0c8efac6407747ecbe5086a8099d17dc]), partition=RANGE (key) PARTITION 1879048185 <= VALUES
I20260608 09:54:20.761924 16231 data_dirs.cc:400] Could only allocate 1 dirs of requested 3 for tablet 1910779a733145b98b12b299cca8f83a. 1 dirs total, 0 dirs full, 0 dirs failed
I20260608 09:54:20.762465 16163 data_dirs.cc:400] Could only allocate 1 dirs of requested 3 for tablet ca3e976bf40c46e0b9f8241db8cd812c. 1 dirs total, 0 dirs full, 0 dirs failed
I20260608 09:54:20.764504 16232 tablet_service.cc:1511] Processing CreateTablet for tablet de73df954ce84e2a9abe35326e849706 (DEFAULT_TABLE table=test-workload [id=0c8efac6407747ecbe5086a8099d17dc]), partition=RANGE (key) PARTITION 1610612730 <= VALUES < 1879048185
I20260608 09:54:20.765867 16232 data_dirs.cc:400] Could only allocate 1 dirs of requested 3 for tablet de73df954ce84e2a9abe35326e849706. 1 dirs total, 0 dirs full, 0 dirs failed
I20260608 09:54:20.767632 16162 data_dirs.cc:400] Could only allocate 1 dirs of requested 3 for tablet 7c74b75554834ce6a810ad440eb3fb44. 1 dirs total, 0 dirs full, 0 dirs failed
I20260608 09:54:20.771600 16159 data_dirs.cc:400] Could only allocate 1 dirs of requested 3 for tablet 67fd8bf84e5b403c9985c11b26c7eafc. 1 dirs total, 0 dirs full, 0 dirs failed
I20260608 09:54:20.772234 16160 data_dirs.cc:400] Could only allocate 1 dirs of requested 3 for tablet 7705bf7135214fe89916ebe0806a86c6. 1 dirs total, 0 dirs full, 0 dirs failed
I20260608 09:54:20.772944 16157 data_dirs.cc:400] Could only allocate 1 dirs of requested 3 for tablet 1910779a733145b98b12b299cca8f83a. 1 dirs total, 0 dirs full, 0 dirs failed
I20260608 09:54:20.773571 16158 data_dirs.cc:400] Could only allocate 1 dirs of requested 3 for tablet de73df954ce84e2a9abe35326e849706. 1 dirs total, 0 dirs full, 0 dirs failed
I20260608 09:54:20.779537 16161 data_dirs.cc:400] Could only allocate 1 dirs of requested 3 for tablet db09ed52ba8248a49d92085a1216a8b4. 1 dirs total, 0 dirs full, 0 dirs failed
I20260608 09:54:20.789605 16082 tablet_service.cc:1511] Processing CreateTablet for tablet 1910779a733145b98b12b299cca8f83a (DEFAULT_TABLE table=test-workload [id=0c8efac6407747ecbe5086a8099d17dc]), partition=RANGE (key) PARTITION 1879048185 <= VALUES
I20260608 09:54:20.790970 16082 data_dirs.cc:400] Could only allocate 1 dirs of requested 3 for tablet 1910779a733145b98b12b299cca8f83a. 1 dirs total, 0 dirs full, 0 dirs failed
I20260608 09:54:20.819742 16293 tablet_bootstrap.cc:492] T 67fd8bf84e5b403c9985c11b26c7eafc P ffce98c18168416cbc33b40a2aaf37fc: Bootstrap starting.
I20260608 09:54:20.838245 16293 tablet_bootstrap.cc:654] T 67fd8bf84e5b403c9985c11b26c7eafc P ffce98c18168416cbc33b40a2aaf37fc: Neither blocks nor log segments found. Creating new log.
I20260608 09:54:20.868188 16294 tablet_bootstrap.cc:492] T da2f489c78384bceafa45e92c9e8b4ec P c4bfbcd197c74b21b994972acb1315cb: Bootstrap starting.
I20260608 09:54:20.890131 16295 tablet_bootstrap.cc:492] T 7c74b75554834ce6a810ad440eb3fb44 P 1ee6e14a5dbc4a488e29a4f1647475be: Bootstrap starting.
I20260608 09:54:20.890895 16293 tablet_bootstrap.cc:492] T 67fd8bf84e5b403c9985c11b26c7eafc P ffce98c18168416cbc33b40a2aaf37fc: No bootstrap required, opened a new log
I20260608 09:54:20.891359 16293 ts_tablet_manager.cc:1403] T 67fd8bf84e5b403c9985c11b26c7eafc P ffce98c18168416cbc33b40a2aaf37fc: Time spent bootstrapping tablet: real 0.072s	user 0.006s	sys 0.007s
I20260608 09:54:20.893512 16293 raft_consensus.cc:359] T 67fd8bf84e5b403c9985c11b26c7eafc P ffce98c18168416cbc33b40a2aaf37fc [term 0 FOLLOWER]: Replica starting. Triggering 0 pending ops. Active config: opid_index: -1 OBSOLETE_local: false peers { permanent_uuid: "1ee6e14a5dbc4a488e29a4f1647475be" member_type: VOTER last_known_addr { host: "127.15.17.65" port: 36071 } } peers { permanent_uuid: "c4bfbcd197c74b21b994972acb1315cb" member_type: VOTER last_known_addr { host: "127.15.17.66" port: 43783 } } peers { permanent_uuid: "ffce98c18168416cbc33b40a2aaf37fc" member_type: VOTER last_known_addr { host: "127.15.17.67" port: 41029 } }
I20260608 09:54:20.894034 16293 raft_consensus.cc:385] T 67fd8bf84e5b403c9985c11b26c7eafc P ffce98c18168416cbc33b40a2aaf37fc [term 0 FOLLOWER]: Consensus starting up: Expiring failure detector timer to make a prompt election more likely
I20260608 09:54:20.894304 16293 raft_consensus.cc:740] T 67fd8bf84e5b403c9985c11b26c7eafc P ffce98c18168416cbc33b40a2aaf37fc [term 0 FOLLOWER]: Becoming Follower/Learner. State: Replica: ffce98c18168416cbc33b40a2aaf37fc, State: Initialized, Role: FOLLOWER
I20260608 09:54:20.894972 16293 consensus_queue.cc:260] T 67fd8bf84e5b403c9985c11b26c7eafc P ffce98c18168416cbc33b40a2aaf37fc [NON_LEADER]: Queue going to NON_LEADER mode. State: All replicated index: 0, Majority replicated index: 0, Committed index: 0, Last appended: 0.0, Last appended by leader: 0, Current term: 0, Majority size: -1, State: 0, Mode: NON_LEADER, active raft config: opid_index: -1 OBSOLETE_local: false peers { permanent_uuid: "1ee6e14a5dbc4a488e29a4f1647475be" member_type: VOTER last_known_addr { host: "127.15.17.65" port: 36071 } } peers { permanent_uuid: "c4bfbcd197c74b21b994972acb1315cb" member_type: VOTER last_known_addr { host: "127.15.17.66" port: 43783 } } peers { permanent_uuid: "ffce98c18168416cbc33b40a2aaf37fc" member_type: VOTER last_known_addr { host: "127.15.17.67" port: 41029 } }
I20260608 09:54:20.895495 16294 tablet_bootstrap.cc:654] T da2f489c78384bceafa45e92c9e8b4ec P c4bfbcd197c74b21b994972acb1315cb: Neither blocks nor log segments found. Creating new log.
I20260608 09:54:20.895495 16295 tablet_bootstrap.cc:654] T 7c74b75554834ce6a810ad440eb3fb44 P 1ee6e14a5dbc4a488e29a4f1647475be: Neither blocks nor log segments found. Creating new log.
I20260608 09:54:20.897698 16293 ts_tablet_manager.cc:1434] T 67fd8bf84e5b403c9985c11b26c7eafc P ffce98c18168416cbc33b40a2aaf37fc: Time spent starting tablet: real 0.006s	user 0.005s	sys 0.000s
I20260608 09:54:20.898861 16293 tablet_bootstrap.cc:492] T 7c74b75554834ce6a810ad440eb3fb44 P ffce98c18168416cbc33b40a2aaf37fc: Bootstrap starting.
I20260608 09:54:20.907063 16293 tablet_bootstrap.cc:654] T 7c74b75554834ce6a810ad440eb3fb44 P ffce98c18168416cbc33b40a2aaf37fc: Neither blocks nor log segments found. Creating new log.
I20260608 09:54:20.921554 16294 tablet_bootstrap.cc:492] T da2f489c78384bceafa45e92c9e8b4ec P c4bfbcd197c74b21b994972acb1315cb: No bootstrap required, opened a new log
I20260608 09:54:20.921813 16293 tablet_bootstrap.cc:492] T 7c74b75554834ce6a810ad440eb3fb44 P ffce98c18168416cbc33b40a2aaf37fc: No bootstrap required, opened a new log
I20260608 09:54:20.922032 16294 ts_tablet_manager.cc:1403] T da2f489c78384bceafa45e92c9e8b4ec P c4bfbcd197c74b21b994972acb1315cb: Time spent bootstrapping tablet: real 0.054s	user 0.013s	sys 0.018s
I20260608 09:54:20.922245 16293 ts_tablet_manager.cc:1403] T 7c74b75554834ce6a810ad440eb3fb44 P ffce98c18168416cbc33b40a2aaf37fc: Time spent bootstrapping tablet: real 0.024s	user 0.021s	sys 0.000s
I20260608 09:54:20.922796 16295 tablet_bootstrap.cc:492] T 7c74b75554834ce6a810ad440eb3fb44 P 1ee6e14a5dbc4a488e29a4f1647475be: No bootstrap required, opened a new log
I20260608 09:54:20.923271 16295 ts_tablet_manager.cc:1403] T 7c74b75554834ce6a810ad440eb3fb44 P 1ee6e14a5dbc4a488e29a4f1647475be: Time spent bootstrapping tablet: real 0.033s	user 0.019s	sys 0.014s
I20260608 09:54:20.924546 16293 raft_consensus.cc:359] T 7c74b75554834ce6a810ad440eb3fb44 P ffce98c18168416cbc33b40a2aaf37fc [term 0 FOLLOWER]: Replica starting. Triggering 0 pending ops. Active config: opid_index: -1 OBSOLETE_local: false peers { permanent_uuid: "1ee6e14a5dbc4a488e29a4f1647475be" member_type: VOTER last_known_addr { host: "127.15.17.65" port: 36071 } } peers { permanent_uuid: "c4bfbcd197c74b21b994972acb1315cb" member_type: VOTER last_known_addr { host: "127.15.17.66" port: 43783 } } peers { permanent_uuid: "ffce98c18168416cbc33b40a2aaf37fc" member_type: VOTER last_known_addr { host: "127.15.17.67" port: 41029 } }
I20260608 09:54:20.925105 16293 raft_consensus.cc:385] T 7c74b75554834ce6a810ad440eb3fb44 P ffce98c18168416cbc33b40a2aaf37fc [term 0 FOLLOWER]: Consensus starting up: Expiring failure detector timer to make a prompt election more likely
I20260608 09:54:20.925448 16293 raft_consensus.cc:740] T 7c74b75554834ce6a810ad440eb3fb44 P ffce98c18168416cbc33b40a2aaf37fc [term 0 FOLLOWER]: Becoming Follower/Learner. State: Replica: ffce98c18168416cbc33b40a2aaf37fc, State: Initialized, Role: FOLLOWER
I20260608 09:54:20.924980 16294 raft_consensus.cc:359] T da2f489c78384bceafa45e92c9e8b4ec P c4bfbcd197c74b21b994972acb1315cb [term 0 FOLLOWER]: Replica starting. Triggering 0 pending ops. Active config: opid_index: -1 OBSOLETE_local: false peers { permanent_uuid: "c4bfbcd197c74b21b994972acb1315cb" member_type: VOTER last_known_addr { host: "127.15.17.66" port: 43783 } } peers { permanent_uuid: "ffce98c18168416cbc33b40a2aaf37fc" member_type: VOTER last_known_addr { host: "127.15.17.67" port: 41029 } } peers { permanent_uuid: "1ee6e14a5dbc4a488e29a4f1647475be" member_type: VOTER last_known_addr { host: "127.15.17.65" port: 36071 } }
I20260608 09:54:20.925845 16294 raft_consensus.cc:385] T da2f489c78384bceafa45e92c9e8b4ec P c4bfbcd197c74b21b994972acb1315cb [term 0 FOLLOWER]: Consensus starting up: Expiring failure detector timer to make a prompt election more likely
I20260608 09:54:20.925935 16295 raft_consensus.cc:359] T 7c74b75554834ce6a810ad440eb3fb44 P 1ee6e14a5dbc4a488e29a4f1647475be [term 0 FOLLOWER]: Replica starting. Triggering 0 pending ops. Active config: opid_index: -1 OBSOLETE_local: false peers { permanent_uuid: "1ee6e14a5dbc4a488e29a4f1647475be" member_type: VOTER last_known_addr { host: "127.15.17.65" port: 36071 } } peers { permanent_uuid: "c4bfbcd197c74b21b994972acb1315cb" member_type: VOTER last_known_addr { host: "127.15.17.66" port: 43783 } } peers { permanent_uuid: "ffce98c18168416cbc33b40a2aaf37fc" member_type: VOTER last_known_addr { host: "127.15.17.67" port: 41029 } }
I20260608 09:54:20.926222 16294 raft_consensus.cc:740] T da2f489c78384bceafa45e92c9e8b4ec P c4bfbcd197c74b21b994972acb1315cb [term 0 FOLLOWER]: Becoming Follower/Learner. State: Replica: c4bfbcd197c74b21b994972acb1315cb, State: Initialized, Role: FOLLOWER
I20260608 09:54:20.926668 16295 raft_consensus.cc:385] T 7c74b75554834ce6a810ad440eb3fb44 P 1ee6e14a5dbc4a488e29a4f1647475be [term 0 FOLLOWER]: Consensus starting up: Expiring failure detector timer to make a prompt election more likely
I20260608 09:54:20.926218 16293 consensus_queue.cc:260] T 7c74b75554834ce6a810ad440eb3fb44 P ffce98c18168416cbc33b40a2aaf37fc [NON_LEADER]: Queue going to NON_LEADER mode. State: All replicated index: 0, Majority replicated index: 0, Committed index: 0, Last appended: 0.0, Last appended by leader: 0, Current term: 0, Majority size: -1, State: 0, Mode: NON_LEADER, active raft config: opid_index: -1 OBSOLETE_local: false peers { permanent_uuid: "1ee6e14a5dbc4a488e29a4f1647475be" member_type: VOTER last_known_addr { host: "127.15.17.65" port: 36071 } } peers { permanent_uuid: "c4bfbcd197c74b21b994972acb1315cb" member_type: VOTER last_known_addr { host: "127.15.17.66" port: 43783 } } peers { permanent_uuid: "ffce98c18168416cbc33b40a2aaf37fc" member_type: VOTER last_known_addr { host: "127.15.17.67" port: 41029 } }
I20260608 09:54:20.927048 16295 raft_consensus.cc:740] T 7c74b75554834ce6a810ad440eb3fb44 P 1ee6e14a5dbc4a488e29a4f1647475be [term 0 FOLLOWER]: Becoming Follower/Learner. State: Replica: 1ee6e14a5dbc4a488e29a4f1647475be, State: Initialized, Role: FOLLOWER
I20260608 09:54:20.927165 16294 consensus_queue.cc:260] T da2f489c78384bceafa45e92c9e8b4ec P c4bfbcd197c74b21b994972acb1315cb [NON_LEADER]: Queue going to NON_LEADER mode. State: All replicated index: 0, Majority replicated index: 0, Committed index: 0, Last appended: 0.0, Last appended by leader: 0, Current term: 0, Majority size: -1, State: 0, Mode: NON_LEADER, active raft config: opid_index: -1 OBSOLETE_local: false peers { permanent_uuid: "c4bfbcd197c74b21b994972acb1315cb" member_type: VOTER last_known_addr { host: "127.15.17.66" port: 43783 } } peers { permanent_uuid: "ffce98c18168416cbc33b40a2aaf37fc" member_type: VOTER last_known_addr { host: "127.15.17.67" port: 41029 } } peers { permanent_uuid: "1ee6e14a5dbc4a488e29a4f1647475be" member_type: VOTER last_known_addr { host: "127.15.17.65" port: 36071 } }
