I20260608 09:54:10.870986 29450 data_dirs.cc:400] Could only allocate 1 dirs of requested 3 for tablet 00000000000000000000000000000000. 1 dirs total, 0 dirs full, 0 dirs failed
I20260608 09:54:10.871101 28241 file_cache.cc:492] Constructed file cache file cache with capacity 419430
W20260608 09:54:10.877239 29452 instance_detector.cc:116] could not retrieve AWS instance metadata: Network error: curl error: HTTP response code said error: The requested URL returned error: 404
I20260608 09:54:10.879422 29385 consensus_peers.cc:770] Retrying to get permanent uuid for remote peer: member_type: VOTER last_known_addr { host: "127.27.148.125" port: 39857 } attempt: 2
W20260608 09:54:10.880196 29453 instance_detector.cc:116] could not retrieve Azure instance metadata: Network error: curl error: HTTP response code said error: The requested URL returned error: 404
I20260608 09:54:10.880312 29450 sys_catalog.cc:422] member_type: VOTER last_known_addr { host: "127.27.148.126" port: 42551 } has no permanent_uuid. Determining permanent_uuid...
I20260608 09:54:10.881799 28241 server_base.cc:1061] running on GCE node
W20260608 09:54:10.884584 29455 instance_detector.cc:116] could not retrieve OpenStack instance metadata: Network error: curl error: HTTP response code said error: The requested URL returned error: 404
I20260608 09:54:10.885778 28241 hybrid_clock.cc:584] initializing the hybrid clock with 'system_unsync' time source
W20260608 09:54:10.886056 28241 system_unsync_time.cc:38] NTP support is disabled. Clock error bounds will not be accurate. This configuration is not suitable for distributed clusters.
I20260608 09:54:10.886286 28241 hybrid_clock.cc:648] HybridClock initialized: now 1780912450886265 us; error 0 us; skew 500 ppm
I20260608 09:54:10.887096 28241 server_base.cc:861] Flag tcmalloc_max_total_thread_cache_bytes is not working since tcmalloc is not enabled.
I20260608 09:54:10.891320 28241 webserver.cc:533] Webserver started at http://127.27.148.124:43571/ using document root <none> and password file <none>
I20260608 09:54:10.892091 28241 fs_manager.cc:362] Metadata directory not provided
I20260608 09:54:10.892417 28241 fs_manager.cc:368] Using write-ahead log directory (fs_wal_dir) as metadata directory
I20260608 09:54:10.892773 28241 server_base.cc:909] This appears to be a new deployment of Kudu; creating new FS layout
I20260608 09:54:10.894410 28241 fs_manager.cc:1068] Generated new instance metadata in path /tmp/dist-test-taskUfRQvW/test-tmp/auto_rebalancer-test.0.AutoRebalancerTest.NextLeaderResumesAutoRebalancing.1780912434734816-28241-0/minicluster-data/master-2-root/instance:
uuid: "28567683477e4d13bc4cd00059d44461"
format_stamp: "Formatted at 2026-06-08 09:54:10 on dist-test-slave-zdgq"
I20260608 09:54:10.894541 29450 sys_catalog.cc:422] member_type: VOTER last_known_addr { host: "127.27.148.125" port: 39857 } has no permanent_uuid. Determining permanent_uuid...
I20260608 09:54:10.896829 29385 sys_catalog.cc:422] member_type: VOTER last_known_addr { host: "127.27.148.124" port: 36939 } has no permanent_uuid. Determining permanent_uuid...
I20260608 09:54:10.901166 28241 fs_manager.cc:696] Time spent creating directory manager: real 0.006s	user 0.007s	sys 0.000s
W20260608 09:54:10.902725 29385 consensus_peers.cc:760] Error getting permanent uuid from config peer 127.27.148.124:36939: Network error: Client connection negotiation failed: client connection to 127.27.148.124:36939: connect: Connection refused (error 111)
I20260608 09:54:10.906435 29462 log_block_manager.cc:4031] Time spent loading block containers with low live blocks: real 0.000s	user 0.000s	sys 0.000s
I20260608 09:54:10.907418 28241 fs_manager.cc:730] Time spent opening block manager: real 0.003s	user 0.004s	sys 0.000s
I20260608 09:54:10.907779 28241 fs_manager.cc:647] Opened local filesystem: /tmp/dist-test-taskUfRQvW/test-tmp/auto_rebalancer-test.0.AutoRebalancerTest.NextLeaderResumesAutoRebalancing.1780912434734816-28241-0/minicluster-data/master-2-root
uuid: "28567683477e4d13bc4cd00059d44461"
format_stamp: "Formatted at 2026-06-08 09:54:10 on dist-test-slave-zdgq"
I20260608 09:54:10.908036 29450 sys_catalog.cc:422] member_type: VOTER last_known_addr { host: "127.27.148.124" port: 36939 } has no permanent_uuid. Determining permanent_uuid...
I20260608 09:54:10.908102 28241 fs_report.cc:389] FS layout report
--------------------
wal directory: /tmp/dist-test-taskUfRQvW/test-tmp/auto_rebalancer-test.0.AutoRebalancerTest.NextLeaderResumesAutoRebalancing.1780912434734816-28241-0/minicluster-data/master-2-root
metadata directory: /tmp/dist-test-taskUfRQvW/test-tmp/auto_rebalancer-test.0.AutoRebalancerTest.NextLeaderResumesAutoRebalancing.1780912434734816-28241-0/minicluster-data/master-2-root
1 data directories: /tmp/dist-test-taskUfRQvW/test-tmp/auto_rebalancer-test.0.AutoRebalancerTest.NextLeaderResumesAutoRebalancing.1780912434734816-28241-0/minicluster-data/master-2-root/data
Total live blocks: 0
Total live bytes: 0
Total live bytes (after alignment): 0
Total number of LBM containers: 0 (0 full)
Did not check for missing blocks
Did not check for orphaned blocks
Total full LBM containers with extra space: 0 (0 repaired)
Total full LBM container extra space in bytes: 0 (0 repaired)
Total incomplete LBM containers: 0 (0 repaired)
Total LBM partial records: 0 (0 repaired)
Total corrupted LBM metadata records in RocksDB: 0 (0 repaired)
W20260608 09:54:10.914990 29450 consensus_peers.cc:760] Error getting permanent uuid from config peer 127.27.148.124:36939: Network error: Client connection negotiation failed: client connection to 127.27.148.124:36939: connect: Connection refused (error 111)
I20260608 09:54:10.923305 28241 rpc_server.cc:225] running with OpenSSL 1.1.1  11 Sep 2018
I20260608 09:54:10.924582 28241 kserver.cc:163] Server-wide thread pool size limit: 3276
I20260608 09:54:10.952560 29450 consensus_peers.cc:770] Retrying to get permanent uuid for remote peer: member_type: VOTER last_known_addr { host: "127.27.148.124" port: 36939 } attempt: 1
I20260608 09:54:10.957384 29385 consensus_peers.cc:770] Retrying to get permanent uuid for remote peer: member_type: VOTER last_known_addr { host: "127.27.148.124" port: 36939 } attempt: 1
W20260608 09:54:10.959575 29450 consensus_peers.cc:760] Error getting permanent uuid from config peer 127.27.148.124:36939: Network error: Client connection negotiation failed: client connection to 127.27.148.124:36939: connect: Connection refused (error 111)
W20260608 09:54:10.963241 29385 consensus_peers.cc:760] Error getting permanent uuid from config peer 127.27.148.124:36939: Network error: Client connection negotiation failed: client connection to 127.27.148.124:36939: connect: Connection refused (error 111)
I20260608 09:54:10.967818 28241 rpc_server.cc:307] RPC server started. Bound to: 127.27.148.124:36939
I20260608 09:54:10.967990 29514 acceptor_pool.cc:272] collecting diagnostics on the listening RPC socket 127.27.148.124:36939 every 8 connection(s)
I20260608 09:54:10.971376 28241 internal_mini_cluster.cc:184] Waiting to initialize catalog manager on master 0
I20260608 09:54:10.972384 29515 data_dirs.cc:400] Could only allocate 1 dirs of requested 3 for tablet 00000000000000000000000000000000. 1 dirs total, 0 dirs full, 0 dirs failed
I20260608 09:54:10.978448 29515 sys_catalog.cc:422] member_type: VOTER last_known_addr { host: "127.27.148.126" port: 42551 } has no permanent_uuid. Determining permanent_uuid...
I20260608 09:54:10.990305 29515 sys_catalog.cc:422] member_type: VOTER last_known_addr { host: "127.27.148.125" port: 39857 } has no permanent_uuid. Determining permanent_uuid...
I20260608 09:54:11.001770 29515 sys_catalog.cc:422] member_type: VOTER last_known_addr { host: "127.27.148.124" port: 36939 } has no permanent_uuid. Determining permanent_uuid...
I20260608 09:54:11.001899 29385 consensus_peers.cc:770] Retrying to get permanent uuid for remote peer: member_type: VOTER last_known_addr { host: "127.27.148.124" port: 36939 } attempt: 2
I20260608 09:54:11.023072 29385 tablet_bootstrap.cc:492] T 00000000000000000000000000000000 P dadcc07007044c4e8c549b66ac8b990c: Bootstrap starting.
I20260608 09:54:11.024436 29515 tablet_bootstrap.cc:492] T 00000000000000000000000000000000 P 28567683477e4d13bc4cd00059d44461: Bootstrap starting.
I20260608 09:54:11.028278 29385 tablet_bootstrap.cc:654] T 00000000000000000000000000000000 P dadcc07007044c4e8c549b66ac8b990c: Neither blocks nor log segments found. Creating new log.
I20260608 09:54:11.029754 29515 tablet_bootstrap.cc:654] T 00000000000000000000000000000000 P 28567683477e4d13bc4cd00059d44461: Neither blocks nor log segments found. Creating new log.
I20260608 09:54:11.031345 29450 consensus_peers.cc:770] Retrying to get permanent uuid for remote peer: member_type: VOTER last_known_addr { host: "127.27.148.124" port: 36939 } attempt: 2
I20260608 09:54:11.033890 29385 tablet_bootstrap.cc:492] T 00000000000000000000000000000000 P dadcc07007044c4e8c549b66ac8b990c: No bootstrap required, opened a new log
I20260608 09:54:11.037017 29385 raft_consensus.cc:359] T 00000000000000000000000000000000 P dadcc07007044c4e8c549b66ac8b990c [term 0 FOLLOWER]: Replica starting. Triggering 0 pending ops. Active config: opid_index: -1 OBSOLETE_local: false peers { permanent_uuid: "dadcc07007044c4e8c549b66ac8b990c" member_type: VOTER last_known_addr { host: "127.27.148.126" port: 42551 } } peers { permanent_uuid: "6591c141a2bc46b990acc44590773316" member_type: VOTER last_known_addr { host: "127.27.148.125" port: 39857 } } peers { permanent_uuid: "28567683477e4d13bc4cd00059d44461" member_type: VOTER last_known_addr { host: "127.27.148.124" port: 36939 } }
I20260608 09:54:11.037374 29515 tablet_bootstrap.cc:492] T 00000000000000000000000000000000 P 28567683477e4d13bc4cd00059d44461: No bootstrap required, opened a new log
I20260608 09:54:11.037688 29385 raft_consensus.cc:385] T 00000000000000000000000000000000 P dadcc07007044c4e8c549b66ac8b990c [term 0 FOLLOWER]: Consensus starting up: Expiring failure detector timer to make a prompt election more likely
I20260608 09:54:11.037999 29385 raft_consensus.cc:740] T 00000000000000000000000000000000 P dadcc07007044c4e8c549b66ac8b990c [term 0 FOLLOWER]: Becoming Follower/Learner. State: Replica: dadcc07007044c4e8c549b66ac8b990c, State: Initialized, Role: FOLLOWER
I20260608 09:54:11.038707 29385 consensus_queue.cc:260] T 00000000000000000000000000000000 P dadcc07007044c4e8c549b66ac8b990c [NON_LEADER]: Queue going to NON_LEADER mode. State: All replicated index: 0, Majority replicated index: 0, Committed index: 0, Last appended: 0.0, Last appended by leader: 0, Current term: 0, Majority size: -1, State: 0, Mode: NON_LEADER, active raft config: opid_index: -1 OBSOLETE_local: false peers { permanent_uuid: "dadcc07007044c4e8c549b66ac8b990c" member_type: VOTER last_known_addr { host: "127.27.148.126" port: 42551 } } peers { permanent_uuid: "6591c141a2bc46b990acc44590773316" member_type: VOTER last_known_addr { host: "127.27.148.125" port: 39857 } } peers { permanent_uuid: "28567683477e4d13bc4cd00059d44461" member_type: VOTER last_known_addr { host: "127.27.148.124" port: 36939 } }
I20260608 09:54:11.040553 29515 raft_consensus.cc:359] T 00000000000000000000000000000000 P 28567683477e4d13bc4cd00059d44461 [term 0 FOLLOWER]: Replica starting. Triggering 0 pending ops. Active config: opid_index: -1 OBSOLETE_local: false peers { permanent_uuid: "dadcc07007044c4e8c549b66ac8b990c" member_type: VOTER last_known_addr { host: "127.27.148.126" port: 42551 } } peers { permanent_uuid: "6591c141a2bc46b990acc44590773316" member_type: VOTER last_known_addr { host: "127.27.148.125" port: 39857 } } peers { permanent_uuid: "28567683477e4d13bc4cd00059d44461" member_type: VOTER last_known_addr { host: "127.27.148.124" port: 36939 } }
I20260608 09:54:11.041302 29515 raft_consensus.cc:385] T 00000000000000000000000000000000 P 28567683477e4d13bc4cd00059d44461 [term 0 FOLLOWER]: Consensus starting up: Expiring failure detector timer to make a prompt election more likely
I20260608 09:54:11.041663 29515 raft_consensus.cc:740] T 00000000000000000000000000000000 P 28567683477e4d13bc4cd00059d44461 [term 0 FOLLOWER]: Becoming Follower/Learner. State: Replica: 28567683477e4d13bc4cd00059d44461, State: Initialized, Role: FOLLOWER
I20260608 09:54:11.041960 29522 sys_catalog.cc:455] T 00000000000000000000000000000000 P dadcc07007044c4e8c549b66ac8b990c [sys.catalog]: SysCatalogTable state changed. Reason: RaftConsensus started. Latest consensus state: current_term: 0 committed_config { opid_index: -1 OBSOLETE_local: false peers { permanent_uuid: "dadcc07007044c4e8c549b66ac8b990c" member_type: VOTER last_known_addr { host: "127.27.148.126" port: 42551 } } peers { permanent_uuid: "6591c141a2bc46b990acc44590773316" member_type: VOTER last_known_addr { host: "127.27.148.125" port: 39857 } } peers { permanent_uuid: "28567683477e4d13bc4cd00059d44461" member_type: VOTER last_known_addr { host: "127.27.148.124" port: 36939 } } }
I20260608 09:54:11.042835 29522 sys_catalog.cc:458] T 00000000000000000000000000000000 P dadcc07007044c4e8c549b66ac8b990c [sys.catalog]: This master's current role is: FOLLOWER
I20260608 09:54:11.042518 29515 consensus_queue.cc:260] T 00000000000000000000000000000000 P 28567683477e4d13bc4cd00059d44461 [NON_LEADER]: Queue going to NON_LEADER mode. State: All replicated index: 0, Majority replicated index: 0, Committed index: 0, Last appended: 0.0, Last appended by leader: 0, Current term: 0, Majority size: -1, State: 0, Mode: NON_LEADER, active raft config: opid_index: -1 OBSOLETE_local: false peers { permanent_uuid: "dadcc07007044c4e8c549b66ac8b990c" member_type: VOTER last_known_addr { host: "127.27.148.126" port: 42551 } } peers { permanent_uuid: "6591c141a2bc46b990acc44590773316" member_type: VOTER last_known_addr { host: "127.27.148.125" port: 39857 } } peers { permanent_uuid: "28567683477e4d13bc4cd00059d44461" member_type: VOTER last_known_addr { host: "127.27.148.124" port: 36939 } }
I20260608 09:54:11.043735 29385 sys_catalog.cc:565] T 00000000000000000000000000000000 P dadcc07007044c4e8c549b66ac8b990c [sys.catalog]: configured and running, proceeding with master startup.
I20260608 09:54:11.045075 29523 sys_catalog.cc:455] T 00000000000000000000000000000000 P 28567683477e4d13bc4cd00059d44461 [sys.catalog]: SysCatalogTable state changed. Reason: RaftConsensus started. Latest consensus state: current_term: 0 committed_config { opid_index: -1 OBSOLETE_local: false peers { permanent_uuid: "dadcc07007044c4e8c549b66ac8b990c" member_type: VOTER last_known_addr { host: "127.27.148.126" port: 42551 } } peers { permanent_uuid: "6591c141a2bc46b990acc44590773316" member_type: VOTER last_known_addr { host: "127.27.148.125" port: 39857 } } peers { permanent_uuid: "28567683477e4d13bc4cd00059d44461" member_type: VOTER last_known_addr { host: "127.27.148.124" port: 36939 } } }
I20260608 09:54:11.045961 29523 sys_catalog.cc:458] T 00000000000000000000000000000000 P 28567683477e4d13bc4cd00059d44461 [sys.catalog]: This master's current role is: FOLLOWER
I20260608 09:54:11.046753 29515 sys_catalog.cc:565] T 00000000000000000000000000000000 P 28567683477e4d13bc4cd00059d44461 [sys.catalog]: configured and running, proceeding with master startup.
I20260608 09:54:11.056082 29450 tablet_bootstrap.cc:492] T 00000000000000000000000000000000 P 6591c141a2bc46b990acc44590773316: Bootstrap starting.
I20260608 09:54:11.064792 28241 internal_mini_cluster.cc:184] Waiting to initialize catalog manager on master 1
I20260608 09:54:11.065629 29450 tablet_bootstrap.cc:654] T 00000000000000000000000000000000 P 6591c141a2bc46b990acc44590773316: Neither blocks nor log segments found. Creating new log.
W20260608 09:54:11.070468 29540 catalog_manager.cc:1593] T 00000000000000000000000000000000 P dadcc07007044c4e8c549b66ac8b990c: loading cluster ID for follower catalog manager: Not found: cluster ID entry not found
W20260608 09:54:11.070847 29540 catalog_manager.cc:883] Not found: cluster ID entry not found: failed to prepare follower catalog manager, will retry
W20260608 09:54:11.073436 29545 catalog_manager.cc:1593] T 00000000000000000000000000000000 P 28567683477e4d13bc4cd00059d44461: loading cluster ID for follower catalog manager: Not found: cluster ID entry not found
I20260608 09:54:11.073771 29450 tablet_bootstrap.cc:492] T 00000000000000000000000000000000 P 6591c141a2bc46b990acc44590773316: No bootstrap required, opened a new log
W20260608 09:54:11.073838 29545 catalog_manager.cc:883] Not found: cluster ID entry not found: failed to prepare follower catalog manager, will retry
I20260608 09:54:11.076304 29450 raft_consensus.cc:359] T 00000000000000000000000000000000 P 6591c141a2bc46b990acc44590773316 [term 0 FOLLOWER]: Replica starting. Triggering 0 pending ops. Active config: opid_index: -1 OBSOLETE_local: false peers { permanent_uuid: "dadcc07007044c4e8c549b66ac8b990c" member_type: VOTER last_known_addr { host: "127.27.148.126" port: 42551 } } peers { permanent_uuid: "6591c141a2bc46b990acc44590773316" member_type: VOTER last_known_addr { host: "127.27.148.125" port: 39857 } } peers { permanent_uuid: "28567683477e4d13bc4cd00059d44461" member_type: VOTER last_known_addr { host: "127.27.148.124" port: 36939 } }
I20260608 09:54:11.076848 29450 raft_consensus.cc:385] T 00000000000000000000000000000000 P 6591c141a2bc46b990acc44590773316 [term 0 FOLLOWER]: Consensus starting up: Expiring failure detector timer to make a prompt election more likely
I20260608 09:54:11.077039 29450 raft_consensus.cc:740] T 00000000000000000000000000000000 P 6591c141a2bc46b990acc44590773316 [term 0 FOLLOWER]: Becoming Follower/Learner. State: Replica: 6591c141a2bc46b990acc44590773316, State: Initialized, Role: FOLLOWER
I20260608 09:54:11.077730 29450 consensus_queue.cc:260] T 00000000000000000000000000000000 P 6591c141a2bc46b990acc44590773316 [NON_LEADER]: Queue going to NON_LEADER mode. State: All replicated index: 0, Majority replicated index: 0, Committed index: 0, Last appended: 0.0, Last appended by leader: 0, Current term: 0, Majority size: -1, State: 0, Mode: NON_LEADER, active raft config: opid_index: -1 OBSOLETE_local: false peers { permanent_uuid: "dadcc07007044c4e8c549b66ac8b990c" member_type: VOTER last_known_addr { host: "127.27.148.126" port: 42551 } } peers { permanent_uuid: "6591c141a2bc46b990acc44590773316" member_type: VOTER last_known_addr { host: "127.27.148.125" port: 39857 } } peers { permanent_uuid: "28567683477e4d13bc4cd00059d44461" member_type: VOTER last_known_addr { host: "127.27.148.124" port: 36939 } }
I20260608 09:54:11.079504 29547 sys_catalog.cc:455] T 00000000000000000000000000000000 P 6591c141a2bc46b990acc44590773316 [sys.catalog]: SysCatalogTable state changed. Reason: RaftConsensus started. Latest consensus state: current_term: 0 committed_config { opid_index: -1 OBSOLETE_local: false peers { permanent_uuid: "dadcc07007044c4e8c549b66ac8b990c" member_type: VOTER last_known_addr { host: "127.27.148.126" port: 42551 } } peers { permanent_uuid: "6591c141a2bc46b990acc44590773316" member_type: VOTER last_known_addr { host: "127.27.148.125" port: 39857 } } peers { permanent_uuid: "28567683477e4d13bc4cd00059d44461" member_type: VOTER last_known_addr { host: "127.27.148.124" port: 36939 } } }
I20260608 09:54:11.080087 29547 sys_catalog.cc:458] T 00000000000000000000000000000000 P 6591c141a2bc46b990acc44590773316 [sys.catalog]: This master's current role is: FOLLOWER
I20260608 09:54:11.080695 29450 sys_catalog.cc:565] T 00000000000000000000000000000000 P 6591c141a2bc46b990acc44590773316 [sys.catalog]: configured and running, proceeding with master startup.
I20260608 09:54:11.092549 28241 internal_mini_cluster.cc:184] Waiting to initialize catalog manager on master 2
I20260608 09:54:11.094765 28241 file_cache.cc:492] Constructed file cache file cache with capacity 419430
W20260608 09:54:11.097292 29558 catalog_manager.cc:1593] T 00000000000000000000000000000000 P 6591c141a2bc46b990acc44590773316: loading cluster ID for follower catalog manager: Not found: cluster ID entry not found
W20260608 09:54:11.097708 29558 catalog_manager.cc:883] Not found: cluster ID entry not found: failed to prepare follower catalog manager, will retry
W20260608 09:54:11.103596 29560 instance_detector.cc:116] could not retrieve Azure instance metadata: Network error: curl error: HTTP response code said error: The requested URL returned error: 404
W20260608 09:54:11.102805 29559 instance_detector.cc:116] could not retrieve AWS instance metadata: Network error: curl error: HTTP response code said error: The requested URL returned error: 404
W20260608 09:54:11.105046 29562 instance_detector.cc:116] could not retrieve OpenStack instance metadata: Network error: curl error: HTTP response code said error: The requested URL returned error: 404
I20260608 09:54:11.105767 28241 server_base.cc:1061] running on GCE node
I20260608 09:54:11.106616 28241 hybrid_clock.cc:584] initializing the hybrid clock with 'system_unsync' time source
W20260608 09:54:11.106869 28241 system_unsync_time.cc:38] NTP support is disabled. Clock error bounds will not be accurate. This configuration is not suitable for distributed clusters.
I20260608 09:54:11.107059 28241 hybrid_clock.cc:648] HybridClock initialized: now 1780912451107043 us; error 0 us; skew 500 ppm
I20260608 09:54:11.107703 28241 server_base.cc:861] Flag tcmalloc_max_total_thread_cache_bytes is not working since tcmalloc is not enabled.
I20260608 09:54:11.110425 28241 webserver.cc:533] Webserver started at http://127.27.148.65:44285/ using document root <none> and password file <none>
I20260608 09:54:11.110985 28241 fs_manager.cc:362] Metadata directory not provided
I20260608 09:54:11.111212 28241 fs_manager.cc:368] Using write-ahead log directory (fs_wal_dir) as metadata directory
I20260608 09:54:11.111503 28241 server_base.cc:909] This appears to be a new deployment of Kudu; creating new FS layout
I20260608 09:54:11.112748 28241 fs_manager.cc:1068] Generated new instance metadata in path /tmp/dist-test-taskUfRQvW/test-tmp/auto_rebalancer-test.0.AutoRebalancerTest.NextLeaderResumesAutoRebalancing.1780912434734816-28241-0/minicluster-data/ts-0-root/instance:
uuid: "5f7624be42ae45f3857f4e8d7335c24c"
format_stamp: "Formatted at 2026-06-08 09:54:11 on dist-test-slave-zdgq"
I20260608 09:54:11.117715 28241 fs_manager.cc:696] Time spent creating directory manager: real 0.004s	user 0.007s	sys 0.000s
I20260608 09:54:11.121639 29567 log_block_manager.cc:4031] Time spent loading block containers with low live blocks: real 0.000s	user 0.000s	sys 0.000s
I20260608 09:54:11.122442 28241 fs_manager.cc:730] Time spent opening block manager: real 0.003s	user 0.004s	sys 0.000s
I20260608 09:54:11.122767 28241 fs_manager.cc:647] Opened local filesystem: /tmp/dist-test-taskUfRQvW/test-tmp/auto_rebalancer-test.0.AutoRebalancerTest.NextLeaderResumesAutoRebalancing.1780912434734816-28241-0/minicluster-data/ts-0-root
uuid: "5f7624be42ae45f3857f4e8d7335c24c"
format_stamp: "Formatted at 2026-06-08 09:54:11 on dist-test-slave-zdgq"
I20260608 09:54:11.123085 28241 fs_report.cc:389] FS layout report
--------------------
wal directory: /tmp/dist-test-taskUfRQvW/test-tmp/auto_rebalancer-test.0.AutoRebalancerTest.NextLeaderResumesAutoRebalancing.1780912434734816-28241-0/minicluster-data/ts-0-root
metadata directory: /tmp/dist-test-taskUfRQvW/test-tmp/auto_rebalancer-test.0.AutoRebalancerTest.NextLeaderResumesAutoRebalancing.1780912434734816-28241-0/minicluster-data/ts-0-root
1 data directories: /tmp/dist-test-taskUfRQvW/test-tmp/auto_rebalancer-test.0.AutoRebalancerTest.NextLeaderResumesAutoRebalancing.1780912434734816-28241-0/minicluster-data/ts-0-root/data
Total live blocks: 0
Total live bytes: 0
Total live bytes (after alignment): 0
Total number of LBM containers: 0 (0 full)
Did not check for missing blocks
Did not check for orphaned blocks
Total full LBM containers with extra space: 0 (0 repaired)
Total full LBM container extra space in bytes: 0 (0 repaired)
Total incomplete LBM containers: 0 (0 repaired)
Total LBM partial records: 0 (0 repaired)
Total corrupted LBM metadata records in RocksDB: 0 (0 repaired)
I20260608 09:54:11.128156 29547 raft_consensus.cc:493] T 00000000000000000000000000000000 P 6591c141a2bc46b990acc44590773316 [term 0 FOLLOWER]: Starting pre-election (no leader contacted us within the election timeout)
I20260608 09:54:11.128681 29547 raft_consensus.cc:515] T 00000000000000000000000000000000 P 6591c141a2bc46b990acc44590773316 [term 0 FOLLOWER]: Starting pre-election with config: opid_index: -1 OBSOLETE_local: false peers { permanent_uuid: "dadcc07007044c4e8c549b66ac8b990c" member_type: VOTER last_known_addr { host: "127.27.148.126" port: 42551 } } peers { permanent_uuid: "6591c141a2bc46b990acc44590773316" member_type: VOTER last_known_addr { host: "127.27.148.125" port: 39857 } } peers { permanent_uuid: "28567683477e4d13bc4cd00059d44461" member_type: VOTER last_known_addr { host: "127.27.148.124" port: 36939 } }
I20260608 09:54:11.130613 29547 leader_election.cc:290] T 00000000000000000000000000000000 P 6591c141a2bc46b990acc44590773316 [CANDIDATE]: Term 1 pre-election: Requested pre-vote from peers dadcc07007044c4e8c549b66ac8b990c (127.27.148.126:42551), 28567683477e4d13bc4cd00059d44461 (127.27.148.124:36939)
I20260608 09:54:11.131587 29360 tablet_service.cc:1917] Received RequestConsensusVote() RPC: tablet_id: "00000000000000000000000000000000" candidate_uuid: "6591c141a2bc46b990acc44590773316" candidate_term: 1 candidate_status { last_received { term: 0 index: 0 } } ignore_live_leader: false dest_uuid: "dadcc07007044c4e8c549b66ac8b990c" is_pre_election: true
I20260608 09:54:11.131867 29490 tablet_service.cc:1917] Received RequestConsensusVote() RPC: tablet_id: "00000000000000000000000000000000" candidate_uuid: "6591c141a2bc46b990acc44590773316" candidate_term: 1 candidate_status { last_received { term: 0 index: 0 } } ignore_live_leader: false dest_uuid: "28567683477e4d13bc4cd00059d44461" is_pre_election: true
I20260608 09:54:11.132329 29360 raft_consensus.cc:2468] T 00000000000000000000000000000000 P dadcc07007044c4e8c549b66ac8b990c [term 0 FOLLOWER]: Leader pre-election vote request: Granting yes vote for candidate 6591c141a2bc46b990acc44590773316 in term 0.
I20260608 09:54:11.132503 29490 raft_consensus.cc:2468] T 00000000000000000000000000000000 P 28567683477e4d13bc4cd00059d44461 [term 0 FOLLOWER]: Leader pre-election vote request: Granting yes vote for candidate 6591c141a2bc46b990acc44590773316 in term 0.
I20260608 09:54:11.133826 29401 leader_election.cc:304] T 00000000000000000000000000000000 P 6591c141a2bc46b990acc44590773316 [CANDIDATE]: Term 1 pre-election: Election decided. Result: candidate won. Election summary: received 2 responses out of 3 voters: 2 yes votes; 0 no votes. yes voters: 6591c141a2bc46b990acc44590773316, dadcc07007044c4e8c549b66ac8b990c; no voters: 
I20260608 09:54:11.134562 29547 raft_consensus.cc:2804] T 00000000000000000000000000000000 P 6591c141a2bc46b990acc44590773316 [term 0 FOLLOWER]: Leader pre-election won for term 1
I20260608 09:54:11.134924 29547 raft_consensus.cc:493] T 00000000000000000000000000000000 P 6591c141a2bc46b990acc44590773316 [term 0 FOLLOWER]: Starting leader election (no leader contacted us within the election timeout)
I20260608 09:54:11.135272 29547 raft_consensus.cc:3060] T 00000000000000000000000000000000 P 6591c141a2bc46b990acc44590773316 [term 0 FOLLOWER]: Advancing to term 1
I20260608 09:54:11.140300 29547 raft_consensus.cc:515] T 00000000000000000000000000000000 P 6591c141a2bc46b990acc44590773316 [term 1 FOLLOWER]: Starting leader election with config: opid_index: -1 OBSOLETE_local: false peers { permanent_uuid: "dadcc07007044c4e8c549b66ac8b990c" member_type: VOTER last_known_addr { host: "127.27.148.126" port: 42551 } } peers { permanent_uuid: "6591c141a2bc46b990acc44590773316" member_type: VOTER last_known_addr { host: "127.27.148.125" port: 39857 } } peers { permanent_uuid: "28567683477e4d13bc4cd00059d44461" member_type: VOTER last_known_addr { host: "127.27.148.124" port: 36939 } }
I20260608 09:54:11.141201 28241 rpc_server.cc:225] running with OpenSSL 1.1.1  11 Sep 2018
I20260608 09:54:11.142292 29547 leader_election.cc:290] T 00000000000000000000000000000000 P 6591c141a2bc46b990acc44590773316 [CANDIDATE]: Term 1 election: Requested vote from peers dadcc07007044c4e8c549b66ac8b990c (127.27.148.126:42551), 28567683477e4d13bc4cd00059d44461 (127.27.148.124:36939)
I20260608 09:54:11.142926 28241 kserver.cc:163] Server-wide thread pool size limit: 3276
I20260608 09:54:11.143162 29360 tablet_service.cc:1917] Received RequestConsensusVote() RPC: tablet_id: "00000000000000000000000000000000" candidate_uuid: "6591c141a2bc46b990acc44590773316" candidate_term: 1 candidate_status { last_received { term: 0 index: 0 } } ignore_live_leader: false dest_uuid: "dadcc07007044c4e8c549b66ac8b990c"
I20260608 09:54:11.143407 29490 tablet_service.cc:1917] Received RequestConsensusVote() RPC: tablet_id: "00000000000000000000000000000000" candidate_uuid: "6591c141a2bc46b990acc44590773316" candidate_term: 1 candidate_status { last_received { term: 0 index: 0 } } ignore_live_leader: false dest_uuid: "28567683477e4d13bc4cd00059d44461"
I20260608 09:54:11.143805 29360 raft_consensus.cc:3060] T 00000000000000000000000000000000 P dadcc07007044c4e8c549b66ac8b990c [term 0 FOLLOWER]: Advancing to term 1
I20260608 09:54:11.143956 29490 raft_consensus.cc:3060] T 00000000000000000000000000000000 P 28567683477e4d13bc4cd00059d44461 [term 0 FOLLOWER]: Advancing to term 1
I20260608 09:54:11.145233 28241 txn_system_client.cc:432] TxnSystemClient initialization is disabled...
I20260608 09:54:11.149282 28241 ts_tablet_manager.cc:585] Loaded tablet metadata (0 total tablets, 0 live tablets)
I20260608 09:54:11.149597 28241 ts_tablet_manager.cc:531] Time spent load tablet metadata: real 0.000s	user 0.000s	sys 0.001s
I20260608 09:54:11.149921 28241 ts_tablet_manager.cc:616] Registered 0 tablets
I20260608 09:54:11.150146 28241 ts_tablet_manager.cc:595] Time spent register tablets: real 0.000s	user 0.000s	sys 0.000s
I20260608 09:54:11.150060 29490 raft_consensus.cc:2468] T 00000000000000000000000000000000 P 28567683477e4d13bc4cd00059d44461 [term 1 FOLLOWER]: Leader election vote request: Granting yes vote for candidate 6591c141a2bc46b990acc44590773316 in term 1.
I20260608 09:54:11.151731 29401 leader_election.cc:304] T 00000000000000000000000000000000 P 6591c141a2bc46b990acc44590773316 [CANDIDATE]: Term 1 election: Election decided. Result: candidate won. Election summary: received 2 responses out of 3 voters: 2 yes votes; 0 no votes. yes voters: 28567683477e4d13bc4cd00059d44461, 6591c141a2bc46b990acc44590773316; no voters: 
I20260608 09:54:11.152110 29360 raft_consensus.cc:2468] T 00000000000000000000000000000000 P dadcc07007044c4e8c549b66ac8b990c [term 1 FOLLOWER]: Leader election vote request: Granting yes vote for candidate 6591c141a2bc46b990acc44590773316 in term 1.
I20260608 09:54:11.152485 29547 raft_consensus.cc:2804] T 00000000000000000000000000000000 P 6591c141a2bc46b990acc44590773316 [term 1 FOLLOWER]: Leader election won for term 1
I20260608 09:54:11.153952 29547 raft_consensus.cc:697] T 00000000000000000000000000000000 P 6591c141a2bc46b990acc44590773316 [term 1 LEADER]: Becoming Leader. State: Replica: 6591c141a2bc46b990acc44590773316, State: Running, Role: LEADER
I20260608 09:54:11.154877 29547 consensus_queue.cc:237] T 00000000000000000000000000000000 P 6591c141a2bc46b990acc44590773316 [LEADER]: Queue going to LEADER mode. State: All replicated index: 0, Majority replicated index: 0, Committed index: 0, Last appended: 0.0, Last appended by leader: 0, Current term: 1, Majority size: 2, State: 0, Mode: LEADER, active raft config: opid_index: -1 OBSOLETE_local: false peers { permanent_uuid: "dadcc07007044c4e8c549b66ac8b990c" member_type: VOTER last_known_addr { host: "127.27.148.126" port: 42551 } } peers { permanent_uuid: "6591c141a2bc46b990acc44590773316" member_type: VOTER last_known_addr { host: "127.27.148.125" port: 39857 } } peers { permanent_uuid: "28567683477e4d13bc4cd00059d44461" member_type: VOTER last_known_addr { host: "127.27.148.124" port: 36939 } }
I20260608 09:54:11.160408 29575 sys_catalog.cc:455] T 00000000000000000000000000000000 P 6591c141a2bc46b990acc44590773316 [sys.catalog]: SysCatalogTable state changed. Reason: New leader 6591c141a2bc46b990acc44590773316. Latest consensus state: current_term: 1 leader_uuid: "6591c141a2bc46b990acc44590773316" committed_config { opid_index: -1 OBSOLETE_local: false peers { permanent_uuid: "dadcc07007044c4e8c549b66ac8b990c" member_type: VOTER last_known_addr { host: "127.27.148.126" port: 42551 } } peers { permanent_uuid: "6591c141a2bc46b990acc44590773316" member_type: VOTER last_known_addr { host: "127.27.148.125" port: 39857 } } peers { permanent_uuid: "28567683477e4d13bc4cd00059d44461" member_type: VOTER last_known_addr { host: "127.27.148.124" port: 36939 } } }
I20260608 09:54:11.161321 29575 sys_catalog.cc:458] T 00000000000000000000000000000000 P 6591c141a2bc46b990acc44590773316 [sys.catalog]: This master's current role is: LEADER
I20260608 09:54:11.163539 29578 catalog_manager.cc:1510] Loading table and tablet metadata into memory...
I20260608 09:54:11.170010 29578 catalog_manager.cc:1519] Initializing Kudu cluster ID...
I20260608 09:54:11.180015 29490 raft_consensus.cc:1275] T 00000000000000000000000000000000 P 28567683477e4d13bc4cd00059d44461 [term 1 FOLLOWER]: Refusing update from remote peer 6591c141a2bc46b990acc44590773316: Log matching property violated. Preceding OpId in replica: term: 0 index: 0. Preceding OpId from leader: term: 1 index: 2. (index mismatch)
I20260608 09:54:11.182168 29360 raft_consensus.cc:1275] T 00000000000000000000000000000000 P dadcc07007044c4e8c549b66ac8b990c [term 1 FOLLOWER]: Refusing update from remote peer 6591c141a2bc46b990acc44590773316: Log matching property violated. Preceding OpId in replica: term: 0 index: 0. Preceding OpId from leader: term: 1 index: 2. (index mismatch)
I20260608 09:54:11.181947 29575 consensus_queue.cc:1048] T 00000000000000000000000000000000 P 6591c141a2bc46b990acc44590773316 [LEADER]: Connected to new peer: Peer: permanent_uuid: "28567683477e4d13bc4cd00059d44461" member_type: VOTER last_known_addr { host: "127.27.148.124" port: 36939 }, Status: LMP_MISMATCH, Last received: 0.0, Next index: 1, Last known committed idx: 0, Time since last communication: 0.000s
I20260608 09:54:11.184124 29547 consensus_queue.cc:1048] T 00000000000000000000000000000000 P 6591c141a2bc46b990acc44590773316 [LEADER]: Connected to new peer: Peer: permanent_uuid: "dadcc07007044c4e8c549b66ac8b990c" member_type: VOTER last_known_addr { host: "127.27.148.126" port: 42551 }, Status: LMP_MISMATCH, Last received: 0.0, Next index: 1, Last known committed idx: 0, Time since last communication: 0.000s
I20260608 09:54:11.196130 29522 sys_catalog.cc:455] T 00000000000000000000000000000000 P dadcc07007044c4e8c549b66ac8b990c [sys.catalog]: SysCatalogTable state changed. Reason: New leader 6591c141a2bc46b990acc44590773316. Latest consensus state: current_term: 1 leader_uuid: "6591c141a2bc46b990acc44590773316" committed_config { opid_index: -1 OBSOLETE_local: false peers { permanent_uuid: "dadcc07007044c4e8c549b66ac8b990c" member_type: VOTER last_known_addr { host: "127.27.148.126" port: 42551 } } peers { permanent_uuid: "6591c141a2bc46b990acc44590773316" member_type: VOTER last_known_addr { host: "127.27.148.125" port: 39857 } } peers { permanent_uuid: "28567683477e4d13bc4cd00059d44461" member_type: VOTER last_known_addr { host: "127.27.148.124" port: 36939 } } }
I20260608 09:54:11.196940 29522 sys_catalog.cc:458] T 00000000000000000000000000000000 P dadcc07007044c4e8c549b66ac8b990c [sys.catalog]: This master's current role is: FOLLOWER
I20260608 09:54:11.209101 29547 sys_catalog.cc:455] T 00000000000000000000000000000000 P 6591c141a2bc46b990acc44590773316 [sys.catalog]: SysCatalogTable state changed. Reason: Peer health change. Latest consensus state: current_term: 1 leader_uuid: "6591c141a2bc46b990acc44590773316" committed_config { opid_index: -1 OBSOLETE_local: false peers { permanent_uuid: "dadcc07007044c4e8c549b66ac8b990c" member_type: VOTER last_known_addr { host: "127.27.148.126" port: 42551 } } peers { permanent_uuid: "6591c141a2bc46b990acc44590773316" member_type: VOTER last_known_addr { host: "127.27.148.125" port: 39857 } } peers { permanent_uuid: "28567683477e4d13bc4cd00059d44461" member_type: VOTER last_known_addr { host: "127.27.148.124" port: 36939 } } }
I20260608 09:54:11.210225 29523 sys_catalog.cc:455] T 00000000000000000000000000000000 P 28567683477e4d13bc4cd00059d44461 [sys.catalog]: SysCatalogTable state changed. Reason: New leader 6591c141a2bc46b990acc44590773316. Latest consensus state: current_term: 1 leader_uuid: "6591c141a2bc46b990acc44590773316" committed_config { opid_index: -1 OBSOLETE_local: false peers { permanent_uuid: "dadcc07007044c4e8c549b66ac8b990c" member_type: VOTER last_known_addr { host: "127.27.148.126" port: 42551 } } peers { permanent_uuid: "6591c141a2bc46b990acc44590773316" member_type: VOTER last_known_addr { host: "127.27.148.125" port: 39857 } } peers { permanent_uuid: "28567683477e4d13bc4cd00059d44461" member_type: VOTER last_known_addr { host: "127.27.148.124" port: 36939 } } }
I20260608 09:54:11.211072 29523 sys_catalog.cc:458] T 00000000000000000000000000000000 P 28567683477e4d13bc4cd00059d44461 [sys.catalog]: This master's current role is: FOLLOWER
I20260608 09:54:11.210256 29547 sys_catalog.cc:458] T 00000000000000000000000000000000 P 6591c141a2bc46b990acc44590773316 [sys.catalog]: This master's current role is: LEADER
I20260608 09:54:11.214778 29522 sys_catalog.cc:455] T 00000000000000000000000000000000 P dadcc07007044c4e8c549b66ac8b990c [sys.catalog]: SysCatalogTable state changed. Reason: Replicated consensus-only round. Latest consensus state: current_term: 1 leader_uuid: "6591c141a2bc46b990acc44590773316" committed_config { opid_index: -1 OBSOLETE_local: false peers { permanent_uuid: "dadcc07007044c4e8c549b66ac8b990c" member_type: VOTER last_known_addr { host: "127.27.148.126" port: 42551 } } peers { permanent_uuid: "6591c141a2bc46b990acc44590773316" member_type: VOTER last_known_addr { host: "127.27.148.125" port: 39857 } } peers { permanent_uuid: "28567683477e4d13bc4cd00059d44461" member_type: VOTER last_known_addr { host: "127.27.148.124" port: 36939 } } }
I20260608 09:54:11.215543 29522 sys_catalog.cc:458] T 00000000000000000000000000000000 P dadcc07007044c4e8c549b66ac8b990c [sys.catalog]: This master's current role is: FOLLOWER
I20260608 09:54:11.215698 29547 sys_catalog.cc:455] T 00000000000000000000000000000000 P 6591c141a2bc46b990acc44590773316 [sys.catalog]: SysCatalogTable state changed. Reason: Peer health change. Latest consensus state: current_term: 1 leader_uuid: "6591c141a2bc46b990acc44590773316" committed_config { opid_index: -1 OBSOLETE_local: false peers { permanent_uuid: "dadcc07007044c4e8c549b66ac8b990c" member_type: VOTER last_known_addr { host: "127.27.148.126" port: 42551 } } peers { permanent_uuid: "6591c141a2bc46b990acc44590773316" member_type: VOTER last_known_addr { host: "127.27.148.125" port: 39857 } } peers { permanent_uuid: "28567683477e4d13bc4cd00059d44461" member_type: VOTER last_known_addr { host: "127.27.148.124" port: 36939 } } }
I20260608 09:54:11.216782 29547 sys_catalog.cc:458] T 00000000000000000000000000000000 P 6591c141a2bc46b990acc44590773316 [sys.catalog]: This master's current role is: LEADER
I20260608 09:54:11.217077 29578 catalog_manager.cc:1382] Generated new cluster ID: 510cb8d3aeab4df986c8ea781f66d0ad
I20260608 09:54:11.217403 29578 catalog_manager.cc:1530] Initializing Kudu internal certificate authority...
I20260608 09:54:11.225549 29523 sys_catalog.cc:455] T 00000000000000000000000000000000 P 28567683477e4d13bc4cd00059d44461 [sys.catalog]: SysCatalogTable state changed. Reason: Replicated consensus-only round. Latest consensus state: current_term: 1 leader_uuid: "6591c141a2bc46b990acc44590773316" committed_config { opid_index: -1 OBSOLETE_local: false peers { permanent_uuid: "dadcc07007044c4e8c549b66ac8b990c" member_type: VOTER last_known_addr { host: "127.27.148.126" port: 42551 } } peers { permanent_uuid: "6591c141a2bc46b990acc44590773316" member_type: VOTER last_known_addr { host: "127.27.148.125" port: 39857 } } peers { permanent_uuid: "28567683477e4d13bc4cd00059d44461" member_type: VOTER last_known_addr { host: "127.27.148.124" port: 36939 } } }
I20260608 09:54:11.226413 29523 sys_catalog.cc:458] T 00000000000000000000000000000000 P 28567683477e4d13bc4cd00059d44461 [sys.catalog]: This master's current role is: FOLLOWER
I20260608 09:54:11.257483 28241 rpc_server.cc:307] RPC server started. Bound to: 127.27.148.65:36793
I20260608 09:54:11.259756 29578 catalog_manager.cc:1405] Generated new certificate authority record
I20260608 09:54:11.261076 29641 acceptor_pool.cc:272] collecting diagnostics on the listening RPC socket 127.27.148.65:36793 every 8 connection(s)
I20260608 09:54:11.261727 29578 catalog_manager.cc:1539] Loading token signing keys...
I20260608 09:54:11.294540 28241 file_cache.cc:492] Constructed file cache file cache with capacity 419430
I20260608 09:54:11.296677 29643 heartbeater.cc:344] Connected to a master server at 127.27.148.125:39857
I20260608 09:54:11.297132 29643 heartbeater.cc:461] Registering TS with master...
I20260608 09:54:11.298226 29643 heartbeater.cc:507] Master 127.27.148.125:39857 requested a full tablet report, sending...
I20260608 09:54:11.298514 29642 heartbeater.cc:344] Connected to a master server at 127.27.148.124:36939
I20260608 09:54:11.298933 29642 heartbeater.cc:461] Registering TS with master...
I20260608 09:54:11.299849 29642 heartbeater.cc:507] Master 127.27.148.124:36939 requested a full tablet report, sending...
I20260608 09:54:11.301381 29415 ts_manager.cc:194] Registered new tserver with Master: 5f7624be42ae45f3857f4e8d7335c24c (127.27.148.65:36793)
I20260608 09:54:11.302201 29578 catalog_manager.cc:6069] T 00000000000000000000000000000000 P 6591c141a2bc46b990acc44590773316: Generated new TSK 0
I20260608 09:54:11.302934 29578 catalog_manager.cc:1549] Initializing in-progress tserver states...
I20260608 09:54:11.307849 29480 ts_manager.cc:194] Registered new tserver with Master: 5f7624be42ae45f3857f4e8d7335c24c (127.27.148.65:36793)
W20260608 09:54:11.313202 29650 instance_detector.cc:116] could not retrieve Azure instance metadata: Network error: curl error: HTTP response code said error: The requested URL returned error: 404
W20260608 09:54:11.316449 29649 instance_detector.cc:116] could not retrieve AWS instance metadata: Network error: curl error: HTTP response code said error: The requested URL returned error: 404
W20260608 09:54:11.319023 29652 instance_detector.cc:116] could not retrieve OpenStack instance metadata: Network error: curl error: HTTP response code said error: The requested URL returned error: 404
I20260608 09:54:11.320255 29644 heartbeater.cc:344] Connected to a master server at 127.27.148.126:42551
I20260608 09:54:11.320703 28241 server_base.cc:1061] running on GCE node
I20260608 09:54:11.320765 29644 heartbeater.cc:461] Registering TS with master...
I20260608 09:54:11.321826 28241 hybrid_clock.cc:584] initializing the hybrid clock with 'system_unsync' time source
I20260608 09:54:11.321921 29644 heartbeater.cc:507] Master 127.27.148.126:42551 requested a full tablet report, sending...
W20260608 09:54:11.322100 28241 system_unsync_time.cc:38] NTP support is disabled. Clock error bounds will not be accurate. This configuration is not suitable for distributed clusters.
I20260608 09:54:11.322353 28241 hybrid_clock.cc:648] HybridClock initialized: now 1780912451322338 us; error 0 us; skew 500 ppm
I20260608 09:54:11.323097 28241 server_base.cc:861] Flag tcmalloc_max_total_thread_cache_bytes is not working since tcmalloc is not enabled.
I20260608 09:54:11.325436 29350 ts_manager.cc:194] Registered new tserver with Master: 5f7624be42ae45f3857f4e8d7335c24c (127.27.148.65:36793)
I20260608 09:54:11.326289 28241 webserver.cc:533] Webserver started at http://127.27.148.66:38437/ using document root <none> and password file <none>
I20260608 09:54:11.326900 28241 fs_manager.cc:362] Metadata directory not provided
I20260608 09:54:11.327070 28241 fs_manager.cc:368] Using write-ahead log directory (fs_wal_dir) as metadata directory
I20260608 09:54:11.327283 28241 server_base.cc:909] This appears to be a new deployment of Kudu; creating new FS layout
I20260608 09:54:11.328470 28241 fs_manager.cc:1068] Generated new instance metadata in path /tmp/dist-test-taskUfRQvW/test-tmp/auto_rebalancer-test.0.AutoRebalancerTest.NextLeaderResumesAutoRebalancing.1780912434734816-28241-0/minicluster-data/ts-1-root/instance:
uuid: "9135c917c9304431b4da49c4cca3fcc0"
format_stamp: "Formatted at 2026-06-08 09:54:11 on dist-test-slave-zdgq"
I20260608 09:54:11.333611 28241 fs_manager.cc:696] Time spent creating directory manager: real 0.004s	user 0.005s	sys 0.003s
I20260608 09:54:11.337553 29657 log_block_manager.cc:4031] Time spent loading block containers with low live blocks: real 0.000s	user 0.000s	sys 0.000s
I20260608 09:54:11.338447 28241 fs_manager.cc:730] Time spent opening block manager: real 0.003s	user 0.003s	sys 0.000s
I20260608 09:54:11.338806 28241 fs_manager.cc:647] Opened local filesystem: /tmp/dist-test-taskUfRQvW/test-tmp/auto_rebalancer-test.0.AutoRebalancerTest.NextLeaderResumesAutoRebalancing.1780912434734816-28241-0/minicluster-data/ts-1-root
uuid: "9135c917c9304431b4da49c4cca3fcc0"
format_stamp: "Formatted at 2026-06-08 09:54:11 on dist-test-slave-zdgq"
I20260608 09:54:11.339119 28241 fs_report.cc:389] FS layout report
--------------------
wal directory: /tmp/dist-test-taskUfRQvW/test-tmp/auto_rebalancer-test.0.AutoRebalancerTest.NextLeaderResumesAutoRebalancing.1780912434734816-28241-0/minicluster-data/ts-1-root
metadata directory: /tmp/dist-test-taskUfRQvW/test-tmp/auto_rebalancer-test.0.AutoRebalancerTest.NextLeaderResumesAutoRebalancing.1780912434734816-28241-0/minicluster-data/ts-1-root
1 data directories: /tmp/dist-test-taskUfRQvW/test-tmp/auto_rebalancer-test.0.AutoRebalancerTest.NextLeaderResumesAutoRebalancing.1780912434734816-28241-0/minicluster-data/ts-1-root/data
Total live blocks: 0
Total live bytes: 0
Total live bytes (after alignment): 0
Total number of LBM containers: 0 (0 full)
Did not check for missing blocks
Did not check for orphaned blocks
Total full LBM containers with extra space: 0 (0 repaired)
Total full LBM container extra space in bytes: 0 (0 repaired)
Total incomplete LBM containers: 0 (0 repaired)
Total LBM partial records: 0 (0 repaired)
Total corrupted LBM metadata records in RocksDB: 0 (0 repaired)
I20260608 09:54:11.361413 28241 rpc_server.cc:225] running with OpenSSL 1.1.1  11 Sep 2018
I20260608 09:54:11.362818 28241 kserver.cc:163] Server-wide thread pool size limit: 3276
I20260608 09:54:11.364411 28241 txn_system_client.cc:432] TxnSystemClient initialization is disabled...
I20260608 09:54:11.366964 28241 ts_tablet_manager.cc:585] Loaded tablet metadata (0 total tablets, 0 live tablets)
I20260608 09:54:11.367211 28241 ts_tablet_manager.cc:531] Time spent load tablet metadata: real 0.000s	user 0.000s	sys 0.000s
I20260608 09:54:11.367491 28241 ts_tablet_manager.cc:616] Registered 0 tablets
I20260608 09:54:11.367679 28241 ts_tablet_manager.cc:595] Time spent register tablets: real 0.000s	user 0.000s	sys 0.000s
I20260608 09:54:11.415669 28241 rpc_server.cc:307] RPC server started. Bound to: 127.27.148.66:38111
I20260608 09:54:11.415818 29719 acceptor_pool.cc:272] collecting diagnostics on the listening RPC socket 127.27.148.66:38111 every 8 connection(s)
I20260608 09:54:11.425634 28241 file_cache.cc:492] Constructed file cache file cache with capacity 419430
W20260608 09:54:11.442229 29727 instance_detector.cc:116] could not retrieve AWS instance metadata: Network error: curl error: HTTP response code said error: The requested URL returned error: 404
I20260608 09:54:11.446882 29720 heartbeater.cc:344] Connected to a master server at 127.27.148.124:36939
I20260608 09:54:11.447438 29720 heartbeater.cc:461] Registering TS with master...
I20260608 09:54:11.448767 29720 heartbeater.cc:507] Master 127.27.148.124:36939 requested a full tablet report, sending...
I20260608 09:54:11.455615 29480 ts_manager.cc:194] Registered new tserver with Master: 9135c917c9304431b4da49c4cca3fcc0 (127.27.148.66:38111)
W20260608 09:54:11.455897 29728 instance_detector.cc:116] could not retrieve Azure instance metadata: Network error: curl error: HTTP response code said error: The requested URL returned error: 404
I20260608 09:54:11.456425 28241 server_base.cc:1061] running on GCE node
W20260608 09:54:11.456378 29730 instance_detector.cc:116] could not retrieve OpenStack instance metadata: Network error: curl error: HTTP response code said error: The requested URL returned error: 404
I20260608 09:54:11.457883 28241 hybrid_clock.cc:584] initializing the hybrid clock with 'system_unsync' time source
W20260608 09:54:11.458148 28241 system_unsync_time.cc:38] NTP support is disabled. Clock error bounds will not be accurate. This configuration is not suitable for distributed clusters.
I20260608 09:54:11.458369 28241 hybrid_clock.cc:648] HybridClock initialized: now 1780912451458354 us; error 0 us; skew 500 ppm
I20260608 09:54:11.459034 28241 server_base.cc:861] Flag tcmalloc_max_total_thread_cache_bytes is not working since tcmalloc is not enabled.
I20260608 09:54:11.464896 28241 webserver.cc:533] Webserver started at http://127.27.148.67:36235/ using document root <none> and password file <none>
I20260608 09:54:11.465483 29721 heartbeater.cc:344] Connected to a master server at 127.27.148.125:39857
I20260608 09:54:11.465483 29722 heartbeater.cc:344] Connected to a master server at 127.27.148.126:42551
