I20260608 09:54:51.182768 27217 tablet_service.cc:1917] Received RequestConsensusVote() RPC: tablet_id: "3e172d0352684f4289b8bb115e1d2957" candidate_uuid: "581b14a948274536b1568a6ad54e4839" candidate_term: 1 candidate_status { last_received { term: 0 index: 0 } } ignore_live_leader: false dest_uuid: "bbd52170b8b6438d8e7a6cc19c9f677c" is_pre_election: true
I20260608 09:54:51.183077 27291 raft_consensus.cc:2468] T 3e172d0352684f4289b8bb115e1d2957 P acf1d18d64c94685a6a498f7200bd8b1 [term 0 FOLLOWER]: Leader pre-election vote request: Granting yes vote for candidate 581b14a948274536b1568a6ad54e4839 in term 0.
I20260608 09:54:51.183457 27217 raft_consensus.cc:2468] T 3e172d0352684f4289b8bb115e1d2957 P bbd52170b8b6438d8e7a6cc19c9f677c [term 0 FOLLOWER]: Leader pre-election vote request: Granting yes vote for candidate 581b14a948274536b1568a6ad54e4839 in term 0.
I20260608 09:54:51.184571 27107 leader_election.cc:304] T 3e172d0352684f4289b8bb115e1d2957 P 581b14a948274536b1568a6ad54e4839 [CANDIDATE]: Term 1 pre-election: Election decided. Result: candidate won. Election summary: received 2 responses out of 3 voters: 2 yes votes; 0 no votes. yes voters: 581b14a948274536b1568a6ad54e4839, acf1d18d64c94685a6a498f7200bd8b1; no voters: 
I20260608 09:54:51.185328 27344 raft_consensus.cc:2804] T 3e172d0352684f4289b8bb115e1d2957 P 581b14a948274536b1568a6ad54e4839 [term 0 FOLLOWER]: Leader pre-election won for term 1
I20260608 09:54:51.185623 27344 raft_consensus.cc:493] T 3e172d0352684f4289b8bb115e1d2957 P 581b14a948274536b1568a6ad54e4839 [term 0 FOLLOWER]: Starting leader election (no leader contacted us within the election timeout)
I20260608 09:54:51.185880 27344 raft_consensus.cc:3060] T 3e172d0352684f4289b8bb115e1d2957 P 581b14a948274536b1568a6ad54e4839 [term 0 FOLLOWER]: Advancing to term 1
I20260608 09:54:51.190785 27344 raft_consensus.cc:515] T 3e172d0352684f4289b8bb115e1d2957 P 581b14a948274536b1568a6ad54e4839 [term 1 FOLLOWER]: Starting leader election with config: opid_index: -1 OBSOLETE_local: false peers { permanent_uuid: "581b14a948274536b1568a6ad54e4839" member_type: VOTER last_known_addr { host: "127.23.232.129" port: 34565 } } peers { permanent_uuid: "bbd52170b8b6438d8e7a6cc19c9f677c" member_type: VOTER last_known_addr { host: "127.23.232.130" port: 41953 } } peers { permanent_uuid: "acf1d18d64c94685a6a498f7200bd8b1" member_type: VOTER last_known_addr { host: "127.23.232.131" port: 42857 } }
I20260608 09:54:51.192545 27344 leader_election.cc:290] T 3e172d0352684f4289b8bb115e1d2957 P 581b14a948274536b1568a6ad54e4839 [CANDIDATE]: Term 1 election: Requested vote from peers bbd52170b8b6438d8e7a6cc19c9f677c (127.23.232.130:41953), acf1d18d64c94685a6a498f7200bd8b1 (127.23.232.131:42857)
I20260608 09:54:51.193383 27217 tablet_service.cc:1917] Received RequestConsensusVote() RPC: tablet_id: "3e172d0352684f4289b8bb115e1d2957" candidate_uuid: "581b14a948274536b1568a6ad54e4839" candidate_term: 1 candidate_status { last_received { term: 0 index: 0 } } ignore_live_leader: false dest_uuid: "bbd52170b8b6438d8e7a6cc19c9f677c"
I20260608 09:54:51.193706 27291 tablet_service.cc:1917] Received RequestConsensusVote() RPC: tablet_id: "3e172d0352684f4289b8bb115e1d2957" candidate_uuid: "581b14a948274536b1568a6ad54e4839" candidate_term: 1 candidate_status { last_received { term: 0 index: 0 } } ignore_live_leader: false dest_uuid: "acf1d18d64c94685a6a498f7200bd8b1"
I20260608 09:54:51.194020 27217 raft_consensus.cc:3060] T 3e172d0352684f4289b8bb115e1d2957 P bbd52170b8b6438d8e7a6cc19c9f677c [term 0 FOLLOWER]: Advancing to term 1
I20260608 09:54:51.194298 27291 raft_consensus.cc:3060] T 3e172d0352684f4289b8bb115e1d2957 P acf1d18d64c94685a6a498f7200bd8b1 [term 0 FOLLOWER]: Advancing to term 1
I20260608 09:54:51.201483 27217 raft_consensus.cc:2468] T 3e172d0352684f4289b8bb115e1d2957 P bbd52170b8b6438d8e7a6cc19c9f677c [term 1 FOLLOWER]: Leader election vote request: Granting yes vote for candidate 581b14a948274536b1568a6ad54e4839 in term 1.
I20260608 09:54:51.201483 27291 raft_consensus.cc:2468] T 3e172d0352684f4289b8bb115e1d2957 P acf1d18d64c94685a6a498f7200bd8b1 [term 1 FOLLOWER]: Leader election vote request: Granting yes vote for candidate 581b14a948274536b1568a6ad54e4839 in term 1.
I20260608 09:54:51.202903 27107 leader_election.cc:304] T 3e172d0352684f4289b8bb115e1d2957 P 581b14a948274536b1568a6ad54e4839 [CANDIDATE]: Term 1 election: Election decided. Result: candidate won. Election summary: received 2 responses out of 3 voters: 2 yes votes; 0 no votes. yes voters: 581b14a948274536b1568a6ad54e4839, acf1d18d64c94685a6a498f7200bd8b1; no voters: 
I20260608 09:54:51.203687 27344 raft_consensus.cc:2804] T 3e172d0352684f4289b8bb115e1d2957 P 581b14a948274536b1568a6ad54e4839 [term 1 FOLLOWER]: Leader election won for term 1
I20260608 09:54:51.204754 27344 raft_consensus.cc:697] T 3e172d0352684f4289b8bb115e1d2957 P 581b14a948274536b1568a6ad54e4839 [term 1 LEADER]: Becoming Leader. State: Replica: 581b14a948274536b1568a6ad54e4839, State: Running, Role: LEADER
I20260608 09:54:51.205566 27344 consensus_queue.cc:237] T 3e172d0352684f4289b8bb115e1d2957 P 581b14a948274536b1568a6ad54e4839 [LEADER]: Queue going to LEADER mode. State: All replicated index: 0, Majority replicated index: 0, Committed index: 0, Last appended: 0.0, Last appended by leader: 0, Current term: 1, Majority size: 2, State: 0, Mode: LEADER, active raft config: opid_index: -1 OBSOLETE_local: false peers { permanent_uuid: "581b14a948274536b1568a6ad54e4839" member_type: VOTER last_known_addr { host: "127.23.232.129" port: 34565 } } peers { permanent_uuid: "bbd52170b8b6438d8e7a6cc19c9f677c" member_type: VOTER last_known_addr { host: "127.23.232.130" port: 41953 } } peers { permanent_uuid: "acf1d18d64c94685a6a498f7200bd8b1" member_type: VOTER last_known_addr { host: "127.23.232.131" port: 42857 } }
I20260608 09:54:51.213846 27034 catalog_manager.cc:5696] T 3e172d0352684f4289b8bb115e1d2957 P 581b14a948274536b1568a6ad54e4839 reported cstate change: term changed from 0 to 1, leader changed from <none> to 581b14a948274536b1568a6ad54e4839 (127.23.232.129). New cstate: current_term: 1 leader_uuid: "581b14a948274536b1568a6ad54e4839" committed_config { opid_index: -1 OBSOLETE_local: false peers { permanent_uuid: "581b14a948274536b1568a6ad54e4839" member_type: VOTER last_known_addr { host: "127.23.232.129" port: 34565 } health_report { overall_health: HEALTHY } } peers { permanent_uuid: "bbd52170b8b6438d8e7a6cc19c9f677c" member_type: VOTER last_known_addr { host: "127.23.232.130" port: 41953 } health_report { overall_health: UNKNOWN } } peers { permanent_uuid: "acf1d18d64c94685a6a498f7200bd8b1" member_type: VOTER last_known_addr { host: "127.23.232.131" port: 42857 } health_report { overall_health: UNKNOWN } } }
W20260608 09:54:51.279791 27088 auto_rebalancer.cc:259] Could not retrieve cluster info: Service unavailable: Tablet not running
I20260608 09:54:51.282925 27093 auto_leader_rebalancer.cc:140] leader rebalance for table range_aware_auto_rebalancer_test
W20260608 09:54:51.283646 27093 auto_leader_rebalancer.cc:460] the master instance isn't leader: Service unavailable: Tablet not running
I20260608 09:54:51.288728 27344 raft_consensus.cc:493] T e635177963054b7d96898a21ee8d5eec P 581b14a948274536b1568a6ad54e4839 [term 0 FOLLOWER]: Starting pre-election (no leader contacted us within the election timeout)
I20260608 09:54:51.289323 27344 raft_consensus.cc:515] T e635177963054b7d96898a21ee8d5eec P 581b14a948274536b1568a6ad54e4839 [term 0 FOLLOWER]: Starting pre-election with config: opid_index: -1 OBSOLETE_local: false peers { permanent_uuid: "acf1d18d64c94685a6a498f7200bd8b1" member_type: VOTER last_known_addr { host: "127.23.232.131" port: 42857 } } peers { permanent_uuid: "bbd52170b8b6438d8e7a6cc19c9f677c" member_type: VOTER last_known_addr { host: "127.23.232.130" port: 41953 } } peers { permanent_uuid: "581b14a948274536b1568a6ad54e4839" member_type: VOTER last_known_addr { host: "127.23.232.129" port: 34565 } }
I20260608 09:54:51.291512 27344 leader_election.cc:290] T e635177963054b7d96898a21ee8d5eec P 581b14a948274536b1568a6ad54e4839 [CANDIDATE]: Term 1 pre-election: Requested pre-vote from peers acf1d18d64c94685a6a498f7200bd8b1 (127.23.232.131:42857), bbd52170b8b6438d8e7a6cc19c9f677c (127.23.232.130:41953)
I20260608 09:54:51.292438 27291 tablet_service.cc:1917] Received RequestConsensusVote() RPC: tablet_id: "e635177963054b7d96898a21ee8d5eec" candidate_uuid: "581b14a948274536b1568a6ad54e4839" candidate_term: 1 candidate_status { last_received { term: 0 index: 0 } } ignore_live_leader: false dest_uuid: "acf1d18d64c94685a6a498f7200bd8b1" is_pre_election: true
I20260608 09:54:51.292621 27217 tablet_service.cc:1917] Received RequestConsensusVote() RPC: tablet_id: "e635177963054b7d96898a21ee8d5eec" candidate_uuid: "581b14a948274536b1568a6ad54e4839" candidate_term: 1 candidate_status { last_received { term: 0 index: 0 } } ignore_live_leader: false dest_uuid: "bbd52170b8b6438d8e7a6cc19c9f677c" is_pre_election: true
I20260608 09:54:51.293083 27291 raft_consensus.cc:2468] T e635177963054b7d96898a21ee8d5eec P acf1d18d64c94685a6a498f7200bd8b1 [term 0 FOLLOWER]: Leader pre-election vote request: Granting yes vote for candidate 581b14a948274536b1568a6ad54e4839 in term 0.
I20260608 09:54:51.293217 27217 raft_consensus.cc:2468] T e635177963054b7d96898a21ee8d5eec P bbd52170b8b6438d8e7a6cc19c9f677c [term 0 FOLLOWER]: Leader pre-election vote request: Granting yes vote for candidate 581b14a948274536b1568a6ad54e4839 in term 0.
I20260608 09:54:51.294170 27107 leader_election.cc:304] T e635177963054b7d96898a21ee8d5eec P 581b14a948274536b1568a6ad54e4839 [CANDIDATE]: Term 1 pre-election: Election decided. Result: candidate won. Election summary: received 2 responses out of 3 voters: 2 yes votes; 0 no votes. yes voters: 581b14a948274536b1568a6ad54e4839, acf1d18d64c94685a6a498f7200bd8b1; no voters: 
I20260608 09:54:51.295020 27344 raft_consensus.cc:2804] T e635177963054b7d96898a21ee8d5eec P 581b14a948274536b1568a6ad54e4839 [term 0 FOLLOWER]: Leader pre-election won for term 1
I20260608 09:54:51.295077 27342 raft_consensus.cc:493] T 958e98c7d3114edca14811cf275c7fb3 P bbd52170b8b6438d8e7a6cc19c9f677c [term 0 FOLLOWER]: Starting pre-election (no leader contacted us within the election timeout)
I20260608 09:54:51.295511 27344 raft_consensus.cc:493] T e635177963054b7d96898a21ee8d5eec P 581b14a948274536b1568a6ad54e4839 [term 0 FOLLOWER]: Starting leader election (no leader contacted us within the election timeout)
I20260608 09:54:51.295868 27344 raft_consensus.cc:3060] T e635177963054b7d96898a21ee8d5eec P 581b14a948274536b1568a6ad54e4839 [term 0 FOLLOWER]: Advancing to term 1
I20260608 09:54:51.295640 27342 raft_consensus.cc:515] T 958e98c7d3114edca14811cf275c7fb3 P bbd52170b8b6438d8e7a6cc19c9f677c [term 0 FOLLOWER]: Starting pre-election with config: opid_index: -1 OBSOLETE_local: false peers { permanent_uuid: "581b14a948274536b1568a6ad54e4839" member_type: VOTER last_known_addr { host: "127.23.232.129" port: 34565 } } peers { permanent_uuid: "bbd52170b8b6438d8e7a6cc19c9f677c" member_type: VOTER last_known_addr { host: "127.23.232.130" port: 41953 } } peers { permanent_uuid: "acf1d18d64c94685a6a498f7200bd8b1" member_type: VOTER last_known_addr { host: "127.23.232.131" port: 42857 } }
I20260608 09:54:51.298084 27342 leader_election.cc:290] T 958e98c7d3114edca14811cf275c7fb3 P bbd52170b8b6438d8e7a6cc19c9f677c [CANDIDATE]: Term 1 pre-election: Requested pre-vote from peers 581b14a948274536b1568a6ad54e4839 (127.23.232.129:34565), acf1d18d64c94685a6a498f7200bd8b1 (127.23.232.131:42857)
I20260608 09:54:51.302531 27344 raft_consensus.cc:515] T e635177963054b7d96898a21ee8d5eec P 581b14a948274536b1568a6ad54e4839 [term 1 FOLLOWER]: Starting leader election with config: opid_index: -1 OBSOLETE_local: false peers { permanent_uuid: "acf1d18d64c94685a6a498f7200bd8b1" member_type: VOTER last_known_addr { host: "127.23.232.131" port: 42857 } } peers { permanent_uuid: "bbd52170b8b6438d8e7a6cc19c9f677c" member_type: VOTER last_known_addr { host: "127.23.232.130" port: 41953 } } peers { permanent_uuid: "581b14a948274536b1568a6ad54e4839" member_type: VOTER last_known_addr { host: "127.23.232.129" port: 34565 } }
I20260608 09:54:51.304841 27344 leader_election.cc:290] T e635177963054b7d96898a21ee8d5eec P 581b14a948274536b1568a6ad54e4839 [CANDIDATE]: Term 1 election: Requested vote from peers acf1d18d64c94685a6a498f7200bd8b1 (127.23.232.131:42857), bbd52170b8b6438d8e7a6cc19c9f677c (127.23.232.130:41953)
I20260608 09:54:51.306120 27291 tablet_service.cc:1917] Received RequestConsensusVote() RPC: tablet_id: "e635177963054b7d96898a21ee8d5eec" candidate_uuid: "581b14a948274536b1568a6ad54e4839" candidate_term: 1 candidate_status { last_received { term: 0 index: 0 } } ignore_live_leader: false dest_uuid: "acf1d18d64c94685a6a498f7200bd8b1"
I20260608 09:54:51.306245 27217 tablet_service.cc:1917] Received RequestConsensusVote() RPC: tablet_id: "e635177963054b7d96898a21ee8d5eec" candidate_uuid: "581b14a948274536b1568a6ad54e4839" candidate_term: 1 candidate_status { last_received { term: 0 index: 0 } } ignore_live_leader: false dest_uuid: "bbd52170b8b6438d8e7a6cc19c9f677c"
I20260608 09:54:51.306802 27291 raft_consensus.cc:3060] T e635177963054b7d96898a21ee8d5eec P acf1d18d64c94685a6a498f7200bd8b1 [term 0 FOLLOWER]: Advancing to term 1
I20260608 09:54:51.306892 27217 raft_consensus.cc:3060] T e635177963054b7d96898a21ee8d5eec P bbd52170b8b6438d8e7a6cc19c9f677c [term 0 FOLLOWER]: Advancing to term 1
I20260608 09:54:51.311564 27142 tablet_service.cc:1917] Received RequestConsensusVote() RPC: tablet_id: "958e98c7d3114edca14811cf275c7fb3" candidate_uuid: "bbd52170b8b6438d8e7a6cc19c9f677c" candidate_term: 1 candidate_status { last_received { term: 0 index: 0 } } ignore_live_leader: false dest_uuid: "581b14a948274536b1568a6ad54e4839" is_pre_election: true
I20260608 09:54:51.311523 27290 tablet_service.cc:1917] Received RequestConsensusVote() RPC: tablet_id: "958e98c7d3114edca14811cf275c7fb3" candidate_uuid: "bbd52170b8b6438d8e7a6cc19c9f677c" candidate_term: 1 candidate_status { last_received { term: 0 index: 0 } } ignore_live_leader: false dest_uuid: "acf1d18d64c94685a6a498f7200bd8b1" is_pre_election: true
I20260608 09:54:51.312466 27142 raft_consensus.cc:2468] T 958e98c7d3114edca14811cf275c7fb3 P 581b14a948274536b1568a6ad54e4839 [term 0 FOLLOWER]: Leader pre-election vote request: Granting yes vote for candidate bbd52170b8b6438d8e7a6cc19c9f677c in term 0.
I20260608 09:54:51.312466 27290 raft_consensus.cc:2468] T 958e98c7d3114edca14811cf275c7fb3 P acf1d18d64c94685a6a498f7200bd8b1 [term 0 FOLLOWER]: Leader pre-election vote request: Granting yes vote for candidate bbd52170b8b6438d8e7a6cc19c9f677c in term 0.
I20260608 09:54:51.314345 27180 leader_election.cc:304] T 958e98c7d3114edca14811cf275c7fb3 P bbd52170b8b6438d8e7a6cc19c9f677c [CANDIDATE]: Term 1 pre-election: Election decided. Result: candidate won. Election summary: received 2 responses out of 3 voters: 2 yes votes; 0 no votes. yes voters: 581b14a948274536b1568a6ad54e4839, bbd52170b8b6438d8e7a6cc19c9f677c; no voters: 
I20260608 09:54:51.314785 27291 raft_consensus.cc:2468] T e635177963054b7d96898a21ee8d5eec P acf1d18d64c94685a6a498f7200bd8b1 [term 1 FOLLOWER]: Leader election vote request: Granting yes vote for candidate 581b14a948274536b1568a6ad54e4839 in term 1.
I20260608 09:54:51.315296 27342 raft_consensus.cc:2804] T 958e98c7d3114edca14811cf275c7fb3 P bbd52170b8b6438d8e7a6cc19c9f677c [term 0 FOLLOWER]: Leader pre-election won for term 1
I20260608 09:54:51.315680 27342 raft_consensus.cc:493] T 958e98c7d3114edca14811cf275c7fb3 P bbd52170b8b6438d8e7a6cc19c9f677c [term 0 FOLLOWER]: Starting leader election (no leader contacted us within the election timeout)
I20260608 09:54:51.315625 27217 raft_consensus.cc:2468] T e635177963054b7d96898a21ee8d5eec P bbd52170b8b6438d8e7a6cc19c9f677c [term 1 FOLLOWER]: Leader election vote request: Granting yes vote for candidate 581b14a948274536b1568a6ad54e4839 in term 1.
I20260608 09:54:51.316102 27107 leader_election.cc:304] T e635177963054b7d96898a21ee8d5eec P 581b14a948274536b1568a6ad54e4839 [CANDIDATE]: Term 1 election: Election decided. Result: candidate won. Election summary: received 2 responses out of 3 voters: 2 yes votes; 0 no votes. yes voters: 581b14a948274536b1568a6ad54e4839, acf1d18d64c94685a6a498f7200bd8b1; no voters: 
I20260608 09:54:51.316249 27342 raft_consensus.cc:3060] T 958e98c7d3114edca14811cf275c7fb3 P bbd52170b8b6438d8e7a6cc19c9f677c [term 0 FOLLOWER]: Advancing to term 1
I20260608 09:54:51.316982 27344 raft_consensus.cc:2804] T e635177963054b7d96898a21ee8d5eec P 581b14a948274536b1568a6ad54e4839 [term 1 FOLLOWER]: Leader election won for term 1
I20260608 09:54:51.317471 27344 raft_consensus.cc:697] T e635177963054b7d96898a21ee8d5eec P 581b14a948274536b1568a6ad54e4839 [term 1 LEADER]: Becoming Leader. State: Replica: 581b14a948274536b1568a6ad54e4839, State: Running, Role: LEADER
I20260608 09:54:51.318240 27344 consensus_queue.cc:237] T e635177963054b7d96898a21ee8d5eec P 581b14a948274536b1568a6ad54e4839 [LEADER]: Queue going to LEADER mode. State: All replicated index: 0, Majority replicated index: 0, Committed index: 0, Last appended: 0.0, Last appended by leader: 0, Current term: 1, Majority size: 2, State: 0, Mode: LEADER, active raft config: opid_index: -1 OBSOLETE_local: false peers { permanent_uuid: "acf1d18d64c94685a6a498f7200bd8b1" member_type: VOTER last_known_addr { host: "127.23.232.131" port: 42857 } } peers { permanent_uuid: "bbd52170b8b6438d8e7a6cc19c9f677c" member_type: VOTER last_known_addr { host: "127.23.232.130" port: 41953 } } peers { permanent_uuid: "581b14a948274536b1568a6ad54e4839" member_type: VOTER last_known_addr { host: "127.23.232.129" port: 34565 } }
I20260608 09:54:51.322906 27342 raft_consensus.cc:515] T 958e98c7d3114edca14811cf275c7fb3 P bbd52170b8b6438d8e7a6cc19c9f677c [term 1 FOLLOWER]: Starting leader election with config: opid_index: -1 OBSOLETE_local: false peers { permanent_uuid: "581b14a948274536b1568a6ad54e4839" member_type: VOTER last_known_addr { host: "127.23.232.129" port: 34565 } } peers { permanent_uuid: "bbd52170b8b6438d8e7a6cc19c9f677c" member_type: VOTER last_known_addr { host: "127.23.232.130" port: 41953 } } peers { permanent_uuid: "acf1d18d64c94685a6a498f7200bd8b1" member_type: VOTER last_known_addr { host: "127.23.232.131" port: 42857 } }
I20260608 09:54:51.325001 27342 leader_election.cc:290] T 958e98c7d3114edca14811cf275c7fb3 P bbd52170b8b6438d8e7a6cc19c9f677c [CANDIDATE]: Term 1 election: Requested vote from peers 581b14a948274536b1568a6ad54e4839 (127.23.232.129:34565), acf1d18d64c94685a6a498f7200bd8b1 (127.23.232.131:42857)
I20260608 09:54:51.325960 27142 tablet_service.cc:1917] Received RequestConsensusVote() RPC: tablet_id: "958e98c7d3114edca14811cf275c7fb3" candidate_uuid: "bbd52170b8b6438d8e7a6cc19c9f677c" candidate_term: 1 candidate_status { last_received { term: 0 index: 0 } } ignore_live_leader: false dest_uuid: "581b14a948274536b1568a6ad54e4839"
I20260608 09:54:51.326213 27291 tablet_service.cc:1917] Received RequestConsensusVote() RPC: tablet_id: "958e98c7d3114edca14811cf275c7fb3" candidate_uuid: "bbd52170b8b6438d8e7a6cc19c9f677c" candidate_term: 1 candidate_status { last_received { term: 0 index: 0 } } ignore_live_leader: false dest_uuid: "acf1d18d64c94685a6a498f7200bd8b1"
I20260608 09:54:51.326490 27142 raft_consensus.cc:3060] T 958e98c7d3114edca14811cf275c7fb3 P 581b14a948274536b1568a6ad54e4839 [term 0 FOLLOWER]: Advancing to term 1
I20260608 09:54:51.326992 27291 raft_consensus.cc:3060] T 958e98c7d3114edca14811cf275c7fb3 P acf1d18d64c94685a6a498f7200bd8b1 [term 0 FOLLOWER]: Advancing to term 1
I20260608 09:54:51.326346 27034 catalog_manager.cc:5696] T e635177963054b7d96898a21ee8d5eec P 581b14a948274536b1568a6ad54e4839 reported cstate change: term changed from 0 to 1, leader changed from <none> to 581b14a948274536b1568a6ad54e4839 (127.23.232.129). New cstate: current_term: 1 leader_uuid: "581b14a948274536b1568a6ad54e4839" committed_config { opid_index: -1 OBSOLETE_local: false peers { permanent_uuid: "acf1d18d64c94685a6a498f7200bd8b1" member_type: VOTER last_known_addr { host: "127.23.232.131" port: 42857 } health_report { overall_health: UNKNOWN } } peers { permanent_uuid: "bbd52170b8b6438d8e7a6cc19c9f677c" member_type: VOTER last_known_addr { host: "127.23.232.130" port: 41953 } health_report { overall_health: UNKNOWN } } peers { permanent_uuid: "581b14a948274536b1568a6ad54e4839" member_type: VOTER last_known_addr { host: "127.23.232.129" port: 34565 } health_report { overall_health: HEALTHY } } }
I20260608 09:54:51.333127 27142 raft_consensus.cc:2468] T 958e98c7d3114edca14811cf275c7fb3 P 581b14a948274536b1568a6ad54e4839 [term 1 FOLLOWER]: Leader election vote request: Granting yes vote for candidate bbd52170b8b6438d8e7a6cc19c9f677c in term 1.
I20260608 09:54:51.334373 27180 leader_election.cc:304] T 958e98c7d3114edca14811cf275c7fb3 P bbd52170b8b6438d8e7a6cc19c9f677c [CANDIDATE]: Term 1 election: Election decided. Result: candidate won. Election summary: received 2 responses out of 3 voters: 2 yes votes; 0 no votes. yes voters: 581b14a948274536b1568a6ad54e4839, bbd52170b8b6438d8e7a6cc19c9f677c; no voters: 
I20260608 09:54:51.334606 27291 raft_consensus.cc:2468] T 958e98c7d3114edca14811cf275c7fb3 P acf1d18d64c94685a6a498f7200bd8b1 [term 1 FOLLOWER]: Leader election vote request: Granting yes vote for candidate bbd52170b8b6438d8e7a6cc19c9f677c in term 1.
I20260608 09:54:51.335253 27342 raft_consensus.cc:2804] T 958e98c7d3114edca14811cf275c7fb3 P bbd52170b8b6438d8e7a6cc19c9f677c [term 1 FOLLOWER]: Leader election won for term 1
I20260608 09:54:51.336755 27342 raft_consensus.cc:697] T 958e98c7d3114edca14811cf275c7fb3 P bbd52170b8b6438d8e7a6cc19c9f677c [term 1 LEADER]: Becoming Leader. State: Replica: bbd52170b8b6438d8e7a6cc19c9f677c, State: Running, Role: LEADER
I20260608 09:54:51.337648 27342 consensus_queue.cc:237] T 958e98c7d3114edca14811cf275c7fb3 P bbd52170b8b6438d8e7a6cc19c9f677c [LEADER]: Queue going to LEADER mode. State: All replicated index: 0, Majority replicated index: 0, Committed index: 0, Last appended: 0.0, Last appended by leader: 0, Current term: 1, Majority size: 2, State: 0, Mode: LEADER, active raft config: opid_index: -1 OBSOLETE_local: false peers { permanent_uuid: "581b14a948274536b1568a6ad54e4839" member_type: VOTER last_known_addr { host: "127.23.232.129" port: 34565 } } peers { permanent_uuid: "bbd52170b8b6438d8e7a6cc19c9f677c" member_type: VOTER last_known_addr { host: "127.23.232.130" port: 41953 } } peers { permanent_uuid: "acf1d18d64c94685a6a498f7200bd8b1" member_type: VOTER last_known_addr { host: "127.23.232.131" port: 42857 } }
I20260608 09:54:51.345209 27034 catalog_manager.cc:5696] T 958e98c7d3114edca14811cf275c7fb3 P bbd52170b8b6438d8e7a6cc19c9f677c reported cstate change: term changed from 0 to 1, leader changed from <none> to bbd52170b8b6438d8e7a6cc19c9f677c (127.23.232.130). New cstate: current_term: 1 leader_uuid: "bbd52170b8b6438d8e7a6cc19c9f677c" committed_config { opid_index: -1 OBSOLETE_local: false peers { permanent_uuid: "581b14a948274536b1568a6ad54e4839" member_type: VOTER last_known_addr { host: "127.23.232.129" port: 34565 } health_report { overall_health: UNKNOWN } } peers { permanent_uuid: "bbd52170b8b6438d8e7a6cc19c9f677c" member_type: VOTER last_known_addr { host: "127.23.232.130" port: 41953 } health_report { overall_health: HEALTHY } } peers { permanent_uuid: "acf1d18d64c94685a6a498f7200bd8b1" member_type: VOTER last_known_addr { host: "127.23.232.131" port: 42857 } health_report { overall_health: UNKNOWN } } }
I20260608 09:54:51.375378 27342 raft_consensus.cc:493] T 6fd62848b5384850bef4b406883a8803 P bbd52170b8b6438d8e7a6cc19c9f677c [term 0 FOLLOWER]: Starting pre-election (no leader contacted us within the election timeout)
I20260608 09:54:51.375933 27342 raft_consensus.cc:515] T 6fd62848b5384850bef4b406883a8803 P bbd52170b8b6438d8e7a6cc19c9f677c [term 0 FOLLOWER]: Starting pre-election with config: opid_index: -1 OBSOLETE_local: false peers { permanent_uuid: "581b14a948274536b1568a6ad54e4839" member_type: VOTER last_known_addr { host: "127.23.232.129" port: 34565 } } peers { permanent_uuid: "bbd52170b8b6438d8e7a6cc19c9f677c" member_type: VOTER last_known_addr { host: "127.23.232.130" port: 41953 } } peers { permanent_uuid: "acf1d18d64c94685a6a498f7200bd8b1" member_type: VOTER last_known_addr { host: "127.23.232.131" port: 42857 } }
I20260608 09:54:51.378458 27342 leader_election.cc:290] T 6fd62848b5384850bef4b406883a8803 P bbd52170b8b6438d8e7a6cc19c9f677c [CANDIDATE]: Term 1 pre-election: Requested pre-vote from peers 581b14a948274536b1568a6ad54e4839 (127.23.232.129:34565), acf1d18d64c94685a6a498f7200bd8b1 (127.23.232.131:42857)
I20260608 09:54:51.378924 27142 tablet_service.cc:1917] Received RequestConsensusVote() RPC: tablet_id: "6fd62848b5384850bef4b406883a8803" candidate_uuid: "bbd52170b8b6438d8e7a6cc19c9f677c" candidate_term: 1 candidate_status { last_received { term: 0 index: 0 } } ignore_live_leader: false dest_uuid: "581b14a948274536b1568a6ad54e4839" is_pre_election: true
I20260608 09:54:51.379142 27291 tablet_service.cc:1917] Received RequestConsensusVote() RPC: tablet_id: "6fd62848b5384850bef4b406883a8803" candidate_uuid: "bbd52170b8b6438d8e7a6cc19c9f677c" candidate_term: 1 candidate_status { last_received { term: 0 index: 0 } } ignore_live_leader: false dest_uuid: "acf1d18d64c94685a6a498f7200bd8b1" is_pre_election: true
I20260608 09:54:51.379712 27291 raft_consensus.cc:2468] T 6fd62848b5384850bef4b406883a8803 P acf1d18d64c94685a6a498f7200bd8b1 [term 0 FOLLOWER]: Leader pre-election vote request: Granting yes vote for candidate bbd52170b8b6438d8e7a6cc19c9f677c in term 0.
I20260608 09:54:51.379657 27142 raft_consensus.cc:2468] T 6fd62848b5384850bef4b406883a8803 P 581b14a948274536b1568a6ad54e4839 [term 0 FOLLOWER]: Leader pre-election vote request: Granting yes vote for candidate bbd52170b8b6438d8e7a6cc19c9f677c in term 0.
I20260608 09:54:51.380993 27180 leader_election.cc:304] T 6fd62848b5384850bef4b406883a8803 P bbd52170b8b6438d8e7a6cc19c9f677c [CANDIDATE]: Term 1 pre-election: Election decided. Result: candidate won. Election summary: received 2 responses out of 3 voters: 2 yes votes; 0 no votes. yes voters: 581b14a948274536b1568a6ad54e4839, bbd52170b8b6438d8e7a6cc19c9f677c; no voters: 
I20260608 09:54:51.381711 27342 raft_consensus.cc:2804] T 6fd62848b5384850bef4b406883a8803 P bbd52170b8b6438d8e7a6cc19c9f677c [term 0 FOLLOWER]: Leader pre-election won for term 1
I20260608 09:54:51.382005 27342 raft_consensus.cc:493] T 6fd62848b5384850bef4b406883a8803 P bbd52170b8b6438d8e7a6cc19c9f677c [term 0 FOLLOWER]: Starting leader election (no leader contacted us within the election timeout)
I20260608 09:54:51.382288 27342 raft_consensus.cc:3060] T 6fd62848b5384850bef4b406883a8803 P bbd52170b8b6438d8e7a6cc19c9f677c [term 0 FOLLOWER]: Advancing to term 1
I20260608 09:54:51.387612 27342 raft_consensus.cc:515] T 6fd62848b5384850bef4b406883a8803 P bbd52170b8b6438d8e7a6cc19c9f677c [term 1 FOLLOWER]: Starting leader election with config: opid_index: -1 OBSOLETE_local: false peers { permanent_uuid: "581b14a948274536b1568a6ad54e4839" member_type: VOTER last_known_addr { host: "127.23.232.129" port: 34565 } } peers { permanent_uuid: "bbd52170b8b6438d8e7a6cc19c9f677c" member_type: VOTER last_known_addr { host: "127.23.232.130" port: 41953 } } peers { permanent_uuid: "acf1d18d64c94685a6a498f7200bd8b1" member_type: VOTER last_known_addr { host: "127.23.232.131" port: 42857 } }
I20260608 09:54:51.389267 27342 leader_election.cc:290] T 6fd62848b5384850bef4b406883a8803 P bbd52170b8b6438d8e7a6cc19c9f677c [CANDIDATE]: Term 1 election: Requested vote from peers 581b14a948274536b1568a6ad54e4839 (127.23.232.129:34565), acf1d18d64c94685a6a498f7200bd8b1 (127.23.232.131:42857)
I20260608 09:54:51.390225 27142 tablet_service.cc:1917] Received RequestConsensusVote() RPC: tablet_id: "6fd62848b5384850bef4b406883a8803" candidate_uuid: "bbd52170b8b6438d8e7a6cc19c9f677c" candidate_term: 1 candidate_status { last_received { term: 0 index: 0 } } ignore_live_leader: false dest_uuid: "581b14a948274536b1568a6ad54e4839"
I20260608 09:54:51.390499 27291 tablet_service.cc:1917] Received RequestConsensusVote() RPC: tablet_id: "6fd62848b5384850bef4b406883a8803" candidate_uuid: "bbd52170b8b6438d8e7a6cc19c9f677c" candidate_term: 1 candidate_status { last_received { term: 0 index: 0 } } ignore_live_leader: false dest_uuid: "acf1d18d64c94685a6a498f7200bd8b1"
I20260608 09:54:51.390777 27142 raft_consensus.cc:3060] T 6fd62848b5384850bef4b406883a8803 P 581b14a948274536b1568a6ad54e4839 [term 0 FOLLOWER]: Advancing to term 1
I20260608 09:54:51.391152 27291 raft_consensus.cc:3060] T 6fd62848b5384850bef4b406883a8803 P acf1d18d64c94685a6a498f7200bd8b1 [term 0 FOLLOWER]: Advancing to term 1
I20260608 09:54:51.395884 27291 raft_consensus.cc:2468] T 6fd62848b5384850bef4b406883a8803 P acf1d18d64c94685a6a498f7200bd8b1 [term 1 FOLLOWER]: Leader election vote request: Granting yes vote for candidate bbd52170b8b6438d8e7a6cc19c9f677c in term 1.
I20260608 09:54:51.395818 27142 raft_consensus.cc:2468] T 6fd62848b5384850bef4b406883a8803 P 581b14a948274536b1568a6ad54e4839 [term 1 FOLLOWER]: Leader election vote request: Granting yes vote for candidate bbd52170b8b6438d8e7a6cc19c9f677c in term 1.
I20260608 09:54:51.397358 27182 leader_election.cc:304] T 6fd62848b5384850bef4b406883a8803 P bbd52170b8b6438d8e7a6cc19c9f677c [CANDIDATE]: Term 1 election: Election decided. Result: candidate won. Election summary: received 2 responses out of 3 voters: 2 yes votes; 0 no votes. yes voters: acf1d18d64c94685a6a498f7200bd8b1, bbd52170b8b6438d8e7a6cc19c9f677c; no voters: 
I20260608 09:54:51.398049 27342 raft_consensus.cc:2804] T 6fd62848b5384850bef4b406883a8803 P bbd52170b8b6438d8e7a6cc19c9f677c [term 1 FOLLOWER]: Leader election won for term 1
I20260608 09:54:51.398484 27342 raft_consensus.cc:697] T 6fd62848b5384850bef4b406883a8803 P bbd52170b8b6438d8e7a6cc19c9f677c [term 1 LEADER]: Becoming Leader. State: Replica: bbd52170b8b6438d8e7a6cc19c9f677c, State: Running, Role: LEADER
I20260608 09:54:51.399351 27342 consensus_queue.cc:237] T 6fd62848b5384850bef4b406883a8803 P bbd52170b8b6438d8e7a6cc19c9f677c [LEADER]: Queue going to LEADER mode. State: All replicated index: 0, Majority replicated index: 0, Committed index: 0, Last appended: 0.0, Last appended by leader: 0, Current term: 1, Majority size: 2, State: 0, Mode: LEADER, active raft config: opid_index: -1 OBSOLETE_local: false peers { permanent_uuid: "581b14a948274536b1568a6ad54e4839" member_type: VOTER last_known_addr { host: "127.23.232.129" port: 34565 } } peers { permanent_uuid: "bbd52170b8b6438d8e7a6cc19c9f677c" member_type: VOTER last_known_addr { host: "127.23.232.130" port: 41953 } } peers { permanent_uuid: "acf1d18d64c94685a6a498f7200bd8b1" member_type: VOTER last_known_addr { host: "127.23.232.131" port: 42857 } }
I20260608 09:54:51.407009 27034 catalog_manager.cc:5696] T 6fd62848b5384850bef4b406883a8803 P bbd52170b8b6438d8e7a6cc19c9f677c reported cstate change: term changed from 0 to 1, leader changed from <none> to bbd52170b8b6438d8e7a6cc19c9f677c (127.23.232.130). New cstate: current_term: 1 leader_uuid: "bbd52170b8b6438d8e7a6cc19c9f677c" committed_config { opid_index: -1 OBSOLETE_local: false peers { permanent_uuid: "581b14a948274536b1568a6ad54e4839" member_type: VOTER last_known_addr { host: "127.23.232.129" port: 34565 } health_report { overall_health: UNKNOWN } } peers { permanent_uuid: "bbd52170b8b6438d8e7a6cc19c9f677c" member_type: VOTER last_known_addr { host: "127.23.232.130" port: 41953 } health_report { overall_health: HEALTHY } } peers { permanent_uuid: "acf1d18d64c94685a6a498f7200bd8b1" member_type: VOTER last_known_addr { host: "127.23.232.131" port: 42857 } health_report { overall_health: UNKNOWN } } }
I20260608 09:54:51.459664 24482 tablet_server.cc:179] TabletServer@127.23.232.129:0 shutting down...
I20260608 09:54:51.483520 24482 ts_tablet_manager.cc:1507] Shutting down tablet manager...
I20260608 09:54:51.484416 24482 tablet_replica.cc:333] T 3e172d0352684f4289b8bb115e1d2957 P 581b14a948274536b1568a6ad54e4839: stopping tablet replica
I20260608 09:54:51.485018 24482 raft_consensus.cc:2243] T 3e172d0352684f4289b8bb115e1d2957 P 581b14a948274536b1568a6ad54e4839 [term 1 LEADER]: Raft consensus shutting down.
I20260608 09:54:51.485644 24482 pending_rounds.cc:70] T 3e172d0352684f4289b8bb115e1d2957 P 581b14a948274536b1568a6ad54e4839: Trying to abort 1 pending ops.
I20260608 09:54:51.485853 24482 pending_rounds.cc:77] T 3e172d0352684f4289b8bb115e1d2957 P 581b14a948274536b1568a6ad54e4839: Aborting op as it isn't in flight: id { term: 1 index: 1 } timestamp: 7294617563985371136 op_type: NO_OP noop_request { }
I20260608 09:54:51.486161 24482 raft_consensus.cc:2889] T 3e172d0352684f4289b8bb115e1d2957 P 581b14a948274536b1568a6ad54e4839 [term 1 LEADER]: NO_OP replication failed: Aborted: Op aborted
I20260608 09:54:51.486454 24482 raft_consensus.cc:2272] T 3e172d0352684f4289b8bb115e1d2957 P 581b14a948274536b1568a6ad54e4839 [term 1 FOLLOWER]: Raft consensus is shut down!
I20260608 09:54:51.488945 24482 tablet_replica.cc:333] T 958e98c7d3114edca14811cf275c7fb3 P 581b14a948274536b1568a6ad54e4839: stopping tablet replica
I20260608 09:54:51.489487 24482 raft_consensus.cc:2243] T 958e98c7d3114edca14811cf275c7fb3 P 581b14a948274536b1568a6ad54e4839 [term 1 FOLLOWER]: Raft consensus shutting down.
I20260608 09:54:51.489876 24482 raft_consensus.cc:2272] T 958e98c7d3114edca14811cf275c7fb3 P 581b14a948274536b1568a6ad54e4839 [term 1 FOLLOWER]: Raft consensus is shut down!
I20260608 09:54:51.491823 24482 tablet_replica.cc:333] T e635177963054b7d96898a21ee8d5eec P 581b14a948274536b1568a6ad54e4839: stopping tablet replica
I20260608 09:54:51.492362 24482 raft_consensus.cc:2243] T e635177963054b7d96898a21ee8d5eec P 581b14a948274536b1568a6ad54e4839 [term 1 LEADER]: Raft consensus shutting down.
I20260608 09:54:51.492947 24482 pending_rounds.cc:70] T e635177963054b7d96898a21ee8d5eec P 581b14a948274536b1568a6ad54e4839: Trying to abort 1 pending ops.
I20260608 09:54:51.493122 24482 pending_rounds.cc:77] T e635177963054b7d96898a21ee8d5eec P 581b14a948274536b1568a6ad54e4839: Aborting op as it isn't in flight: id { term: 1 index: 1 } timestamp: 7294617564447596544 op_type: NO_OP noop_request { }
I20260608 09:54:51.493410 24482 raft_consensus.cc:2889] T e635177963054b7d96898a21ee8d5eec P 581b14a948274536b1568a6ad54e4839 [term 1 LEADER]: NO_OP replication failed: Aborted: Op aborted
I20260608 09:54:51.493741 24482 raft_consensus.cc:2272] T e635177963054b7d96898a21ee8d5eec P 581b14a948274536b1568a6ad54e4839 [term 1 FOLLOWER]: Raft consensus is shut down!
I20260608 09:54:51.496047 24482 tablet_replica.cc:333] T 6fd62848b5384850bef4b406883a8803 P 581b14a948274536b1568a6ad54e4839: stopping tablet replica
I20260608 09:54:51.496557 24482 raft_consensus.cc:2243] T 6fd62848b5384850bef4b406883a8803 P 581b14a948274536b1568a6ad54e4839 [term 1 FOLLOWER]: Raft consensus shutting down.
I20260608 09:54:51.496932 24482 raft_consensus.cc:2272] T 6fd62848b5384850bef4b406883a8803 P 581b14a948274536b1568a6ad54e4839 [term 1 FOLLOWER]: Raft consensus is shut down!
I20260608 09:54:51.519399 24482 tablet_server.cc:196] TabletServer@127.23.232.129:0 shutdown complete.
I20260608 09:54:51.530932 24482 tablet_server.cc:179] TabletServer@127.23.232.130:0 shutting down...
I20260608 09:54:51.550820 24482 ts_tablet_manager.cc:1507] Shutting down tablet manager...
I20260608 09:54:51.551702 24482 tablet_replica.cc:333] T 3e172d0352684f4289b8bb115e1d2957 P bbd52170b8b6438d8e7a6cc19c9f677c: stopping tablet replica
I20260608 09:54:51.552315 24482 raft_consensus.cc:2243] T 3e172d0352684f4289b8bb115e1d2957 P bbd52170b8b6438d8e7a6cc19c9f677c [term 1 FOLLOWER]: Raft consensus shutting down.
I20260608 09:54:51.552750 24482 raft_consensus.cc:2272] T 3e172d0352684f4289b8bb115e1d2957 P bbd52170b8b6438d8e7a6cc19c9f677c [term 1 FOLLOWER]: Raft consensus is shut down!
I20260608 09:54:51.554764 24482 tablet_replica.cc:333] T 958e98c7d3114edca14811cf275c7fb3 P bbd52170b8b6438d8e7a6cc19c9f677c: stopping tablet replica
I20260608 09:54:51.555321 24482 raft_consensus.cc:2243] T 958e98c7d3114edca14811cf275c7fb3 P bbd52170b8b6438d8e7a6cc19c9f677c [term 1 LEADER]: Raft consensus shutting down.
I20260608 09:54:51.555967 24482 pending_rounds.cc:70] T 958e98c7d3114edca14811cf275c7fb3 P bbd52170b8b6438d8e7a6cc19c9f677c: Trying to abort 1 pending ops.
I20260608 09:54:51.556129 24482 pending_rounds.cc:77] T 958e98c7d3114edca14811cf275c7fb3 P bbd52170b8b6438d8e7a6cc19c9f677c: Aborting op as it isn't in flight: id { term: 1 index: 1 } timestamp: 7294617564527611904 op_type: NO_OP noop_request { }
I20260608 09:54:51.556437 24482 raft_consensus.cc:2889] T 958e98c7d3114edca14811cf275c7fb3 P bbd52170b8b6438d8e7a6cc19c9f677c [term 1 LEADER]: NO_OP replication failed: Aborted: Op aborted
I20260608 09:54:51.556790 24482 raft_consensus.cc:2272] T 958e98c7d3114edca14811cf275c7fb3 P bbd52170b8b6438d8e7a6cc19c9f677c [term 1 FOLLOWER]: Raft consensus is shut down!
I20260608 09:54:51.558972 24482 tablet_replica.cc:333] T e635177963054b7d96898a21ee8d5eec P bbd52170b8b6438d8e7a6cc19c9f677c: stopping tablet replica
I20260608 09:54:51.559489 24482 raft_consensus.cc:2243] T e635177963054b7d96898a21ee8d5eec P bbd52170b8b6438d8e7a6cc19c9f677c [term 1 FOLLOWER]: Raft consensus shutting down.
I20260608 09:54:51.559880 24482 raft_consensus.cc:2272] T e635177963054b7d96898a21ee8d5eec P bbd52170b8b6438d8e7a6cc19c9f677c [term 1 FOLLOWER]: Raft consensus is shut down!
I20260608 09:54:51.561748 24482 tablet_replica.cc:333] T 6fd62848b5384850bef4b406883a8803 P bbd52170b8b6438d8e7a6cc19c9f677c: stopping tablet replica
I20260608 09:54:51.562232 24482 raft_consensus.cc:2243] T 6fd62848b5384850bef4b406883a8803 P bbd52170b8b6438d8e7a6cc19c9f677c [term 1 LEADER]: Raft consensus shutting down.
I20260608 09:54:51.562870 24482 pending_rounds.cc:70] T 6fd62848b5384850bef4b406883a8803 P bbd52170b8b6438d8e7a6cc19c9f677c: Trying to abort 1 pending ops.
I20260608 09:54:51.563043 24482 pending_rounds.cc:77] T 6fd62848b5384850bef4b406883a8803 P bbd52170b8b6438d8e7a6cc19c9f677c: Aborting op as it isn't in flight: id { term: 1 index: 1 } timestamp: 7294617564779048960 op_type: NO_OP noop_request { }
I20260608 09:54:51.563333 24482 raft_consensus.cc:2889] T 6fd62848b5384850bef4b406883a8803 P bbd52170b8b6438d8e7a6cc19c9f677c [term 1 LEADER]: NO_OP replication failed: Aborted: Op aborted
I20260608 09:54:51.563663 24482 raft_consensus.cc:2272] T 6fd62848b5384850bef4b406883a8803 P bbd52170b8b6438d8e7a6cc19c9f677c [term 1 FOLLOWER]: Raft consensus is shut down!
I20260608 09:54:51.585996 24482 tablet_server.cc:196] TabletServer@127.23.232.130:0 shutdown complete.
I20260608 09:54:51.597378 24482 tablet_server.cc:179] TabletServer@127.23.232.131:0 shutting down...
I20260608 09:54:51.615136 24482 ts_tablet_manager.cc:1507] Shutting down tablet manager...
I20260608 09:54:51.616092 24482 tablet_replica.cc:333] T 3e172d0352684f4289b8bb115e1d2957 P acf1d18d64c94685a6a498f7200bd8b1: stopping tablet replica
I20260608 09:54:51.616680 24482 raft_consensus.cc:2243] T 3e172d0352684f4289b8bb115e1d2957 P acf1d18d64c94685a6a498f7200bd8b1 [term 1 FOLLOWER]: Raft consensus shutting down.
I20260608 09:54:51.617118 24482 raft_consensus.cc:2272] T 3e172d0352684f4289b8bb115e1d2957 P acf1d18d64c94685a6a498f7200bd8b1 [term 1 FOLLOWER]: Raft consensus is shut down!
I20260608 09:54:51.619222 24482 tablet_replica.cc:333] T 958e98c7d3114edca14811cf275c7fb3 P acf1d18d64c94685a6a498f7200bd8b1: stopping tablet replica
I20260608 09:54:51.619765 24482 raft_consensus.cc:2243] T 958e98c7d3114edca14811cf275c7fb3 P acf1d18d64c94685a6a498f7200bd8b1 [term 1 FOLLOWER]: Raft consensus shutting down.
I20260608 09:54:51.620159 24482 raft_consensus.cc:2272] T 958e98c7d3114edca14811cf275c7fb3 P acf1d18d64c94685a6a498f7200bd8b1 [term 1 FOLLOWER]: Raft consensus is shut down!
I20260608 09:54:51.621809 24482 tablet_replica.cc:333] T 6fd62848b5384850bef4b406883a8803 P acf1d18d64c94685a6a498f7200bd8b1: stopping tablet replica
I20260608 09:54:51.622336 24482 raft_consensus.cc:2243] T 6fd62848b5384850bef4b406883a8803 P acf1d18d64c94685a6a498f7200bd8b1 [term 1 FOLLOWER]: Raft consensus shutting down.
I20260608 09:54:51.622761 24482 raft_consensus.cc:2272] T 6fd62848b5384850bef4b406883a8803 P acf1d18d64c94685a6a498f7200bd8b1 [term 1 FOLLOWER]: Raft consensus is shut down!
I20260608 09:54:51.624428 24482 tablet_replica.cc:333] T e635177963054b7d96898a21ee8d5eec P acf1d18d64c94685a6a498f7200bd8b1: stopping tablet replica
I20260608 09:54:51.624925 24482 raft_consensus.cc:2243] T e635177963054b7d96898a21ee8d5eec P acf1d18d64c94685a6a498f7200bd8b1 [term 1 FOLLOWER]: Raft consensus shutting down.
I20260608 09:54:51.625286 24482 raft_consensus.cc:2272] T e635177963054b7d96898a21ee8d5eec P acf1d18d64c94685a6a498f7200bd8b1 [term 1 FOLLOWER]: Raft consensus is shut down!
I20260608 09:54:51.646082 24482 tablet_server.cc:196] TabletServer@127.23.232.131:0 shutdown complete.
I20260608 09:54:51.657640 24482 master.cc:562] Master@127.23.232.190:33693 shutting down...
I20260608 09:54:51.673044 24482 raft_consensus.cc:2243] T 00000000000000000000000000000000 P 27c3e25871e040cb9ccebf07971a1228 [term 1 LEADER]: Raft consensus shutting down.
I20260608 09:54:51.673610 24482 raft_consensus.cc:2272] T 00000000000000000000000000000000 P 27c3e25871e040cb9ccebf07971a1228 [term 1 FOLLOWER]: Raft consensus is shut down!
I20260608 09:54:51.673954 24482 tablet_replica.cc:333] T 00000000000000000000000000000000 P 27c3e25871e040cb9ccebf07971a1228: stopping tablet replica
I20260608 09:54:51.692705 24482 master.cc:584] Master@127.23.232.190:33693 shutdown complete.
[       OK ] AutoRebalancerTest.RangeAwareBuildClusterInfoGroupsByRange (2637 ms)
[ RUN      ] AutoRebalancerTest.RangeAwareRebalancesNewRangeReplicas
I20260608 09:54:51.724949 24482 internal_mini_cluster.cc:156] Creating distributed mini masters. Addrs: 127.23.232.190:38461
I20260608 09:54:51.726105 24482 file_cache.cc:492] Constructed file cache file cache with capacity 419430
W20260608 09:54:51.731643 27363 instance_detector.cc:116] could not retrieve AWS instance metadata: Network error: curl error: HTTP response code said error: The requested URL returned error: 404
W20260608 09:54:51.732024 27364 instance_detector.cc:116] could not retrieve Azure instance metadata: Network error: curl error: HTTP response code said error: The requested URL returned error: 404
W20260608 09:54:51.733124 27366 instance_detector.cc:116] could not retrieve OpenStack instance metadata: Network error: curl error: HTTP response code said error: The requested URL returned error: 404
I20260608 09:54:51.734870 24482 server_base.cc:1061] running on GCE node
I20260608 09:54:51.735677 24482 hybrid_clock.cc:584] initializing the hybrid clock with 'system_unsync' time source
W20260608 09:54:51.735852 24482 system_unsync_time.cc:38] NTP support is disabled. Clock error bounds will not be accurate. This configuration is not suitable for distributed clusters.
I20260608 09:54:51.735972 24482 hybrid_clock.cc:648] HybridClock initialized: now 1780912491735960 us; error 0 us; skew 500 ppm
I20260608 09:54:51.736492 24482 server_base.cc:861] Flag tcmalloc_max_total_thread_cache_bytes is not working since tcmalloc is not enabled.
I20260608 09:54:51.738989 24482 webserver.cc:533] Webserver started at http://127.23.232.190:37163/ using document root <none> and password file <none>
I20260608 09:54:51.739490 24482 fs_manager.cc:362] Metadata directory not provided
I20260608 09:54:51.739667 24482 fs_manager.cc:368] Using write-ahead log directory (fs_wal_dir) as metadata directory
I20260608 09:54:51.739890 24482 server_base.cc:909] This appears to be a new deployment of Kudu; creating new FS layout
I20260608 09:54:51.740950 24482 fs_manager.cc:1068] Generated new instance metadata in path /tmp/dist-test-taskwOoBMo/test-tmp/auto_rebalancer-test.0.AutoRebalancerTest.RangeAwareRebalancesNewRangeReplicas.1780912412215223-24482-0/minicluster-data/master-0-root/instance:
uuid: "6d58711e6b2049d6ae0533b40a867aa5"
format_stamp: "Formatted at 2026-06-08 09:54:51 on dist-test-slave-6vqf"
I20260608 09:54:51.745491 24482 fs_manager.cc:696] Time spent creating directory manager: real 0.004s	user 0.004s	sys 0.002s
I20260608 09:54:51.748975 27371 log_block_manager.cc:4031] Time spent loading block containers with low live blocks: real 0.000s	user 0.000s	sys 0.000s
I20260608 09:54:51.749747 24482 fs_manager.cc:730] Time spent opening block manager: real 0.002s	user 0.002s	sys 0.000s
I20260608 09:54:51.750043 24482 fs_manager.cc:647] Opened local filesystem: /tmp/dist-test-taskwOoBMo/test-tmp/auto_rebalancer-test.0.AutoRebalancerTest.RangeAwareRebalancesNewRangeReplicas.1780912412215223-24482-0/minicluster-data/master-0-root
uuid: "6d58711e6b2049d6ae0533b40a867aa5"
format_stamp: "Formatted at 2026-06-08 09:54:51 on dist-test-slave-6vqf"
I20260608 09:54:51.750339 24482 fs_report.cc:389] FS layout report
--------------------
wal directory: /tmp/dist-test-taskwOoBMo/test-tmp/auto_rebalancer-test.0.AutoRebalancerTest.RangeAwareRebalancesNewRangeReplicas.1780912412215223-24482-0/minicluster-data/master-0-root
metadata directory: /tmp/dist-test-taskwOoBMo/test-tmp/auto_rebalancer-test.0.AutoRebalancerTest.RangeAwareRebalancesNewRangeReplicas.1780912412215223-24482-0/minicluster-data/master-0-root
1 data directories: /tmp/dist-test-taskwOoBMo/test-tmp/auto_rebalancer-test.0.AutoRebalancerTest.RangeAwareRebalancesNewRangeReplicas.1780912412215223-24482-0/minicluster-data/master-0-root/data
Total live blocks: 0
Total live bytes: 0
Total live bytes (after alignment): 0
Total number of LBM containers: 0 (0 full)
Did not check for missing blocks
Did not check for orphaned blocks
Total full LBM containers with extra space: 0 (0 repaired)
Total full LBM container extra space in bytes: 0 (0 repaired)
Total incomplete LBM containers: 0 (0 repaired)
Total LBM partial records: 0 (0 repaired)
Total corrupted LBM metadata records in RocksDB: 0 (0 repaired)
I20260608 09:54:51.762943 24482 rpc_server.cc:225] running with OpenSSL 1.1.1  11 Sep 2018
I20260608 09:54:51.763950 24482 kserver.cc:163] Server-wide thread pool size limit: 3276
I20260608 09:54:51.800902 24482 rpc_server.cc:307] RPC server started. Bound to: 127.23.232.190:38461
I20260608 09:54:51.801024 27422 acceptor_pool.cc:272] collecting diagnostics on the listening RPC socket 127.23.232.190:38461 every 8 connection(s)
I20260608 09:54:51.805205 27423 data_dirs.cc:400] Could only allocate 1 dirs of requested 3 for tablet 00000000000000000000000000000000. 1 dirs total, 0 dirs full, 0 dirs failed
I20260608 09:54:51.815742 27423 tablet_bootstrap.cc:492] T 00000000000000000000000000000000 P 6d58711e6b2049d6ae0533b40a867aa5: Bootstrap starting.
I20260608 09:54:51.820345 27423 tablet_bootstrap.cc:654] T 00000000000000000000000000000000 P 6d58711e6b2049d6ae0533b40a867aa5: Neither blocks nor log segments found. Creating new log.
I20260608 09:54:51.824656 27423 tablet_bootstrap.cc:492] T 00000000000000000000000000000000 P 6d58711e6b2049d6ae0533b40a867aa5: No bootstrap required, opened a new log
I20260608 09:54:51.826942 27423 raft_consensus.cc:359] T 00000000000000000000000000000000 P 6d58711e6b2049d6ae0533b40a867aa5 [term 0 FOLLOWER]: Replica starting. Triggering 0 pending ops. Active config: opid_index: -1 OBSOLETE_local: true peers { permanent_uuid: "6d58711e6b2049d6ae0533b40a867aa5" member_type: VOTER }
I20260608 09:54:51.827324 27423 raft_consensus.cc:385] T 00000000000000000000000000000000 P 6d58711e6b2049d6ae0533b40a867aa5 [term 0 FOLLOWER]: Consensus starting up: Expiring failure detector timer to make a prompt election more likely
I20260608 09:54:51.827607 27423 raft_consensus.cc:740] T 00000000000000000000000000000000 P 6d58711e6b2049d6ae0533b40a867aa5 [term 0 FOLLOWER]: Becoming Follower/Learner. State: Replica: 6d58711e6b2049d6ae0533b40a867aa5, State: Initialized, Role: FOLLOWER
I20260608 09:54:51.828238 27423 consensus_queue.cc:260] T 00000000000000000000000000000000 P 6d58711e6b2049d6ae0533b40a867aa5 [NON_LEADER]: Queue going to NON_LEADER mode. State: All replicated index: 0, Majority replicated index: 0, Committed index: 0, Last appended: 0.0, Last appended by leader: 0, Current term: 0, Majority size: -1, State: 0, Mode: NON_LEADER, active raft config: opid_index: -1 OBSOLETE_local: true peers { permanent_uuid: "6d58711e6b2049d6ae0533b40a867aa5" member_type: VOTER }
I20260608 09:54:51.828723 27423 raft_consensus.cc:399] T 00000000000000000000000000000000 P 6d58711e6b2049d6ae0533b40a867aa5 [term 0 FOLLOWER]: Only one voter in the Raft config. Triggering election immediately
I20260608 09:54:51.828930 27423 raft_consensus.cc:493] T 00000000000000000000000000000000 P 6d58711e6b2049d6ae0533b40a867aa5 [term 0 FOLLOWER]: Starting leader election (initial election of a single-replica configuration)
I20260608 09:54:51.829239 27423 raft_consensus.cc:3060] T 00000000000000000000000000000000 P 6d58711e6b2049d6ae0533b40a867aa5 [term 0 FOLLOWER]: Advancing to term 1
I20260608 09:54:51.833843 27423 raft_consensus.cc:515] T 00000000000000000000000000000000 P 6d58711e6b2049d6ae0533b40a867aa5 [term 1 FOLLOWER]: Starting leader election with config: opid_index: -1 OBSOLETE_local: true peers { permanent_uuid: "6d58711e6b2049d6ae0533b40a867aa5" member_type: VOTER }
I20260608 09:54:51.834396 27423 leader_election.cc:304] T 00000000000000000000000000000000 P 6d58711e6b2049d6ae0533b40a867aa5 [CANDIDATE]: Term 1 election: Election decided. Result: candidate won. Election summary: received 1 responses out of 1 voters: 1 yes votes; 0 no votes. yes voters: 6d58711e6b2049d6ae0533b40a867aa5; no voters: 
