I20260608 09:55:27.276672 26986 tablet_bootstrap.cc:654] T 65cb62fe552440e3a907154a3312f951 P 402fd00081fb43d59659832798a32480: Neither blocks nor log segments found. Creating new log.
I20260608 09:55:27.268227 26792 raft_consensus.cc:3060] T b3a98689913f44e0ac8b78e9d49a2bc3 P 2cf711f86d1c47dd9631837f167edc05 [term 0 FOLLOWER]: Advancing to term 1
I20260608 09:55:27.268229 26987 ts_tablet_manager.cc:1403] T 8788b07a8f6c449e998ac78eff262ab7 P 40fbba2b4ada4b3ebd3eb578bb21fb6a: Time spent bootstrapping tablet: real 0.084s	user 0.017s	sys 0.004s
I20260608 09:55:27.285238 26987 raft_consensus.cc:359] T 8788b07a8f6c449e998ac78eff262ab7 P 40fbba2b4ada4b3ebd3eb578bb21fb6a [term 0 FOLLOWER]: Replica starting. Triggering 0 pending ops. Active config: opid_index: -1 OBSOLETE_local: false peers { permanent_uuid: "2cf711f86d1c47dd9631837f167edc05" member_type: VOTER last_known_addr { host: "127.21.191.129" port: 37077 } } peers { permanent_uuid: "402fd00081fb43d59659832798a32480" member_type: VOTER last_known_addr { host: "127.21.191.130" port: 36653 } } peers { permanent_uuid: "40fbba2b4ada4b3ebd3eb578bb21fb6a" member_type: VOTER last_known_addr { host: "127.21.191.131" port: 40395 } }
I20260608 09:55:27.238718 27014 consensus_queue.cc:1048] T 8df3170d6aa44a7e879eac6f95e1d4d2 P 2cf711f86d1c47dd9631837f167edc05 [LEADER]: Connected to new peer: Peer: permanent_uuid: "40fbba2b4ada4b3ebd3eb578bb21fb6a" member_type: VOTER last_known_addr { host: "127.21.191.131" port: 40395 }, Status: LMP_MISMATCH, Last received: 0.0, Next index: 1, Last known committed idx: 0, Time since last communication: 0.001s
I20260608 09:55:27.287088 27039 raft_consensus.cc:493] T c9096247fa3f49b2aedb257502b6c135 P 40fbba2b4ada4b3ebd3eb578bb21fb6a [term 0 FOLLOWER]: Starting pre-election (no leader contacted us within the election timeout)
I20260608 09:55:27.287576 27039 raft_consensus.cc:515] T c9096247fa3f49b2aedb257502b6c135 P 40fbba2b4ada4b3ebd3eb578bb21fb6a [term 0 FOLLOWER]: Starting pre-election with config: opid_index: -1 OBSOLETE_local: false peers { permanent_uuid: "2cf711f86d1c47dd9631837f167edc05" member_type: VOTER last_known_addr { host: "127.21.191.129" port: 37077 } } peers { permanent_uuid: "402fd00081fb43d59659832798a32480" member_type: VOTER last_known_addr { host: "127.21.191.130" port: 36653 } } peers { permanent_uuid: "40fbba2b4ada4b3ebd3eb578bb21fb6a" member_type: VOTER last_known_addr { host: "127.21.191.131" port: 40395 } }
I20260608 09:55:27.286972 26987 raft_consensus.cc:385] T 8788b07a8f6c449e998ac78eff262ab7 P 40fbba2b4ada4b3ebd3eb578bb21fb6a [term 0 FOLLOWER]: Consensus starting up: Expiring failure detector timer to make a prompt election more likely
I20260608 09:55:27.291038 26987 raft_consensus.cc:740] T 8788b07a8f6c449e998ac78eff262ab7 P 40fbba2b4ada4b3ebd3eb578bb21fb6a [term 0 FOLLOWER]: Becoming Follower/Learner. State: Replica: 40fbba2b4ada4b3ebd3eb578bb21fb6a, State: Initialized, Role: FOLLOWER
I20260608 09:55:27.291220 26865 tablet_service.cc:1917] Received RequestConsensusVote() RPC: tablet_id: "c9096247fa3f49b2aedb257502b6c135" candidate_uuid: "40fbba2b4ada4b3ebd3eb578bb21fb6a" candidate_term: 1 candidate_status { last_received { term: 0 index: 0 } } ignore_live_leader: false dest_uuid: "402fd00081fb43d59659832798a32480" is_pre_election: true
I20260608 09:55:27.291992 26865 raft_consensus.cc:2468] T c9096247fa3f49b2aedb257502b6c135 P 402fd00081fb43d59659832798a32480 [term 0 FOLLOWER]: Leader pre-election vote request: Granting yes vote for candidate 40fbba2b4ada4b3ebd3eb578bb21fb6a in term 0.
I20260608 09:55:27.291446 27039 leader_election.cc:290] T c9096247fa3f49b2aedb257502b6c135 P 40fbba2b4ada4b3ebd3eb578bb21fb6a [CANDIDATE]: Term 1 pre-election: Requested pre-vote from peers 2cf711f86d1c47dd9631837f167edc05 (127.21.191.129:37077), 402fd00081fb43d59659832798a32480 (127.21.191.130:36653)
I20260608 09:55:27.293442 26905 leader_election.cc:304] T c9096247fa3f49b2aedb257502b6c135 P 40fbba2b4ada4b3ebd3eb578bb21fb6a [CANDIDATE]: Term 1 pre-election: Election decided. Result: candidate won. Election summary: received 2 responses out of 3 voters: 2 yes votes; 0 no votes. yes voters: 402fd00081fb43d59659832798a32480, 40fbba2b4ada4b3ebd3eb578bb21fb6a; no voters: 
I20260608 09:55:27.294377 27039 raft_consensus.cc:2804] T c9096247fa3f49b2aedb257502b6c135 P 40fbba2b4ada4b3ebd3eb578bb21fb6a [term 0 FOLLOWER]: Leader pre-election won for term 1
I20260608 09:55:27.294579 26791 tablet_service.cc:1917] Received RequestConsensusVote() RPC: tablet_id: "c9096247fa3f49b2aedb257502b6c135" candidate_uuid: "40fbba2b4ada4b3ebd3eb578bb21fb6a" candidate_term: 1 candidate_status { last_received { term: 0 index: 0 } } ignore_live_leader: false dest_uuid: "2cf711f86d1c47dd9631837f167edc05" is_pre_election: true
I20260608 09:55:27.292045 26987 consensus_queue.cc:260] T 8788b07a8f6c449e998ac78eff262ab7 P 40fbba2b4ada4b3ebd3eb578bb21fb6a [NON_LEADER]: Queue going to NON_LEADER mode. State: All replicated index: 0, Majority replicated index: 0, Committed index: 0, Last appended: 0.0, Last appended by leader: 0, Current term: 0, Majority size: -1, State: 0, Mode: NON_LEADER, active raft config: opid_index: -1 OBSOLETE_local: false peers { permanent_uuid: "2cf711f86d1c47dd9631837f167edc05" member_type: VOTER last_known_addr { host: "127.21.191.129" port: 37077 } } peers { permanent_uuid: "402fd00081fb43d59659832798a32480" member_type: VOTER last_known_addr { host: "127.21.191.130" port: 36653 } } peers { permanent_uuid: "40fbba2b4ada4b3ebd3eb578bb21fb6a" member_type: VOTER last_known_addr { host: "127.21.191.131" port: 40395 } }
I20260608 09:55:27.294950 27039 raft_consensus.cc:493] T c9096247fa3f49b2aedb257502b6c135 P 40fbba2b4ada4b3ebd3eb578bb21fb6a [term 0 FOLLOWER]: Starting leader election (no leader contacted us within the election timeout)
I20260608 09:55:27.295353 27039 raft_consensus.cc:3060] T c9096247fa3f49b2aedb257502b6c135 P 40fbba2b4ada4b3ebd3eb578bb21fb6a [term 0 FOLLOWER]: Advancing to term 1
W20260608 09:55:27.296443 26907 leader_election.cc:343] T c9096247fa3f49b2aedb257502b6c135 P 40fbba2b4ada4b3ebd3eb578bb21fb6a [CANDIDATE]: Term 1 pre-election: Tablet error from VoteRequest() call to peer 2cf711f86d1c47dd9631837f167edc05 (127.21.191.129:37077): Illegal state: must be running to vote when last-logged opid is not known
I20260608 09:55:27.296954 26987 ts_tablet_manager.cc:1434] T 8788b07a8f6c449e998ac78eff262ab7 P 40fbba2b4ada4b3ebd3eb578bb21fb6a: Time spent starting tablet: real 0.015s	user 0.006s	sys 0.002s
I20260608 09:55:27.301326 26995 consensus_queue.cc:1048] T 8df3170d6aa44a7e879eac6f95e1d4d2 P 2cf711f86d1c47dd9631837f167edc05 [LEADER]: Connected to new peer: Peer: permanent_uuid: "402fd00081fb43d59659832798a32480" member_type: VOTER last_known_addr { host: "127.21.191.130" port: 36653 }, Status: LMP_MISMATCH, Last received: 0.0, Next index: 1, Last known committed idx: 0, Time since last communication: 0.000s
I20260608 09:55:27.301288 26986 tablet_bootstrap.cc:492] T 65cb62fe552440e3a907154a3312f951 P 402fd00081fb43d59659832798a32480: No bootstrap required, opened a new log
I20260608 09:55:27.304090 26986 ts_tablet_manager.cc:1403] T 65cb62fe552440e3a907154a3312f951 P 402fd00081fb43d59659832798a32480: Time spent bootstrapping tablet: real 0.035s	user 0.013s	sys 0.005s
I20260608 09:55:27.304986 27039 raft_consensus.cc:515] T c9096247fa3f49b2aedb257502b6c135 P 40fbba2b4ada4b3ebd3eb578bb21fb6a [term 1 FOLLOWER]: Starting leader election with config: opid_index: -1 OBSOLETE_local: false peers { permanent_uuid: "2cf711f86d1c47dd9631837f167edc05" member_type: VOTER last_known_addr { host: "127.21.191.129" port: 37077 } } peers { permanent_uuid: "402fd00081fb43d59659832798a32480" member_type: VOTER last_known_addr { host: "127.21.191.130" port: 36653 } } peers { permanent_uuid: "40fbba2b4ada4b3ebd3eb578bb21fb6a" member_type: VOTER last_known_addr { host: "127.21.191.131" port: 40395 } }
I20260608 09:55:27.277776 26941 raft_consensus.cc:2468] T b3a98689913f44e0ac8b78e9d49a2bc3 P 40fbba2b4ada4b3ebd3eb578bb21fb6a [term 1 FOLLOWER]: Leader election vote request: Granting yes vote for candidate 402fd00081fb43d59659832798a32480 in term 1.
I20260608 09:55:27.307940 26986 raft_consensus.cc:359] T 65cb62fe552440e3a907154a3312f951 P 402fd00081fb43d59659832798a32480 [term 0 FOLLOWER]: Replica starting. Triggering 0 pending ops. Active config: opid_index: -1 OBSOLETE_local: false peers { permanent_uuid: "2cf711f86d1c47dd9631837f167edc05" member_type: VOTER last_known_addr { host: "127.21.191.129" port: 37077 } } peers { permanent_uuid: "402fd00081fb43d59659832798a32480" member_type: VOTER last_known_addr { host: "127.21.191.130" port: 36653 } } peers { permanent_uuid: "40fbba2b4ada4b3ebd3eb578bb21fb6a" member_type: VOTER last_known_addr { host: "127.21.191.131" port: 40395 } }
I20260608 09:55:27.308405 26830 leader_election.cc:304] T b3a98689913f44e0ac8b78e9d49a2bc3 P 402fd00081fb43d59659832798a32480 [CANDIDATE]: Term 1 election: Election decided. Result: candidate won. Election summary: received 2 responses out of 3 voters: 2 yes votes; 0 no votes. yes voters: 402fd00081fb43d59659832798a32480, 40fbba2b4ada4b3ebd3eb578bb21fb6a; no voters: 
I20260608 09:55:27.308734 26986 raft_consensus.cc:385] T 65cb62fe552440e3a907154a3312f951 P 402fd00081fb43d59659832798a32480 [term 0 FOLLOWER]: Consensus starting up: Expiring failure detector timer to make a prompt election more likely
I20260608 09:55:27.309278 26986 raft_consensus.cc:740] T 65cb62fe552440e3a907154a3312f951 P 402fd00081fb43d59659832798a32480 [term 0 FOLLOWER]: Becoming Follower/Learner. State: Replica: 402fd00081fb43d59659832798a32480, State: Initialized, Role: FOLLOWER
I20260608 09:55:27.309295 27031 raft_consensus.cc:2804] T b3a98689913f44e0ac8b78e9d49a2bc3 P 402fd00081fb43d59659832798a32480 [term 1 FOLLOWER]: Leader election won for term 1
I20260608 09:55:27.309592 26791 tablet_service.cc:1917] Received RequestConsensusVote() RPC: tablet_id: "c9096247fa3f49b2aedb257502b6c135" candidate_uuid: "40fbba2b4ada4b3ebd3eb578bb21fb6a" candidate_term: 1 candidate_status { last_received { term: 0 index: 0 } } ignore_live_leader: false dest_uuid: "2cf711f86d1c47dd9631837f167edc05"
W20260608 09:55:27.311302 26907 leader_election.cc:343] T c9096247fa3f49b2aedb257502b6c135 P 40fbba2b4ada4b3ebd3eb578bb21fb6a [CANDIDATE]: Term 1 election: Tablet error from VoteRequest() call to peer 2cf711f86d1c47dd9631837f167edc05 (127.21.191.129:37077): Illegal state: must be running to vote when last-logged opid is not known
I20260608 09:55:27.311116 26986 consensus_queue.cc:260] T 65cb62fe552440e3a907154a3312f951 P 402fd00081fb43d59659832798a32480 [NON_LEADER]: Queue going to NON_LEADER mode. State: All replicated index: 0, Majority replicated index: 0, Committed index: 0, Last appended: 0.0, Last appended by leader: 0, Current term: 0, Majority size: -1, State: 0, Mode: NON_LEADER, active raft config: opid_index: -1 OBSOLETE_local: false peers { permanent_uuid: "2cf711f86d1c47dd9631837f167edc05" member_type: VOTER last_known_addr { host: "127.21.191.129" port: 37077 } } peers { permanent_uuid: "402fd00081fb43d59659832798a32480" member_type: VOTER last_known_addr { host: "127.21.191.130" port: 36653 } } peers { permanent_uuid: "40fbba2b4ada4b3ebd3eb578bb21fb6a" member_type: VOTER last_known_addr { host: "127.21.191.131" port: 40395 } }
I20260608 09:55:27.322628 27039 leader_election.cc:290] T c9096247fa3f49b2aedb257502b6c135 P 40fbba2b4ada4b3ebd3eb578bb21fb6a [CANDIDATE]: Term 1 election: Requested vote from peers 2cf711f86d1c47dd9631837f167edc05 (127.21.191.129:37077), 402fd00081fb43d59659832798a32480 (127.21.191.130:36653)
I20260608 09:55:27.312204 27031 raft_consensus.cc:697] T b3a98689913f44e0ac8b78e9d49a2bc3 P 402fd00081fb43d59659832798a32480 [term 1 LEADER]: Becoming Leader. State: Replica: 402fd00081fb43d59659832798a32480, State: Running, Role: LEADER
I20260608 09:55:27.308624 26987 tablet_bootstrap.cc:492] T d85d3ace11074116aa3bd8638e78ba65 P 40fbba2b4ada4b3ebd3eb578bb21fb6a: Bootstrap starting.
I20260608 09:55:27.313297 26866 tablet_service.cc:1917] Received RequestConsensusVote() RPC: tablet_id: "c9096247fa3f49b2aedb257502b6c135" candidate_uuid: "40fbba2b4ada4b3ebd3eb578bb21fb6a" candidate_term: 1 candidate_status { last_received { term: 0 index: 0 } } ignore_live_leader: false dest_uuid: "402fd00081fb43d59659832798a32480"
I20260608 09:55:27.323674 26866 raft_consensus.cc:3060] T c9096247fa3f49b2aedb257502b6c135 P 402fd00081fb43d59659832798a32480 [term 0 FOLLOWER]: Advancing to term 1
I20260608 09:55:27.324692 26686 catalog_manager.cc:5696] T 171a873e528041139a9038c20dfd3993 P 40fbba2b4ada4b3ebd3eb578bb21fb6a reported cstate change: term changed from 0 to 1, leader changed from <none> to 40fbba2b4ada4b3ebd3eb578bb21fb6a (127.21.191.131). New cstate: current_term: 1 leader_uuid: "40fbba2b4ada4b3ebd3eb578bb21fb6a" committed_config { opid_index: -1 OBSOLETE_local: false peers { permanent_uuid: "402fd00081fb43d59659832798a32480" member_type: VOTER last_known_addr { host: "127.21.191.130" port: 36653 } health_report { overall_health: UNKNOWN } } peers { permanent_uuid: "2cf711f86d1c47dd9631837f167edc05" member_type: VOTER last_known_addr { host: "127.21.191.129" port: 37077 } health_report { overall_health: UNKNOWN } } peers { permanent_uuid: "40fbba2b4ada4b3ebd3eb578bb21fb6a" member_type: VOTER last_known_addr { host: "127.21.191.131" port: 40395 } health_report { overall_health: HEALTHY } } }
I20260608 09:55:27.323868 27031 consensus_queue.cc:237] T b3a98689913f44e0ac8b78e9d49a2bc3 P 402fd00081fb43d59659832798a32480 [LEADER]: Queue going to LEADER mode. State: All replicated index: 0, Majority replicated index: 0, Committed index: 0, Last appended: 0.0, Last appended by leader: 0, Current term: 1, Majority size: 2, State: 0, Mode: LEADER, active raft config: opid_index: -1 OBSOLETE_local: false peers { permanent_uuid: "2cf711f86d1c47dd9631837f167edc05" member_type: VOTER last_known_addr { host: "127.21.191.129" port: 37077 } } peers { permanent_uuid: "402fd00081fb43d59659832798a32480" member_type: VOTER last_known_addr { host: "127.21.191.130" port: 36653 } } peers { permanent_uuid: "40fbba2b4ada4b3ebd3eb578bb21fb6a" member_type: VOTER last_known_addr { host: "127.21.191.131" port: 40395 } }
I20260608 09:55:27.326170 26686 catalog_manager.cc:5696] T 295e2a1a5dee47e5b715fc05aa823b85 P 40fbba2b4ada4b3ebd3eb578bb21fb6a reported cstate change: term changed from 0 to 1, leader changed from <none> to 40fbba2b4ada4b3ebd3eb578bb21fb6a (127.21.191.131). New cstate: current_term: 1 leader_uuid: "40fbba2b4ada4b3ebd3eb578bb21fb6a" committed_config { opid_index: -1 OBSOLETE_local: false peers { permanent_uuid: "2cf711f86d1c47dd9631837f167edc05" member_type: VOTER last_known_addr { host: "127.21.191.129" port: 37077 } health_report { overall_health: UNKNOWN } } peers { permanent_uuid: "402fd00081fb43d59659832798a32480" member_type: VOTER last_known_addr { host: "127.21.191.130" port: 36653 } health_report { overall_health: UNKNOWN } } peers { permanent_uuid: "40fbba2b4ada4b3ebd3eb578bb21fb6a" member_type: VOTER last_known_addr { host: "127.21.191.131" port: 40395 } health_report { overall_health: HEALTHY } } }
I20260608 09:55:27.332201 26986 ts_tablet_manager.cc:1434] T 65cb62fe552440e3a907154a3312f951 P 402fd00081fb43d59659832798a32480: Time spent starting tablet: real 0.028s	user 0.005s	sys 0.001s
I20260608 09:55:27.332098 26991 consensus_queue.cc:1048] T fae6da6b4b2f425ca85d82a41fe7aadc P 40fbba2b4ada4b3ebd3eb578bb21fb6a [LEADER]: Connected to new peer: Peer: permanent_uuid: "402fd00081fb43d59659832798a32480" member_type: VOTER last_known_addr { host: "127.21.191.130" port: 36653 }, Status: LMP_MISMATCH, Last received: 0.0, Next index: 1, Last known committed idx: 0, Time since last communication: 0.001s
I20260608 09:55:27.332471 26866 raft_consensus.cc:2468] T c9096247fa3f49b2aedb257502b6c135 P 402fd00081fb43d59659832798a32480 [term 1 FOLLOWER]: Leader election vote request: Granting yes vote for candidate 40fbba2b4ada4b3ebd3eb578bb21fb6a in term 1.
I20260608 09:55:27.333698 26905 leader_election.cc:304] T c9096247fa3f49b2aedb257502b6c135 P 40fbba2b4ada4b3ebd3eb578bb21fb6a [CANDIDATE]: Term 1 election: Election decided. Result: candidate won. Election summary: received 3 responses out of 3 voters: 2 yes votes; 1 no votes. yes voters: 402fd00081fb43d59659832798a32480, 40fbba2b4ada4b3ebd3eb578bb21fb6a; no voters: 2cf711f86d1c47dd9631837f167edc05
I20260608 09:55:27.302978 26792 raft_consensus.cc:2468] T b3a98689913f44e0ac8b78e9d49a2bc3 P 2cf711f86d1c47dd9631837f167edc05 [term 1 FOLLOWER]: Leader election vote request: Granting yes vote for candidate 402fd00081fb43d59659832798a32480 in term 1.
I20260608 09:55:27.321803 27038 raft_consensus.cc:493] T 8788b07a8f6c449e998ac78eff262ab7 P 40fbba2b4ada4b3ebd3eb578bb21fb6a [term 0 FOLLOWER]: Starting pre-election (no leader contacted us within the election timeout)
I20260608 09:55:27.338016 26991 raft_consensus.cc:2804] T c9096247fa3f49b2aedb257502b6c135 P 40fbba2b4ada4b3ebd3eb578bb21fb6a [term 1 FOLLOWER]: Leader election won for term 1
I20260608 09:55:27.338587 26991 raft_consensus.cc:697] T c9096247fa3f49b2aedb257502b6c135 P 40fbba2b4ada4b3ebd3eb578bb21fb6a [term 1 LEADER]: Becoming Leader. State: Replica: 40fbba2b4ada4b3ebd3eb578bb21fb6a, State: Running, Role: LEADER
I20260608 09:55:27.338333 27038 raft_consensus.cc:515] T 8788b07a8f6c449e998ac78eff262ab7 P 40fbba2b4ada4b3ebd3eb578bb21fb6a [term 0 FOLLOWER]: Starting pre-election with config: opid_index: -1 OBSOLETE_local: false peers { permanent_uuid: "2cf711f86d1c47dd9631837f167edc05" member_type: VOTER last_known_addr { host: "127.21.191.129" port: 37077 } } peers { permanent_uuid: "402fd00081fb43d59659832798a32480" member_type: VOTER last_known_addr { host: "127.21.191.130" port: 36653 } } peers { permanent_uuid: "40fbba2b4ada4b3ebd3eb578bb21fb6a" member_type: VOTER last_known_addr { host: "127.21.191.131" port: 40395 } }
I20260608 09:55:27.339524 26991 consensus_queue.cc:237] T c9096247fa3f49b2aedb257502b6c135 P 40fbba2b4ada4b3ebd3eb578bb21fb6a [LEADER]: Queue going to LEADER mode. State: All replicated index: 0, Majority replicated index: 0, Committed index: 0, Last appended: 0.0, Last appended by leader: 0, Current term: 1, Majority size: 2, State: 0, Mode: LEADER, active raft config: opid_index: -1 OBSOLETE_local: false peers { permanent_uuid: "2cf711f86d1c47dd9631837f167edc05" member_type: VOTER last_known_addr { host: "127.21.191.129" port: 37077 } } peers { permanent_uuid: "402fd00081fb43d59659832798a32480" member_type: VOTER last_known_addr { host: "127.21.191.130" port: 36653 } } peers { permanent_uuid: "40fbba2b4ada4b3ebd3eb578bb21fb6a" member_type: VOTER last_known_addr { host: "127.21.191.131" port: 40395 } }
I20260608 09:55:27.341084 27038 leader_election.cc:290] T 8788b07a8f6c449e998ac78eff262ab7 P 40fbba2b4ada4b3ebd3eb578bb21fb6a [CANDIDATE]: Term 1 pre-election: Requested pre-vote from peers 2cf711f86d1c47dd9631837f167edc05 (127.21.191.129:37077), 402fd00081fb43d59659832798a32480 (127.21.191.130:36653)
I20260608 09:55:27.341926 26791 tablet_service.cc:1917] Received RequestConsensusVote() RPC: tablet_id: "8788b07a8f6c449e998ac78eff262ab7" candidate_uuid: "40fbba2b4ada4b3ebd3eb578bb21fb6a" candidate_term: 1 candidate_status { last_received { term: 0 index: 0 } } ignore_live_leader: false dest_uuid: "2cf711f86d1c47dd9631837f167edc05" is_pre_election: true
W20260608 09:55:27.343429 26907 leader_election.cc:343] T 8788b07a8f6c449e998ac78eff262ab7 P 40fbba2b4ada4b3ebd3eb578bb21fb6a [CANDIDATE]: Term 1 pre-election: Tablet error from VoteRequest() call to peer 2cf711f86d1c47dd9631837f167edc05 (127.21.191.129:37077): Illegal state: must be running to vote when last-logged opid is not known
I20260608 09:55:27.346452 26866 tablet_service.cc:1917] Received RequestConsensusVote() RPC: tablet_id: "8788b07a8f6c449e998ac78eff262ab7" candidate_uuid: "40fbba2b4ada4b3ebd3eb578bb21fb6a" candidate_term: 1 candidate_status { last_received { term: 0 index: 0 } } ignore_live_leader: false dest_uuid: "402fd00081fb43d59659832798a32480" is_pre_election: true
I20260608 09:55:27.349843 26866 raft_consensus.cc:2468] T 8788b07a8f6c449e998ac78eff262ab7 P 402fd00081fb43d59659832798a32480 [term 0 FOLLOWER]: Leader pre-election vote request: Granting yes vote for candidate 40fbba2b4ada4b3ebd3eb578bb21fb6a in term 0.
I20260608 09:55:27.354780 26905 leader_election.cc:304] T 8788b07a8f6c449e998ac78eff262ab7 P 40fbba2b4ada4b3ebd3eb578bb21fb6a [CANDIDATE]: Term 1 pre-election: Election decided. Result: candidate won. Election summary: received 3 responses out of 3 voters: 2 yes votes; 1 no votes. yes voters: 402fd00081fb43d59659832798a32480, 40fbba2b4ada4b3ebd3eb578bb21fb6a; no voters: 2cf711f86d1c47dd9631837f167edc05
I20260608 09:55:27.356372 27039 raft_consensus.cc:2804] T 8788b07a8f6c449e998ac78eff262ab7 P 40fbba2b4ada4b3ebd3eb578bb21fb6a [term 0 FOLLOWER]: Leader pre-election won for term 1
I20260608 09:55:27.356817 27039 raft_consensus.cc:493] T 8788b07a8f6c449e998ac78eff262ab7 P 40fbba2b4ada4b3ebd3eb578bb21fb6a [term 0 FOLLOWER]: Starting leader election (no leader contacted us within the election timeout)
I20260608 09:55:27.357242 27039 raft_consensus.cc:3060] T 8788b07a8f6c449e998ac78eff262ab7 P 40fbba2b4ada4b3ebd3eb578bb21fb6a [term 0 FOLLOWER]: Advancing to term 1
I20260608 09:55:27.358911 26988 tablet_bootstrap.cc:492] T fae6da6b4b2f425ca85d82a41fe7aadc P 2cf711f86d1c47dd9631837f167edc05: No bootstrap required, opened a new log
I20260608 09:55:27.359648 26988 ts_tablet_manager.cc:1403] T fae6da6b4b2f425ca85d82a41fe7aadc P 2cf711f86d1c47dd9631837f167edc05: Time spent bootstrapping tablet: real 0.113s	user 0.011s	sys 0.008s
I20260608 09:55:27.373059 26987 tablet_bootstrap.cc:654] T d85d3ace11074116aa3bd8638e78ba65 P 40fbba2b4ada4b3ebd3eb578bb21fb6a: Neither blocks nor log segments found. Creating new log.
I20260608 09:55:27.386018 26687 catalog_manager.cc:5696] T b3a98689913f44e0ac8b78e9d49a2bc3 P 402fd00081fb43d59659832798a32480 reported cstate change: term changed from 0 to 1, leader changed from <none> to 402fd00081fb43d59659832798a32480 (127.21.191.130). New cstate: current_term: 1 leader_uuid: "402fd00081fb43d59659832798a32480" committed_config { opid_index: -1 OBSOLETE_local: false peers { permanent_uuid: "2cf711f86d1c47dd9631837f167edc05" member_type: VOTER last_known_addr { host: "127.21.191.129" port: 37077 } health_report { overall_health: UNKNOWN } } peers { permanent_uuid: "402fd00081fb43d59659832798a32480" member_type: VOTER last_known_addr { host: "127.21.191.130" port: 36653 } health_report { overall_health: HEALTHY } } peers { permanent_uuid: "40fbba2b4ada4b3ebd3eb578bb21fb6a" member_type: VOTER last_known_addr { host: "127.21.191.131" port: 40395 } health_report { overall_health: UNKNOWN } } }
I20260608 09:55:27.388154 26995 consensus_queue.cc:1048] T cc1a8c11c1a74fd18f145e5f3eb860c5 P 2cf711f86d1c47dd9631837f167edc05 [LEADER]: Connected to new peer: Peer: permanent_uuid: "40fbba2b4ada4b3ebd3eb578bb21fb6a" member_type: VOTER last_known_addr { host: "127.21.191.131" port: 40395 }, Status: LMP_MISMATCH, Last received: 0.0, Next index: 1, Last known committed idx: 0, Time since last communication: 0.000s
I20260608 09:55:27.387826 26688 catalog_manager.cc:5696] T c9096247fa3f49b2aedb257502b6c135 P 40fbba2b4ada4b3ebd3eb578bb21fb6a reported cstate change: term changed from 0 to 1, leader changed from <none> to 40fbba2b4ada4b3ebd3eb578bb21fb6a (127.21.191.131). New cstate: current_term: 1 leader_uuid: "40fbba2b4ada4b3ebd3eb578bb21fb6a" committed_config { opid_index: -1 OBSOLETE_local: false peers { permanent_uuid: "2cf711f86d1c47dd9631837f167edc05" member_type: VOTER last_known_addr { host: "127.21.191.129" port: 37077 } health_report { overall_health: UNKNOWN } } peers { permanent_uuid: "402fd00081fb43d59659832798a32480" member_type: VOTER last_known_addr { host: "127.21.191.130" port: 36653 } health_report { overall_health: UNKNOWN } } peers { permanent_uuid: "40fbba2b4ada4b3ebd3eb578bb21fb6a" member_type: VOTER last_known_addr { host: "127.21.191.131" port: 40395 } health_report { overall_health: HEALTHY } } }
I20260608 09:55:27.373452 26988 raft_consensus.cc:359] T fae6da6b4b2f425ca85d82a41fe7aadc P 2cf711f86d1c47dd9631837f167edc05 [term 0 FOLLOWER]: Replica starting. Triggering 0 pending ops. Active config: opid_index: -1 OBSOLETE_local: false peers { permanent_uuid: "2cf711f86d1c47dd9631837f167edc05" member_type: VOTER last_known_addr { host: "127.21.191.129" port: 37077 } } peers { permanent_uuid: "402fd00081fb43d59659832798a32480" member_type: VOTER last_known_addr { host: "127.21.191.130" port: 36653 } } peers { permanent_uuid: "40fbba2b4ada4b3ebd3eb578bb21fb6a" member_type: VOTER last_known_addr { host: "127.21.191.131" port: 40395 } }
I20260608 09:55:27.390468 26988 raft_consensus.cc:385] T fae6da6b4b2f425ca85d82a41fe7aadc P 2cf711f86d1c47dd9631837f167edc05 [term 0 FOLLOWER]: Consensus starting up: Expiring failure detector timer to make a prompt election more likely
I20260608 09:55:27.390938 26988 raft_consensus.cc:740] T fae6da6b4b2f425ca85d82a41fe7aadc P 2cf711f86d1c47dd9631837f167edc05 [term 0 FOLLOWER]: Becoming Follower/Learner. State: Replica: 2cf711f86d1c47dd9631837f167edc05, State: Initialized, Role: FOLLOWER
I20260608 09:55:27.391101 26688 catalog_manager.cc:5696] T b212829e7d764664a9310e396a5b6d04 P 40fbba2b4ada4b3ebd3eb578bb21fb6a reported cstate change: term changed from 0 to 1, leader changed from <none> to 40fbba2b4ada4b3ebd3eb578bb21fb6a (127.21.191.131). New cstate: current_term: 1 leader_uuid: "40fbba2b4ada4b3ebd3eb578bb21fb6a" committed_config { opid_index: -1 OBSOLETE_local: false peers { permanent_uuid: "2cf711f86d1c47dd9631837f167edc05" member_type: VOTER last_known_addr { host: "127.21.191.129" port: 37077 } health_report { overall_health: UNKNOWN } } peers { permanent_uuid: "402fd00081fb43d59659832798a32480" member_type: VOTER last_known_addr { host: "127.21.191.130" port: 36653 } health_report { overall_health: UNKNOWN } } peers { permanent_uuid: "40fbba2b4ada4b3ebd3eb578bb21fb6a" member_type: VOTER last_known_addr { host: "127.21.191.131" port: 40395 } health_report { overall_health: HEALTHY } } }
I20260608 09:55:27.369330 27039 raft_consensus.cc:515] T 8788b07a8f6c449e998ac78eff262ab7 P 40fbba2b4ada4b3ebd3eb578bb21fb6a [term 1 FOLLOWER]: Starting leader election with config: opid_index: -1 OBSOLETE_local: false peers { permanent_uuid: "2cf711f86d1c47dd9631837f167edc05" member_type: VOTER last_known_addr { host: "127.21.191.129" port: 37077 } } peers { permanent_uuid: "402fd00081fb43d59659832798a32480" member_type: VOTER last_known_addr { host: "127.21.191.130" port: 36653 } } peers { permanent_uuid: "40fbba2b4ada4b3ebd3eb578bb21fb6a" member_type: VOTER last_known_addr { host: "127.21.191.131" port: 40395 } }
I20260608 09:55:27.379127 27032 raft_consensus.cc:493] T 65cb62fe552440e3a907154a3312f951 P 402fd00081fb43d59659832798a32480 [term 0 FOLLOWER]: Starting pre-election (no leader contacted us within the election timeout)
I20260608 09:55:27.393029 27032 raft_consensus.cc:515] T 65cb62fe552440e3a907154a3312f951 P 402fd00081fb43d59659832798a32480 [term 0 FOLLOWER]: Starting pre-election with config: opid_index: -1 OBSOLETE_local: false peers { permanent_uuid: "2cf711f86d1c47dd9631837f167edc05" member_type: VOTER last_known_addr { host: "127.21.191.129" port: 37077 } } peers { permanent_uuid: "402fd00081fb43d59659832798a32480" member_type: VOTER last_known_addr { host: "127.21.191.130" port: 36653 } } peers { permanent_uuid: "40fbba2b4ada4b3ebd3eb578bb21fb6a" member_type: VOTER last_known_addr { host: "127.21.191.131" port: 40395 } }
I20260608 09:55:27.396129 27032 leader_election.cc:290] T 65cb62fe552440e3a907154a3312f951 P 402fd00081fb43d59659832798a32480 [CANDIDATE]: Term 1 pre-election: Requested pre-vote from peers 2cf711f86d1c47dd9631837f167edc05 (127.21.191.129:37077), 40fbba2b4ada4b3ebd3eb578bb21fb6a (127.21.191.131:40395)
I20260608 09:55:27.397513 26941 tablet_service.cc:1917] Received RequestConsensusVote() RPC: tablet_id: "65cb62fe552440e3a907154a3312f951" candidate_uuid: "402fd00081fb43d59659832798a32480" candidate_term: 1 candidate_status { last_received { term: 0 index: 0 } } ignore_live_leader: false dest_uuid: "40fbba2b4ada4b3ebd3eb578bb21fb6a" is_pre_election: true
I20260608 09:55:27.398209 26941 raft_consensus.cc:2468] T 65cb62fe552440e3a907154a3312f951 P 40fbba2b4ada4b3ebd3eb578bb21fb6a [term 0 FOLLOWER]: Leader pre-election vote request: Granting yes vote for candidate 402fd00081fb43d59659832798a32480 in term 0.
I20260608 09:55:27.398890 26791 tablet_service.cc:1917] Received RequestConsensusVote() RPC: tablet_id: "65cb62fe552440e3a907154a3312f951" candidate_uuid: "402fd00081fb43d59659832798a32480" candidate_term: 1 candidate_status { last_received { term: 0 index: 0 } } ignore_live_leader: false dest_uuid: "2cf711f86d1c47dd9631837f167edc05" is_pre_election: true
I20260608 09:55:27.399746 26830 leader_election.cc:304] T 65cb62fe552440e3a907154a3312f951 P 402fd00081fb43d59659832798a32480 [CANDIDATE]: Term 1 pre-election: Election decided. Result: candidate won. Election summary: received 2 responses out of 3 voters: 2 yes votes; 0 no votes. yes voters: 402fd00081fb43d59659832798a32480, 40fbba2b4ada4b3ebd3eb578bb21fb6a; no voters: 
I20260608 09:55:27.399828 27039 leader_election.cc:290] T 8788b07a8f6c449e998ac78eff262ab7 P 40fbba2b4ada4b3ebd3eb578bb21fb6a [CANDIDATE]: Term 1 election: Requested vote from peers 2cf711f86d1c47dd9631837f167edc05 (127.21.191.129:37077), 402fd00081fb43d59659832798a32480 (127.21.191.130:36653)
W20260608 09:55:27.401310 26833 leader_election.cc:343] T 65cb62fe552440e3a907154a3312f951 P 402fd00081fb43d59659832798a32480 [CANDIDATE]: Term 1 pre-election: Tablet error from VoteRequest() call to peer 2cf711f86d1c47dd9631837f167edc05 (127.21.191.129:37077): Illegal state: must be running to vote when last-logged opid is not known
I20260608 09:55:27.401419 27032 raft_consensus.cc:2804] T 65cb62fe552440e3a907154a3312f951 P 402fd00081fb43d59659832798a32480 [term 0 FOLLOWER]: Leader pre-election won for term 1
I20260608 09:55:27.402347 26791 tablet_service.cc:1917] Received RequestConsensusVote() RPC: tablet_id: "8788b07a8f6c449e998ac78eff262ab7" candidate_uuid: "40fbba2b4ada4b3ebd3eb578bb21fb6a" candidate_term: 1 candidate_status { last_received { term: 0 index: 0 } } ignore_live_leader: false dest_uuid: "2cf711f86d1c47dd9631837f167edc05"
W20260608 09:55:27.403843 26907 leader_election.cc:343] T 8788b07a8f6c449e998ac78eff262ab7 P 40fbba2b4ada4b3ebd3eb578bb21fb6a [CANDIDATE]: Term 1 election: Tablet error from VoteRequest() call to peer 2cf711f86d1c47dd9631837f167edc05 (127.21.191.129:37077): Illegal state: must be running to vote when last-logged opid is not known
I20260608 09:55:27.405503 26867 tablet_service.cc:1917] Received RequestConsensusVote() RPC: tablet_id: "8788b07a8f6c449e998ac78eff262ab7" candidate_uuid: "40fbba2b4ada4b3ebd3eb578bb21fb6a" candidate_term: 1 candidate_status { last_received { term: 0 index: 0 } } ignore_live_leader: false dest_uuid: "402fd00081fb43d59659832798a32480"
I20260608 09:55:27.406124 26867 raft_consensus.cc:3060] T 8788b07a8f6c449e998ac78eff262ab7 P 402fd00081fb43d59659832798a32480 [term 0 FOLLOWER]: Advancing to term 1
I20260608 09:55:27.402385 27032 raft_consensus.cc:493] T 65cb62fe552440e3a907154a3312f951 P 402fd00081fb43d59659832798a32480 [term 0 FOLLOWER]: Starting leader election (no leader contacted us within the election timeout)
I20260608 09:55:27.410732 27032 raft_consensus.cc:3060] T 65cb62fe552440e3a907154a3312f951 P 402fd00081fb43d59659832798a32480 [term 0 FOLLOWER]: Advancing to term 1
I20260608 09:55:27.417001 26995 consensus_queue.cc:1048] T cc1a8c11c1a74fd18f145e5f3eb860c5 P 2cf711f86d1c47dd9631837f167edc05 [LEADER]: Connected to new peer: Peer: permanent_uuid: "402fd00081fb43d59659832798a32480" member_type: VOTER last_known_addr { host: "127.21.191.130" port: 36653 }, Status: LMP_MISMATCH, Last received: 0.0, Next index: 1, Last known committed idx: 0, Time since last communication: 0.000s
I20260608 09:55:27.422598 26867 raft_consensus.cc:2468] T 8788b07a8f6c449e998ac78eff262ab7 P 402fd00081fb43d59659832798a32480 [term 1 FOLLOWER]: Leader election vote request: Granting yes vote for candidate 40fbba2b4ada4b3ebd3eb578bb21fb6a in term 1.
I20260608 09:55:27.424360 26905 leader_election.cc:304] T 8788b07a8f6c449e998ac78eff262ab7 P 40fbba2b4ada4b3ebd3eb578bb21fb6a [CANDIDATE]: Term 1 election: Election decided. Result: candidate won. Election summary: received 3 responses out of 3 voters: 2 yes votes; 1 no votes. yes voters: 402fd00081fb43d59659832798a32480, 40fbba2b4ada4b3ebd3eb578bb21fb6a; no voters: 2cf711f86d1c47dd9631837f167edc05
I20260608 09:55:27.400852 26988 consensus_queue.cc:260] T fae6da6b4b2f425ca85d82a41fe7aadc P 2cf711f86d1c47dd9631837f167edc05 [NON_LEADER]: Queue going to NON_LEADER mode. State: All replicated index: 0, Majority replicated index: 0, Committed index: 0, Last appended: 0.0, Last appended by leader: 0, Current term: 0, Majority size: -1, State: 0, Mode: NON_LEADER, active raft config: opid_index: -1 OBSOLETE_local: false peers { permanent_uuid: "2cf711f86d1c47dd9631837f167edc05" member_type: VOTER last_known_addr { host: "127.21.191.129" port: 37077 } } peers { permanent_uuid: "402fd00081fb43d59659832798a32480" member_type: VOTER last_known_addr { host: "127.21.191.130" port: 36653 } } peers { permanent_uuid: "40fbba2b4ada4b3ebd3eb578bb21fb6a" member_type: VOTER last_known_addr { host: "127.21.191.131" port: 40395 } }
I20260608 09:55:27.426259 26991 raft_consensus.cc:2804] T 8788b07a8f6c449e998ac78eff262ab7 P 40fbba2b4ada4b3ebd3eb578bb21fb6a [term 1 FOLLOWER]: Leader election won for term 1
I20260608 09:55:27.426960 26991 raft_consensus.cc:697] T 8788b07a8f6c449e998ac78eff262ab7 P 40fbba2b4ada4b3ebd3eb578bb21fb6a [term 1 LEADER]: Becoming Leader. State: Replica: 40fbba2b4ada4b3ebd3eb578bb21fb6a, State: Running, Role: LEADER
I20260608 09:55:27.427966 26991 consensus_queue.cc:237] T 8788b07a8f6c449e998ac78eff262ab7 P 40fbba2b4ada4b3ebd3eb578bb21fb6a [LEADER]: Queue going to LEADER mode. State: All replicated index: 0, Majority replicated index: 0, Committed index: 0, Last appended: 0.0, Last appended by leader: 0, Current term: 1, Majority size: 2, State: 0, Mode: LEADER, active raft config: opid_index: -1 OBSOLETE_local: false peers { permanent_uuid: "2cf711f86d1c47dd9631837f167edc05" member_type: VOTER last_known_addr { host: "127.21.191.129" port: 37077 } } peers { permanent_uuid: "402fd00081fb43d59659832798a32480" member_type: VOTER last_known_addr { host: "127.21.191.130" port: 36653 } } peers { permanent_uuid: "40fbba2b4ada4b3ebd3eb578bb21fb6a" member_type: VOTER last_known_addr { host: "127.21.191.131" port: 40395 } }
I20260608 09:55:27.429828 26988 ts_tablet_manager.cc:1434] T fae6da6b4b2f425ca85d82a41fe7aadc P 2cf711f86d1c47dd9631837f167edc05: Time spent starting tablet: real 0.070s	user 0.011s	sys 0.000s
I20260608 09:55:27.432199 26988 tablet_bootstrap.cc:492] T d85d3ace11074116aa3bd8638e78ba65 P 2cf711f86d1c47dd9631837f167edc05: Bootstrap starting.
I20260608 09:55:27.433048 27032 raft_consensus.cc:515] T 65cb62fe552440e3a907154a3312f951 P 402fd00081fb43d59659832798a32480 [term 1 FOLLOWER]: Starting leader election with config: opid_index: -1 OBSOLETE_local: false peers { permanent_uuid: "2cf711f86d1c47dd9631837f167edc05" member_type: VOTER last_known_addr { host: "127.21.191.129" port: 37077 } } peers { permanent_uuid: "402fd00081fb43d59659832798a32480" member_type: VOTER last_known_addr { host: "127.21.191.130" port: 36653 } } peers { permanent_uuid: "40fbba2b4ada4b3ebd3eb578bb21fb6a" member_type: VOTER last_known_addr { host: "127.21.191.131" port: 40395 } }
I20260608 09:55:27.438378 26791 tablet_service.cc:1917] Received RequestConsensusVote() RPC: tablet_id: "65cb62fe552440e3a907154a3312f951" candidate_uuid: "402fd00081fb43d59659832798a32480" candidate_term: 1 candidate_status { last_received { term: 0 index: 0 } } ignore_live_leader: false dest_uuid: "2cf711f86d1c47dd9631837f167edc05"
W20260608 09:55:27.440258 26833 leader_election.cc:343] T 65cb62fe552440e3a907154a3312f951 P 402fd00081fb43d59659832798a32480 [CANDIDATE]: Term 1 election: Tablet error from VoteRequest() call to peer 2cf711f86d1c47dd9631837f167edc05 (127.21.191.129:37077): Illegal state: must be running to vote when last-logged opid is not known
I20260608 09:55:27.448602 27032 leader_election.cc:290] T 65cb62fe552440e3a907154a3312f951 P 402fd00081fb43d59659832798a32480 [CANDIDATE]: Term 1 election: Requested vote from peers 2cf711f86d1c47dd9631837f167edc05 (127.21.191.129:37077), 40fbba2b4ada4b3ebd3eb578bb21fb6a (127.21.191.131:40395)
I20260608 09:55:27.448942 26941 tablet_service.cc:1917] Received RequestConsensusVote() RPC: tablet_id: "65cb62fe552440e3a907154a3312f951" candidate_uuid: "402fd00081fb43d59659832798a32480" candidate_term: 1 candidate_status { last_received { term: 0 index: 0 } } ignore_live_leader: false dest_uuid: "40fbba2b4ada4b3ebd3eb578bb21fb6a"
I20260608 09:55:27.449640 26941 raft_consensus.cc:3060] T 65cb62fe552440e3a907154a3312f951 P 40fbba2b4ada4b3ebd3eb578bb21fb6a [term 0 FOLLOWER]: Advancing to term 1
I20260608 09:55:27.449743 26987 tablet_bootstrap.cc:492] T d85d3ace11074116aa3bd8638e78ba65 P 40fbba2b4ada4b3ebd3eb578bb21fb6a: No bootstrap required, opened a new log
I20260608 09:55:27.452386 26988 tablet_bootstrap.cc:654] T d85d3ace11074116aa3bd8638e78ba65 P 2cf711f86d1c47dd9631837f167edc05: Neither blocks nor log segments found. Creating new log.
I20260608 09:55:27.452642 26987 ts_tablet_manager.cc:1403] T d85d3ace11074116aa3bd8638e78ba65 P 40fbba2b4ada4b3ebd3eb578bb21fb6a: Time spent bootstrapping tablet: real 0.144s	user 0.025s	sys 0.045s
I20260608 09:55:27.455797 26987 raft_consensus.cc:359] T d85d3ace11074116aa3bd8638e78ba65 P 40fbba2b4ada4b3ebd3eb578bb21fb6a [term 0 FOLLOWER]: Replica starting. Triggering 0 pending ops. Active config: opid_index: -1 OBSOLETE_local: false peers { permanent_uuid: "2cf711f86d1c47dd9631837f167edc05" member_type: VOTER last_known_addr { host: "127.21.191.129" port: 37077 } } peers { permanent_uuid: "402fd00081fb43d59659832798a32480" member_type: VOTER last_known_addr { host: "127.21.191.130" port: 36653 } } peers { permanent_uuid: "40fbba2b4ada4b3ebd3eb578bb21fb6a" member_type: VOTER last_known_addr { host: "127.21.191.131" port: 40395 } }
I20260608 09:55:27.456521 26987 raft_consensus.cc:385] T d85d3ace11074116aa3bd8638e78ba65 P 40fbba2b4ada4b3ebd3eb578bb21fb6a [term 0 FOLLOWER]: Consensus starting up: Expiring failure detector timer to make a prompt election more likely
I20260608 09:55:27.456785 26987 raft_consensus.cc:740] T d85d3ace11074116aa3bd8638e78ba65 P 40fbba2b4ada4b3ebd3eb578bb21fb6a [term 0 FOLLOWER]: Becoming Follower/Learner. State: Replica: 40fbba2b4ada4b3ebd3eb578bb21fb6a, State: Initialized, Role: FOLLOWER
I20260608 09:55:27.457217 26941 raft_consensus.cc:2468] T 65cb62fe552440e3a907154a3312f951 P 40fbba2b4ada4b3ebd3eb578bb21fb6a [term 1 FOLLOWER]: Leader election vote request: Granting yes vote for candidate 402fd00081fb43d59659832798a32480 in term 1.
I20260608 09:55:27.457665 26987 consensus_queue.cc:260] T d85d3ace11074116aa3bd8638e78ba65 P 40fbba2b4ada4b3ebd3eb578bb21fb6a [NON_LEADER]: Queue going to NON_LEADER mode. State: All replicated index: 0, Majority replicated index: 0, Committed index: 0, Last appended: 0.0, Last appended by leader: 0, Current term: 0, Majority size: -1, State: 0, Mode: NON_LEADER, active raft config: opid_index: -1 OBSOLETE_local: false peers { permanent_uuid: "2cf711f86d1c47dd9631837f167edc05" member_type: VOTER last_known_addr { host: "127.21.191.129" port: 37077 } } peers { permanent_uuid: "402fd00081fb43d59659832798a32480" member_type: VOTER last_known_addr { host: "127.21.191.130" port: 36653 } } peers { permanent_uuid: "40fbba2b4ada4b3ebd3eb578bb21fb6a" member_type: VOTER last_known_addr { host: "127.21.191.131" port: 40395 } }
I20260608 09:55:27.458570 26830 leader_election.cc:304] T 65cb62fe552440e3a907154a3312f951 P 402fd00081fb43d59659832798a32480 [CANDIDATE]: Term 1 election: Election decided. Result: candidate won. Election summary: received 3 responses out of 3 voters: 2 yes votes; 1 no votes. yes voters: 402fd00081fb43d59659832798a32480, 40fbba2b4ada4b3ebd3eb578bb21fb6a; no voters: 2cf711f86d1c47dd9631837f167edc05
I20260608 09:55:27.460216 26987 ts_tablet_manager.cc:1434] T d85d3ace11074116aa3bd8638e78ba65 P 40fbba2b4ada4b3ebd3eb578bb21fb6a: Time spent starting tablet: real 0.007s	user 0.003s	sys 0.003s
I20260608 09:55:27.461005 27032 raft_consensus.cc:2804] T 65cb62fe552440e3a907154a3312f951 P 402fd00081fb43d59659832798a32480 [term 1 FOLLOWER]: Leader election won for term 1
I20260608 09:55:27.461524 27032 raft_consensus.cc:697] T 65cb62fe552440e3a907154a3312f951 P 402fd00081fb43d59659832798a32480 [term 1 LEADER]: Becoming Leader. State: Replica: 402fd00081fb43d59659832798a32480, State: Running, Role: LEADER
I20260608 09:55:27.462373 27032 consensus_queue.cc:237] T 65cb62fe552440e3a907154a3312f951 P 402fd00081fb43d59659832798a32480 [LEADER]: Queue going to LEADER mode. State: All replicated index: 0, Majority replicated index: 0, Committed index: 0, Last appended: 0.0, Last appended by leader: 0, Current term: 1, Majority size: 2, State: 0, Mode: LEADER, active raft config: opid_index: -1 OBSOLETE_local: false peers { permanent_uuid: "2cf711f86d1c47dd9631837f167edc05" member_type: VOTER last_known_addr { host: "127.21.191.129" port: 37077 } } peers { permanent_uuid: "402fd00081fb43d59659832798a32480" member_type: VOTER last_known_addr { host: "127.21.191.130" port: 36653 } } peers { permanent_uuid: "40fbba2b4ada4b3ebd3eb578bb21fb6a" member_type: VOTER last_known_addr { host: "127.21.191.131" port: 40395 } }
I20260608 09:55:27.472826 26988 tablet_bootstrap.cc:492] T d85d3ace11074116aa3bd8638e78ba65 P 2cf711f86d1c47dd9631837f167edc05: No bootstrap required, opened a new log
I20260608 09:55:27.473333 26988 ts_tablet_manager.cc:1403] T d85d3ace11074116aa3bd8638e78ba65 P 2cf711f86d1c47dd9631837f167edc05: Time spent bootstrapping tablet: real 0.041s	user 0.017s	sys 0.008s
I20260608 09:55:27.476325 26988 raft_consensus.cc:359] T d85d3ace11074116aa3bd8638e78ba65 P 2cf711f86d1c47dd9631837f167edc05 [term 0 FOLLOWER]: Replica starting. Triggering 0 pending ops. Active config: opid_index: -1 OBSOLETE_local: false peers { permanent_uuid: "2cf711f86d1c47dd9631837f167edc05" member_type: VOTER last_known_addr { host: "127.21.191.129" port: 37077 } } peers { permanent_uuid: "402fd00081fb43d59659832798a32480" member_type: VOTER last_known_addr { host: "127.21.191.130" port: 36653 } } peers { permanent_uuid: "40fbba2b4ada4b3ebd3eb578bb21fb6a" member_type: VOTER last_known_addr { host: "127.21.191.131" port: 40395 } }
I20260608 09:55:27.477061 26988 raft_consensus.cc:385] T d85d3ace11074116aa3bd8638e78ba65 P 2cf711f86d1c47dd9631837f167edc05 [term 0 FOLLOWER]: Consensus starting up: Expiring failure detector timer to make a prompt election more likely
I20260608 09:55:27.477380 26988 raft_consensus.cc:740] T d85d3ace11074116aa3bd8638e78ba65 P 2cf711f86d1c47dd9631837f167edc05 [term 0 FOLLOWER]: Becoming Follower/Learner. State: Replica: 2cf711f86d1c47dd9631837f167edc05, State: Initialized, Role: FOLLOWER
I20260608 09:55:27.477628 26686 catalog_manager.cc:5696] T 8788b07a8f6c449e998ac78eff262ab7 P 40fbba2b4ada4b3ebd3eb578bb21fb6a reported cstate change: term changed from 0 to 1, leader changed from <none> to 40fbba2b4ada4b3ebd3eb578bb21fb6a (127.21.191.131). New cstate: current_term: 1 leader_uuid: "40fbba2b4ada4b3ebd3eb578bb21fb6a" committed_config { opid_index: -1 OBSOLETE_local: false peers { permanent_uuid: "2cf711f86d1c47dd9631837f167edc05" member_type: VOTER last_known_addr { host: "127.21.191.129" port: 37077 } health_report { overall_health: UNKNOWN } } peers { permanent_uuid: "402fd00081fb43d59659832798a32480" member_type: VOTER last_known_addr { host: "127.21.191.130" port: 36653 } health_report { overall_health: UNKNOWN } } peers { permanent_uuid: "40fbba2b4ada4b3ebd3eb578bb21fb6a" member_type: VOTER last_known_addr { host: "127.21.191.131" port: 40395 } health_report { overall_health: HEALTHY } } }
I20260608 09:55:27.478163 26988 consensus_queue.cc:260] T d85d3ace11074116aa3bd8638e78ba65 P 2cf711f86d1c47dd9631837f167edc05 [NON_LEADER]: Queue going to NON_LEADER mode. State: All replicated index: 0, Majority replicated index: 0, Committed index: 0, Last appended: 0.0, Last appended by leader: 0, Current term: 0, Majority size: -1, State: 0, Mode: NON_LEADER, active raft config: opid_index: -1 OBSOLETE_local: false peers { permanent_uuid: "2cf711f86d1c47dd9631837f167edc05" member_type: VOTER last_known_addr { host: "127.21.191.129" port: 37077 } } peers { permanent_uuid: "402fd00081fb43d59659832798a32480" member_type: VOTER last_known_addr { host: "127.21.191.130" port: 36653 } } peers { permanent_uuid: "40fbba2b4ada4b3ebd3eb578bb21fb6a" member_type: VOTER last_known_addr { host: "127.21.191.131" port: 40395 } }
I20260608 09:55:27.480633 26988 ts_tablet_manager.cc:1434] T d85d3ace11074116aa3bd8638e78ba65 P 2cf711f86d1c47dd9631837f167edc05: Time spent starting tablet: real 0.007s	user 0.008s	sys 0.000s
I20260608 09:55:27.481947 26988 tablet_bootstrap.cc:492] T 8788b07a8f6c449e998ac78eff262ab7 P 2cf711f86d1c47dd9631837f167edc05: Bootstrap starting.
I20260608 09:55:27.488165 26988 tablet_bootstrap.cc:654] T 8788b07a8f6c449e998ac78eff262ab7 P 2cf711f86d1c47dd9631837f167edc05: Neither blocks nor log segments found. Creating new log.
I20260608 09:55:27.491876 26688 catalog_manager.cc:5696] T 65cb62fe552440e3a907154a3312f951 P 402fd00081fb43d59659832798a32480 reported cstate change: term changed from 0 to 1, leader changed from <none> to 402fd00081fb43d59659832798a32480 (127.21.191.130). New cstate: current_term: 1 leader_uuid: "402fd00081fb43d59659832798a32480" committed_config { opid_index: -1 OBSOLETE_local: false peers { permanent_uuid: "2cf711f86d1c47dd9631837f167edc05" member_type: VOTER last_known_addr { host: "127.21.191.129" port: 37077 } health_report { overall_health: UNKNOWN } } peers { permanent_uuid: "402fd00081fb43d59659832798a32480" member_type: VOTER last_known_addr { host: "127.21.191.130" port: 36653 } health_report { overall_health: HEALTHY } } peers { permanent_uuid: "40fbba2b4ada4b3ebd3eb578bb21fb6a" member_type: VOTER last_known_addr { host: "127.21.191.131" port: 40395 } health_report { overall_health: UNKNOWN } } }
I20260608 09:55:27.496739 26988 tablet_bootstrap.cc:492] T 8788b07a8f6c449e998ac78eff262ab7 P 2cf711f86d1c47dd9631837f167edc05: No bootstrap required, opened a new log
I20260608 09:55:27.497251 26988 ts_tablet_manager.cc:1403] T 8788b07a8f6c449e998ac78eff262ab7 P 2cf711f86d1c47dd9631837f167edc05: Time spent bootstrapping tablet: real 0.016s	user 0.009s	sys 0.000s
I20260608 09:55:27.500136 26988 raft_consensus.cc:359] T 8788b07a8f6c449e998ac78eff262ab7 P 2cf711f86d1c47dd9631837f167edc05 [term 0 FOLLOWER]: Replica starting. Triggering 0 pending ops. Active config: opid_index: -1 OBSOLETE_local: false peers { permanent_uuid: "2cf711f86d1c47dd9631837f167edc05" member_type: VOTER last_known_addr { host: "127.21.191.129" port: 37077 } } peers { permanent_uuid: "402fd00081fb43d59659832798a32480" member_type: VOTER last_known_addr { host: "127.21.191.130" port: 36653 } } peers { permanent_uuid: "40fbba2b4ada4b3ebd3eb578bb21fb6a" member_type: VOTER last_known_addr { host: "127.21.191.131" port: 40395 } }
I20260608 09:55:27.500909 26988 raft_consensus.cc:385] T 8788b07a8f6c449e998ac78eff262ab7 P 2cf711f86d1c47dd9631837f167edc05 [term 0 FOLLOWER]: Consensus starting up: Expiring failure detector timer to make a prompt election more likely
I20260608 09:55:27.502106 26988 raft_consensus.cc:740] T 8788b07a8f6c449e998ac78eff262ab7 P 2cf711f86d1c47dd9631837f167edc05 [term 0 FOLLOWER]: Becoming Follower/Learner. State: Replica: 2cf711f86d1c47dd9631837f167edc05, State: Initialized, Role: FOLLOWER
I20260608 09:55:27.502722 26988 consensus_queue.cc:260] T 8788b07a8f6c449e998ac78eff262ab7 P 2cf711f86d1c47dd9631837f167edc05 [NON_LEADER]: Queue going to NON_LEADER mode. State: All replicated index: 0, Majority replicated index: 0, Committed index: 0, Last appended: 0.0, Last appended by leader: 0, Current term: 0, Majority size: -1, State: 0, Mode: NON_LEADER, active raft config: opid_index: -1 OBSOLETE_local: false peers { permanent_uuid: "2cf711f86d1c47dd9631837f167edc05" member_type: VOTER last_known_addr { host: "127.21.191.129" port: 37077 } } peers { permanent_uuid: "402fd00081fb43d59659832798a32480" member_type: VOTER last_known_addr { host: "127.21.191.130" port: 36653 } } peers { permanent_uuid: "40fbba2b4ada4b3ebd3eb578bb21fb6a" member_type: VOTER last_known_addr { host: "127.21.191.131" port: 40395 } }
I20260608 09:55:27.504829 26988 ts_tablet_manager.cc:1434] T 8788b07a8f6c449e998ac78eff262ab7 P 2cf711f86d1c47dd9631837f167edc05: Time spent starting tablet: real 0.007s	user 0.005s	sys 0.003s
I20260608 09:55:27.505829 26988 tablet_bootstrap.cc:492] T 65cb62fe552440e3a907154a3312f951 P 2cf711f86d1c47dd9631837f167edc05: Bootstrap starting.
I20260608 09:55:27.510613 26988 tablet_bootstrap.cc:654] T 65cb62fe552440e3a907154a3312f951 P 2cf711f86d1c47dd9631837f167edc05: Neither blocks nor log segments found. Creating new log.
I20260608 09:55:27.515574 26988 tablet_bootstrap.cc:492] T 65cb62fe552440e3a907154a3312f951 P 2cf711f86d1c47dd9631837f167edc05: No bootstrap required, opened a new log
I20260608 09:55:27.516054 26988 ts_tablet_manager.cc:1403] T 65cb62fe552440e3a907154a3312f951 P 2cf711f86d1c47dd9631837f167edc05: Time spent bootstrapping tablet: real 0.010s	user 0.008s	sys 0.000s
