I20260608 09:54:23.239245  9688 consensus_queue.cc:1048] T c67b36a4813c456b8513ff9fba34e8aa P fc8b5350ba0d49f5ae33f01df92f7040 [LEADER]: Connected to new peer: Peer: permanent_uuid: "977cf984577a48acaeda7f6955c434f5" member_type: VOTER last_known_addr { host: "127.6.56.132" port: 36659 }, Status: LMP_MISMATCH, Last received: 0.0, Next index: 1, Last known committed idx: 0, Time since last communication: 0.000s
I20260608 09:54:23.240517  9589 consensus_queue.cc:1048] T c67b36a4813c456b8513ff9fba34e8aa P fc8b5350ba0d49f5ae33f01df92f7040 [LEADER]: Connected to new peer: Peer: permanent_uuid: "d58fcfc8f4ad421b8858f21d72cf6997" member_type: VOTER last_known_addr { host: "127.6.56.129" port: 46835 }, Status: LMP_MISMATCH, Last received: 0.0, Next index: 1, Last known committed idx: 0, Time since last communication: 0.000s
I20260608 09:54:23.248651  9366 tablet_copy_source_session.cc:215] T 63e7d1dbf7684727bedabf1384be37c1 P d58fcfc8f4ad421b8858f21d72cf6997: Tablet Copy: opened 0 blocks and 1 log segments
I20260608 09:54:23.253475  9792 data_dirs.cc:400] Could only allocate 1 dirs of requested 3 for tablet 63e7d1dbf7684727bedabf1384be37c1. 1 dirs total, 0 dirs full, 0 dirs failed
I20260608 09:54:23.292083  9798 ts_tablet_manager.cc:933] T 218993f8e7404644842f28e1d8e04bb1 P 977cf984577a48acaeda7f6955c434f5: Initiating tablet copy from peer d58fcfc8f4ad421b8858f21d72cf6997 (127.6.56.129:46835)
I20260608 09:54:23.297978  9792 tablet_copy_client.cc:806] T 63e7d1dbf7684727bedabf1384be37c1 P 977cf984577a48acaeda7f6955c434f5: tablet copy: Starting download of 0 data blocks...
I20260608 09:54:23.298776  9792 tablet_copy_client.cc:670] T 63e7d1dbf7684727bedabf1384be37c1 P 977cf984577a48acaeda7f6955c434f5: tablet copy: Starting download of 1 WAL segments...
I20260608 09:54:23.303599  9792 tablet_copy_client.cc:538] T 63e7d1dbf7684727bedabf1384be37c1 P 977cf984577a48acaeda7f6955c434f5: tablet copy: Tablet Copy complete. Replacing tablet superblock.
I20260608 09:54:23.303805  9798 tablet_copy_client.cc:323] T 218993f8e7404644842f28e1d8e04bb1 P 977cf984577a48acaeda7f6955c434f5: tablet copy: Beginning tablet copy session from remote peer at address 127.6.56.129:46835
I20260608 09:54:23.306109  9366 tablet_copy_service.cc:140] P d58fcfc8f4ad421b8858f21d72cf6997: Received BeginTabletCopySession request for tablet 218993f8e7404644842f28e1d8e04bb1 from peer 977cf984577a48acaeda7f6955c434f5 ({username='slave'} at 127.0.0.1:44292)
I20260608 09:54:23.306690  9366 tablet_copy_service.cc:161] P d58fcfc8f4ad421b8858f21d72cf6997: Beginning new tablet copy session on tablet 218993f8e7404644842f28e1d8e04bb1 from peer 977cf984577a48acaeda7f6955c434f5 at {username='slave'} at 127.0.0.1:44292: session id = 977cf984577a48acaeda7f6955c434f5-218993f8e7404644842f28e1d8e04bb1
I20260608 09:54:23.320022  9366 tablet_copy_source_session.cc:215] T 218993f8e7404644842f28e1d8e04bb1 P d58fcfc8f4ad421b8858f21d72cf6997: Tablet Copy: opened 0 blocks and 1 log segments
I20260608 09:54:23.320904  9792 tablet_bootstrap.cc:492] T 63e7d1dbf7684727bedabf1384be37c1 P 977cf984577a48acaeda7f6955c434f5: Bootstrap starting.
I20260608 09:54:23.323616  9798 data_dirs.cc:400] Could only allocate 1 dirs of requested 3 for tablet 218993f8e7404644842f28e1d8e04bb1. 1 dirs total, 0 dirs full, 0 dirs failed
I20260608 09:54:23.340555  9798 tablet_copy_client.cc:806] T 218993f8e7404644842f28e1d8e04bb1 P 977cf984577a48acaeda7f6955c434f5: tablet copy: Starting download of 0 data blocks...
I20260608 09:54:23.341183  9798 tablet_copy_client.cc:670] T 218993f8e7404644842f28e1d8e04bb1 P 977cf984577a48acaeda7f6955c434f5: tablet copy: Starting download of 1 WAL segments...
I20260608 09:54:23.345618  9798 tablet_copy_client.cc:538] T 218993f8e7404644842f28e1d8e04bb1 P 977cf984577a48acaeda7f6955c434f5: tablet copy: Tablet Copy complete. Replacing tablet superblock.
I20260608 09:54:23.347651  9792 tablet_bootstrap.cc:492] T 63e7d1dbf7684727bedabf1384be37c1 P 977cf984577a48acaeda7f6955c434f5: Bootstrap replayed 1/1 log segments. Stats: ops{read=2 overwritten=0 applied=2 ignored=0} inserts{seen=0 ignored=0} mutations{seen=0 ignored=0} orphaned_commits=0. Pending: 0 replicates
I20260608 09:54:23.348448  9792 tablet_bootstrap.cc:492] T 63e7d1dbf7684727bedabf1384be37c1 P 977cf984577a48acaeda7f6955c434f5: Bootstrap complete.
I20260608 09:54:23.349063  9792 ts_tablet_manager.cc:1403] T 63e7d1dbf7684727bedabf1384be37c1 P 977cf984577a48acaeda7f6955c434f5: Time spent bootstrapping tablet: real 0.028s	user 0.024s	sys 0.001s
I20260608 09:54:23.352618  9792 raft_consensus.cc:359] T 63e7d1dbf7684727bedabf1384be37c1 P 977cf984577a48acaeda7f6955c434f5 [term 1 LEARNER]: Replica starting. Triggering 0 pending ops. Active config: opid_index: 2 OBSOLETE_local: false peers { permanent_uuid: "d58fcfc8f4ad421b8858f21d72cf6997" member_type: VOTER last_known_addr { host: "127.6.56.129" port: 46835 } } peers { permanent_uuid: "fc8b5350ba0d49f5ae33f01df92f7040" member_type: VOTER last_known_addr { host: "127.6.56.130" port: 45333 } } peers { permanent_uuid: "1472261d8b3a440b895c26005af27617" member_type: VOTER last_known_addr { host: "127.6.56.131" port: 41513 } attrs { replace: true } } peers { permanent_uuid: "977cf984577a48acaeda7f6955c434f5" member_type: NON_VOTER last_known_addr { host: "127.6.56.132" port: 36659 } attrs { promote: true } }
I20260608 09:54:23.353459  9792 raft_consensus.cc:740] T 63e7d1dbf7684727bedabf1384be37c1 P 977cf984577a48acaeda7f6955c434f5 [term 1 LEARNER]: Becoming Follower/Learner. State: Replica: 977cf984577a48acaeda7f6955c434f5, State: Initialized, Role: LEARNER
I20260608 09:54:23.354507  9798 tablet_bootstrap.cc:492] T 218993f8e7404644842f28e1d8e04bb1 P 977cf984577a48acaeda7f6955c434f5: Bootstrap starting.
I20260608 09:54:23.354204  9792 consensus_queue.cc:260] T 63e7d1dbf7684727bedabf1384be37c1 P 977cf984577a48acaeda7f6955c434f5 [NON_LEADER]: Queue going to NON_LEADER mode. State: All replicated index: 0, Majority replicated index: 0, Committed index: 2, Last appended: 1.2, Last appended by leader: 2, Current term: 0, Majority size: -1, State: 0, Mode: NON_LEADER, active raft config: opid_index: 2 OBSOLETE_local: false peers { permanent_uuid: "d58fcfc8f4ad421b8858f21d72cf6997" member_type: VOTER last_known_addr { host: "127.6.56.129" port: 46835 } } peers { permanent_uuid: "fc8b5350ba0d49f5ae33f01df92f7040" member_type: VOTER last_known_addr { host: "127.6.56.130" port: 45333 } } peers { permanent_uuid: "1472261d8b3a440b895c26005af27617" member_type: VOTER last_known_addr { host: "127.6.56.131" port: 41513 } attrs { replace: true } } peers { permanent_uuid: "977cf984577a48acaeda7f6955c434f5" member_type: NON_VOTER last_known_addr { host: "127.6.56.132" port: 36659 } attrs { promote: true } }
I20260608 09:54:23.356778  9792 ts_tablet_manager.cc:1434] T 63e7d1dbf7684727bedabf1384be37c1 P 977cf984577a48acaeda7f6955c434f5: Time spent starting tablet: real 0.007s	user 0.004s	sys 0.003s
I20260608 09:54:23.358704  9366 tablet_copy_service.cc:342] P d58fcfc8f4ad421b8858f21d72cf6997: Request end of tablet copy session 977cf984577a48acaeda7f6955c434f5-63e7d1dbf7684727bedabf1384be37c1 received from {username='slave'} at 127.0.0.1:44292
I20260608 09:54:23.359160  9366 tablet_copy_service.cc:434] P d58fcfc8f4ad421b8858f21d72cf6997: ending tablet copy session 977cf984577a48acaeda7f6955c434f5-63e7d1dbf7684727bedabf1384be37c1 on tablet 63e7d1dbf7684727bedabf1384be37c1 with peer 977cf984577a48acaeda7f6955c434f5
I20260608 09:54:23.370901  9792 ts_tablet_manager.cc:933] T 575b55edd1654d2d95e364c0cd76763e P 977cf984577a48acaeda7f6955c434f5: Initiating tablet copy from peer fc8b5350ba0d49f5ae33f01df92f7040 (127.6.56.130:45333)
I20260608 09:54:23.373797  9792 tablet_copy_client.cc:323] T 575b55edd1654d2d95e364c0cd76763e P 977cf984577a48acaeda7f6955c434f5: tablet copy: Beginning tablet copy session from remote peer at address 127.6.56.130:45333
I20260608 09:54:23.375748  9441 tablet_copy_service.cc:140] P fc8b5350ba0d49f5ae33f01df92f7040: Received BeginTabletCopySession request for tablet 575b55edd1654d2d95e364c0cd76763e from peer 977cf984577a48acaeda7f6955c434f5 ({username='slave'} at 127.0.0.1:54618)
I20260608 09:54:23.376410  9441 tablet_copy_service.cc:161] P fc8b5350ba0d49f5ae33f01df92f7040: Beginning new tablet copy session on tablet 575b55edd1654d2d95e364c0cd76763e from peer 977cf984577a48acaeda7f6955c434f5 at {username='slave'} at 127.0.0.1:54618: session id = 977cf984577a48acaeda7f6955c434f5-575b55edd1654d2d95e364c0cd76763e
I20260608 09:54:23.386413  9441 tablet_copy_source_session.cc:215] T 575b55edd1654d2d95e364c0cd76763e P fc8b5350ba0d49f5ae33f01df92f7040: Tablet Copy: opened 0 blocks and 1 log segments
I20260608 09:54:23.393018  9792 data_dirs.cc:400] Could only allocate 1 dirs of requested 3 for tablet 575b55edd1654d2d95e364c0cd76763e. 1 dirs total, 0 dirs full, 0 dirs failed
I20260608 09:54:23.416038  9792 tablet_copy_client.cc:806] T 575b55edd1654d2d95e364c0cd76763e P 977cf984577a48acaeda7f6955c434f5: tablet copy: Starting download of 0 data blocks...
I20260608 09:54:23.416584  9792 tablet_copy_client.cc:670] T 575b55edd1654d2d95e364c0cd76763e P 977cf984577a48acaeda7f6955c434f5: tablet copy: Starting download of 1 WAL segments...
I20260608 09:54:23.416872  9798 tablet_bootstrap.cc:492] T 218993f8e7404644842f28e1d8e04bb1 P 977cf984577a48acaeda7f6955c434f5: Bootstrap replayed 1/1 log segments. Stats: ops{read=2 overwritten=0 applied=2 ignored=0} inserts{seen=0 ignored=0} mutations{seen=0 ignored=0} orphaned_commits=0. Pending: 0 replicates
I20260608 09:54:23.417871  9798 tablet_bootstrap.cc:492] T 218993f8e7404644842f28e1d8e04bb1 P 977cf984577a48acaeda7f6955c434f5: Bootstrap complete.
I20260608 09:54:23.418578  9798 ts_tablet_manager.cc:1403] T 218993f8e7404644842f28e1d8e04bb1 P 977cf984577a48acaeda7f6955c434f5: Time spent bootstrapping tablet: real 0.064s	user 0.029s	sys 0.021s
I20260608 09:54:23.420297  9792 tablet_copy_client.cc:538] T 575b55edd1654d2d95e364c0cd76763e P 977cf984577a48acaeda7f6955c434f5: tablet copy: Tablet Copy complete. Replacing tablet superblock.
I20260608 09:54:23.421811  9798 raft_consensus.cc:359] T 218993f8e7404644842f28e1d8e04bb1 P 977cf984577a48acaeda7f6955c434f5 [term 1 LEARNER]: Replica starting. Triggering 0 pending ops. Active config: opid_index: 2 OBSOLETE_local: false peers { permanent_uuid: "d58fcfc8f4ad421b8858f21d72cf6997" member_type: VOTER last_known_addr { host: "127.6.56.129" port: 46835 } } peers { permanent_uuid: "fc8b5350ba0d49f5ae33f01df92f7040" member_type: VOTER last_known_addr { host: "127.6.56.130" port: 45333 } attrs { replace: true } } peers { permanent_uuid: "1472261d8b3a440b895c26005af27617" member_type: VOTER last_known_addr { host: "127.6.56.131" port: 41513 } } peers { permanent_uuid: "977cf984577a48acaeda7f6955c434f5" member_type: NON_VOTER last_known_addr { host: "127.6.56.132" port: 36659 } attrs { promote: true } }
I20260608 09:54:23.422710  9798 raft_consensus.cc:740] T 218993f8e7404644842f28e1d8e04bb1 P 977cf984577a48acaeda7f6955c434f5 [term 1 LEARNER]: Becoming Follower/Learner. State: Replica: 977cf984577a48acaeda7f6955c434f5, State: Initialized, Role: LEARNER
I20260608 09:54:23.423388  9798 consensus_queue.cc:260] T 218993f8e7404644842f28e1d8e04bb1 P 977cf984577a48acaeda7f6955c434f5 [NON_LEADER]: Queue going to NON_LEADER mode. State: All replicated index: 0, Majority replicated index: 0, Committed index: 2, Last appended: 1.2, Last appended by leader: 2, Current term: 0, Majority size: -1, State: 0, Mode: NON_LEADER, active raft config: opid_index: 2 OBSOLETE_local: false peers { permanent_uuid: "d58fcfc8f4ad421b8858f21d72cf6997" member_type: VOTER last_known_addr { host: "127.6.56.129" port: 46835 } } peers { permanent_uuid: "fc8b5350ba0d49f5ae33f01df92f7040" member_type: VOTER last_known_addr { host: "127.6.56.130" port: 45333 } attrs { replace: true } } peers { permanent_uuid: "1472261d8b3a440b895c26005af27617" member_type: VOTER last_known_addr { host: "127.6.56.131" port: 41513 } } peers { permanent_uuid: "977cf984577a48acaeda7f6955c434f5" member_type: NON_VOTER last_known_addr { host: "127.6.56.132" port: 36659 } attrs { promote: true } }
I20260608 09:54:23.425961  9798 ts_tablet_manager.cc:1434] T 218993f8e7404644842f28e1d8e04bb1 P 977cf984577a48acaeda7f6955c434f5: Time spent starting tablet: real 0.007s	user 0.004s	sys 0.000s
I20260608 09:54:23.427294  9792 tablet_bootstrap.cc:492] T 575b55edd1654d2d95e364c0cd76763e P 977cf984577a48acaeda7f6955c434f5: Bootstrap starting.
I20260608 09:54:23.431854  9366 tablet_copy_service.cc:342] P d58fcfc8f4ad421b8858f21d72cf6997: Request end of tablet copy session 977cf984577a48acaeda7f6955c434f5-218993f8e7404644842f28e1d8e04bb1 received from {username='slave'} at 127.0.0.1:44292
I20260608 09:54:23.432350  9366 tablet_copy_service.cc:434] P d58fcfc8f4ad421b8858f21d72cf6997: ending tablet copy session 977cf984577a48acaeda7f6955c434f5-218993f8e7404644842f28e1d8e04bb1 on tablet 218993f8e7404644842f28e1d8e04bb1 with peer 977cf984577a48acaeda7f6955c434f5
I20260608 09:54:23.457104  9792 tablet_bootstrap.cc:492] T 575b55edd1654d2d95e364c0cd76763e P 977cf984577a48acaeda7f6955c434f5: Bootstrap replayed 1/1 log segments. Stats: ops{read=2 overwritten=0 applied=2 ignored=0} inserts{seen=0 ignored=0} mutations{seen=0 ignored=0} orphaned_commits=0. Pending: 0 replicates
I20260608 09:54:23.458043  9792 tablet_bootstrap.cc:492] T 575b55edd1654d2d95e364c0cd76763e P 977cf984577a48acaeda7f6955c434f5: Bootstrap complete.
I20260608 09:54:23.458710  9792 ts_tablet_manager.cc:1403] T 575b55edd1654d2d95e364c0cd76763e P 977cf984577a48acaeda7f6955c434f5: Time spent bootstrapping tablet: real 0.032s	user 0.016s	sys 0.012s
I20260608 09:54:23.461978  9792 raft_consensus.cc:359] T 575b55edd1654d2d95e364c0cd76763e P 977cf984577a48acaeda7f6955c434f5 [term 1 LEARNER]: Replica starting. Triggering 0 pending ops. Active config: opid_index: 2 OBSOLETE_local: false peers { permanent_uuid: "fc8b5350ba0d49f5ae33f01df92f7040" member_type: VOTER last_known_addr { host: "127.6.56.130" port: 45333 } } peers { permanent_uuid: "d58fcfc8f4ad421b8858f21d72cf6997" member_type: VOTER last_known_addr { host: "127.6.56.129" port: 46835 } attrs { replace: true } } peers { permanent_uuid: "1472261d8b3a440b895c26005af27617" member_type: VOTER last_known_addr { host: "127.6.56.131" port: 41513 } } peers { permanent_uuid: "977cf984577a48acaeda7f6955c434f5" member_type: NON_VOTER last_known_addr { host: "127.6.56.132" port: 36659 } attrs { promote: true } }
I20260608 09:54:23.462751  9792 raft_consensus.cc:740] T 575b55edd1654d2d95e364c0cd76763e P 977cf984577a48acaeda7f6955c434f5 [term 1 LEARNER]: Becoming Follower/Learner. State: Replica: 977cf984577a48acaeda7f6955c434f5, State: Initialized, Role: LEARNER
I20260608 09:54:23.463338  9792 consensus_queue.cc:260] T 575b55edd1654d2d95e364c0cd76763e P 977cf984577a48acaeda7f6955c434f5 [NON_LEADER]: Queue going to NON_LEADER mode. State: All replicated index: 0, Majority replicated index: 0, Committed index: 2, Last appended: 1.2, Last appended by leader: 2, Current term: 0, Majority size: -1, State: 0, Mode: NON_LEADER, active raft config: opid_index: 2 OBSOLETE_local: false peers { permanent_uuid: "fc8b5350ba0d49f5ae33f01df92f7040" member_type: VOTER last_known_addr { host: "127.6.56.130" port: 45333 } } peers { permanent_uuid: "d58fcfc8f4ad421b8858f21d72cf6997" member_type: VOTER last_known_addr { host: "127.6.56.129" port: 46835 } attrs { replace: true } } peers { permanent_uuid: "1472261d8b3a440b895c26005af27617" member_type: VOTER last_known_addr { host: "127.6.56.131" port: 41513 } } peers { permanent_uuid: "977cf984577a48acaeda7f6955c434f5" member_type: NON_VOTER last_known_addr { host: "127.6.56.132" port: 36659 } attrs { promote: true } }
I20260608 09:54:23.467125  9792 ts_tablet_manager.cc:1434] T 575b55edd1654d2d95e364c0cd76763e P 977cf984577a48acaeda7f6955c434f5: Time spent starting tablet: real 0.008s	user 0.006s	sys 0.000s
I20260608 09:54:23.468900  9441 tablet_copy_service.cc:342] P fc8b5350ba0d49f5ae33f01df92f7040: Request end of tablet copy session 977cf984577a48acaeda7f6955c434f5-575b55edd1654d2d95e364c0cd76763e received from {username='slave'} at 127.0.0.1:54618
I20260608 09:54:23.469336  9441 tablet_copy_service.cc:434] P fc8b5350ba0d49f5ae33f01df92f7040: ending tablet copy session 977cf984577a48acaeda7f6955c434f5-575b55edd1654d2d95e364c0cd76763e on tablet 575b55edd1654d2d95e364c0cd76763e with peer 977cf984577a48acaeda7f6955c434f5
I20260608 09:54:23.593994  9650 raft_consensus.cc:1217] T 3001dca075b94ddbaee5fe668af59a14 P 977cf984577a48acaeda7f6955c434f5 [term 1 LEARNER]: Deduplicated request from leader. Original: 1.1->[1.2-1.2]   Dedup: 1.2->[]
I20260608 09:54:23.825351  9650 raft_consensus.cc:1217] T 575b55edd1654d2d95e364c0cd76763e P 977cf984577a48acaeda7f6955c434f5 [term 1 LEARNER]: Deduplicated request from leader. Original: 1.1->[1.2-1.2]   Dedup: 1.2->[]
I20260608 09:54:23.831885  9650 raft_consensus.cc:1217] T 63e7d1dbf7684727bedabf1384be37c1 P 977cf984577a48acaeda7f6955c434f5 [term 1 LEARNER]: Deduplicated request from leader. Original: 1.1->[1.2-1.2]   Dedup: 1.2->[]
I20260608 09:54:23.894049  9650 raft_consensus.cc:1217] T 218993f8e7404644842f28e1d8e04bb1 P 977cf984577a48acaeda7f6955c434f5 [term 1 LEARNER]: Deduplicated request from leader. Original: 1.1->[1.2-1.2]   Dedup: 1.2->[]
I20260608 09:54:24.136343  9589 raft_consensus.cc:1064] T 3001dca075b94ddbaee5fe668af59a14 P fc8b5350ba0d49f5ae33f01df92f7040: attempting to promote NON_VOTER 977cf984577a48acaeda7f6955c434f5 to VOTER
I20260608 09:54:24.143401  9589 consensus_queue.cc:237] T 3001dca075b94ddbaee5fe668af59a14 P fc8b5350ba0d49f5ae33f01df92f7040 [LEADER]: Queue going to LEADER mode. State: All replicated index: 0, Majority replicated index: 2, Committed index: 2, Last appended: 1.2, Last appended by leader: 0, Current term: 1, Majority size: 3, State: 0, Mode: LEADER, active raft config: opid_index: 3 OBSOLETE_local: false peers { permanent_uuid: "d58fcfc8f4ad421b8858f21d72cf6997" member_type: VOTER last_known_addr { host: "127.6.56.129" port: 46835 } attrs { replace: true } } peers { permanent_uuid: "fc8b5350ba0d49f5ae33f01df92f7040" member_type: VOTER last_known_addr { host: "127.6.56.130" port: 45333 } } peers { permanent_uuid: "1472261d8b3a440b895c26005af27617" member_type: VOTER last_known_addr { host: "127.6.56.131" port: 41513 } } peers { permanent_uuid: "977cf984577a48acaeda7f6955c434f5" member_type: VOTER last_known_addr { host: "127.6.56.132" port: 36659 } attrs { promote: false } }
I20260608 09:54:24.999202  9307 auto_leader_rebalancer.cc:140] leader rebalance for table range_aware_rebalance_new_range
I20260608 09:54:25.050880  9649 raft_consensus.cc:1275] T 3001dca075b94ddbaee5fe668af59a14 P 977cf984577a48acaeda7f6955c434f5 [term 1 LEARNER]: Refusing update from remote peer fc8b5350ba0d49f5ae33f01df92f7040: Log matching property violated. Preceding OpId in replica: term: 1 index: 2. Preceding OpId from leader: term: 1 index: 3. (index mismatch)
I20260608 09:54:25.055382  9502 raft_consensus.cc:1275] T 3001dca075b94ddbaee5fe668af59a14 P 1472261d8b3a440b895c26005af27617 [term 1 FOLLOWER]: Refusing update from remote peer fc8b5350ba0d49f5ae33f01df92f7040: Log matching property violated. Preceding OpId in replica: term: 1 index: 2. Preceding OpId from leader: term: 1 index: 3. (index mismatch)
I20260608 09:54:25.060834  9589 consensus_queue.cc:1048] T 3001dca075b94ddbaee5fe668af59a14 P fc8b5350ba0d49f5ae33f01df92f7040 [LEADER]: Connected to new peer: Peer: permanent_uuid: "1472261d8b3a440b895c26005af27617" member_type: VOTER last_known_addr { host: "127.6.56.131" port: 41513 }, Status: LMP_MISMATCH, Last received: 0.0, Next index: 3, Last known committed idx: 2, Time since last communication: 0.001s
I20260608 09:54:25.077798  9688 consensus_queue.cc:1048] T 3001dca075b94ddbaee5fe668af59a14 P fc8b5350ba0d49f5ae33f01df92f7040 [LEADER]: Connected to new peer: Peer: permanent_uuid: "977cf984577a48acaeda7f6955c434f5" member_type: VOTER last_known_addr { host: "127.6.56.132" port: 36659 } attrs { promote: false }, Status: LMP_MISMATCH, Last received: 0.0, Next index: 3, Last known committed idx: 2, Time since last communication: 0.001s
W20260608 09:54:25.085847  9471 thread.cc:641] raft [worker] (thread pool) Time spent creating pthread: real 0.598s	user 0.002s	sys 0.008s
W20260608 09:54:25.099967  9471 thread.cc:608] raft [worker] (thread pool) Time spent starting thread: real 0.612s	user 0.003s	sys 0.008s
I20260608 09:54:25.116873  9354 raft_consensus.cc:1275] T 3001dca075b94ddbaee5fe668af59a14 P d58fcfc8f4ad421b8858f21d72cf6997 [term 1 FOLLOWER]: Refusing update from remote peer fc8b5350ba0d49f5ae33f01df92f7040: Log matching property violated. Preceding OpId in replica: term: 1 index: 2. Preceding OpId from leader: term: 1 index: 3. (index mismatch)
I20260608 09:54:25.122448  9808 raft_consensus.cc:493] T 575b55edd1654d2d95e364c0cd76763e P d58fcfc8f4ad421b8858f21d72cf6997 [term 1 FOLLOWER]: Starting pre-election (detected failure of leader fc8b5350ba0d49f5ae33f01df92f7040)
I20260608 09:54:25.123281  9808 raft_consensus.cc:515] T 575b55edd1654d2d95e364c0cd76763e P d58fcfc8f4ad421b8858f21d72cf6997 [term 1 FOLLOWER]: Starting pre-election with config: opid_index: 2 OBSOLETE_local: false peers { permanent_uuid: "fc8b5350ba0d49f5ae33f01df92f7040" member_type: VOTER last_known_addr { host: "127.6.56.130" port: 45333 } } peers { permanent_uuid: "d58fcfc8f4ad421b8858f21d72cf6997" member_type: VOTER last_known_addr { host: "127.6.56.129" port: 46835 } attrs { replace: true } } peers { permanent_uuid: "1472261d8b3a440b895c26005af27617" member_type: VOTER last_known_addr { host: "127.6.56.131" port: 41513 } } peers { permanent_uuid: "977cf984577a48acaeda7f6955c434f5" member_type: NON_VOTER last_known_addr { host: "127.6.56.132" port: 36659 } attrs { promote: true } }
I20260608 09:54:25.125965  9808 leader_election.cc:290] T 575b55edd1654d2d95e364c0cd76763e P d58fcfc8f4ad421b8858f21d72cf6997 [CANDIDATE]: Term 2 pre-election: Requested pre-vote from peers fc8b5350ba0d49f5ae33f01df92f7040 (127.6.56.130:45333), 1472261d8b3a440b895c26005af27617 (127.6.56.131:41513)
I20260608 09:54:25.134881  9589 raft_consensus.cc:1064] T 575b55edd1654d2d95e364c0cd76763e P fc8b5350ba0d49f5ae33f01df92f7040: attempting to promote NON_VOTER 977cf984577a48acaeda7f6955c434f5 to VOTER
I20260608 09:54:25.137661  9589 consensus_queue.cc:237] T 575b55edd1654d2d95e364c0cd76763e P fc8b5350ba0d49f5ae33f01df92f7040 [LEADER]: Queue going to LEADER mode. State: All replicated index: 0, Majority replicated index: 2, Committed index: 2, Last appended: 1.2, Last appended by leader: 0, Current term: 1, Majority size: 3, State: 0, Mode: LEADER, active raft config: opid_index: 3 OBSOLETE_local: false peers { permanent_uuid: "fc8b5350ba0d49f5ae33f01df92f7040" member_type: VOTER last_known_addr { host: "127.6.56.130" port: 45333 } } peers { permanent_uuid: "d58fcfc8f4ad421b8858f21d72cf6997" member_type: VOTER last_known_addr { host: "127.6.56.129" port: 46835 } attrs { replace: true } } peers { permanent_uuid: "1472261d8b3a440b895c26005af27617" member_type: VOTER last_known_addr { host: "127.6.56.131" port: 41513 } } peers { permanent_uuid: "977cf984577a48acaeda7f6955c434f5" member_type: VOTER last_known_addr { host: "127.6.56.132" port: 36659 } attrs { promote: false } }
I20260608 09:54:25.171967  9502 tablet_service.cc:1917] Received RequestConsensusVote() RPC: tablet_id: "575b55edd1654d2d95e364c0cd76763e" candidate_uuid: "d58fcfc8f4ad421b8858f21d72cf6997" candidate_term: 2 candidate_status { last_received { term: 1 index: 2 } } ignore_live_leader: false dest_uuid: "1472261d8b3a440b895c26005af27617" is_pre_election: true
I20260608 09:54:25.193408  9688 consensus_queue.cc:1048] T 3001dca075b94ddbaee5fe668af59a14 P fc8b5350ba0d49f5ae33f01df92f7040 [LEADER]: Connected to new peer: Peer: permanent_uuid: "d58fcfc8f4ad421b8858f21d72cf6997" member_type: VOTER last_known_addr { host: "127.6.56.129" port: 46835 } attrs { replace: true }, Status: LMP_MISMATCH, Last received: 0.0, Next index: 3, Last known committed idx: 2, Time since last communication: 0.001s
I20260608 09:54:25.200533  9778 raft_consensus.cc:1064] T 218993f8e7404644842f28e1d8e04bb1 P d58fcfc8f4ad421b8858f21d72cf6997: attempting to promote NON_VOTER 977cf984577a48acaeda7f6955c434f5 to VOTER
W20260608 09:54:25.209046  9285 debug-util.cc:398] Leaking SignalData structure 0x7b080007e060 after lost signal to thread 6373
W20260608 09:54:25.211115  9285 debug-util.cc:398] Leaking SignalData structure 0x7b08000906e0 after lost signal to thread 9288
I20260608 09:54:25.212159  9575 raft_consensus.cc:1064] T 63e7d1dbf7684727bedabf1384be37c1 P d58fcfc8f4ad421b8858f21d72cf6997: attempting to promote NON_VOTER 977cf984577a48acaeda7f6955c434f5 to VOTER
W20260608 09:54:25.215458  9285 debug-util.cc:398] Leaking SignalData structure 0x7b08001494c0 after lost signal to thread 9455
I20260608 09:54:25.205421  9778 consensus_queue.cc:237] T 218993f8e7404644842f28e1d8e04bb1 P d58fcfc8f4ad421b8858f21d72cf6997 [LEADER]: Queue going to LEADER mode. State: All replicated index: 0, Majority replicated index: 2, Committed index: 2, Last appended: 1.2, Last appended by leader: 0, Current term: 1, Majority size: 3, State: 0, Mode: LEADER, active raft config: opid_index: 3 OBSOLETE_local: false peers { permanent_uuid: "d58fcfc8f4ad421b8858f21d72cf6997" member_type: VOTER last_known_addr { host: "127.6.56.129" port: 46835 } } peers { permanent_uuid: "fc8b5350ba0d49f5ae33f01df92f7040" member_type: VOTER last_known_addr { host: "127.6.56.130" port: 45333 } attrs { replace: true } } peers { permanent_uuid: "1472261d8b3a440b895c26005af27617" member_type: VOTER last_known_addr { host: "127.6.56.131" port: 41513 } } peers { permanent_uuid: "977cf984577a48acaeda7f6955c434f5" member_type: VOTER last_known_addr { host: "127.6.56.132" port: 36659 } attrs { promote: false } }
I20260608 09:54:25.228358  9575 consensus_queue.cc:237] T 63e7d1dbf7684727bedabf1384be37c1 P d58fcfc8f4ad421b8858f21d72cf6997 [LEADER]: Queue going to LEADER mode. State: All replicated index: 0, Majority replicated index: 2, Committed index: 2, Last appended: 1.2, Last appended by leader: 0, Current term: 1, Majority size: 3, State: 0, Mode: LEADER, active raft config: opid_index: 3 OBSOLETE_local: false peers { permanent_uuid: "d58fcfc8f4ad421b8858f21d72cf6997" member_type: VOTER last_known_addr { host: "127.6.56.129" port: 46835 } } peers { permanent_uuid: "fc8b5350ba0d49f5ae33f01df92f7040" member_type: VOTER last_known_addr { host: "127.6.56.130" port: 45333 } } peers { permanent_uuid: "1472261d8b3a440b895c26005af27617" member_type: VOTER last_known_addr { host: "127.6.56.131" port: 41513 } attrs { replace: true } } peers { permanent_uuid: "977cf984577a48acaeda7f6955c434f5" member_type: VOTER last_known_addr { host: "127.6.56.132" port: 36659 } attrs { promote: false } }
I20260608 09:54:25.233503  9649 raft_consensus.cc:1275] T 575b55edd1654d2d95e364c0cd76763e P 977cf984577a48acaeda7f6955c434f5 [term 1 LEARNER]: Refusing update from remote peer fc8b5350ba0d49f5ae33f01df92f7040: Log matching property violated. Preceding OpId in replica: term: 1 index: 2. Preceding OpId from leader: term: 1 index: 3. (index mismatch)
W20260608 09:54:25.229458  9285 debug-util.cc:398] Leaking SignalData structure 0x7b080024e0c0 after lost signal to thread 9529
I20260608 09:54:25.236421  9759 consensus_queue.cc:1048] T 575b55edd1654d2d95e364c0cd76763e P fc8b5350ba0d49f5ae33f01df92f7040 [LEADER]: Connected to new peer: Peer: permanent_uuid: "977cf984577a48acaeda7f6955c434f5" member_type: VOTER last_known_addr { host: "127.6.56.132" port: 36659 } attrs { promote: false }, Status: LMP_MISMATCH, Last received: 0.0, Next index: 3, Last known committed idx: 2, Time since last communication: 0.001s
W20260608 09:54:25.265892  9285 debug-util.cc:398] Leaking SignalData structure 0x7b080024e9e0 after lost signal to thread 9677
I20260608 09:54:25.292165  9430 tablet_service.cc:1917] Received RequestConsensusVote() RPC: tablet_id: "575b55edd1654d2d95e364c0cd76763e" candidate_uuid: "d58fcfc8f4ad421b8858f21d72cf6997" candidate_term: 2 candidate_status { last_received { term: 1 index: 2 } } ignore_live_leader: false dest_uuid: "fc8b5350ba0d49f5ae33f01df92f7040" is_pre_election: true
I20260608 09:54:25.294531  9354 tablet_service.cc:2072] Received LeaderStepDown RPC: tablet_id: "04dbf834b2a9440e96250f1a42121f05"
dest_uuid: "d58fcfc8f4ad421b8858f21d72cf6997"
mode: GRACEFUL
new_leader_uuid: "1472261d8b3a440b895c26005af27617"
 from {username='slave'} at 127.0.0.1:53264
I20260608 09:54:25.294898  9322 leader_election.cc:304] T 575b55edd1654d2d95e364c0cd76763e P d58fcfc8f4ad421b8858f21d72cf6997 [CANDIDATE]: Term 2 pre-election: Election decided. Result: candidate lost. Election summary: received 3 responses out of 3 voters: 1 yes votes; 2 no votes. yes voters: d58fcfc8f4ad421b8858f21d72cf6997; no voters: 1472261d8b3a440b895c26005af27617, fc8b5350ba0d49f5ae33f01df92f7040
I20260608 09:54:25.295506  9354 raft_consensus.cc:606] T 04dbf834b2a9440e96250f1a42121f05 P d58fcfc8f4ad421b8858f21d72cf6997 [term 1 LEADER]: Received request to transfer leadership to TS 1472261d8b3a440b895c26005af27617
I20260608 09:54:25.299131  9812 raft_consensus.cc:2749] T 575b55edd1654d2d95e364c0cd76763e P d58fcfc8f4ad421b8858f21d72cf6997 [term 1 FOLLOWER]: Leader pre-election lost for term 2. Reason: could not achieve majority
I20260608 09:54:25.300763  9503 raft_consensus.cc:1275] T 575b55edd1654d2d95e364c0cd76763e P 1472261d8b3a440b895c26005af27617 [term 1 FOLLOWER]: Refusing update from remote peer fc8b5350ba0d49f5ae33f01df92f7040: Log matching property violated. Preceding OpId in replica: term: 1 index: 2. Preceding OpId from leader: term: 1 index: 3. (index mismatch)
I20260608 09:54:25.302474  9354 raft_consensus.cc:1275] T 575b55edd1654d2d95e364c0cd76763e P d58fcfc8f4ad421b8858f21d72cf6997 [term 1 FOLLOWER]: Refusing update from remote peer fc8b5350ba0d49f5ae33f01df92f7040: Log matching property violated. Preceding OpId in replica: term: 1 index: 2. Preceding OpId from leader: term: 1 index: 3. (index mismatch)
I20260608 09:54:25.305794  9816 raft_consensus.cc:2955] T 3001dca075b94ddbaee5fe668af59a14 P fc8b5350ba0d49f5ae33f01df92f7040 [term 1 LEADER]: Committing config change with OpId 1.3: config changed from index 2 to 3, 977cf984577a48acaeda7f6955c434f5 (127.6.56.132) changed from NON_VOTER to VOTER. New config: { opid_index: 3 OBSOLETE_local: false peers { permanent_uuid: "d58fcfc8f4ad421b8858f21d72cf6997" member_type: VOTER last_known_addr { host: "127.6.56.129" port: 46835 } attrs { replace: true } } peers { permanent_uuid: "fc8b5350ba0d49f5ae33f01df92f7040" member_type: VOTER last_known_addr { host: "127.6.56.130" port: 45333 } } peers { permanent_uuid: "1472261d8b3a440b895c26005af27617" member_type: VOTER last_known_addr { host: "127.6.56.131" port: 41513 } } peers { permanent_uuid: "977cf984577a48acaeda7f6955c434f5" member_type: VOTER last_known_addr { host: "127.6.56.132" port: 36659 } attrs { promote: false } } }
I20260608 09:54:25.307391  9503 raft_consensus.cc:1275] T 63e7d1dbf7684727bedabf1384be37c1 P 1472261d8b3a440b895c26005af27617 [term 1 FOLLOWER]: Refusing update from remote peer d58fcfc8f4ad421b8858f21d72cf6997: Log matching property violated. Preceding OpId in replica: term: 1 index: 2. Preceding OpId from leader: term: 1 index: 3. (index mismatch)
I20260608 09:54:25.310611  9502 raft_consensus.cc:1275] T 218993f8e7404644842f28e1d8e04bb1 P 1472261d8b3a440b895c26005af27617 [term 1 FOLLOWER]: Refusing update from remote peer d58fcfc8f4ad421b8858f21d72cf6997: Log matching property violated. Preceding OpId in replica: term: 1 index: 2. Preceding OpId from leader: term: 1 index: 3. (index mismatch)
I20260608 09:54:25.310745  9354 tablet_service.cc:2072] Received LeaderStepDown RPC: tablet_id: "218993f8e7404644842f28e1d8e04bb1"
dest_uuid: "d58fcfc8f4ad421b8858f21d72cf6997"
mode: GRACEFUL
new_leader_uuid: "1472261d8b3a440b895c26005af27617"
 from {username='slave'} at 127.0.0.1:53264
I20260608 09:54:25.311372  9354 raft_consensus.cc:606] T 218993f8e7404644842f28e1d8e04bb1 P d58fcfc8f4ad421b8858f21d72cf6997 [term 1 LEADER]: Received request to transfer leadership to TS 1472261d8b3a440b895c26005af27617
I20260608 09:54:25.312544  9653 raft_consensus.cc:1275] T 63e7d1dbf7684727bedabf1384be37c1 P 977cf984577a48acaeda7f6955c434f5 [term 1 LEARNER]: Refusing update from remote peer d58fcfc8f4ad421b8858f21d72cf6997: Log matching property violated. Preceding OpId in replica: term: 1 index: 2. Preceding OpId from leader: term: 1 index: 3. (index mismatch)
I20260608 09:54:25.313992  9812 consensus_queue.cc:1048] T 63e7d1dbf7684727bedabf1384be37c1 P d58fcfc8f4ad421b8858f21d72cf6997 [LEADER]: Connected to new peer: Peer: permanent_uuid: "1472261d8b3a440b895c26005af27617" member_type: VOTER last_known_addr { host: "127.6.56.131" port: 41513 } attrs { replace: true }, Status: LMP_MISMATCH, Last received: 0.0, Next index: 3, Last known committed idx: 2, Time since last communication: 0.001s
I20260608 09:54:25.315186  9653 raft_consensus.cc:1275] T 218993f8e7404644842f28e1d8e04bb1 P 977cf984577a48acaeda7f6955c434f5 [term 1 LEARNER]: Refusing update from remote peer d58fcfc8f4ad421b8858f21d72cf6997: Log matching property violated. Preceding OpId in replica: term: 1 index: 2. Preceding OpId from leader: term: 1 index: 3. (index mismatch)
I20260608 09:54:25.316433  9812 consensus_queue.cc:1048] T 218993f8e7404644842f28e1d8e04bb1 P d58fcfc8f4ad421b8858f21d72cf6997 [LEADER]: Connected to new peer: Peer: permanent_uuid: "1472261d8b3a440b895c26005af27617" member_type: VOTER last_known_addr { host: "127.6.56.131" port: 41513 }, Status: LMP_MISMATCH, Last received: 0.0, Next index: 3, Last known committed idx: 2, Time since last communication: 0.000s
I20260608 09:54:25.318953  9811 consensus_queue.cc:1048] T 63e7d1dbf7684727bedabf1384be37c1 P d58fcfc8f4ad421b8858f21d72cf6997 [LEADER]: Connected to new peer: Peer: permanent_uuid: "977cf984577a48acaeda7f6955c434f5" member_type: VOTER last_known_addr { host: "127.6.56.132" port: 36659 } attrs { promote: false }, Status: LMP_MISMATCH, Last received: 0.0, Next index: 3, Last known committed idx: 2, Time since last communication: 0.002s
I20260608 09:54:25.319996  9354 tablet_service.cc:2072] Received LeaderStepDown RPC: tablet_id: "a00185cd66ef4f239ed158cbcf9dd925"
dest_uuid: "d58fcfc8f4ad421b8858f21d72cf6997"
mode: GRACEFUL
new_leader_uuid: "977cf984577a48acaeda7f6955c434f5"
 from {username='slave'} at 127.0.0.1:53264
I20260608 09:54:25.320806  9354 raft_consensus.cc:606] T a00185cd66ef4f239ed158cbcf9dd925 P d58fcfc8f4ad421b8858f21d72cf6997 [term 1 LEADER]: Received request to transfer leadership to TS 977cf984577a48acaeda7f6955c434f5
I20260608 09:54:25.321202  9808 consensus_queue.cc:1048] T 218993f8e7404644842f28e1d8e04bb1 P d58fcfc8f4ad421b8858f21d72cf6997 [LEADER]: Connected to new peer: Peer: permanent_uuid: "977cf984577a48acaeda7f6955c434f5" member_type: VOTER last_known_addr { host: "127.6.56.132" port: 36659 } attrs { promote: false }, Status: LMP_MISMATCH, Last received: 0.0, Next index: 3, Last known committed idx: 2, Time since last communication: 0.000s
I20260608 09:54:25.320288  9503 raft_consensus.cc:2955] T 3001dca075b94ddbaee5fe668af59a14 P 1472261d8b3a440b895c26005af27617 [term 1 FOLLOWER]: Committing config change with OpId 1.3: config changed from index 2 to 3, 977cf984577a48acaeda7f6955c434f5 (127.6.56.132) changed from NON_VOTER to VOTER. New config: { opid_index: 3 OBSOLETE_local: false peers { permanent_uuid: "d58fcfc8f4ad421b8858f21d72cf6997" member_type: VOTER last_known_addr { host: "127.6.56.129" port: 46835 } attrs { replace: true } } peers { permanent_uuid: "fc8b5350ba0d49f5ae33f01df92f7040" member_type: VOTER last_known_addr { host: "127.6.56.130" port: 45333 } } peers { permanent_uuid: "1472261d8b3a440b895c26005af27617" member_type: VOTER last_known_addr { host: "127.6.56.131" port: 41513 } } peers { permanent_uuid: "977cf984577a48acaeda7f6955c434f5" member_type: VOTER last_known_addr { host: "127.6.56.132" port: 36659 } attrs { promote: false } } }
I20260608 09:54:25.339210  9430 raft_consensus.cc:1275] T 218993f8e7404644842f28e1d8e04bb1 P fc8b5350ba0d49f5ae33f01df92f7040 [term 1 FOLLOWER]: Refusing update from remote peer d58fcfc8f4ad421b8858f21d72cf6997: Log matching property violated. Preceding OpId in replica: term: 1 index: 2. Preceding OpId from leader: term: 1 index: 3. (index mismatch)
I20260608 09:54:25.317847  9589 consensus_queue.cc:1048] T 575b55edd1654d2d95e364c0cd76763e P fc8b5350ba0d49f5ae33f01df92f7040 [LEADER]: Connected to new peer: Peer: permanent_uuid: "1472261d8b3a440b895c26005af27617" member_type: VOTER last_known_addr { host: "127.6.56.131" port: 41513 }, Status: LMP_MISMATCH, Last received: 0.0, Next index: 3, Last known committed idx: 2, Time since last communication: 0.023s
I20260608 09:54:25.341502  9688 consensus_queue.cc:1048] T 575b55edd1654d2d95e364c0cd76763e P fc8b5350ba0d49f5ae33f01df92f7040 [LEADER]: Connected to new peer: Peer: permanent_uuid: "d58fcfc8f4ad421b8858f21d72cf6997" member_type: VOTER last_known_addr { host: "127.6.56.129" port: 46835 } attrs { replace: true }, Status: LMP_MISMATCH, Last received: 0.0, Next index: 3, Last known committed idx: 2, Time since last communication: 0.001s
I20260608 09:54:25.362555  9778 consensus_queue.cc:1048] T 218993f8e7404644842f28e1d8e04bb1 P d58fcfc8f4ad421b8858f21d72cf6997 [LEADER]: Connected to new peer: Peer: permanent_uuid: "fc8b5350ba0d49f5ae33f01df92f7040" member_type: VOTER last_known_addr { host: "127.6.56.130" port: 45333 } attrs { replace: true }, Status: LMP_MISMATCH, Last received: 0.0, Next index: 3, Last known committed idx: 2, Time since last communication: 0.012s
I20260608 09:54:25.408757  9251 catalog_manager.cc:5696] T 3001dca075b94ddbaee5fe668af59a14 P 1472261d8b3a440b895c26005af27617 reported cstate change: config changed from index 2 to 3, 977cf984577a48acaeda7f6955c434f5 (127.6.56.132) changed from NON_VOTER to VOTER. New cstate: current_term: 1 leader_uuid: "fc8b5350ba0d49f5ae33f01df92f7040" committed_config { opid_index: 3 OBSOLETE_local: false peers { permanent_uuid: "d58fcfc8f4ad421b8858f21d72cf6997" member_type: VOTER last_known_addr { host: "127.6.56.129" port: 46835 } attrs { replace: true } } peers { permanent_uuid: "fc8b5350ba0d49f5ae33f01df92f7040" member_type: VOTER last_known_addr { host: "127.6.56.130" port: 45333 } } peers { permanent_uuid: "1472261d8b3a440b895c26005af27617" member_type: VOTER last_known_addr { host: "127.6.56.131" port: 41513 } } peers { permanent_uuid: "977cf984577a48acaeda7f6955c434f5" member_type: VOTER last_known_addr { host: "127.6.56.132" port: 36659 } attrs { promote: false } } }
I20260608 09:54:25.404013  9430 raft_consensus.cc:1275] T 63e7d1dbf7684727bedabf1384be37c1 P fc8b5350ba0d49f5ae33f01df92f7040 [term 1 FOLLOWER]: Refusing update from remote peer d58fcfc8f4ad421b8858f21d72cf6997: Log matching property violated. Preceding OpId in replica: term: 1 index: 2. Preceding OpId from leader: term: 1 index: 3. (index mismatch)
I20260608 09:54:25.403407  9356 raft_consensus.cc:2955] T 3001dca075b94ddbaee5fe668af59a14 P d58fcfc8f4ad421b8858f21d72cf6997 [term 1 FOLLOWER]: Committing config change with OpId 1.3: config changed from index 2 to 3, 977cf984577a48acaeda7f6955c434f5 (127.6.56.132) changed from NON_VOTER to VOTER. New config: { opid_index: 3 OBSOLETE_local: false peers { permanent_uuid: "d58fcfc8f4ad421b8858f21d72cf6997" member_type: VOTER last_known_addr { host: "127.6.56.129" port: 46835 } attrs { replace: true } } peers { permanent_uuid: "fc8b5350ba0d49f5ae33f01df92f7040" member_type: VOTER last_known_addr { host: "127.6.56.130" port: 45333 } } peers { permanent_uuid: "1472261d8b3a440b895c26005af27617" member_type: VOTER last_known_addr { host: "127.6.56.131" port: 41513 } } peers { permanent_uuid: "977cf984577a48acaeda7f6955c434f5" member_type: VOTER last_known_addr { host: "127.6.56.132" port: 36659 } attrs { promote: false } } }
I20260608 09:54:25.424758  9778 consensus_queue.cc:1048] T 63e7d1dbf7684727bedabf1384be37c1 P d58fcfc8f4ad421b8858f21d72cf6997 [LEADER]: Connected to new peer: Peer: permanent_uuid: "fc8b5350ba0d49f5ae33f01df92f7040" member_type: VOTER last_known_addr { host: "127.6.56.130" port: 45333 }, Status: LMP_MISMATCH, Last received: 0.0, Next index: 3, Last known committed idx: 2, Time since last communication: 0.000s
I20260608 09:54:25.451285  9812 raft_consensus.cc:2955] T 63e7d1dbf7684727bedabf1384be37c1 P d58fcfc8f4ad421b8858f21d72cf6997 [term 1 LEADER]: Committing config change with OpId 1.3: config changed from index 2 to 3, 977cf984577a48acaeda7f6955c434f5 (127.6.56.132) changed from NON_VOTER to VOTER. New config: { opid_index: 3 OBSOLETE_local: false peers { permanent_uuid: "d58fcfc8f4ad421b8858f21d72cf6997" member_type: VOTER last_known_addr { host: "127.6.56.129" port: 46835 } } peers { permanent_uuid: "fc8b5350ba0d49f5ae33f01df92f7040" member_type: VOTER last_known_addr { host: "127.6.56.130" port: 45333 } } peers { permanent_uuid: "1472261d8b3a440b895c26005af27617" member_type: VOTER last_known_addr { host: "127.6.56.131" port: 41513 } attrs { replace: true } } peers { permanent_uuid: "977cf984577a48acaeda7f6955c434f5" member_type: VOTER last_known_addr { host: "127.6.56.132" port: 36659 } attrs { promote: false } } }
I20260608 09:54:25.453583  9502 raft_consensus.cc:2955] T 63e7d1dbf7684727bedabf1384be37c1 P 1472261d8b3a440b895c26005af27617 [term 1 FOLLOWER]: Committing config change with OpId 1.3: config changed from index 2 to 3, 977cf984577a48acaeda7f6955c434f5 (127.6.56.132) changed from NON_VOTER to VOTER. New config: { opid_index: 3 OBSOLETE_local: false peers { permanent_uuid: "d58fcfc8f4ad421b8858f21d72cf6997" member_type: VOTER last_known_addr { host: "127.6.56.129" port: 46835 } } peers { permanent_uuid: "fc8b5350ba0d49f5ae33f01df92f7040" member_type: VOTER last_known_addr { host: "127.6.56.130" port: 45333 } } peers { permanent_uuid: "1472261d8b3a440b895c26005af27617" member_type: VOTER last_known_addr { host: "127.6.56.131" port: 41513 } attrs { replace: true } } peers { permanent_uuid: "977cf984577a48acaeda7f6955c434f5" member_type: VOTER last_known_addr { host: "127.6.56.132" port: 36659 } attrs { promote: false } } }
I20260608 09:54:25.465766  9575 raft_consensus.cc:993] T 218993f8e7404644842f28e1d8e04bb1 P d58fcfc8f4ad421b8858f21d72cf6997: : Instructing follower 1472261d8b3a440b895c26005af27617 to start an election
I20260608 09:54:25.466380  9575 raft_consensus.cc:1081] T 218993f8e7404644842f28e1d8e04bb1 P d58fcfc8f4ad421b8858f21d72cf6997 [term 1 LEADER]: Signalling peer 1472261d8b3a440b895c26005af27617 to start an election
I20260608 09:54:25.467285  9575 raft_consensus.cc:2955] T 218993f8e7404644842f28e1d8e04bb1 P d58fcfc8f4ad421b8858f21d72cf6997 [term 1 LEADER]: Committing config change with OpId 1.3: config changed from index 2 to 3, 977cf984577a48acaeda7f6955c434f5 (127.6.56.132) changed from NON_VOTER to VOTER. New config: { opid_index: 3 OBSOLETE_local: false peers { permanent_uuid: "d58fcfc8f4ad421b8858f21d72cf6997" member_type: VOTER last_known_addr { host: "127.6.56.129" port: 46835 } } peers { permanent_uuid: "fc8b5350ba0d49f5ae33f01df92f7040" member_type: VOTER last_known_addr { host: "127.6.56.130" port: 45333 } attrs { replace: true } } peers { permanent_uuid: "1472261d8b3a440b895c26005af27617" member_type: VOTER last_known_addr { host: "127.6.56.131" port: 41513 } } peers { permanent_uuid: "977cf984577a48acaeda7f6955c434f5" member_type: VOTER last_known_addr { host: "127.6.56.132" port: 36659 } attrs { promote: false } } }
I20260608 09:54:25.474419  9505 raft_consensus.cc:2955] T 218993f8e7404644842f28e1d8e04bb1 P 1472261d8b3a440b895c26005af27617 [term 1 FOLLOWER]: Committing config change with OpId 1.3: config changed from index 2 to 3, 977cf984577a48acaeda7f6955c434f5 (127.6.56.132) changed from NON_VOTER to VOTER. New config: { opid_index: 3 OBSOLETE_local: false peers { permanent_uuid: "d58fcfc8f4ad421b8858f21d72cf6997" member_type: VOTER last_known_addr { host: "127.6.56.129" port: 46835 } } peers { permanent_uuid: "fc8b5350ba0d49f5ae33f01df92f7040" member_type: VOTER last_known_addr { host: "127.6.56.130" port: 45333 } attrs { replace: true } } peers { permanent_uuid: "1472261d8b3a440b895c26005af27617" member_type: VOTER last_known_addr { host: "127.6.56.131" port: 41513 } } peers { permanent_uuid: "977cf984577a48acaeda7f6955c434f5" member_type: VOTER last_known_addr { host: "127.6.56.132" port: 36659 } attrs { promote: false } } }
I20260608 09:54:25.478963  9503 tablet_service.cc:2044] Received Run Leader Election RPC: tablet_id: "218993f8e7404644842f28e1d8e04bb1"
dest_uuid: "1472261d8b3a440b895c26005af27617"
 from {username='slave'} at 127.0.0.1:55356
I20260608 09:54:25.491034  9653 raft_consensus.cc:2955] T 63e7d1dbf7684727bedabf1384be37c1 P 977cf984577a48acaeda7f6955c434f5 [term 1 FOLLOWER]: Committing config change with OpId 1.3: config changed from index 2 to 3, 977cf984577a48acaeda7f6955c434f5 (127.6.56.132) changed from NON_VOTER to VOTER. New config: { opid_index: 3 OBSOLETE_local: false peers { permanent_uuid: "d58fcfc8f4ad421b8858f21d72cf6997" member_type: VOTER last_known_addr { host: "127.6.56.129" port: 46835 } } peers { permanent_uuid: "fc8b5350ba0d49f5ae33f01df92f7040" member_type: VOTER last_known_addr { host: "127.6.56.130" port: 45333 } } peers { permanent_uuid: "1472261d8b3a440b895c26005af27617" member_type: VOTER last_known_addr { host: "127.6.56.131" port: 41513 } attrs { replace: true } } peers { permanent_uuid: "977cf984577a48acaeda7f6955c434f5" member_type: VOTER last_known_addr { host: "127.6.56.132" port: 36659 } attrs { promote: false } } }
I20260608 09:54:25.496304  9253 catalog_manager.cc:5696] T 63e7d1dbf7684727bedabf1384be37c1 P d58fcfc8f4ad421b8858f21d72cf6997 reported cstate change: config changed from index 2 to 3, 977cf984577a48acaeda7f6955c434f5 (127.6.56.132) changed from NON_VOTER to VOTER. New cstate: current_term: 1 leader_uuid: "d58fcfc8f4ad421b8858f21d72cf6997" committed_config { opid_index: 3 OBSOLETE_local: false peers { permanent_uuid: "d58fcfc8f4ad421b8858f21d72cf6997" member_type: VOTER last_known_addr { host: "127.6.56.129" port: 46835 } health_report { overall_health: HEALTHY } } peers { permanent_uuid: "fc8b5350ba0d49f5ae33f01df92f7040" member_type: VOTER last_known_addr { host: "127.6.56.130" port: 45333 } health_report { overall_health: UNKNOWN } } peers { permanent_uuid: "1472261d8b3a440b895c26005af27617" member_type: VOTER last_known_addr { host: "127.6.56.131" port: 41513 } attrs { replace: true } health_report { overall_health: HEALTHY } } peers { permanent_uuid: "977cf984577a48acaeda7f6955c434f5" member_type: VOTER last_known_addr { host: "127.6.56.132" port: 36659 } attrs { promote: false } health_report { overall_health: UNKNOWN } } }
I20260608 09:54:25.499673  9649 raft_consensus.cc:2955] T 3001dca075b94ddbaee5fe668af59a14 P 977cf984577a48acaeda7f6955c434f5 [term 1 FOLLOWER]: Committing config change with OpId 1.3: config changed from index 2 to 3, 977cf984577a48acaeda7f6955c434f5 (127.6.56.132) changed from NON_VOTER to VOTER. New config: { opid_index: 3 OBSOLETE_local: false peers { permanent_uuid: "d58fcfc8f4ad421b8858f21d72cf6997" member_type: VOTER last_known_addr { host: "127.6.56.129" port: 46835 } attrs { replace: true } } peers { permanent_uuid: "fc8b5350ba0d49f5ae33f01df92f7040" member_type: VOTER last_known_addr { host: "127.6.56.130" port: 45333 } } peers { permanent_uuid: "1472261d8b3a440b895c26005af27617" member_type: VOTER last_known_addr { host: "127.6.56.131" port: 41513 } } peers { permanent_uuid: "977cf984577a48acaeda7f6955c434f5" member_type: VOTER last_known_addr { host: "127.6.56.132" port: 36659 } attrs { promote: false } } }
I20260608 09:54:25.518435  9354 raft_consensus.cc:2955] T 575b55edd1654d2d95e364c0cd76763e P d58fcfc8f4ad421b8858f21d72cf6997 [term 1 FOLLOWER]: Committing config change with OpId 1.3: config changed from index 2 to 3, 977cf984577a48acaeda7f6955c434f5 (127.6.56.132) changed from NON_VOTER to VOTER. New config: { opid_index: 3 OBSOLETE_local: false peers { permanent_uuid: "fc8b5350ba0d49f5ae33f01df92f7040" member_type: VOTER last_known_addr { host: "127.6.56.130" port: 45333 } } peers { permanent_uuid: "d58fcfc8f4ad421b8858f21d72cf6997" member_type: VOTER last_known_addr { host: "127.6.56.129" port: 46835 } attrs { replace: true } } peers { permanent_uuid: "1472261d8b3a440b895c26005af27617" member_type: VOTER last_known_addr { host: "127.6.56.131" port: 41513 } } peers { permanent_uuid: "977cf984577a48acaeda7f6955c434f5" member_type: VOTER last_known_addr { host: "127.6.56.132" port: 36659 } attrs { promote: false } } }
I20260608 09:54:25.518680  9504 raft_consensus.cc:2955] T 575b55edd1654d2d95e364c0cd76763e P 1472261d8b3a440b895c26005af27617 [term 1 FOLLOWER]: Committing config change with OpId 1.3: config changed from index 2 to 3, 977cf984577a48acaeda7f6955c434f5 (127.6.56.132) changed from NON_VOTER to VOTER. New config: { opid_index: 3 OBSOLETE_local: false peers { permanent_uuid: "fc8b5350ba0d49f5ae33f01df92f7040" member_type: VOTER last_known_addr { host: "127.6.56.130" port: 45333 } } peers { permanent_uuid: "d58fcfc8f4ad421b8858f21d72cf6997" member_type: VOTER last_known_addr { host: "127.6.56.129" port: 46835 } attrs { replace: true } } peers { permanent_uuid: "1472261d8b3a440b895c26005af27617" member_type: VOTER last_known_addr { host: "127.6.56.131" port: 41513 } } peers { permanent_uuid: "977cf984577a48acaeda7f6955c434f5" member_type: VOTER last_known_addr { host: "127.6.56.132" port: 36659 } attrs { promote: false } } }
I20260608 09:54:25.531870  9429 tablet_service.cc:2072] Received LeaderStepDown RPC: tablet_id: "c67b36a4813c456b8513ff9fba34e8aa"
dest_uuid: "fc8b5350ba0d49f5ae33f01df92f7040"
mode: GRACEFUL
