I20260608 09:54:15.011972 13010 ts_tablet_manager.cc:1403] T d2462bfb2448406ab3a992a0214de1ad P ad2fc5e38cb247e5b81551887df41e3a: Time spent bootstrapping tablet: real 0.187s	user 0.012s	sys 0.014s
I20260608 09:54:15.014791 12702 leader_election.cc:304] T 7800ffbd5b98477db6ffde38a2b0c4f1 P ad2fc5e38cb247e5b81551887df41e3a [CANDIDATE]: Term 1 pre-election: Election decided. Result: candidate lost. Election summary: received 3 responses out of 3 voters: 1 yes votes; 2 no votes. yes voters: ad2fc5e38cb247e5b81551887df41e3a; no voters: 20c998db618647c4b6e401a0a76c18fb, 664f8e7f6d984237979ef32fab4f7545
I20260608 09:54:15.014719 12559 catalog_manager.cc:5696] T d2462bfb2448406ab3a992a0214de1ad P e4ba5af842f04dab8ad5e18cdad63843 reported cstate change: term changed from 0 to 1, leader changed from <none> to e4ba5af842f04dab8ad5e18cdad63843 (127.9.119.193). New cstate: current_term: 1 leader_uuid: "e4ba5af842f04dab8ad5e18cdad63843" committed_config { opid_index: -1 OBSOLETE_local: false peers { permanent_uuid: "20c998db618647c4b6e401a0a76c18fb" member_type: VOTER last_known_addr { host: "127.9.119.196" port: 38795 } health_report { overall_health: UNKNOWN } } peers { permanent_uuid: "e4ba5af842f04dab8ad5e18cdad63843" member_type: VOTER last_known_addr { host: "127.9.119.193" port: 46539 } health_report { overall_health: HEALTHY } } peers { permanent_uuid: "ad2fc5e38cb247e5b81551887df41e3a" member_type: VOTER last_known_addr { host: "127.9.119.194" port: 38917 } health_report { overall_health: UNKNOWN } } }
I20260608 09:54:15.016464 13047 raft_consensus.cc:2749] T 7800ffbd5b98477db6ffde38a2b0c4f1 P ad2fc5e38cb247e5b81551887df41e3a [term 1 FOLLOWER]: Leader pre-election lost for term 1. Reason: could not achieve majority
I20260608 09:54:15.010236 12881 raft_consensus.cc:515] T 821eac24a11945e08200b09a5abc8405 P ad2fc5e38cb247e5b81551887df41e3a [term 1 FOLLOWER]: Starting leader election with config: opid_index: -1 OBSOLETE_local: false peers { permanent_uuid: "ad2fc5e38cb247e5b81551887df41e3a" member_type: VOTER last_known_addr { host: "127.9.119.194" port: 38917 } } peers { permanent_uuid: "664f8e7f6d984237979ef32fab4f7545" member_type: VOTER last_known_addr { host: "127.9.119.195" port: 35849 } } peers { permanent_uuid: "20c998db618647c4b6e401a0a76c18fb" member_type: VOTER last_known_addr { host: "127.9.119.196" port: 38795 } }
I20260608 09:54:15.018829 12881 leader_election.cc:290] T 821eac24a11945e08200b09a5abc8405 P ad2fc5e38cb247e5b81551887df41e3a [CANDIDATE]: Term 1 election: Requested vote from peers 664f8e7f6d984237979ef32fab4f7545 (127.9.119.195:35849), 20c998db618647c4b6e401a0a76c18fb (127.9.119.196:38795)
I20260608 09:54:15.019806 12813 tablet_service.cc:1917] Received RequestConsensusVote() RPC: tablet_id: "821eac24a11945e08200b09a5abc8405" candidate_uuid: "ad2fc5e38cb247e5b81551887df41e3a" candidate_term: 1 candidate_status { last_received { term: 0 index: 0 } } ignore_live_leader: false dest_uuid: "664f8e7f6d984237979ef32fab4f7545"
I20260608 09:54:15.020531 12813 raft_consensus.cc:3060] T 821eac24a11945e08200b09a5abc8405 P 664f8e7f6d984237979ef32fab4f7545 [term 0 FOLLOWER]: Advancing to term 1
W20260608 09:54:15.021566 12702 leader_election.cc:343] T 5099e79b8a174c86ad1192d12813624f P ad2fc5e38cb247e5b81551887df41e3a [CANDIDATE]: Term 1 pre-election: Tablet error from VoteRequest() call to peer 20c998db618647c4b6e401a0a76c18fb (127.9.119.196:38795): Illegal state: must be running to vote when last-logged opid is not known
W20260608 09:54:15.022635 12702 leader_election.cc:343] T 821eac24a11945e08200b09a5abc8405 P ad2fc5e38cb247e5b81551887df41e3a [CANDIDATE]: Term 1 pre-election: Tablet error from VoteRequest() call to peer 20c998db618647c4b6e401a0a76c18fb (127.9.119.196:38795): Illegal state: must be running to vote when last-logged opid is not known
I20260608 09:54:15.022923 12738 raft_consensus.cc:2393] T 821eac24a11945e08200b09a5abc8405 P ad2fc5e38cb247e5b81551887df41e3a [term 1 FOLLOWER]: Leader pre-election vote request: Denying vote to candidate 664f8e7f6d984237979ef32fab4f7545 in current term 1: Already voted for candidate ad2fc5e38cb247e5b81551887df41e3a in this term.
I20260608 09:54:15.020913 13010 raft_consensus.cc:359] T d2462bfb2448406ab3a992a0214de1ad P ad2fc5e38cb247e5b81551887df41e3a [term 0 FOLLOWER]: Replica starting. Triggering 0 pending ops. Active config: opid_index: -1 OBSOLETE_local: false peers { permanent_uuid: "20c998db618647c4b6e401a0a76c18fb" member_type: VOTER last_known_addr { host: "127.9.119.196" port: 38795 } } peers { permanent_uuid: "e4ba5af842f04dab8ad5e18cdad63843" member_type: VOTER last_known_addr { host: "127.9.119.193" port: 46539 } } peers { permanent_uuid: "ad2fc5e38cb247e5b81551887df41e3a" member_type: VOTER last_known_addr { host: "127.9.119.194" port: 38917 } }
I20260608 09:54:15.023960 13010 raft_consensus.cc:385] T d2462bfb2448406ab3a992a0214de1ad P ad2fc5e38cb247e5b81551887df41e3a [term 0 FOLLOWER]: Consensus starting up: Expiring failure detector timer to make a prompt election more likely
I20260608 09:54:15.024176 13011 tablet_bootstrap.cc:492] T 5099e79b8a174c86ad1192d12813624f P 20c998db618647c4b6e401a0a76c18fb: No bootstrap required, opened a new log
I20260608 09:54:15.024376 13010 raft_consensus.cc:740] T d2462bfb2448406ab3a992a0214de1ad P ad2fc5e38cb247e5b81551887df41e3a [term 0 FOLLOWER]: Becoming Follower/Learner. State: Replica: ad2fc5e38cb247e5b81551887df41e3a, State: Initialized, Role: FOLLOWER
I20260608 09:54:15.024708 13011 ts_tablet_manager.cc:1403] T 5099e79b8a174c86ad1192d12813624f P 20c998db618647c4b6e401a0a76c18fb: Time spent bootstrapping tablet: real 0.156s	user 0.020s	sys 0.003s
I20260608 09:54:15.025413 13010 consensus_queue.cc:260] T d2462bfb2448406ab3a992a0214de1ad P ad2fc5e38cb247e5b81551887df41e3a [NON_LEADER]: Queue going to NON_LEADER mode. State: All replicated index: 0, Majority replicated index: 0, Committed index: 0, Last appended: 0.0, Last appended by leader: 0, Current term: 0, Majority size: -1, State: 0, Mode: NON_LEADER, active raft config: opid_index: -1 OBSOLETE_local: false peers { permanent_uuid: "20c998db618647c4b6e401a0a76c18fb" member_type: VOTER last_known_addr { host: "127.9.119.196" port: 38795 } } peers { permanent_uuid: "e4ba5af842f04dab8ad5e18cdad63843" member_type: VOTER last_known_addr { host: "127.9.119.193" port: 46539 } } peers { permanent_uuid: "ad2fc5e38cb247e5b81551887df41e3a" member_type: VOTER last_known_addr { host: "127.9.119.194" port: 38917 } }
I20260608 09:54:15.028103 13010 ts_tablet_manager.cc:1434] T d2462bfb2448406ab3a992a0214de1ad P ad2fc5e38cb247e5b81551887df41e3a: Time spent starting tablet: real 0.016s	user 0.005s	sys 0.001s
I20260608 09:54:15.028986 12969 tablet_service.cc:1917] Received RequestConsensusVote() RPC: tablet_id: "821eac24a11945e08200b09a5abc8405" candidate_uuid: "ad2fc5e38cb247e5b81551887df41e3a" candidate_term: 1 candidate_status { last_received { term: 0 index: 0 } } ignore_live_leader: false dest_uuid: "20c998db618647c4b6e401a0a76c18fb"
I20260608 09:54:15.029726 12971 tablet_service.cc:1917] Received RequestConsensusVote() RPC: tablet_id: "821eac24a11945e08200b09a5abc8405" candidate_uuid: "664f8e7f6d984237979ef32fab4f7545" candidate_term: 1 candidate_status { last_received { term: 0 index: 0 } } ignore_live_leader: false dest_uuid: "20c998db618647c4b6e401a0a76c18fb" is_pre_election: true
W20260608 09:54:15.031090 12702 leader_election.cc:343] T 821eac24a11945e08200b09a5abc8405 P ad2fc5e38cb247e5b81551887df41e3a [CANDIDATE]: Term 1 election: Tablet error from VoteRequest() call to peer 20c998db618647c4b6e401a0a76c18fb (127.9.119.196:38795): Illegal state: must be running to vote when last-logged opid is not known
I20260608 09:54:15.031188 12813 raft_consensus.cc:2468] T 821eac24a11945e08200b09a5abc8405 P 664f8e7f6d984237979ef32fab4f7545 [term 1 FOLLOWER]: Leader election vote request: Granting yes vote for candidate ad2fc5e38cb247e5b81551887df41e3a in term 1.
W20260608 09:54:15.031324 12776 leader_election.cc:343] T 821eac24a11945e08200b09a5abc8405 P 664f8e7f6d984237979ef32fab4f7545 [CANDIDATE]: Term 1 pre-election: Tablet error from VoteRequest() call to peer 20c998db618647c4b6e401a0a76c18fb (127.9.119.196:38795): Illegal state: must be running to vote when last-logged opid is not known
I20260608 09:54:15.033378 13011 raft_consensus.cc:359] T 5099e79b8a174c86ad1192d12813624f P 20c998db618647c4b6e401a0a76c18fb [term 0 FOLLOWER]: Replica starting. Triggering 0 pending ops. Active config: opid_index: -1 OBSOLETE_local: false peers { permanent_uuid: "e4ba5af842f04dab8ad5e18cdad63843" member_type: VOTER last_known_addr { host: "127.9.119.193" port: 46539 } } peers { permanent_uuid: "20c998db618647c4b6e401a0a76c18fb" member_type: VOTER last_known_addr { host: "127.9.119.196" port: 38795 } } peers { permanent_uuid: "ad2fc5e38cb247e5b81551887df41e3a" member_type: VOTER last_known_addr { host: "127.9.119.194" port: 38917 } }
I20260608 09:54:15.034601 12776 leader_election.cc:304] T 821eac24a11945e08200b09a5abc8405 P 664f8e7f6d984237979ef32fab4f7545 [CANDIDATE]: Term 1 pre-election: Election decided. Result: candidate lost. Election summary: received 3 responses out of 3 voters: 1 yes votes; 2 no votes. yes voters: 664f8e7f6d984237979ef32fab4f7545; no voters: 20c998db618647c4b6e401a0a76c18fb, ad2fc5e38cb247e5b81551887df41e3a
I20260608 09:54:15.036053 12923 raft_consensus.cc:2749] T 821eac24a11945e08200b09a5abc8405 P 664f8e7f6d984237979ef32fab4f7545 [term 1 FOLLOWER]: Leader pre-election lost for term 1. Reason: could not achieve majority
I20260608 09:54:15.036737 12705 leader_election.cc:304] T 821eac24a11945e08200b09a5abc8405 P ad2fc5e38cb247e5b81551887df41e3a [CANDIDATE]: Term 1 election: Election decided. Result: candidate won. Election summary: received 3 responses out of 3 voters: 2 yes votes; 1 no votes. yes voters: 664f8e7f6d984237979ef32fab4f7545, ad2fc5e38cb247e5b81551887df41e3a; no voters: 20c998db618647c4b6e401a0a76c18fb
I20260608 09:54:15.037568 12881 raft_consensus.cc:2804] T 821eac24a11945e08200b09a5abc8405 P ad2fc5e38cb247e5b81551887df41e3a [term 1 FOLLOWER]: Leader election won for term 1
I20260608 09:54:15.034709 13011 raft_consensus.cc:385] T 5099e79b8a174c86ad1192d12813624f P 20c998db618647c4b6e401a0a76c18fb [term 0 FOLLOWER]: Consensus starting up: Expiring failure detector timer to make a prompt election more likely
I20260608 09:54:15.038213 13011 raft_consensus.cc:740] T 5099e79b8a174c86ad1192d12813624f P 20c998db618647c4b6e401a0a76c18fb [term 0 FOLLOWER]: Becoming Follower/Learner. State: Replica: 20c998db618647c4b6e401a0a76c18fb, State: Initialized, Role: FOLLOWER
I20260608 09:54:15.038386 12881 raft_consensus.cc:697] T 821eac24a11945e08200b09a5abc8405 P ad2fc5e38cb247e5b81551887df41e3a [term 1 LEADER]: Becoming Leader. State: Replica: ad2fc5e38cb247e5b81551887df41e3a, State: Running, Role: LEADER
I20260608 09:54:15.039225 12881 consensus_queue.cc:237] T 821eac24a11945e08200b09a5abc8405 P ad2fc5e38cb247e5b81551887df41e3a [LEADER]: Queue going to LEADER mode. State: All replicated index: 0, Majority replicated index: 0, Committed index: 0, Last appended: 0.0, Last appended by leader: 0, Current term: 1, Majority size: 2, State: 0, Mode: LEADER, active raft config: opid_index: -1 OBSOLETE_local: false peers { permanent_uuid: "ad2fc5e38cb247e5b81551887df41e3a" member_type: VOTER last_known_addr { host: "127.9.119.194" port: 38917 } } peers { permanent_uuid: "664f8e7f6d984237979ef32fab4f7545" member_type: VOTER last_known_addr { host: "127.9.119.195" port: 35849 } } peers { permanent_uuid: "20c998db618647c4b6e401a0a76c18fb" member_type: VOTER last_known_addr { host: "127.9.119.196" port: 38795 } }
I20260608 09:54:15.039175 13011 consensus_queue.cc:260] T 5099e79b8a174c86ad1192d12813624f P 20c998db618647c4b6e401a0a76c18fb [NON_LEADER]: Queue going to NON_LEADER mode. State: All replicated index: 0, Majority replicated index: 0, Committed index: 0, Last appended: 0.0, Last appended by leader: 0, Current term: 0, Majority size: -1, State: 0, Mode: NON_LEADER, active raft config: opid_index: -1 OBSOLETE_local: false peers { permanent_uuid: "e4ba5af842f04dab8ad5e18cdad63843" member_type: VOTER last_known_addr { host: "127.9.119.193" port: 46539 } } peers { permanent_uuid: "20c998db618647c4b6e401a0a76c18fb" member_type: VOTER last_known_addr { host: "127.9.119.196" port: 38795 } } peers { permanent_uuid: "ad2fc5e38cb247e5b81551887df41e3a" member_type: VOTER last_known_addr { host: "127.9.119.194" port: 38917 } }
I20260608 09:54:15.042066 13011 ts_tablet_manager.cc:1434] T 5099e79b8a174c86ad1192d12813624f P 20c998db618647c4b6e401a0a76c18fb: Time spent starting tablet: real 0.017s	user 0.007s	sys 0.000s
I20260608 09:54:15.043139 13011 tablet_bootstrap.cc:492] T 821eac24a11945e08200b09a5abc8405 P 20c998db618647c4b6e401a0a76c18fb: Bootstrap starting.
I20260608 09:54:15.049433 13036 consensus_queue.cc:1048] T 5490f1eb6d594abc87bd842d88b9a0df P 20c998db618647c4b6e401a0a76c18fb [LEADER]: Connected to new peer: Peer: permanent_uuid: "664f8e7f6d984237979ef32fab4f7545" member_type: VOTER last_known_addr { host: "127.9.119.195" port: 35849 }, Status: LMP_MISMATCH, Last received: 0.0, Next index: 1, Last known committed idx: 0, Time since last communication: 0.000s
I20260608 09:54:15.052582 13011 tablet_bootstrap.cc:654] T 821eac24a11945e08200b09a5abc8405 P 20c998db618647c4b6e401a0a76c18fb: Neither blocks nor log segments found. Creating new log.
I20260608 09:54:15.052173 12559 catalog_manager.cc:5696] T 821eac24a11945e08200b09a5abc8405 P ad2fc5e38cb247e5b81551887df41e3a reported cstate change: term changed from 0 to 1, leader changed from <none> to ad2fc5e38cb247e5b81551887df41e3a (127.9.119.194). New cstate: current_term: 1 leader_uuid: "ad2fc5e38cb247e5b81551887df41e3a" committed_config { opid_index: -1 OBSOLETE_local: false peers { permanent_uuid: "ad2fc5e38cb247e5b81551887df41e3a" member_type: VOTER last_known_addr { host: "127.9.119.194" port: 38917 } health_report { overall_health: HEALTHY } } peers { permanent_uuid: "664f8e7f6d984237979ef32fab4f7545" member_type: VOTER last_known_addr { host: "127.9.119.195" port: 35849 } health_report { overall_health: UNKNOWN } } peers { permanent_uuid: "20c998db618647c4b6e401a0a76c18fb" member_type: VOTER last_known_addr { host: "127.9.119.196" port: 38795 } health_report { overall_health: UNKNOWN } } }
W20260608 09:54:15.055495 12547 catalog_manager.cc:4809] Async tablet task AlterTable RPC for tablet 896562379e38495387d89e3b33c74cfc (table range_aware_rebalance_new_range [id=9a478b7f9df84331ad2a3393a5cce18e], current schema version=0) failed: Not found: failed to reset TS proxy: No leader found: Tablet 896562379e38495387d89e3b33c74cfc consensus state has no leader
I20260608 09:54:15.059119 12907 consensus_queue.cc:1048] T b1e94a18b7e24f93ba48e14535c2e2ab P e4ba5af842f04dab8ad5e18cdad63843 [LEADER]: Connected to new peer: Peer: permanent_uuid: "ad2fc5e38cb247e5b81551887df41e3a" member_type: VOTER last_known_addr { host: "127.9.119.194" port: 38917 }, Status: LMP_MISMATCH, Last received: 0.0, Next index: 1, Last known committed idx: 0, Time since last communication: 0.000s
I20260608 09:54:15.077514 13011 tablet_bootstrap.cc:492] T 821eac24a11945e08200b09a5abc8405 P 20c998db618647c4b6e401a0a76c18fb: No bootstrap required, opened a new log
I20260608 09:54:15.078094 13011 ts_tablet_manager.cc:1403] T 821eac24a11945e08200b09a5abc8405 P 20c998db618647c4b6e401a0a76c18fb: Time spent bootstrapping tablet: real 0.035s	user 0.006s	sys 0.014s
I20260608 09:54:15.087196 12866 consensus_queue.cc:1048] T b1e94a18b7e24f93ba48e14535c2e2ab P e4ba5af842f04dab8ad5e18cdad63843 [LEADER]: Connected to new peer: Peer: permanent_uuid: "20c998db618647c4b6e401a0a76c18fb" member_type: VOTER last_known_addr { host: "127.9.119.196" port: 38795 }, Status: LMP_MISMATCH, Last received: 0.0, Next index: 1, Last known committed idx: 0, Time since last communication: 0.001s
I20260608 09:54:15.089612 13011 raft_consensus.cc:359] T 821eac24a11945e08200b09a5abc8405 P 20c998db618647c4b6e401a0a76c18fb [term 0 FOLLOWER]: Replica starting. Triggering 0 pending ops. Active config: opid_index: -1 OBSOLETE_local: false peers { permanent_uuid: "ad2fc5e38cb247e5b81551887df41e3a" member_type: VOTER last_known_addr { host: "127.9.119.194" port: 38917 } } peers { permanent_uuid: "664f8e7f6d984237979ef32fab4f7545" member_type: VOTER last_known_addr { host: "127.9.119.195" port: 35849 } } peers { permanent_uuid: "20c998db618647c4b6e401a0a76c18fb" member_type: VOTER last_known_addr { host: "127.9.119.196" port: 38795 } }
I20260608 09:54:15.090505 13011 raft_consensus.cc:385] T 821eac24a11945e08200b09a5abc8405 P 20c998db618647c4b6e401a0a76c18fb [term 0 FOLLOWER]: Consensus starting up: Expiring failure detector timer to make a prompt election more likely
I20260608 09:54:15.090804 13011 raft_consensus.cc:740] T 821eac24a11945e08200b09a5abc8405 P 20c998db618647c4b6e401a0a76c18fb [term 0 FOLLOWER]: Becoming Follower/Learner. State: Replica: 20c998db618647c4b6e401a0a76c18fb, State: Initialized, Role: FOLLOWER
I20260608 09:54:15.093011 13011 consensus_queue.cc:260] T 821eac24a11945e08200b09a5abc8405 P 20c998db618647c4b6e401a0a76c18fb [NON_LEADER]: Queue going to NON_LEADER mode. State: All replicated index: 0, Majority replicated index: 0, Committed index: 0, Last appended: 0.0, Last appended by leader: 0, Current term: 0, Majority size: -1, State: 0, Mode: NON_LEADER, active raft config: opid_index: -1 OBSOLETE_local: false peers { permanent_uuid: "ad2fc5e38cb247e5b81551887df41e3a" member_type: VOTER last_known_addr { host: "127.9.119.194" port: 38917 } } peers { permanent_uuid: "664f8e7f6d984237979ef32fab4f7545" member_type: VOTER last_known_addr { host: "127.9.119.195" port: 35849 } } peers { permanent_uuid: "20c998db618647c4b6e401a0a76c18fb" member_type: VOTER last_known_addr { host: "127.9.119.196" port: 38795 } }
I20260608 09:54:15.094980 13019 consensus_queue.cc:1048] T 5490f1eb6d594abc87bd842d88b9a0df P 20c998db618647c4b6e401a0a76c18fb [LEADER]: Connected to new peer: Peer: permanent_uuid: "e4ba5af842f04dab8ad5e18cdad63843" member_type: VOTER last_known_addr { host: "127.9.119.193" port: 46539 }, Status: LMP_MISMATCH, Last received: 0.0, Next index: 1, Last known committed idx: 0, Time since last communication: 0.001s
I20260608 09:54:15.095697 13011 ts_tablet_manager.cc:1434] T 821eac24a11945e08200b09a5abc8405 P 20c998db618647c4b6e401a0a76c18fb: Time spent starting tablet: real 0.009s	user 0.003s	sys 0.004s
I20260608 09:54:15.096877 13011 tablet_bootstrap.cc:492] T 896562379e38495387d89e3b33c74cfc P 20c998db618647c4b6e401a0a76c18fb: Bootstrap starting.
I20260608 09:54:15.114279 12615 auto_leader_rebalancer.cc:140] leader rebalance for table range_aware_rebalance_new_range
I20260608 09:54:15.119033 13036 raft_consensus.cc:493] T b6fa6ab61d8f48f69b326ffdba314dc8 P 20c998db618647c4b6e401a0a76c18fb [term 0 FOLLOWER]: Starting pre-election (no leader contacted us within the election timeout)
I20260608 09:54:15.119622 13036 raft_consensus.cc:515] T b6fa6ab61d8f48f69b326ffdba314dc8 P 20c998db618647c4b6e401a0a76c18fb [term 0 FOLLOWER]: Starting pre-election with config: opid_index: -1 OBSOLETE_local: false peers { permanent_uuid: "664f8e7f6d984237979ef32fab4f7545" member_type: VOTER last_known_addr { host: "127.9.119.195" port: 35849 } } peers { permanent_uuid: "20c998db618647c4b6e401a0a76c18fb" member_type: VOTER last_known_addr { host: "127.9.119.196" port: 38795 } } peers { permanent_uuid: "e4ba5af842f04dab8ad5e18cdad63843" member_type: VOTER last_known_addr { host: "127.9.119.193" port: 46539 } }
I20260608 09:54:15.121973 13036 leader_election.cc:290] T b6fa6ab61d8f48f69b326ffdba314dc8 P 20c998db618647c4b6e401a0a76c18fb [CANDIDATE]: Term 1 pre-election: Requested pre-vote from peers 664f8e7f6d984237979ef32fab4f7545 (127.9.119.195:35849), e4ba5af842f04dab8ad5e18cdad63843 (127.9.119.193:46539)
W20260608 09:54:15.124665 12615 auto_leader_rebalancer.cc:460] the master instance isn't leader: Service unavailable: Tablet not running
I20260608 09:54:15.127650 12813 tablet_service.cc:1917] Received RequestConsensusVote() RPC: tablet_id: "b6fa6ab61d8f48f69b326ffdba314dc8" candidate_uuid: "20c998db618647c4b6e401a0a76c18fb" candidate_term: 1 candidate_status { last_received { term: 0 index: 0 } } ignore_live_leader: false dest_uuid: "664f8e7f6d984237979ef32fab4f7545" is_pre_election: true
I20260608 09:54:15.128302 12663 tablet_service.cc:1917] Received RequestConsensusVote() RPC: tablet_id: "b6fa6ab61d8f48f69b326ffdba314dc8" candidate_uuid: "20c998db618647c4b6e401a0a76c18fb" candidate_term: 1 candidate_status { last_received { term: 0 index: 0 } } ignore_live_leader: false dest_uuid: "e4ba5af842f04dab8ad5e18cdad63843" is_pre_election: true
I20260608 09:54:15.135365 13011 tablet_bootstrap.cc:654] T 896562379e38495387d89e3b33c74cfc P 20c998db618647c4b6e401a0a76c18fb: Neither blocks nor log segments found. Creating new log.
I20260608 09:54:15.128592 12813 raft_consensus.cc:2393] T b6fa6ab61d8f48f69b326ffdba314dc8 P 664f8e7f6d984237979ef32fab4f7545 [term 1 FOLLOWER]: Leader pre-election vote request: Denying vote to candidate 20c998db618647c4b6e401a0a76c18fb in current term 1: Already voted for candidate e4ba5af842f04dab8ad5e18cdad63843 in this term.
I20260608 09:54:15.140089 12931 leader_election.cc:304] T b6fa6ab61d8f48f69b326ffdba314dc8 P 20c998db618647c4b6e401a0a76c18fb [CANDIDATE]: Term 1 pre-election: Election decided. Result: candidate lost. Election summary: received 3 responses out of 3 voters: 1 yes votes; 2 no votes. yes voters: 20c998db618647c4b6e401a0a76c18fb; no voters: 664f8e7f6d984237979ef32fab4f7545, e4ba5af842f04dab8ad5e18cdad63843
I20260608 09:54:15.141459 13036 raft_consensus.cc:3060] T b6fa6ab61d8f48f69b326ffdba314dc8 P 20c998db618647c4b6e401a0a76c18fb [term 0 FOLLOWER]: Advancing to term 1
I20260608 09:54:15.153430 13036 raft_consensus.cc:2749] T b6fa6ab61d8f48f69b326ffdba314dc8 P 20c998db618647c4b6e401a0a76c18fb [term 1 FOLLOWER]: Leader pre-election lost for term 1. Reason: could not achieve majority
W20260608 09:54:15.154301 12610 auto_rebalancer.cc:259] Could not retrieve cluster info: Service unavailable: Tablet not running
I20260608 09:54:15.156455 13011 tablet_bootstrap.cc:492] T 896562379e38495387d89e3b33c74cfc P 20c998db618647c4b6e401a0a76c18fb: No bootstrap required, opened a new log
I20260608 09:54:15.157002 13011 ts_tablet_manager.cc:1403] T 896562379e38495387d89e3b33c74cfc P 20c998db618647c4b6e401a0a76c18fb: Time spent bootstrapping tablet: real 0.060s	user 0.019s	sys 0.005s
I20260608 09:54:15.159534 13011 raft_consensus.cc:359] T 896562379e38495387d89e3b33c74cfc P 20c998db618647c4b6e401a0a76c18fb [term 0 FOLLOWER]: Replica starting. Triggering 0 pending ops. Active config: opid_index: -1 OBSOLETE_local: false peers { permanent_uuid: "20c998db618647c4b6e401a0a76c18fb" member_type: VOTER last_known_addr { host: "127.9.119.196" port: 38795 } } peers { permanent_uuid: "664f8e7f6d984237979ef32fab4f7545" member_type: VOTER last_known_addr { host: "127.9.119.195" port: 35849 } } peers { permanent_uuid: "e4ba5af842f04dab8ad5e18cdad63843" member_type: VOTER last_known_addr { host: "127.9.119.193" port: 46539 } }
I20260608 09:54:15.160045 13011 raft_consensus.cc:385] T 896562379e38495387d89e3b33c74cfc P 20c998db618647c4b6e401a0a76c18fb [term 0 FOLLOWER]: Consensus starting up: Expiring failure detector timer to make a prompt election more likely
I20260608 09:54:15.160234 13011 raft_consensus.cc:740] T 896562379e38495387d89e3b33c74cfc P 20c998db618647c4b6e401a0a76c18fb [term 0 FOLLOWER]: Becoming Follower/Learner. State: Replica: 20c998db618647c4b6e401a0a76c18fb, State: Initialized, Role: FOLLOWER
I20260608 09:54:15.160741 13011 consensus_queue.cc:260] T 896562379e38495387d89e3b33c74cfc P 20c998db618647c4b6e401a0a76c18fb [NON_LEADER]: Queue going to NON_LEADER mode. State: All replicated index: 0, Majority replicated index: 0, Committed index: 0, Last appended: 0.0, Last appended by leader: 0, Current term: 0, Majority size: -1, State: 0, Mode: NON_LEADER, active raft config: opid_index: -1 OBSOLETE_local: false peers { permanent_uuid: "20c998db618647c4b6e401a0a76c18fb" member_type: VOTER last_known_addr { host: "127.9.119.196" port: 38795 } } peers { permanent_uuid: "664f8e7f6d984237979ef32fab4f7545" member_type: VOTER last_known_addr { host: "127.9.119.195" port: 35849 } } peers { permanent_uuid: "e4ba5af842f04dab8ad5e18cdad63843" member_type: VOTER last_known_addr { host: "127.9.119.193" port: 46539 } }
I20260608 09:54:15.162214 13011 ts_tablet_manager.cc:1434] T 896562379e38495387d89e3b33c74cfc P 20c998db618647c4b6e401a0a76c18fb: Time spent starting tablet: real 0.005s	user 0.002s	sys 0.000s
I20260608 09:54:15.185026 12907 consensus_queue.cc:1048] T b6fa6ab61d8f48f69b326ffdba314dc8 P e4ba5af842f04dab8ad5e18cdad63843 [LEADER]: Connected to new peer: Peer: permanent_uuid: "664f8e7f6d984237979ef32fab4f7545" member_type: VOTER last_known_addr { host: "127.9.119.195" port: 35849 }, Status: LMP_MISMATCH, Last received: 0.0, Next index: 1, Last known committed idx: 0, Time since last communication: 0.000s
I20260608 09:54:15.197677 12907 consensus_queue.cc:1048] T b6fa6ab61d8f48f69b326ffdba314dc8 P e4ba5af842f04dab8ad5e18cdad63843 [LEADER]: Connected to new peer: Peer: permanent_uuid: "20c998db618647c4b6e401a0a76c18fb" member_type: VOTER last_known_addr { host: "127.9.119.196" port: 38795 }, Status: LMP_MISMATCH, Last received: 0.0, Next index: 1, Last known committed idx: 0, Time since last communication: 0.000s
I20260608 09:54:15.247239 13036 raft_consensus.cc:493] T 896562379e38495387d89e3b33c74cfc P 20c998db618647c4b6e401a0a76c18fb [term 0 FOLLOWER]: Starting pre-election (no leader contacted us within the election timeout)
I20260608 09:54:15.247776 13036 raft_consensus.cc:515] T 896562379e38495387d89e3b33c74cfc P 20c998db618647c4b6e401a0a76c18fb [term 0 FOLLOWER]: Starting pre-election with config: opid_index: -1 OBSOLETE_local: false peers { permanent_uuid: "20c998db618647c4b6e401a0a76c18fb" member_type: VOTER last_known_addr { host: "127.9.119.196" port: 38795 } } peers { permanent_uuid: "664f8e7f6d984237979ef32fab4f7545" member_type: VOTER last_known_addr { host: "127.9.119.195" port: 35849 } } peers { permanent_uuid: "e4ba5af842f04dab8ad5e18cdad63843" member_type: VOTER last_known_addr { host: "127.9.119.193" port: 46539 } }
I20260608 09:54:15.249637 13036 leader_election.cc:290] T 896562379e38495387d89e3b33c74cfc P 20c998db618647c4b6e401a0a76c18fb [CANDIDATE]: Term 1 pre-election: Requested pre-vote from peers 664f8e7f6d984237979ef32fab4f7545 (127.9.119.195:35849), e4ba5af842f04dab8ad5e18cdad63843 (127.9.119.193:46539)
I20260608 09:54:15.250552 12813 tablet_service.cc:1917] Received RequestConsensusVote() RPC: tablet_id: "896562379e38495387d89e3b33c74cfc" candidate_uuid: "20c998db618647c4b6e401a0a76c18fb" candidate_term: 1 candidate_status { last_received { term: 0 index: 0 } } ignore_live_leader: false dest_uuid: "664f8e7f6d984237979ef32fab4f7545" is_pre_election: true
I20260608 09:54:15.251180 12813 raft_consensus.cc:2468] T 896562379e38495387d89e3b33c74cfc P 664f8e7f6d984237979ef32fab4f7545 [term 0 FOLLOWER]: Leader pre-election vote request: Granting yes vote for candidate 20c998db618647c4b6e401a0a76c18fb in term 0.
I20260608 09:54:15.251183 12664 tablet_service.cc:1917] Received RequestConsensusVote() RPC: tablet_id: "896562379e38495387d89e3b33c74cfc" candidate_uuid: "20c998db618647c4b6e401a0a76c18fb" candidate_term: 1 candidate_status { last_received { term: 0 index: 0 } } ignore_live_leader: false dest_uuid: "e4ba5af842f04dab8ad5e18cdad63843" is_pre_election: true
I20260608 09:54:15.251932 12664 raft_consensus.cc:2468] T 896562379e38495387d89e3b33c74cfc P e4ba5af842f04dab8ad5e18cdad63843 [term 0 FOLLOWER]: Leader pre-election vote request: Granting yes vote for candidate 20c998db618647c4b6e401a0a76c18fb in term 0.
I20260608 09:54:15.252492 12931 leader_election.cc:304] T 896562379e38495387d89e3b33c74cfc P 20c998db618647c4b6e401a0a76c18fb [CANDIDATE]: Term 1 pre-election: Election decided. Result: candidate won. Election summary: received 2 responses out of 3 voters: 2 yes votes; 0 no votes. yes voters: 20c998db618647c4b6e401a0a76c18fb, 664f8e7f6d984237979ef32fab4f7545; no voters: 
I20260608 09:54:15.253211 13036 raft_consensus.cc:2804] T 896562379e38495387d89e3b33c74cfc P 20c998db618647c4b6e401a0a76c18fb [term 0 FOLLOWER]: Leader pre-election won for term 1
I20260608 09:54:15.253563 13036 raft_consensus.cc:493] T 896562379e38495387d89e3b33c74cfc P 20c998db618647c4b6e401a0a76c18fb [term 0 FOLLOWER]: Starting leader election (no leader contacted us within the election timeout)
I20260608 09:54:15.253842 13036 raft_consensus.cc:3060] T 896562379e38495387d89e3b33c74cfc P 20c998db618647c4b6e401a0a76c18fb [term 0 FOLLOWER]: Advancing to term 1
I20260608 09:54:15.258369 13036 raft_consensus.cc:515] T 896562379e38495387d89e3b33c74cfc P 20c998db618647c4b6e401a0a76c18fb [term 1 FOLLOWER]: Starting leader election with config: opid_index: -1 OBSOLETE_local: false peers { permanent_uuid: "20c998db618647c4b6e401a0a76c18fb" member_type: VOTER last_known_addr { host: "127.9.119.196" port: 38795 } } peers { permanent_uuid: "664f8e7f6d984237979ef32fab4f7545" member_type: VOTER last_known_addr { host: "127.9.119.195" port: 35849 } } peers { permanent_uuid: "e4ba5af842f04dab8ad5e18cdad63843" member_type: VOTER last_known_addr { host: "127.9.119.193" port: 46539 } }
I20260608 09:54:15.260850 13036 leader_election.cc:290] T 896562379e38495387d89e3b33c74cfc P 20c998db618647c4b6e401a0a76c18fb [CANDIDATE]: Term 1 election: Requested vote from peers 664f8e7f6d984237979ef32fab4f7545 (127.9.119.195:35849), e4ba5af842f04dab8ad5e18cdad63843 (127.9.119.193:46539)
I20260608 09:54:15.261078 12812 tablet_service.cc:1917] Received RequestConsensusVote() RPC: tablet_id: "896562379e38495387d89e3b33c74cfc" candidate_uuid: "20c998db618647c4b6e401a0a76c18fb" candidate_term: 1 candidate_status { last_received { term: 0 index: 0 } } ignore_live_leader: false dest_uuid: "664f8e7f6d984237979ef32fab4f7545"
I20260608 09:54:15.261529 12664 tablet_service.cc:1917] Received RequestConsensusVote() RPC: tablet_id: "896562379e38495387d89e3b33c74cfc" candidate_uuid: "20c998db618647c4b6e401a0a76c18fb" candidate_term: 1 candidate_status { last_received { term: 0 index: 0 } } ignore_live_leader: false dest_uuid: "e4ba5af842f04dab8ad5e18cdad63843"
I20260608 09:54:15.261868 12812 raft_consensus.cc:3060] T 896562379e38495387d89e3b33c74cfc P 664f8e7f6d984237979ef32fab4f7545 [term 0 FOLLOWER]: Advancing to term 1
I20260608 09:54:15.262126 12664 raft_consensus.cc:3060] T 896562379e38495387d89e3b33c74cfc P e4ba5af842f04dab8ad5e18cdad63843 [term 0 FOLLOWER]: Advancing to term 1
I20260608 09:54:15.269333 12664 raft_consensus.cc:2468] T 896562379e38495387d89e3b33c74cfc P e4ba5af842f04dab8ad5e18cdad63843 [term 1 FOLLOWER]: Leader election vote request: Granting yes vote for candidate 20c998db618647c4b6e401a0a76c18fb in term 1.
I20260608 09:54:15.269333 12812 raft_consensus.cc:2468] T 896562379e38495387d89e3b33c74cfc P 664f8e7f6d984237979ef32fab4f7545 [term 1 FOLLOWER]: Leader election vote request: Granting yes vote for candidate 20c998db618647c4b6e401a0a76c18fb in term 1.
I20260608 09:54:15.270774 12931 leader_election.cc:304] T 896562379e38495387d89e3b33c74cfc P 20c998db618647c4b6e401a0a76c18fb [CANDIDATE]: Term 1 election: Election decided. Result: candidate won. Election summary: received 2 responses out of 3 voters: 2 yes votes; 0 no votes. yes voters: 20c998db618647c4b6e401a0a76c18fb, 664f8e7f6d984237979ef32fab4f7545; no voters: 
I20260608 09:54:15.271524 13036 raft_consensus.cc:2804] T 896562379e38495387d89e3b33c74cfc P 20c998db618647c4b6e401a0a76c18fb [term 1 FOLLOWER]: Leader election won for term 1
I20260608 09:54:15.272079 13036 raft_consensus.cc:697] T 896562379e38495387d89e3b33c74cfc P 20c998db618647c4b6e401a0a76c18fb [term 1 LEADER]: Becoming Leader. State: Replica: 20c998db618647c4b6e401a0a76c18fb, State: Running, Role: LEADER
I20260608 09:54:15.272910 13036 consensus_queue.cc:237] T 896562379e38495387d89e3b33c74cfc P 20c998db618647c4b6e401a0a76c18fb [LEADER]: Queue going to LEADER mode. State: All replicated index: 0, Majority replicated index: 0, Committed index: 0, Last appended: 0.0, Last appended by leader: 0, Current term: 1, Majority size: 2, State: 0, Mode: LEADER, active raft config: opid_index: -1 OBSOLETE_local: false peers { permanent_uuid: "20c998db618647c4b6e401a0a76c18fb" member_type: VOTER last_known_addr { host: "127.9.119.196" port: 38795 } } peers { permanent_uuid: "664f8e7f6d984237979ef32fab4f7545" member_type: VOTER last_known_addr { host: "127.9.119.195" port: 35849 } } peers { permanent_uuid: "e4ba5af842f04dab8ad5e18cdad63843" member_type: VOTER last_known_addr { host: "127.9.119.193" port: 46539 } }
I20260608 09:54:15.280280 12560 catalog_manager.cc:5696] T 896562379e38495387d89e3b33c74cfc P 20c998db618647c4b6e401a0a76c18fb reported cstate change: term changed from 0 to 1, leader changed from <none> to 20c998db618647c4b6e401a0a76c18fb (127.9.119.196). New cstate: current_term: 1 leader_uuid: "20c998db618647c4b6e401a0a76c18fb" committed_config { opid_index: -1 OBSOLETE_local: false peers { permanent_uuid: "20c998db618647c4b6e401a0a76c18fb" member_type: VOTER last_known_addr { host: "127.9.119.196" port: 38795 } health_report { overall_health: HEALTHY } } peers { permanent_uuid: "664f8e7f6d984237979ef32fab4f7545" member_type: VOTER last_known_addr { host: "127.9.119.195" port: 35849 } health_report { overall_health: UNKNOWN } } peers { permanent_uuid: "e4ba5af842f04dab8ad5e18cdad63843" member_type: VOTER last_known_addr { host: "127.9.119.193" port: 46539 } health_report { overall_health: UNKNOWN } } }
I20260608 09:54:15.293359 12881 raft_consensus.cc:493] T d2462bfb2448406ab3a992a0214de1ad P ad2fc5e38cb247e5b81551887df41e3a [term 0 FOLLOWER]: Starting pre-election (no leader contacted us within the election timeout)
I20260608 09:54:15.293888 12881 raft_consensus.cc:515] T d2462bfb2448406ab3a992a0214de1ad P ad2fc5e38cb247e5b81551887df41e3a [term 0 FOLLOWER]: Starting pre-election with config: opid_index: -1 OBSOLETE_local: false peers { permanent_uuid: "20c998db618647c4b6e401a0a76c18fb" member_type: VOTER last_known_addr { host: "127.9.119.196" port: 38795 } } peers { permanent_uuid: "e4ba5af842f04dab8ad5e18cdad63843" member_type: VOTER last_known_addr { host: "127.9.119.193" port: 46539 } } peers { permanent_uuid: "ad2fc5e38cb247e5b81551887df41e3a" member_type: VOTER last_known_addr { host: "127.9.119.194" port: 38917 } }
I20260608 09:54:15.295900 12881 leader_election.cc:290] T d2462bfb2448406ab3a992a0214de1ad P ad2fc5e38cb247e5b81551887df41e3a [CANDIDATE]: Term 1 pre-election: Requested pre-vote from peers 20c998db618647c4b6e401a0a76c18fb (127.9.119.196:38795), e4ba5af842f04dab8ad5e18cdad63843 (127.9.119.193:46539)
I20260608 09:54:15.296744 12971 tablet_service.cc:1917] Received RequestConsensusVote() RPC: tablet_id: "d2462bfb2448406ab3a992a0214de1ad" candidate_uuid: "ad2fc5e38cb247e5b81551887df41e3a" candidate_term: 1 candidate_status { last_received { term: 0 index: 0 } } ignore_live_leader: false dest_uuid: "20c998db618647c4b6e401a0a76c18fb" is_pre_election: true
I20260608 09:54:15.297049 12664 tablet_service.cc:1917] Received RequestConsensusVote() RPC: tablet_id: "d2462bfb2448406ab3a992a0214de1ad" candidate_uuid: "ad2fc5e38cb247e5b81551887df41e3a" candidate_term: 1 candidate_status { last_received { term: 0 index: 0 } } ignore_live_leader: false dest_uuid: "e4ba5af842f04dab8ad5e18cdad63843" is_pre_election: true
I20260608 09:54:15.297380 12971 raft_consensus.cc:2393] T d2462bfb2448406ab3a992a0214de1ad P 20c998db618647c4b6e401a0a76c18fb [term 1 FOLLOWER]: Leader pre-election vote request: Denying vote to candidate ad2fc5e38cb247e5b81551887df41e3a in current term 1: Already voted for candidate e4ba5af842f04dab8ad5e18cdad63843 in this term.
I20260608 09:54:15.298557 12703 leader_election.cc:304] T d2462bfb2448406ab3a992a0214de1ad P ad2fc5e38cb247e5b81551887df41e3a [CANDIDATE]: Term 1 pre-election: Election decided. Result: candidate lost. Election summary: received 3 responses out of 3 voters: 1 yes votes; 2 no votes. yes voters: ad2fc5e38cb247e5b81551887df41e3a; no voters: 20c998db618647c4b6e401a0a76c18fb, e4ba5af842f04dab8ad5e18cdad63843
I20260608 09:54:15.299324 12881 raft_consensus.cc:3060] T d2462bfb2448406ab3a992a0214de1ad P ad2fc5e38cb247e5b81551887df41e3a [term 0 FOLLOWER]: Advancing to term 1
I20260608 09:54:15.304348 12881 raft_consensus.cc:2749] T d2462bfb2448406ab3a992a0214de1ad P ad2fc5e38cb247e5b81551887df41e3a [term 1 FOLLOWER]: Leader pre-election lost for term 1. Reason: could not achieve majority
I20260608 09:54:15.367064 13036 raft_consensus.cc:493] T 821eac24a11945e08200b09a5abc8405 P 20c998db618647c4b6e401a0a76c18fb [term 0 FOLLOWER]: Starting pre-election (no leader contacted us within the election timeout)
I20260608 09:54:15.367697 13036 raft_consensus.cc:515] T 821eac24a11945e08200b09a5abc8405 P 20c998db618647c4b6e401a0a76c18fb [term 0 FOLLOWER]: Starting pre-election with config: opid_index: -1 OBSOLETE_local: false peers { permanent_uuid: "ad2fc5e38cb247e5b81551887df41e3a" member_type: VOTER last_known_addr { host: "127.9.119.194" port: 38917 } } peers { permanent_uuid: "664f8e7f6d984237979ef32fab4f7545" member_type: VOTER last_known_addr { host: "127.9.119.195" port: 35849 } } peers { permanent_uuid: "20c998db618647c4b6e401a0a76c18fb" member_type: VOTER last_known_addr { host: "127.9.119.196" port: 38795 } }
I20260608 09:54:15.370509 13036 leader_election.cc:290] T 821eac24a11945e08200b09a5abc8405 P 20c998db618647c4b6e401a0a76c18fb [CANDIDATE]: Term 1 pre-election: Requested pre-vote from peers ad2fc5e38cb247e5b81551887df41e3a (127.9.119.194:38917), 664f8e7f6d984237979ef32fab4f7545 (127.9.119.195:35849)
I20260608 09:54:15.371827 12812 tablet_service.cc:1917] Received RequestConsensusVote() RPC: tablet_id: "821eac24a11945e08200b09a5abc8405" candidate_uuid: "20c998db618647c4b6e401a0a76c18fb" candidate_term: 1 candidate_status { last_received { term: 0 index: 0 } } ignore_live_leader: false dest_uuid: "664f8e7f6d984237979ef32fab4f7545" is_pre_election: true
I20260608 09:54:15.372612 12812 raft_consensus.cc:2393] T 821eac24a11945e08200b09a5abc8405 P 664f8e7f6d984237979ef32fab4f7545 [term 1 FOLLOWER]: Leader pre-election vote request: Denying vote to candidate 20c998db618647c4b6e401a0a76c18fb in current term 1: Already voted for candidate ad2fc5e38cb247e5b81551887df41e3a in this term.
I20260608 09:54:15.418859 12739 tablet_service.cc:1917] Received RequestConsensusVote() RPC: tablet_id: "821eac24a11945e08200b09a5abc8405" candidate_uuid: "20c998db618647c4b6e401a0a76c18fb" candidate_term: 1 candidate_status { last_received { term: 0 index: 0 } } ignore_live_leader: false dest_uuid: "ad2fc5e38cb247e5b81551887df41e3a" is_pre_election: true
I20260608 09:54:15.424734 12928 leader_election.cc:304] T 821eac24a11945e08200b09a5abc8405 P 20c998db618647c4b6e401a0a76c18fb [CANDIDATE]: Term 1 pre-election: Election decided. Result: candidate lost. Election summary: received 3 responses out of 3 voters: 1 yes votes; 2 no votes. yes voters: 20c998db618647c4b6e401a0a76c18fb; no voters: 664f8e7f6d984237979ef32fab4f7545, ad2fc5e38cb247e5b81551887df41e3a
I20260608 09:54:15.427814 13033 raft_consensus.cc:3060] T 821eac24a11945e08200b09a5abc8405 P 20c998db618647c4b6e401a0a76c18fb [term 0 FOLLOWER]: Advancing to term 1
I20260608 09:54:15.432258 12907 consensus_queue.cc:1048] T d2462bfb2448406ab3a992a0214de1ad P e4ba5af842f04dab8ad5e18cdad63843 [LEADER]: Connected to new peer: Peer: permanent_uuid: "ad2fc5e38cb247e5b81551887df41e3a" member_type: VOTER last_known_addr { host: "127.9.119.194" port: 38917 }, Status: LMP_MISMATCH, Last received: 0.0, Next index: 1, Last known committed idx: 0, Time since last communication: 0.001s
I20260608 09:54:15.434197 13036 consensus_queue.cc:1048] T 7800ffbd5b98477db6ffde38a2b0c4f1 P 20c998db618647c4b6e401a0a76c18fb [LEADER]: Connected to new peer: Peer: permanent_uuid: "664f8e7f6d984237979ef32fab4f7545" member_type: VOTER last_known_addr { host: "127.9.119.195" port: 35849 }, Status: LMP_MISMATCH, Last received: 0.0, Next index: 1, Last known committed idx: 0, Time since last communication: 0.001s
I20260608 09:54:15.437021 13019 raft_consensus.cc:493] T 5099e79b8a174c86ad1192d12813624f P 20c998db618647c4b6e401a0a76c18fb [term 0 FOLLOWER]: Starting pre-election (no leader contacted us within the election timeout)
I20260608 09:54:15.437927 13019 raft_consensus.cc:515] T 5099e79b8a174c86ad1192d12813624f P 20c998db618647c4b6e401a0a76c18fb [term 0 FOLLOWER]: Starting pre-election with config: opid_index: -1 OBSOLETE_local: false peers { permanent_uuid: "e4ba5af842f04dab8ad5e18cdad63843" member_type: VOTER last_known_addr { host: "127.9.119.193" port: 46539 } } peers { permanent_uuid: "20c998db618647c4b6e401a0a76c18fb" member_type: VOTER last_known_addr { host: "127.9.119.196" port: 38795 } } peers { permanent_uuid: "ad2fc5e38cb247e5b81551887df41e3a" member_type: VOTER last_known_addr { host: "127.9.119.194" port: 38917 } }
I20260608 09:54:15.441252 13033 raft_consensus.cc:2749] T 821eac24a11945e08200b09a5abc8405 P 20c998db618647c4b6e401a0a76c18fb [term 1 FOLLOWER]: Leader pre-election lost for term 1. Reason: could not achieve majority
I20260608 09:54:15.442915 13019 leader_election.cc:290] T 5099e79b8a174c86ad1192d12813624f P 20c998db618647c4b6e401a0a76c18fb [CANDIDATE]: Term 1 pre-election: Requested pre-vote from peers e4ba5af842f04dab8ad5e18cdad63843 (127.9.119.193:46539), ad2fc5e38cb247e5b81551887df41e3a (127.9.119.194:38917)
I20260608 09:54:15.444634 12738 tablet_service.cc:1917] Received RequestConsensusVote() RPC: tablet_id: "5099e79b8a174c86ad1192d12813624f" candidate_uuid: "20c998db618647c4b6e401a0a76c18fb" candidate_term: 1 candidate_status { last_received { term: 0 index: 0 } } ignore_live_leader: false dest_uuid: "ad2fc5e38cb247e5b81551887df41e3a" is_pre_election: true
I20260608 09:54:15.444702 12664 tablet_service.cc:1917] Received RequestConsensusVote() RPC: tablet_id: "5099e79b8a174c86ad1192d12813624f" candidate_uuid: "20c998db618647c4b6e401a0a76c18fb" candidate_term: 1 candidate_status { last_received { term: 0 index: 0 } } ignore_live_leader: false dest_uuid: "e4ba5af842f04dab8ad5e18cdad63843" is_pre_election: true
I20260608 09:54:15.446369 12738 raft_consensus.cc:2393] T 5099e79b8a174c86ad1192d12813624f P ad2fc5e38cb247e5b81551887df41e3a [term 1 FOLLOWER]: Leader pre-election vote request: Denying vote to candidate 20c998db618647c4b6e401a0a76c18fb in current term 1: Already voted for candidate ad2fc5e38cb247e5b81551887df41e3a in this term.
I20260608 09:54:15.446580 12664 raft_consensus.cc:2393] T 5099e79b8a174c86ad1192d12813624f P e4ba5af842f04dab8ad5e18cdad63843 [term 1 FOLLOWER]: Leader pre-election vote request: Denying vote to candidate 20c998db618647c4b6e401a0a76c18fb in current term 1: Already voted for candidate e4ba5af842f04dab8ad5e18cdad63843 in this term.
I20260608 09:54:15.453603 12929 leader_election.cc:304] T 5099e79b8a174c86ad1192d12813624f P 20c998db618647c4b6e401a0a76c18fb [CANDIDATE]: Term 1 pre-election: Election decided. Result: candidate lost. Election summary: received 3 responses out of 3 voters: 1 yes votes; 2 no votes. yes voters: 20c998db618647c4b6e401a0a76c18fb; no voters: ad2fc5e38cb247e5b81551887df41e3a, e4ba5af842f04dab8ad5e18cdad63843
I20260608 09:54:15.456874 13019 raft_consensus.cc:3060] T 5099e79b8a174c86ad1192d12813624f P 20c998db618647c4b6e401a0a76c18fb [term 0 FOLLOWER]: Advancing to term 1
I20260608 09:54:15.464872 13050 consensus_queue.cc:1048] T d2462bfb2448406ab3a992a0214de1ad P e4ba5af842f04dab8ad5e18cdad63843 [LEADER]: Connected to new peer: Peer: permanent_uuid: "20c998db618647c4b6e401a0a76c18fb" member_type: VOTER last_known_addr { host: "127.9.119.196" port: 38795 }, Status: LMP_MISMATCH, Last received: 0.0, Next index: 1, Last known committed idx: 0, Time since last communication: 0.001s
I20260608 09:54:15.470937 13033 consensus_queue.cc:1048] T 7800ffbd5b98477db6ffde38a2b0c4f1 P 20c998db618647c4b6e401a0a76c18fb [LEADER]: Connected to new peer: Peer: permanent_uuid: "ad2fc5e38cb247e5b81551887df41e3a" member_type: VOTER last_known_addr { host: "127.9.119.194" port: 38917 }, Status: LMP_MISMATCH, Last received: 0.0, Next index: 1, Last known committed idx: 0, Time since last communication: 0.000s
I20260608 09:54:15.472435 13019 raft_consensus.cc:2749] T 5099e79b8a174c86ad1192d12813624f P 20c998db618647c4b6e401a0a76c18fb [term 1 FOLLOWER]: Leader pre-election lost for term 1. Reason: could not achieve majority
I20260608 09:54:15.497406 13047 consensus_queue.cc:1048] T 821eac24a11945e08200b09a5abc8405 P ad2fc5e38cb247e5b81551887df41e3a [LEADER]: Connected to new peer: Peer: permanent_uuid: "664f8e7f6d984237979ef32fab4f7545" member_type: VOTER last_known_addr { host: "127.9.119.195" port: 35849 }, Status: LMP_MISMATCH, Last received: 0.0, Next index: 1, Last known committed idx: 0, Time since last communication: 0.001s
I20260608 09:54:15.514590 13077 consensus_queue.cc:1048] T 821eac24a11945e08200b09a5abc8405 P ad2fc5e38cb247e5b81551887df41e3a [LEADER]: Connected to new peer: Peer: permanent_uuid: "20c998db618647c4b6e401a0a76c18fb" member_type: VOTER last_known_addr { host: "127.9.119.196" port: 38795 }, Status: LMP_MISMATCH, Last received: 0.0, Next index: 1, Last known committed idx: 0, Time since last communication: 0.001s
I20260608 09:54:15.778955 13019 consensus_queue.cc:1048] T 896562379e38495387d89e3b33c74cfc P 20c998db618647c4b6e401a0a76c18fb [LEADER]: Connected to new peer: Peer: permanent_uuid: "e4ba5af842f04dab8ad5e18cdad63843" member_type: VOTER last_known_addr { host: "127.9.119.193" port: 46539 }, Status: LMP_MISMATCH, Last received: 0.0, Next index: 1, Last known committed idx: 0, Time since last communication: 0.000s
I20260608 09:54:15.793566 13033 consensus_queue.cc:1048] T 896562379e38495387d89e3b33c74cfc P 20c998db618647c4b6e401a0a76c18fb [LEADER]: Connected to new peer: Peer: permanent_uuid: "664f8e7f6d984237979ef32fab4f7545" member_type: VOTER last_known_addr { host: "127.9.119.195" port: 35849 }, Status: LMP_MISMATCH, Last received: 0.0, Next index: 1, Last known committed idx: 0, Time since last communication: 0.000s
W20260608 09:54:16.146117 12546 catalog_manager.cc:4809] Async tablet task AlterTable RPC for tablet 5099e79b8a174c86ad1192d12813624f (table range_aware_rebalance_new_range [id=9a478b7f9df84331ad2a3393a5cce18e], current schema version=0) failed: Not found: failed to reset TS proxy: No leader found: Tablet 5099e79b8a174c86ad1192d12813624f consensus state has no leader
W20260608 09:54:16.166249 12610 auto_rebalancer.cc:259] Could not retrieve cluster info: Service unavailable: Tablet not running
I20260608 09:54:16.513235 13050 raft_consensus.cc:493] T 5099e79b8a174c86ad1192d12813624f P e4ba5af842f04dab8ad5e18cdad63843 [term 1 FOLLOWER]: Starting pre-election (no leader contacted us within the election timeout)
I20260608 09:54:16.513893 13050 raft_consensus.cc:515] T 5099e79b8a174c86ad1192d12813624f P e4ba5af842f04dab8ad5e18cdad63843 [term 1 FOLLOWER]: Starting pre-election with config: opid_index: -1 OBSOLETE_local: false peers { permanent_uuid: "e4ba5af842f04dab8ad5e18cdad63843" member_type: VOTER last_known_addr { host: "127.9.119.193" port: 46539 } } peers { permanent_uuid: "20c998db618647c4b6e401a0a76c18fb" member_type: VOTER last_known_addr { host: "127.9.119.196" port: 38795 } } peers { permanent_uuid: "ad2fc5e38cb247e5b81551887df41e3a" member_type: VOTER last_known_addr { host: "127.9.119.194" port: 38917 } }
I20260608 09:54:16.516357 13050 leader_election.cc:290] T 5099e79b8a174c86ad1192d12813624f P e4ba5af842f04dab8ad5e18cdad63843 [CANDIDATE]: Term 2 pre-election: Requested pre-vote from peers 20c998db618647c4b6e401a0a76c18fb (127.9.119.196:38795), ad2fc5e38cb247e5b81551887df41e3a (127.9.119.194:38917)
I20260608 09:54:16.517257 12971 tablet_service.cc:1917] Received RequestConsensusVote() RPC: tablet_id: "5099e79b8a174c86ad1192d12813624f" candidate_uuid: "e4ba5af842f04dab8ad5e18cdad63843" candidate_term: 2 candidate_status { last_received { term: 0 index: 0 } } ignore_live_leader: false dest_uuid: "20c998db618647c4b6e401a0a76c18fb" is_pre_election: true
I20260608 09:54:16.517571 12738 tablet_service.cc:1917] Received RequestConsensusVote() RPC: tablet_id: "5099e79b8a174c86ad1192d12813624f" candidate_uuid: "e4ba5af842f04dab8ad5e18cdad63843" candidate_term: 2 candidate_status { last_received { term: 0 index: 0 } } ignore_live_leader: false dest_uuid: "ad2fc5e38cb247e5b81551887df41e3a" is_pre_election: true
I20260608 09:54:16.517892 12971 raft_consensus.cc:2468] T 5099e79b8a174c86ad1192d12813624f P 20c998db618647c4b6e401a0a76c18fb [term 1 FOLLOWER]: Leader pre-election vote request: Granting yes vote for candidate e4ba5af842f04dab8ad5e18cdad63843 in term 1.
I20260608 09:54:16.518285 12738 raft_consensus.cc:2468] T 5099e79b8a174c86ad1192d12813624f P ad2fc5e38cb247e5b81551887df41e3a [term 1 FOLLOWER]: Leader pre-election vote request: Granting yes vote for candidate e4ba5af842f04dab8ad5e18cdad63843 in term 1.
I20260608 09:54:16.519385 12627 leader_election.cc:304] T 5099e79b8a174c86ad1192d12813624f P e4ba5af842f04dab8ad5e18cdad63843 [CANDIDATE]: Term 2 pre-election: Election decided. Result: candidate won. Election summary: received 2 responses out of 3 voters: 2 yes votes; 0 no votes. yes voters: 20c998db618647c4b6e401a0a76c18fb, e4ba5af842f04dab8ad5e18cdad63843; no voters: 
I20260608 09:54:16.520110 13050 raft_consensus.cc:2804] T 5099e79b8a174c86ad1192d12813624f P e4ba5af842f04dab8ad5e18cdad63843 [term 1 FOLLOWER]: Leader pre-election won for term 2
I20260608 09:54:16.520555 13050 raft_consensus.cc:493] T 5099e79b8a174c86ad1192d12813624f P e4ba5af842f04dab8ad5e18cdad63843 [term 1 FOLLOWER]: Starting leader election (no leader contacted us within the election timeout)
