I20260608 09:53:11.648590 25897 tablet_bootstrap.cc:492] T 4d5eb7a7245d4bae934fe94cc16c3f4d P bece2813a2694ff5801dc13ae79d79fd: Bootstrap starting.
I20260608 09:53:11.651080 25895 tablet_bootstrap.cc:654] T ba59a072926e485395bd85ea3e71f912 P ebe9fd04474c4f04861d228ad115af39: Neither blocks nor log segments found. Creating new log.
I20260608 09:53:11.651520 25896 tablet_bootstrap.cc:492] T 4d5eb7a7245d4bae934fe94cc16c3f4d P a4ccf8117b9641628debbb4fb6a36ce1: No bootstrap required, opened a new log
I20260608 09:53:11.652027 25896 ts_tablet_manager.cc:1403] T 4d5eb7a7245d4bae934fe94cc16c3f4d P a4ccf8117b9641628debbb4fb6a36ce1: Time spent bootstrapping tablet: real 0.016s	user 0.012s	sys 0.000s
I20260608 09:53:11.655503 25896 raft_consensus.cc:359] T 4d5eb7a7245d4bae934fe94cc16c3f4d P a4ccf8117b9641628debbb4fb6a36ce1 [term 0 FOLLOWER]: Replica starting. Triggering 0 pending ops. Active config: opid_index: -1 OBSOLETE_local: false peers { permanent_uuid: "a4ccf8117b9641628debbb4fb6a36ce1" member_type: VOTER last_known_addr { host: "127.23.102.1" port: 44321 } } peers { permanent_uuid: "ebe9fd04474c4f04861d228ad115af39" member_type: VOTER last_known_addr { host: "127.23.102.2" port: 40697 } } peers { permanent_uuid: "bece2813a2694ff5801dc13ae79d79fd" member_type: VOTER last_known_addr { host: "127.23.102.3" port: 37453 } }
I20260608 09:53:11.656229 25897 tablet_bootstrap.cc:654] T 4d5eb7a7245d4bae934fe94cc16c3f4d P bece2813a2694ff5801dc13ae79d79fd: Neither blocks nor log segments found. Creating new log.
I20260608 09:53:11.656277 25895 tablet_bootstrap.cc:492] T ba59a072926e485395bd85ea3e71f912 P ebe9fd04474c4f04861d228ad115af39: No bootstrap required, opened a new log
I20260608 09:53:11.656491 25896 raft_consensus.cc:385] T 4d5eb7a7245d4bae934fe94cc16c3f4d P a4ccf8117b9641628debbb4fb6a36ce1 [term 0 FOLLOWER]: Consensus starting up: Expiring failure detector timer to make a prompt election more likely
I20260608 09:53:11.657006 25895 ts_tablet_manager.cc:1403] T ba59a072926e485395bd85ea3e71f912 P ebe9fd04474c4f04861d228ad115af39: Time spent bootstrapping tablet: real 0.020s	user 0.007s	sys 0.006s
I20260608 09:53:11.656945 25896 raft_consensus.cc:740] T 4d5eb7a7245d4bae934fe94cc16c3f4d P a4ccf8117b9641628debbb4fb6a36ce1 [term 0 FOLLOWER]: Becoming Follower/Learner. State: Replica: a4ccf8117b9641628debbb4fb6a36ce1, State: Initialized, Role: FOLLOWER
I20260608 09:53:11.657984 25896 consensus_queue.cc:260] T 4d5eb7a7245d4bae934fe94cc16c3f4d P a4ccf8117b9641628debbb4fb6a36ce1 [NON_LEADER]: Queue going to NON_LEADER mode. State: All replicated index: 0, Majority replicated index: 0, Committed index: 0, Last appended: 0.0, Last appended by leader: 0, Current term: 0, Majority size: -1, State: 0, Mode: NON_LEADER, active raft config: opid_index: -1 OBSOLETE_local: false peers { permanent_uuid: "a4ccf8117b9641628debbb4fb6a36ce1" member_type: VOTER last_known_addr { host: "127.23.102.1" port: 44321 } } peers { permanent_uuid: "ebe9fd04474c4f04861d228ad115af39" member_type: VOTER last_known_addr { host: "127.23.102.2" port: 40697 } } peers { permanent_uuid: "bece2813a2694ff5801dc13ae79d79fd" member_type: VOTER last_known_addr { host: "127.23.102.3" port: 37453 } }
I20260608 09:53:11.659566 25895 raft_consensus.cc:359] T ba59a072926e485395bd85ea3e71f912 P ebe9fd04474c4f04861d228ad115af39 [term 0 FOLLOWER]: Replica starting. Triggering 0 pending ops. Active config: opid_index: -1 OBSOLETE_local: false peers { permanent_uuid: "a4ccf8117b9641628debbb4fb6a36ce1" member_type: VOTER last_known_addr { host: "127.23.102.1" port: 44321 } } peers { permanent_uuid: "ebe9fd04474c4f04861d228ad115af39" member_type: VOTER last_known_addr { host: "127.23.102.2" port: 40697 } } peers { permanent_uuid: "bece2813a2694ff5801dc13ae79d79fd" member_type: VOTER last_known_addr { host: "127.23.102.3" port: 37453 } }
I20260608 09:53:11.660387 25895 raft_consensus.cc:385] T ba59a072926e485395bd85ea3e71f912 P ebe9fd04474c4f04861d228ad115af39 [term 0 FOLLOWER]: Consensus starting up: Expiring failure detector timer to make a prompt election more likely
I20260608 09:53:11.660694 25895 raft_consensus.cc:740] T ba59a072926e485395bd85ea3e71f912 P ebe9fd04474c4f04861d228ad115af39 [term 0 FOLLOWER]: Becoming Follower/Learner. State: Replica: ebe9fd04474c4f04861d228ad115af39, State: Initialized, Role: FOLLOWER
I20260608 09:53:11.661429 25896 ts_tablet_manager.cc:1434] T 4d5eb7a7245d4bae934fe94cc16c3f4d P a4ccf8117b9641628debbb4fb6a36ce1: Time spent starting tablet: real 0.009s	user 0.011s	sys 0.000s
I20260608 09:53:11.661500 25895 consensus_queue.cc:260] T ba59a072926e485395bd85ea3e71f912 P ebe9fd04474c4f04861d228ad115af39 [NON_LEADER]: Queue going to NON_LEADER mode. State: All replicated index: 0, Majority replicated index: 0, Committed index: 0, Last appended: 0.0, Last appended by leader: 0, Current term: 0, Majority size: -1, State: 0, Mode: NON_LEADER, active raft config: opid_index: -1 OBSOLETE_local: false peers { permanent_uuid: "a4ccf8117b9641628debbb4fb6a36ce1" member_type: VOTER last_known_addr { host: "127.23.102.1" port: 44321 } } peers { permanent_uuid: "ebe9fd04474c4f04861d228ad115af39" member_type: VOTER last_known_addr { host: "127.23.102.2" port: 40697 } } peers { permanent_uuid: "bece2813a2694ff5801dc13ae79d79fd" member_type: VOTER last_known_addr { host: "127.23.102.3" port: 37453 } }
I20260608 09:53:11.662595 25896 tablet_bootstrap.cc:492] T ba59a072926e485395bd85ea3e71f912 P a4ccf8117b9641628debbb4fb6a36ce1: Bootstrap starting.
I20260608 09:53:11.664806 25895 ts_tablet_manager.cc:1434] T ba59a072926e485395bd85ea3e71f912 P ebe9fd04474c4f04861d228ad115af39: Time spent starting tablet: real 0.007s	user 0.006s	sys 0.001s
I20260608 09:53:11.665884 25895 tablet_bootstrap.cc:492] T 4d5eb7a7245d4bae934fe94cc16c3f4d P ebe9fd04474c4f04861d228ad115af39: Bootstrap starting.
I20260608 09:53:11.671744 25896 tablet_bootstrap.cc:654] T ba59a072926e485395bd85ea3e71f912 P a4ccf8117b9641628debbb4fb6a36ce1: Neither blocks nor log segments found. Creating new log.
I20260608 09:53:11.672506 25895 tablet_bootstrap.cc:654] T 4d5eb7a7245d4bae934fe94cc16c3f4d P ebe9fd04474c4f04861d228ad115af39: Neither blocks nor log segments found. Creating new log.
I20260608 09:53:11.679518 25897 tablet_bootstrap.cc:492] T 4d5eb7a7245d4bae934fe94cc16c3f4d P bece2813a2694ff5801dc13ae79d79fd: No bootstrap required, opened a new log
I20260608 09:53:11.680042 25897 ts_tablet_manager.cc:1403] T 4d5eb7a7245d4bae934fe94cc16c3f4d P bece2813a2694ff5801dc13ae79d79fd: Time spent bootstrapping tablet: real 0.032s	user 0.015s	sys 0.000s
I20260608 09:53:11.680589 25896 tablet_bootstrap.cc:492] T ba59a072926e485395bd85ea3e71f912 P a4ccf8117b9641628debbb4fb6a36ce1: No bootstrap required, opened a new log
I20260608 09:53:11.681099 25896 ts_tablet_manager.cc:1403] T ba59a072926e485395bd85ea3e71f912 P a4ccf8117b9641628debbb4fb6a36ce1: Time spent bootstrapping tablet: real 0.019s	user 0.015s	sys 0.000s
I20260608 09:53:11.681660 25895 tablet_bootstrap.cc:492] T 4d5eb7a7245d4bae934fe94cc16c3f4d P ebe9fd04474c4f04861d228ad115af39: No bootstrap required, opened a new log
I20260608 09:53:11.682168 25895 ts_tablet_manager.cc:1403] T 4d5eb7a7245d4bae934fe94cc16c3f4d P ebe9fd04474c4f04861d228ad115af39: Time spent bootstrapping tablet: real 0.017s	user 0.003s	sys 0.012s
I20260608 09:53:11.682551 25897 raft_consensus.cc:359] T 4d5eb7a7245d4bae934fe94cc16c3f4d P bece2813a2694ff5801dc13ae79d79fd [term 0 FOLLOWER]: Replica starting. Triggering 0 pending ops. Active config: opid_index: -1 OBSOLETE_local: false peers { permanent_uuid: "a4ccf8117b9641628debbb4fb6a36ce1" member_type: VOTER last_known_addr { host: "127.23.102.1" port: 44321 } } peers { permanent_uuid: "ebe9fd04474c4f04861d228ad115af39" member_type: VOTER last_known_addr { host: "127.23.102.2" port: 40697 } } peers { permanent_uuid: "bece2813a2694ff5801dc13ae79d79fd" member_type: VOTER last_known_addr { host: "127.23.102.3" port: 37453 } }
I20260608 09:53:11.683120 25897 raft_consensus.cc:385] T 4d5eb7a7245d4bae934fe94cc16c3f4d P bece2813a2694ff5801dc13ae79d79fd [term 0 FOLLOWER]: Consensus starting up: Expiring failure detector timer to make a prompt election more likely
I20260608 09:53:11.683369 25897 raft_consensus.cc:740] T 4d5eb7a7245d4bae934fe94cc16c3f4d P bece2813a2694ff5801dc13ae79d79fd [term 0 FOLLOWER]: Becoming Follower/Learner. State: Replica: bece2813a2694ff5801dc13ae79d79fd, State: Initialized, Role: FOLLOWER
I20260608 09:53:11.684044 25897 consensus_queue.cc:260] T 4d5eb7a7245d4bae934fe94cc16c3f4d P bece2813a2694ff5801dc13ae79d79fd [NON_LEADER]: Queue going to NON_LEADER mode. State: All replicated index: 0, Majority replicated index: 0, Committed index: 0, Last appended: 0.0, Last appended by leader: 0, Current term: 0, Majority size: -1, State: 0, Mode: NON_LEADER, active raft config: opid_index: -1 OBSOLETE_local: false peers { permanent_uuid: "a4ccf8117b9641628debbb4fb6a36ce1" member_type: VOTER last_known_addr { host: "127.23.102.1" port: 44321 } } peers { permanent_uuid: "ebe9fd04474c4f04861d228ad115af39" member_type: VOTER last_known_addr { host: "127.23.102.2" port: 40697 } } peers { permanent_uuid: "bece2813a2694ff5801dc13ae79d79fd" member_type: VOTER last_known_addr { host: "127.23.102.3" port: 37453 } }
I20260608 09:53:11.684062 25896 raft_consensus.cc:359] T ba59a072926e485395bd85ea3e71f912 P a4ccf8117b9641628debbb4fb6a36ce1 [term 0 FOLLOWER]: Replica starting. Triggering 0 pending ops. Active config: opid_index: -1 OBSOLETE_local: false peers { permanent_uuid: "a4ccf8117b9641628debbb4fb6a36ce1" member_type: VOTER last_known_addr { host: "127.23.102.1" port: 44321 } } peers { permanent_uuid: "ebe9fd04474c4f04861d228ad115af39" member_type: VOTER last_known_addr { host: "127.23.102.2" port: 40697 } } peers { permanent_uuid: "bece2813a2694ff5801dc13ae79d79fd" member_type: VOTER last_known_addr { host: "127.23.102.3" port: 37453 } }
I20260608 09:53:11.684940 25896 raft_consensus.cc:385] T ba59a072926e485395bd85ea3e71f912 P a4ccf8117b9641628debbb4fb6a36ce1 [term 0 FOLLOWER]: Consensus starting up: Expiring failure detector timer to make a prompt election more likely
I20260608 09:53:11.685319 25896 raft_consensus.cc:740] T ba59a072926e485395bd85ea3e71f912 P a4ccf8117b9641628debbb4fb6a36ce1 [term 0 FOLLOWER]: Becoming Follower/Learner. State: Replica: a4ccf8117b9641628debbb4fb6a36ce1, State: Initialized, Role: FOLLOWER
I20260608 09:53:11.685112 25895 raft_consensus.cc:359] T 4d5eb7a7245d4bae934fe94cc16c3f4d P ebe9fd04474c4f04861d228ad115af39 [term 0 FOLLOWER]: Replica starting. Triggering 0 pending ops. Active config: opid_index: -1 OBSOLETE_local: false peers { permanent_uuid: "a4ccf8117b9641628debbb4fb6a36ce1" member_type: VOTER last_known_addr { host: "127.23.102.1" port: 44321 } } peers { permanent_uuid: "ebe9fd04474c4f04861d228ad115af39" member_type: VOTER last_known_addr { host: "127.23.102.2" port: 40697 } } peers { permanent_uuid: "bece2813a2694ff5801dc13ae79d79fd" member_type: VOTER last_known_addr { host: "127.23.102.3" port: 37453 } }
I20260608 09:53:11.685886 25895 raft_consensus.cc:385] T 4d5eb7a7245d4bae934fe94cc16c3f4d P ebe9fd04474c4f04861d228ad115af39 [term 0 FOLLOWER]: Consensus starting up: Expiring failure detector timer to make a prompt election more likely
I20260608 09:53:11.686259 25895 raft_consensus.cc:740] T 4d5eb7a7245d4bae934fe94cc16c3f4d P ebe9fd04474c4f04861d228ad115af39 [term 0 FOLLOWER]: Becoming Follower/Learner. State: Replica: ebe9fd04474c4f04861d228ad115af39, State: Initialized, Role: FOLLOWER
I20260608 09:53:11.686282 25896 consensus_queue.cc:260] T ba59a072926e485395bd85ea3e71f912 P a4ccf8117b9641628debbb4fb6a36ce1 [NON_LEADER]: Queue going to NON_LEADER mode. State: All replicated index: 0, Majority replicated index: 0, Committed index: 0, Last appended: 0.0, Last appended by leader: 0, Current term: 0, Majority size: -1, State: 0, Mode: NON_LEADER, active raft config: opid_index: -1 OBSOLETE_local: false peers { permanent_uuid: "a4ccf8117b9641628debbb4fb6a36ce1" member_type: VOTER last_known_addr { host: "127.23.102.1" port: 44321 } } peers { permanent_uuid: "ebe9fd04474c4f04861d228ad115af39" member_type: VOTER last_known_addr { host: "127.23.102.2" port: 40697 } } peers { permanent_uuid: "bece2813a2694ff5801dc13ae79d79fd" member_type: VOTER last_known_addr { host: "127.23.102.3" port: 37453 } }
I20260608 09:53:11.687067 25897 ts_tablet_manager.cc:1434] T 4d5eb7a7245d4bae934fe94cc16c3f4d P bece2813a2694ff5801dc13ae79d79fd: Time spent starting tablet: real 0.007s	user 0.008s	sys 0.000s
I20260608 09:53:11.687261 25895 consensus_queue.cc:260] T 4d5eb7a7245d4bae934fe94cc16c3f4d P ebe9fd04474c4f04861d228ad115af39 [NON_LEADER]: Queue going to NON_LEADER mode. State: All replicated index: 0, Majority replicated index: 0, Committed index: 0, Last appended: 0.0, Last appended by leader: 0, Current term: 0, Majority size: -1, State: 0, Mode: NON_LEADER, active raft config: opid_index: -1 OBSOLETE_local: false peers { permanent_uuid: "a4ccf8117b9641628debbb4fb6a36ce1" member_type: VOTER last_known_addr { host: "127.23.102.1" port: 44321 } } peers { permanent_uuid: "ebe9fd04474c4f04861d228ad115af39" member_type: VOTER last_known_addr { host: "127.23.102.2" port: 40697 } } peers { permanent_uuid: "bece2813a2694ff5801dc13ae79d79fd" member_type: VOTER last_known_addr { host: "127.23.102.3" port: 37453 } }
I20260608 09:53:11.688174 25897 tablet_bootstrap.cc:492] T ba59a072926e485395bd85ea3e71f912 P bece2813a2694ff5801dc13ae79d79fd: Bootstrap starting.
I20260608 09:53:11.688563 25896 ts_tablet_manager.cc:1434] T ba59a072926e485395bd85ea3e71f912 P a4ccf8117b9641628debbb4fb6a36ce1: Time spent starting tablet: real 0.007s	user 0.005s	sys 0.000s
I20260608 09:53:11.689587 25895 ts_tablet_manager.cc:1434] T 4d5eb7a7245d4bae934fe94cc16c3f4d P ebe9fd04474c4f04861d228ad115af39: Time spent starting tablet: real 0.007s	user 0.005s	sys 0.003s
I20260608 09:53:11.695668 25897 tablet_bootstrap.cc:654] T ba59a072926e485395bd85ea3e71f912 P bece2813a2694ff5801dc13ae79d79fd: Neither blocks nor log segments found. Creating new log.
I20260608 09:53:11.703966 25897 tablet_bootstrap.cc:492] T ba59a072926e485395bd85ea3e71f912 P bece2813a2694ff5801dc13ae79d79fd: No bootstrap required, opened a new log
I20260608 09:53:11.704384 25897 ts_tablet_manager.cc:1403] T ba59a072926e485395bd85ea3e71f912 P bece2813a2694ff5801dc13ae79d79fd: Time spent bootstrapping tablet: real 0.016s	user 0.009s	sys 0.004s
I20260608 09:53:11.706694 25897 raft_consensus.cc:359] T ba59a072926e485395bd85ea3e71f912 P bece2813a2694ff5801dc13ae79d79fd [term 0 FOLLOWER]: Replica starting. Triggering 0 pending ops. Active config: opid_index: -1 OBSOLETE_local: false peers { permanent_uuid: "a4ccf8117b9641628debbb4fb6a36ce1" member_type: VOTER last_known_addr { host: "127.23.102.1" port: 44321 } } peers { permanent_uuid: "ebe9fd04474c4f04861d228ad115af39" member_type: VOTER last_known_addr { host: "127.23.102.2" port: 40697 } } peers { permanent_uuid: "bece2813a2694ff5801dc13ae79d79fd" member_type: VOTER last_known_addr { host: "127.23.102.3" port: 37453 } }
I20260608 09:53:11.707201 25897 raft_consensus.cc:385] T ba59a072926e485395bd85ea3e71f912 P bece2813a2694ff5801dc13ae79d79fd [term 0 FOLLOWER]: Consensus starting up: Expiring failure detector timer to make a prompt election more likely
I20260608 09:53:11.707500 25897 raft_consensus.cc:740] T ba59a072926e485395bd85ea3e71f912 P bece2813a2694ff5801dc13ae79d79fd [term 0 FOLLOWER]: Becoming Follower/Learner. State: Replica: bece2813a2694ff5801dc13ae79d79fd, State: Initialized, Role: FOLLOWER
I20260608 09:53:11.708115 25897 consensus_queue.cc:260] T ba59a072926e485395bd85ea3e71f912 P bece2813a2694ff5801dc13ae79d79fd [NON_LEADER]: Queue going to NON_LEADER mode. State: All replicated index: 0, Majority replicated index: 0, Committed index: 0, Last appended: 0.0, Last appended by leader: 0, Current term: 0, Majority size: -1, State: 0, Mode: NON_LEADER, active raft config: opid_index: -1 OBSOLETE_local: false peers { permanent_uuid: "a4ccf8117b9641628debbb4fb6a36ce1" member_type: VOTER last_known_addr { host: "127.23.102.1" port: 44321 } } peers { permanent_uuid: "ebe9fd04474c4f04861d228ad115af39" member_type: VOTER last_known_addr { host: "127.23.102.2" port: 40697 } } peers { permanent_uuid: "bece2813a2694ff5801dc13ae79d79fd" member_type: VOTER last_known_addr { host: "127.23.102.3" port: 37453 } }
I20260608 09:53:11.709668 25897 ts_tablet_manager.cc:1434] T ba59a072926e485395bd85ea3e71f912 P bece2813a2694ff5801dc13ae79d79fd: Time spent starting tablet: real 0.005s	user 0.006s	sys 0.000s
I20260608 09:53:11.711627 25901 raft_consensus.cc:493] T ba59a072926e485395bd85ea3e71f912 P a4ccf8117b9641628debbb4fb6a36ce1 [term 0 FOLLOWER]: Starting pre-election (no leader contacted us within the election timeout)
I20260608 09:53:11.712186 25901 raft_consensus.cc:515] T ba59a072926e485395bd85ea3e71f912 P a4ccf8117b9641628debbb4fb6a36ce1 [term 0 FOLLOWER]: Starting pre-election with config: opid_index: -1 OBSOLETE_local: false peers { permanent_uuid: "a4ccf8117b9641628debbb4fb6a36ce1" member_type: VOTER last_known_addr { host: "127.23.102.1" port: 44321 } } peers { permanent_uuid: "ebe9fd04474c4f04861d228ad115af39" member_type: VOTER last_known_addr { host: "127.23.102.2" port: 40697 } } peers { permanent_uuid: "bece2813a2694ff5801dc13ae79d79fd" member_type: VOTER last_known_addr { host: "127.23.102.3" port: 37453 } }
I20260608 09:53:11.716377 25901 leader_election.cc:290] T ba59a072926e485395bd85ea3e71f912 P a4ccf8117b9641628debbb4fb6a36ce1 [CANDIDATE]: Term 1 pre-election: Requested pre-vote from peers ebe9fd04474c4f04861d228ad115af39 (127.23.102.2:40697), bece2813a2694ff5801dc13ae79d79fd (127.23.102.3:37453)
I20260608 09:53:11.728150 25849 tablet_service.cc:1917] Received RequestConsensusVote() RPC: tablet_id: "ba59a072926e485395bd85ea3e71f912" candidate_uuid: "a4ccf8117b9641628debbb4fb6a36ce1" candidate_term: 1 candidate_status { last_received { term: 0 index: 0 } } ignore_live_leader: false dest_uuid: "bece2813a2694ff5801dc13ae79d79fd" is_pre_election: true
I20260608 09:53:11.728665 25775 tablet_service.cc:1917] Received RequestConsensusVote() RPC: tablet_id: "ba59a072926e485395bd85ea3e71f912" candidate_uuid: "a4ccf8117b9641628debbb4fb6a36ce1" candidate_term: 1 candidate_status { last_received { term: 0 index: 0 } } ignore_live_leader: false dest_uuid: "ebe9fd04474c4f04861d228ad115af39" is_pre_election: true
I20260608 09:53:11.728935 25849 raft_consensus.cc:2468] T ba59a072926e485395bd85ea3e71f912 P bece2813a2694ff5801dc13ae79d79fd [term 0 FOLLOWER]: Leader pre-election vote request: Granting yes vote for candidate a4ccf8117b9641628debbb4fb6a36ce1 in term 0.
I20260608 09:53:11.729313 25775 raft_consensus.cc:2468] T ba59a072926e485395bd85ea3e71f912 P ebe9fd04474c4f04861d228ad115af39 [term 0 FOLLOWER]: Leader pre-election vote request: Granting yes vote for candidate a4ccf8117b9641628debbb4fb6a36ce1 in term 0.
I20260608 09:53:11.730304 25666 leader_election.cc:304] T ba59a072926e485395bd85ea3e71f912 P a4ccf8117b9641628debbb4fb6a36ce1 [CANDIDATE]: Term 1 pre-election: Election decided. Result: candidate won. Election summary: received 2 responses out of 3 voters: 2 yes votes; 0 no votes. yes voters: a4ccf8117b9641628debbb4fb6a36ce1, bece2813a2694ff5801dc13ae79d79fd; no voters: 
I20260608 09:53:11.731027 25901 raft_consensus.cc:2804] T ba59a072926e485395bd85ea3e71f912 P a4ccf8117b9641628debbb4fb6a36ce1 [term 0 FOLLOWER]: Leader pre-election won for term 1
I20260608 09:53:11.731402 25901 raft_consensus.cc:493] T ba59a072926e485395bd85ea3e71f912 P a4ccf8117b9641628debbb4fb6a36ce1 [term 0 FOLLOWER]: Starting leader election (no leader contacted us within the election timeout)
I20260608 09:53:11.731689 25901 raft_consensus.cc:3060] T ba59a072926e485395bd85ea3e71f912 P a4ccf8117b9641628debbb4fb6a36ce1 [term 0 FOLLOWER]: Advancing to term 1
I20260608 09:53:11.736464 25901 raft_consensus.cc:515] T ba59a072926e485395bd85ea3e71f912 P a4ccf8117b9641628debbb4fb6a36ce1 [term 1 FOLLOWER]: Starting leader election with config: opid_index: -1 OBSOLETE_local: false peers { permanent_uuid: "a4ccf8117b9641628debbb4fb6a36ce1" member_type: VOTER last_known_addr { host: "127.23.102.1" port: 44321 } } peers { permanent_uuid: "ebe9fd04474c4f04861d228ad115af39" member_type: VOTER last_known_addr { host: "127.23.102.2" port: 40697 } } peers { permanent_uuid: "bece2813a2694ff5801dc13ae79d79fd" member_type: VOTER last_known_addr { host: "127.23.102.3" port: 37453 } }
I20260608 09:53:11.738086 25901 leader_election.cc:290] T ba59a072926e485395bd85ea3e71f912 P a4ccf8117b9641628debbb4fb6a36ce1 [CANDIDATE]: Term 1 election: Requested vote from peers ebe9fd04474c4f04861d228ad115af39 (127.23.102.2:40697), bece2813a2694ff5801dc13ae79d79fd (127.23.102.3:37453)
I20260608 09:53:11.738867 25775 tablet_service.cc:1917] Received RequestConsensusVote() RPC: tablet_id: "ba59a072926e485395bd85ea3e71f912" candidate_uuid: "a4ccf8117b9641628debbb4fb6a36ce1" candidate_term: 1 candidate_status { last_received { term: 0 index: 0 } } ignore_live_leader: false dest_uuid: "ebe9fd04474c4f04861d228ad115af39"
I20260608 09:53:11.739177 25849 tablet_service.cc:1917] Received RequestConsensusVote() RPC: tablet_id: "ba59a072926e485395bd85ea3e71f912" candidate_uuid: "a4ccf8117b9641628debbb4fb6a36ce1" candidate_term: 1 candidate_status { last_received { term: 0 index: 0 } } ignore_live_leader: false dest_uuid: "bece2813a2694ff5801dc13ae79d79fd"
I20260608 09:53:11.739460 25775 raft_consensus.cc:3060] T ba59a072926e485395bd85ea3e71f912 P ebe9fd04474c4f04861d228ad115af39 [term 0 FOLLOWER]: Advancing to term 1
I20260608 09:53:11.739719 25849 raft_consensus.cc:3060] T ba59a072926e485395bd85ea3e71f912 P bece2813a2694ff5801dc13ae79d79fd [term 0 FOLLOWER]: Advancing to term 1
I20260608 09:53:11.746869 25775 raft_consensus.cc:2468] T ba59a072926e485395bd85ea3e71f912 P ebe9fd04474c4f04861d228ad115af39 [term 1 FOLLOWER]: Leader election vote request: Granting yes vote for candidate a4ccf8117b9641628debbb4fb6a36ce1 in term 1.
I20260608 09:53:11.746872 25849 raft_consensus.cc:2468] T ba59a072926e485395bd85ea3e71f912 P bece2813a2694ff5801dc13ae79d79fd [term 1 FOLLOWER]: Leader election vote request: Granting yes vote for candidate a4ccf8117b9641628debbb4fb6a36ce1 in term 1.
I20260608 09:53:11.748180 25666 leader_election.cc:304] T ba59a072926e485395bd85ea3e71f912 P a4ccf8117b9641628debbb4fb6a36ce1 [CANDIDATE]: Term 1 election: Election decided. Result: candidate won. Election summary: received 2 responses out of 3 voters: 2 yes votes; 0 no votes. yes voters: a4ccf8117b9641628debbb4fb6a36ce1, bece2813a2694ff5801dc13ae79d79fd; no voters: 
I20260608 09:53:11.748823 25901 raft_consensus.cc:2804] T ba59a072926e485395bd85ea3e71f912 P a4ccf8117b9641628debbb4fb6a36ce1 [term 1 FOLLOWER]: Leader election won for term 1
I20260608 09:53:11.749897 25901 raft_consensus.cc:697] T ba59a072926e485395bd85ea3e71f912 P a4ccf8117b9641628debbb4fb6a36ce1 [term 1 LEADER]: Becoming Leader. State: Replica: a4ccf8117b9641628debbb4fb6a36ce1, State: Running, Role: LEADER
I20260608 09:53:11.750442 25905 raft_consensus.cc:493] T 4d5eb7a7245d4bae934fe94cc16c3f4d P bece2813a2694ff5801dc13ae79d79fd [term 0 FOLLOWER]: Starting pre-election (no leader contacted us within the election timeout)
I20260608 09:53:11.750711 25901 consensus_queue.cc:237] T ba59a072926e485395bd85ea3e71f912 P a4ccf8117b9641628debbb4fb6a36ce1 [LEADER]: Queue going to LEADER mode. State: All replicated index: 0, Majority replicated index: 0, Committed index: 0, Last appended: 0.0, Last appended by leader: 0, Current term: 1, Majority size: 2, State: 0, Mode: LEADER, active raft config: opid_index: -1 OBSOLETE_local: false peers { permanent_uuid: "a4ccf8117b9641628debbb4fb6a36ce1" member_type: VOTER last_known_addr { host: "127.23.102.1" port: 44321 } } peers { permanent_uuid: "ebe9fd04474c4f04861d228ad115af39" member_type: VOTER last_known_addr { host: "127.23.102.2" port: 40697 } } peers { permanent_uuid: "bece2813a2694ff5801dc13ae79d79fd" member_type: VOTER last_known_addr { host: "127.23.102.3" port: 37453 } }
I20260608 09:53:11.750967 25905 raft_consensus.cc:515] T 4d5eb7a7245d4bae934fe94cc16c3f4d P bece2813a2694ff5801dc13ae79d79fd [term 0 FOLLOWER]: Starting pre-election with config: opid_index: -1 OBSOLETE_local: false peers { permanent_uuid: "a4ccf8117b9641628debbb4fb6a36ce1" member_type: VOTER last_known_addr { host: "127.23.102.1" port: 44321 } } peers { permanent_uuid: "ebe9fd04474c4f04861d228ad115af39" member_type: VOTER last_known_addr { host: "127.23.102.2" port: 40697 } } peers { permanent_uuid: "bece2813a2694ff5801dc13ae79d79fd" member_type: VOTER last_known_addr { host: "127.23.102.3" port: 37453 } }
I20260608 09:53:11.753556 25905 leader_election.cc:290] T 4d5eb7a7245d4bae934fe94cc16c3f4d P bece2813a2694ff5801dc13ae79d79fd [CANDIDATE]: Term 1 pre-election: Requested pre-vote from peers a4ccf8117b9641628debbb4fb6a36ce1 (127.23.102.1:44321), ebe9fd04474c4f04861d228ad115af39 (127.23.102.2:40697)
I20260608 09:53:11.762465 25597 catalog_manager.cc:5696] T ba59a072926e485395bd85ea3e71f912 P a4ccf8117b9641628debbb4fb6a36ce1 reported cstate change: term changed from 0 to 1, leader changed from <none> to a4ccf8117b9641628debbb4fb6a36ce1 (127.23.102.1). New cstate: current_term: 1 leader_uuid: "a4ccf8117b9641628debbb4fb6a36ce1" committed_config { opid_index: -1 OBSOLETE_local: false peers { permanent_uuid: "a4ccf8117b9641628debbb4fb6a36ce1" member_type: VOTER last_known_addr { host: "127.23.102.1" port: 44321 } health_report { overall_health: HEALTHY } } peers { permanent_uuid: "ebe9fd04474c4f04861d228ad115af39" member_type: VOTER last_known_addr { host: "127.23.102.2" port: 40697 } health_report { overall_health: UNKNOWN } } peers { permanent_uuid: "bece2813a2694ff5801dc13ae79d79fd" member_type: VOTER last_known_addr { host: "127.23.102.3" port: 37453 } health_report { overall_health: UNKNOWN } } }
I20260608 09:53:11.768273 25700 tablet_service.cc:1917] Received RequestConsensusVote() RPC: tablet_id: "4d5eb7a7245d4bae934fe94cc16c3f4d" candidate_uuid: "bece2813a2694ff5801dc13ae79d79fd" candidate_term: 1 candidate_status { last_received { term: 0 index: 0 } } ignore_live_leader: false dest_uuid: "a4ccf8117b9641628debbb4fb6a36ce1" is_pre_election: true
I20260608 09:53:11.769013 25700 raft_consensus.cc:2468] T 4d5eb7a7245d4bae934fe94cc16c3f4d P a4ccf8117b9641628debbb4fb6a36ce1 [term 0 FOLLOWER]: Leader pre-election vote request: Granting yes vote for candidate bece2813a2694ff5801dc13ae79d79fd in term 0.
I20260608 09:53:11.770483 25814 leader_election.cc:304] T 4d5eb7a7245d4bae934fe94cc16c3f4d P bece2813a2694ff5801dc13ae79d79fd [CANDIDATE]: Term 1 pre-election: Election decided. Result: candidate won. Election summary: received 2 responses out of 3 voters: 2 yes votes; 0 no votes. yes voters: a4ccf8117b9641628debbb4fb6a36ce1, bece2813a2694ff5801dc13ae79d79fd; no voters: 
I20260608 09:53:11.771320 25905 raft_consensus.cc:2804] T 4d5eb7a7245d4bae934fe94cc16c3f4d P bece2813a2694ff5801dc13ae79d79fd [term 0 FOLLOWER]: Leader pre-election won for term 1
I20260608 09:53:11.771512 25775 tablet_service.cc:1917] Received RequestConsensusVote() RPC: tablet_id: "4d5eb7a7245d4bae934fe94cc16c3f4d" candidate_uuid: "bece2813a2694ff5801dc13ae79d79fd" candidate_term: 1 candidate_status { last_received { term: 0 index: 0 } } ignore_live_leader: false dest_uuid: "ebe9fd04474c4f04861d228ad115af39" is_pre_election: true
I20260608 09:53:11.771727 25905 raft_consensus.cc:493] T 4d5eb7a7245d4bae934fe94cc16c3f4d P bece2813a2694ff5801dc13ae79d79fd [term 0 FOLLOWER]: Starting leader election (no leader contacted us within the election timeout)
I20260608 09:53:11.772147 25905 raft_consensus.cc:3060] T 4d5eb7a7245d4bae934fe94cc16c3f4d P bece2813a2694ff5801dc13ae79d79fd [term 0 FOLLOWER]: Advancing to term 1
I20260608 09:53:11.772176 25775 raft_consensus.cc:2468] T 4d5eb7a7245d4bae934fe94cc16c3f4d P ebe9fd04474c4f04861d228ad115af39 [term 0 FOLLOWER]: Leader pre-election vote request: Granting yes vote for candidate bece2813a2694ff5801dc13ae79d79fd in term 0.
I20260608 09:53:11.777984 25905 raft_consensus.cc:515] T 4d5eb7a7245d4bae934fe94cc16c3f4d P bece2813a2694ff5801dc13ae79d79fd [term 1 FOLLOWER]: Starting leader election with config: opid_index: -1 OBSOLETE_local: false peers { permanent_uuid: "a4ccf8117b9641628debbb4fb6a36ce1" member_type: VOTER last_known_addr { host: "127.23.102.1" port: 44321 } } peers { permanent_uuid: "ebe9fd04474c4f04861d228ad115af39" member_type: VOTER last_known_addr { host: "127.23.102.2" port: 40697 } } peers { permanent_uuid: "bece2813a2694ff5801dc13ae79d79fd" member_type: VOTER last_known_addr { host: "127.23.102.3" port: 37453 } }
I20260608 09:53:11.779491 25905 leader_election.cc:290] T 4d5eb7a7245d4bae934fe94cc16c3f4d P bece2813a2694ff5801dc13ae79d79fd [CANDIDATE]: Term 1 election: Requested vote from peers a4ccf8117b9641628debbb4fb6a36ce1 (127.23.102.1:44321), ebe9fd04474c4f04861d228ad115af39 (127.23.102.2:40697)
I20260608 09:53:11.780274 25700 tablet_service.cc:1917] Received RequestConsensusVote() RPC: tablet_id: "4d5eb7a7245d4bae934fe94cc16c3f4d" candidate_uuid: "bece2813a2694ff5801dc13ae79d79fd" candidate_term: 1 candidate_status { last_received { term: 0 index: 0 } } ignore_live_leader: false dest_uuid: "a4ccf8117b9641628debbb4fb6a36ce1"
I20260608 09:53:11.780414 25775 tablet_service.cc:1917] Received RequestConsensusVote() RPC: tablet_id: "4d5eb7a7245d4bae934fe94cc16c3f4d" candidate_uuid: "bece2813a2694ff5801dc13ae79d79fd" candidate_term: 1 candidate_status { last_received { term: 0 index: 0 } } ignore_live_leader: false dest_uuid: "ebe9fd04474c4f04861d228ad115af39"
I20260608 09:53:11.780745 25700 raft_consensus.cc:3060] T 4d5eb7a7245d4bae934fe94cc16c3f4d P a4ccf8117b9641628debbb4fb6a36ce1 [term 0 FOLLOWER]: Advancing to term 1
I20260608 09:53:11.780951 25775 raft_consensus.cc:3060] T 4d5eb7a7245d4bae934fe94cc16c3f4d P ebe9fd04474c4f04861d228ad115af39 [term 0 FOLLOWER]: Advancing to term 1
I20260608 09:53:11.785434 25775 raft_consensus.cc:2468] T 4d5eb7a7245d4bae934fe94cc16c3f4d P ebe9fd04474c4f04861d228ad115af39 [term 1 FOLLOWER]: Leader election vote request: Granting yes vote for candidate bece2813a2694ff5801dc13ae79d79fd in term 1.
I20260608 09:53:11.785674 25700 raft_consensus.cc:2468] T 4d5eb7a7245d4bae934fe94cc16c3f4d P a4ccf8117b9641628debbb4fb6a36ce1 [term 1 FOLLOWER]: Leader election vote request: Granting yes vote for candidate bece2813a2694ff5801dc13ae79d79fd in term 1.
I20260608 09:53:11.786499 25812 leader_election.cc:304] T 4d5eb7a7245d4bae934fe94cc16c3f4d P bece2813a2694ff5801dc13ae79d79fd [CANDIDATE]: Term 1 election: Election decided. Result: candidate won. Election summary: received 2 responses out of 3 voters: 2 yes votes; 0 no votes. yes voters: bece2813a2694ff5801dc13ae79d79fd, ebe9fd04474c4f04861d228ad115af39; no voters: 
I20260608 09:53:11.787261 25905 raft_consensus.cc:2804] T 4d5eb7a7245d4bae934fe94cc16c3f4d P bece2813a2694ff5801dc13ae79d79fd [term 1 FOLLOWER]: Leader election won for term 1
I20260608 09:53:11.788281 25905 raft_consensus.cc:697] T 4d5eb7a7245d4bae934fe94cc16c3f4d P bece2813a2694ff5801dc13ae79d79fd [term 1 LEADER]: Becoming Leader. State: Replica: bece2813a2694ff5801dc13ae79d79fd, State: Running, Role: LEADER
I20260608 09:53:11.789093 25905 consensus_queue.cc:237] T 4d5eb7a7245d4bae934fe94cc16c3f4d P bece2813a2694ff5801dc13ae79d79fd [LEADER]: Queue going to LEADER mode. State: All replicated index: 0, Majority replicated index: 0, Committed index: 0, Last appended: 0.0, Last appended by leader: 0, Current term: 1, Majority size: 2, State: 0, Mode: LEADER, active raft config: opid_index: -1 OBSOLETE_local: false peers { permanent_uuid: "a4ccf8117b9641628debbb4fb6a36ce1" member_type: VOTER last_known_addr { host: "127.23.102.1" port: 44321 } } peers { permanent_uuid: "ebe9fd04474c4f04861d228ad115af39" member_type: VOTER last_known_addr { host: "127.23.102.2" port: 40697 } } peers { permanent_uuid: "bece2813a2694ff5801dc13ae79d79fd" member_type: VOTER last_known_addr { host: "127.23.102.3" port: 37453 } }
I20260608 09:53:11.796278 25595 catalog_manager.cc:5696] T 4d5eb7a7245d4bae934fe94cc16c3f4d P bece2813a2694ff5801dc13ae79d79fd reported cstate change: term changed from 0 to 1, leader changed from <none> to bece2813a2694ff5801dc13ae79d79fd (127.23.102.3). New cstate: current_term: 1 leader_uuid: "bece2813a2694ff5801dc13ae79d79fd" committed_config { opid_index: -1 OBSOLETE_local: false peers { permanent_uuid: "a4ccf8117b9641628debbb4fb6a36ce1" member_type: VOTER last_known_addr { host: "127.23.102.1" port: 44321 } health_report { overall_health: UNKNOWN } } peers { permanent_uuid: "ebe9fd04474c4f04861d228ad115af39" member_type: VOTER last_known_addr { host: "127.23.102.2" port: 40697 } health_report { overall_health: UNKNOWN } } peers { permanent_uuid: "bece2813a2694ff5801dc13ae79d79fd" member_type: VOTER last_known_addr { host: "127.23.102.3" port: 37453 } health_report { overall_health: HEALTHY } } }
I20260608 09:53:12.105842 25651 auto_leader_rebalancer.cc:140] leader rebalance for table test-workload
I20260608 09:53:12.108686 25651 auto_leader_rebalancer.cc:388] table: test-workload, leader rebalance finish, leader transfer count: 0
I20260608 09:53:12.109054 25651 auto_leader_rebalancer.cc:451] All tables' leader rebalancing finished this round
I20260608 09:53:12.174665 25901 consensus_queue.cc:1048] T ba59a072926e485395bd85ea3e71f912 P a4ccf8117b9641628debbb4fb6a36ce1 [LEADER]: Connected to new peer: Peer: permanent_uuid: "bece2813a2694ff5801dc13ae79d79fd" member_type: VOTER last_known_addr { host: "127.23.102.3" port: 37453 }, Status: LMP_MISMATCH, Last received: 0.0, Next index: 1, Last known committed idx: 0, Time since last communication: 0.000s
I20260608 09:53:12.187312 25901 consensus_queue.cc:1048] T ba59a072926e485395bd85ea3e71f912 P a4ccf8117b9641628debbb4fb6a36ce1 [LEADER]: Connected to new peer: Peer: permanent_uuid: "ebe9fd04474c4f04861d228ad115af39" member_type: VOTER last_known_addr { host: "127.23.102.2" port: 40697 }, Status: LMP_MISMATCH, Last received: 0.0, Next index: 1, Last known committed idx: 0, Time since last communication: 0.000s
I20260608 09:53:12.213975 25905 consensus_queue.cc:1048] T 4d5eb7a7245d4bae934fe94cc16c3f4d P bece2813a2694ff5801dc13ae79d79fd [LEADER]: Connected to new peer: Peer: permanent_uuid: "ebe9fd04474c4f04861d228ad115af39" member_type: VOTER last_known_addr { host: "127.23.102.2" port: 40697 }, Status: LMP_MISMATCH, Last received: 0.0, Next index: 1, Last known committed idx: 0, Time since last communication: 0.000s
I20260608 09:53:12.224679 25922 consensus_queue.cc:1048] T 4d5eb7a7245d4bae934fe94cc16c3f4d P bece2813a2694ff5801dc13ae79d79fd [LEADER]: Connected to new peer: Peer: permanent_uuid: "a4ccf8117b9641628debbb4fb6a36ce1" member_type: VOTER last_known_addr { host: "127.23.102.1" port: 44321 }, Status: LMP_MISMATCH, Last received: 0.0, Next index: 1, Last known committed idx: 0, Time since last communication: 0.000s
I20260608 09:53:14.109953 25651 auto_leader_rebalancer.cc:140] leader rebalance for table test-workload
I20260608 09:53:14.111927 25651 auto_leader_rebalancer.cc:388] table: test-workload, leader rebalance finish, leader transfer count: 0
I20260608 09:53:14.112219 25651 auto_leader_rebalancer.cc:451] All tables' leader rebalancing finished this round
W20260608 09:53:14.347271 25721 debug-util.cc:398] Leaking SignalData structure 0x7b080010f9e0 after lost signal to thread 23963
W20260608 09:53:14.348135 25721 debug-util.cc:398] Leaking SignalData structure 0x7b08000c0120 after lost signal to thread 25632
W20260608 09:53:14.349000 25721 debug-util.cc:398] Leaking SignalData structure 0x7b08000821a0 after lost signal to thread 25724
W20260608 09:53:14.349769 25721 debug-util.cc:398] Leaking SignalData structure 0x7b0800216e20 after lost signal to thread 25799
W20260608 09:53:14.350517 25721 debug-util.cc:398] Leaking SignalData structure 0x7b08001e9a60 after lost signal to thread 25873
I20260608 09:53:16.113294 25651 auto_leader_rebalancer.cc:140] leader rebalance for table test-workload
I20260608 09:53:16.116153 25651 auto_leader_rebalancer.cc:388] table: test-workload, leader rebalance finish, leader transfer count: 0
I20260608 09:53:16.116580 25651 auto_leader_rebalancer.cc:451] All tables' leader rebalancing finished this round
I20260608 09:53:18.117565 25651 auto_leader_rebalancer.cc:140] leader rebalance for table test-workload
I20260608 09:53:18.119761 25651 auto_leader_rebalancer.cc:388] table: test-workload, leader rebalance finish, leader transfer count: 0
I20260608 09:53:18.120184 25651 auto_leader_rebalancer.cc:451] All tables' leader rebalancing finished this round
I20260608 09:53:20.121160 25651 auto_leader_rebalancer.cc:140] leader rebalance for table test-workload
I20260608 09:53:20.123145 25651 auto_leader_rebalancer.cc:388] table: test-workload, leader rebalance finish, leader transfer count: 0
I20260608 09:53:20.123425 25651 auto_leader_rebalancer.cc:451] All tables' leader rebalancing finished this round
I20260608 09:53:22.124614 25651 auto_leader_rebalancer.cc:140] leader rebalance for table test-workload
I20260608 09:53:22.127043 25651 auto_leader_rebalancer.cc:388] table: test-workload, leader rebalance finish, leader transfer count: 0
I20260608 09:53:22.127413 25651 auto_leader_rebalancer.cc:451] All tables' leader rebalancing finished this round
I20260608 09:53:22.983777 23960 file_cache.cc:492] Constructed file cache file cache with capacity 419430
W20260608 09:53:22.991273 25929 instance_detector.cc:116] could not retrieve AWS instance metadata: Network error: curl error: HTTP response code said error: The requested URL returned error: 404
W20260608 09:53:22.993218 25932 instance_detector.cc:116] could not retrieve OpenStack instance metadata: Network error: curl error: HTTP response code said error: The requested URL returned error: 404
W20260608 09:53:22.993432 25930 instance_detector.cc:116] could not retrieve Azure instance metadata: Network error: curl error: HTTP response code said error: The requested URL returned error: 404
I20260608 09:53:22.993978 23960 server_base.cc:1061] running on GCE node
I20260608 09:53:22.994995 23960 hybrid_clock.cc:584] initializing the hybrid clock with 'system_unsync' time source
W20260608 09:53:22.995239 23960 system_unsync_time.cc:38] NTP support is disabled. Clock error bounds will not be accurate. This configuration is not suitable for distributed clusters.
I20260608 09:53:22.995440 23960 hybrid_clock.cc:648] HybridClock initialized: now 1780912402995422 us; error 0 us; skew 500 ppm
I20260608 09:53:22.996043 23960 server_base.cc:861] Flag tcmalloc_max_total_thread_cache_bytes is not working since tcmalloc is not enabled.
I20260608 09:53:22.998989 23960 webserver.cc:533] Webserver started at http://127.23.102.4:39417/ using document root <none> and password file <none>
I20260608 09:53:22.999547 23960 fs_manager.cc:362] Metadata directory not provided
I20260608 09:53:22.999769 23960 fs_manager.cc:368] Using write-ahead log directory (fs_wal_dir) as metadata directory
I20260608 09:53:23.000083 23960 server_base.cc:909] This appears to be a new deployment of Kudu; creating new FS layout
I20260608 09:53:23.001820 23960 fs_manager.cc:1068] Generated new instance metadata in path /tmp/dist-test-taskHxr2wq/test-tmp/auto_rebalancer-test.0.AutoRebalancerTest.MovesScheduledIfAddTserver.1780912370684443-23960-0/minicluster-data/ts-3-root/instance:
uuid: "2c8d266862fb43beabf42a549cec05fd"
format_stamp: "Formatted at 2026-06-08 09:53:22 on dist-test-slave-4k25"
I20260608 09:53:23.007164 23960 fs_manager.cc:696] Time spent creating directory manager: real 0.005s	user 0.005s	sys 0.001s
I20260608 09:53:23.010668 25937 log_block_manager.cc:4031] Time spent loading block containers with low live blocks: real 0.000s	user 0.000s	sys 0.000s
I20260608 09:53:23.011448 23960 fs_manager.cc:730] Time spent opening block manager: real 0.002s	user 0.001s	sys 0.000s
I20260608 09:53:23.011757 23960 fs_manager.cc:647] Opened local filesystem: /tmp/dist-test-taskHxr2wq/test-tmp/auto_rebalancer-test.0.AutoRebalancerTest.MovesScheduledIfAddTserver.1780912370684443-23960-0/minicluster-data/ts-3-root
uuid: "2c8d266862fb43beabf42a549cec05fd"
format_stamp: "Formatted at 2026-06-08 09:53:22 on dist-test-slave-4k25"
I20260608 09:53:23.012046 23960 fs_report.cc:389] FS layout report
--------------------
wal directory: /tmp/dist-test-taskHxr2wq/test-tmp/auto_rebalancer-test.0.AutoRebalancerTest.MovesScheduledIfAddTserver.1780912370684443-23960-0/minicluster-data/ts-3-root
metadata directory: /tmp/dist-test-taskHxr2wq/test-tmp/auto_rebalancer-test.0.AutoRebalancerTest.MovesScheduledIfAddTserver.1780912370684443-23960-0/minicluster-data/ts-3-root
1 data directories: /tmp/dist-test-taskHxr2wq/test-tmp/auto_rebalancer-test.0.AutoRebalancerTest.MovesScheduledIfAddTserver.1780912370684443-23960-0/minicluster-data/ts-3-root/data
Total live blocks: 0
Total live bytes: 0
Total live bytes (after alignment): 0
Total number of LBM containers: 0 (0 full)
Did not check for missing blocks
Did not check for orphaned blocks
Total full LBM containers with extra space: 0 (0 repaired)
Total full LBM container extra space in bytes: 0 (0 repaired)
Total incomplete LBM containers: 0 (0 repaired)
Total LBM partial records: 0 (0 repaired)
Total corrupted LBM metadata records in RocksDB: 0 (0 repaired)
I20260608 09:53:23.070852 23960 rpc_server.cc:225] running with OpenSSL 1.1.1  11 Sep 2018
I20260608 09:53:23.072288 23960 kserver.cc:163] Server-wide thread pool size limit: 3276
I20260608 09:53:23.073896 23960 txn_system_client.cc:432] TxnSystemClient initialization is disabled...
I20260608 09:53:23.076478 23960 ts_tablet_manager.cc:585] Loaded tablet metadata (0 total tablets, 0 live tablets)
I20260608 09:53:23.076725 23960 ts_tablet_manager.cc:531] Time spent load tablet metadata: real 0.000s	user 0.000s	sys 0.000s
I20260608 09:53:23.077019 23960 ts_tablet_manager.cc:616] Registered 0 tablets
I20260608 09:53:23.077225 23960 ts_tablet_manager.cc:595] Time spent register tablets: real 0.000s	user 0.000s	sys 0.000s
I20260608 09:53:23.124141 23960 rpc_server.cc:307] RPC server started. Bound to: 127.23.102.4:41933
I20260608 09:53:23.124256 25999 acceptor_pool.cc:272] collecting diagnostics on the listening RPC socket 127.23.102.4:41933 every 8 connection(s)
I20260608 09:53:23.140499 26000 heartbeater.cc:344] Connected to a master server at 127.23.102.62:38235
I20260608 09:53:23.140921 26000 heartbeater.cc:461] Registering TS with master...
I20260608 09:53:23.141659 26000 heartbeater.cc:507] Master 127.23.102.62:38235 requested a full tablet report, sending...
I20260608 09:53:23.143757 25595 ts_manager.cc:194] Registered new tserver with Master: 2c8d266862fb43beabf42a549cec05fd (127.23.102.4:41933)
I20260608 09:53:23.145386 25595 master_service.cc:502] Signed X509 certificate for tserver {username='slave'} at 127.0.0.1:37796
I20260608 09:53:23.182502 25700 consensus_queue.cc:237] T ba59a072926e485395bd85ea3e71f912 P a4ccf8117b9641628debbb4fb6a36ce1 [LEADER]: Queue going to LEADER mode. State: All replicated index: 0, Majority replicated index: 1, Committed index: 1, Last appended: 1.1, Last appended by leader: 0, Current term: 1, Majority size: 2, State: 0, Mode: LEADER, active raft config: opid_index: 2 OBSOLETE_local: false peers { permanent_uuid: "a4ccf8117b9641628debbb4fb6a36ce1" member_type: VOTER last_known_addr { host: "127.23.102.1" port: 44321 } } peers { permanent_uuid: "ebe9fd04474c4f04861d228ad115af39" member_type: VOTER last_known_addr { host: "127.23.102.2" port: 40697 } } peers { permanent_uuid: "bece2813a2694ff5801dc13ae79d79fd" member_type: VOTER last_known_addr { host: "127.23.102.3" port: 37453 } attrs { replace: true } } peers { permanent_uuid: "2c8d266862fb43beabf42a549cec05fd" member_type: NON_VOTER last_known_addr { host: "127.23.102.4" port: 41933 } attrs { promote: true } }
I20260608 09:53:23.190900 25849 raft_consensus.cc:1275] T ba59a072926e485395bd85ea3e71f912 P bece2813a2694ff5801dc13ae79d79fd [term 1 FOLLOWER]: Refusing update from remote peer a4ccf8117b9641628debbb4fb6a36ce1: Log matching property violated. Preceding OpId in replica: term: 1 index: 1. Preceding OpId from leader: term: 1 index: 2. (index mismatch)
I20260608 09:53:23.192832 25775 raft_consensus.cc:1275] T ba59a072926e485395bd85ea3e71f912 P ebe9fd04474c4f04861d228ad115af39 [term 1 FOLLOWER]: Refusing update from remote peer a4ccf8117b9641628debbb4fb6a36ce1: Log matching property violated. Preceding OpId in replica: term: 1 index: 1. Preceding OpId from leader: term: 1 index: 2. (index mismatch)
I20260608 09:53:23.192998 26007 consensus_queue.cc:1048] T ba59a072926e485395bd85ea3e71f912 P a4ccf8117b9641628debbb4fb6a36ce1 [LEADER]: Connected to new peer: Peer: permanent_uuid: "bece2813a2694ff5801dc13ae79d79fd" member_type: VOTER last_known_addr { host: "127.23.102.3" port: 37453 } attrs { replace: true }, Status: LMP_MISMATCH, Last received: 0.0, Next index: 2, Last known committed idx: 1, Time since last communication: 0.001s
I20260608 09:53:23.194556 25925 consensus_queue.cc:1048] T ba59a072926e485395bd85ea3e71f912 P a4ccf8117b9641628debbb4fb6a36ce1 [LEADER]: Connected to new peer: Peer: permanent_uuid: "ebe9fd04474c4f04861d228ad115af39" member_type: VOTER last_known_addr { host: "127.23.102.2" port: 40697 }, Status: LMP_MISMATCH, Last received: 0.0, Next index: 2, Last known committed idx: 1, Time since last communication: 0.001s
I20260608 09:53:23.205333 26007 raft_consensus.cc:2955] T ba59a072926e485395bd85ea3e71f912 P a4ccf8117b9641628debbb4fb6a36ce1 [term 1 LEADER]: Committing config change with OpId 1.2: config changed from index -1 to 2, NON_VOTER 2c8d266862fb43beabf42a549cec05fd (127.23.102.4) added. New config: { opid_index: 2 OBSOLETE_local: false peers { permanent_uuid: "a4ccf8117b9641628debbb4fb6a36ce1" member_type: VOTER last_known_addr { host: "127.23.102.1" port: 44321 } } peers { permanent_uuid: "ebe9fd04474c4f04861d228ad115af39" member_type: VOTER last_known_addr { host: "127.23.102.2" port: 40697 } } peers { permanent_uuid: "bece2813a2694ff5801dc13ae79d79fd" member_type: VOTER last_known_addr { host: "127.23.102.3" port: 37453 } attrs { replace: true } } peers { permanent_uuid: "2c8d266862fb43beabf42a549cec05fd" member_type: NON_VOTER last_known_addr { host: "127.23.102.4" port: 41933 } attrs { promote: true } } }
W20260608 09:53:23.206769 25663 consensus_peers.cc:597] T ba59a072926e485395bd85ea3e71f912 P a4ccf8117b9641628debbb4fb6a36ce1 -> Peer 2c8d266862fb43beabf42a549cec05fd (127.23.102.4:41933): Couldn't send request to peer 2c8d266862fb43beabf42a549cec05fd. Error code: TABLET_NOT_FOUND (6). Status: Not found: Tablet not found: ba59a072926e485395bd85ea3e71f912. This is attempt 1: this message will repeat every 5th retry.
I20260608 09:53:23.207439 25849 raft_consensus.cc:2955] T ba59a072926e485395bd85ea3e71f912 P bece2813a2694ff5801dc13ae79d79fd [term 1 FOLLOWER]: Committing config change with OpId 1.2: config changed from index -1 to 2, NON_VOTER 2c8d266862fb43beabf42a549cec05fd (127.23.102.4) added. New config: { opid_index: 2 OBSOLETE_local: false peers { permanent_uuid: "a4ccf8117b9641628debbb4fb6a36ce1" member_type: VOTER last_known_addr { host: "127.23.102.1" port: 44321 } } peers { permanent_uuid: "ebe9fd04474c4f04861d228ad115af39" member_type: VOTER last_known_addr { host: "127.23.102.2" port: 40697 } } peers { permanent_uuid: "bece2813a2694ff5801dc13ae79d79fd" member_type: VOTER last_known_addr { host: "127.23.102.3" port: 37453 } attrs { replace: true } } peers { permanent_uuid: "2c8d266862fb43beabf42a549cec05fd" member_type: NON_VOTER last_known_addr { host: "127.23.102.4" port: 41933 } attrs { promote: true } } }
I20260608 09:53:23.207265 25775 raft_consensus.cc:2955] T ba59a072926e485395bd85ea3e71f912 P ebe9fd04474c4f04861d228ad115af39 [term 1 FOLLOWER]: Committing config change with OpId 1.2: config changed from index -1 to 2, NON_VOTER 2c8d266862fb43beabf42a549cec05fd (127.23.102.4) added. New config: { opid_index: 2 OBSOLETE_local: false peers { permanent_uuid: "a4ccf8117b9641628debbb4fb6a36ce1" member_type: VOTER last_known_addr { host: "127.23.102.1" port: 44321 } } peers { permanent_uuid: "ebe9fd04474c4f04861d228ad115af39" member_type: VOTER last_known_addr { host: "127.23.102.2" port: 40697 } } peers { permanent_uuid: "bece2813a2694ff5801dc13ae79d79fd" member_type: VOTER last_known_addr { host: "127.23.102.3" port: 37453 } attrs { replace: true } } peers { permanent_uuid: "2c8d266862fb43beabf42a549cec05fd" member_type: NON_VOTER last_known_addr { host: "127.23.102.4" port: 41933 } attrs { promote: true } } }
I20260608 09:53:23.219290 25595 catalog_manager.cc:5696] T ba59a072926e485395bd85ea3e71f912 P bece2813a2694ff5801dc13ae79d79fd reported cstate change: config changed from index -1 to 2, NON_VOTER 2c8d266862fb43beabf42a549cec05fd (127.23.102.4) added. New cstate: current_term: 1 leader_uuid: "a4ccf8117b9641628debbb4fb6a36ce1" committed_config { opid_index: 2 OBSOLETE_local: false peers { permanent_uuid: "a4ccf8117b9641628debbb4fb6a36ce1" member_type: VOTER last_known_addr { host: "127.23.102.1" port: 44321 } } peers { permanent_uuid: "ebe9fd04474c4f04861d228ad115af39" member_type: VOTER last_known_addr { host: "127.23.102.2" port: 40697 } } peers { permanent_uuid: "bece2813a2694ff5801dc13ae79d79fd" member_type: VOTER last_known_addr { host: "127.23.102.3" port: 37453 } attrs { replace: true } } peers { permanent_uuid: "2c8d266862fb43beabf42a549cec05fd" member_type: NON_VOTER last_known_addr { host: "127.23.102.4" port: 41933 } attrs { promote: true } } }
I20260608 09:53:23.633512 26018 ts_tablet_manager.cc:933] T ba59a072926e485395bd85ea3e71f912 P 2c8d266862fb43beabf42a549cec05fd: Initiating tablet copy from peer a4ccf8117b9641628debbb4fb6a36ce1 (127.23.102.1:44321)
