I20260608 09:52:32.726007 16059 tablet_replica.cc:333] T b9b3c75dae0743fc805dcf0dd8631142 P c7b5182ae88d453280e3bb66a63bf546: stopping tablet replica
I20260608 09:52:32.726620 16059 raft_consensus.cc:2243] T b9b3c75dae0743fc805dcf0dd8631142 P c7b5182ae88d453280e3bb66a63bf546 [term 1 LEADER]: Raft consensus shutting down.
I20260608 09:52:32.727063 16059 raft_consensus.cc:2272] T b9b3c75dae0743fc805dcf0dd8631142 P c7b5182ae88d453280e3bb66a63bf546 [term 1 FOLLOWER]: Raft consensus is shut down!
I20260608 09:52:32.729794 16059 tablet_replica.cc:333] T 33a4a00ad8914c1fbcaa9aaba61e4da2 P c7b5182ae88d453280e3bb66a63bf546: stopping tablet replica
I20260608 09:52:32.730244 16059 raft_consensus.cc:2243] T 33a4a00ad8914c1fbcaa9aaba61e4da2 P c7b5182ae88d453280e3bb66a63bf546 [term 1 LEADER]: Raft consensus shutting down.
I20260608 09:52:32.730618 16059 raft_consensus.cc:2272] T 33a4a00ad8914c1fbcaa9aaba61e4da2 P c7b5182ae88d453280e3bb66a63bf546 [term 1 FOLLOWER]: Raft consensus is shut down!
I20260608 09:52:32.882051 16059 tablet_server.cc:196] TabletServer@127.15.174.193:0 shutdown complete.
I20260608 09:52:32.891820 16059 tablet_server.cc:179] TabletServer@127.15.174.194:0 shutting down...
I20260608 09:52:32.908311 16059 ts_tablet_manager.cc:1507] Shutting down tablet manager...
I20260608 09:52:32.909148 16059 tablet_replica.cc:333] T a4beac12572c4a48a4562045302033bc P 51f0dbfd64c1426ea5af1f68243d0e30: stopping tablet replica
I20260608 09:52:32.909772 16059 raft_consensus.cc:2243] T a4beac12572c4a48a4562045302033bc P 51f0dbfd64c1426ea5af1f68243d0e30 [term 1 LEADER]: Raft consensus shutting down.
I20260608 09:52:32.910247 16059 raft_consensus.cc:2272] T a4beac12572c4a48a4562045302033bc P 51f0dbfd64c1426ea5af1f68243d0e30 [term 1 FOLLOWER]: Raft consensus is shut down!
I20260608 09:52:32.919550 16059 tablet_server.cc:196] TabletServer@127.15.174.194:0 shutdown complete.
I20260608 09:52:32.927143 16059 tablet_server.cc:179] TabletServer@127.15.174.195:0 shutting down...
I20260608 09:52:32.943233 16059 ts_tablet_manager.cc:1507] Shutting down tablet manager...
I20260608 09:52:32.943994 16059 tablet_replica.cc:333] T 590a9a85dd494b0a8c62b19f2a7572ad P 56b0f41d1d4942ffad0df1c6614c3ea4: stopping tablet replica
I20260608 09:52:32.944579 16059 raft_consensus.cc:2243] T 590a9a85dd494b0a8c62b19f2a7572ad P 56b0f41d1d4942ffad0df1c6614c3ea4 [term 1 LEADER]: Raft consensus shutting down.
I20260608 09:52:32.945112 16059 raft_consensus.cc:2272] T 590a9a85dd494b0a8c62b19f2a7572ad P 56b0f41d1d4942ffad0df1c6614c3ea4 [term 1 FOLLOWER]: Raft consensus is shut down!
I20260608 09:52:32.955284 16059 tablet_server.cc:196] TabletServer@127.15.174.195:0 shutdown complete.
I20260608 09:52:32.963152 16059 master.cc:562] Master@127.15.174.254:33789 shutting down...
I20260608 09:52:33.062988 16059 raft_consensus.cc:2243] T 00000000000000000000000000000000 P 925a4fcd664d4f7da7b869a1295e51f5 [term 1 FOLLOWER]: Raft consensus shutting down.
I20260608 09:52:33.063588 16059 raft_consensus.cc:2272] T 00000000000000000000000000000000 P 925a4fcd664d4f7da7b869a1295e51f5 [term 1 FOLLOWER]: Raft consensus is shut down!
I20260608 09:52:33.063947 16059 tablet_replica.cc:333] T 00000000000000000000000000000000 P 925a4fcd664d4f7da7b869a1295e51f5: stopping tablet replica
I20260608 09:52:33.083369 16059 master.cc:584] Master@127.15.174.254:33789 shutdown complete.
I20260608 09:52:33.094974 16059 master.cc:562] Master@127.15.174.253:43389 shutting down...
I20260608 09:52:33.108599 16059 raft_consensus.cc:2243] T 00000000000000000000000000000000 P e0c3366de39b4f66bb4ebb23f48e9027 [term 1 FOLLOWER]: Raft consensus shutting down.
I20260608 09:52:33.109148 16059 raft_consensus.cc:2272] T 00000000000000000000000000000000 P e0c3366de39b4f66bb4ebb23f48e9027 [term 1 FOLLOWER]: Raft consensus is shut down!
I20260608 09:52:33.109474 16059 tablet_replica.cc:333] T 00000000000000000000000000000000 P e0c3366de39b4f66bb4ebb23f48e9027: stopping tablet replica
I20260608 09:52:33.142390 16059 master.cc:584] Master@127.15.174.253:43389 shutdown complete.
I20260608 09:52:33.152910 16059 master.cc:562] Master@127.15.174.252:34429 shutting down...
W20260608 09:52:33.167567 16207 consensus_peers.cc:597] T 00000000000000000000000000000000 P f2a4057feeed48bb997d5267f848d16e -> Peer e0c3366de39b4f66bb4ebb23f48e9027 (127.15.174.253:43389): Couldn't send request to peer e0c3366de39b4f66bb4ebb23f48e9027. Status: Network error: Client connection negotiation failed: client connection to 127.15.174.253:43389: connect: Connection refused (error 111). This is attempt 1: this message will repeat every 5th retry.
I20260608 09:52:33.175632 16059 raft_consensus.cc:2243] T 00000000000000000000000000000000 P f2a4057feeed48bb997d5267f848d16e [term 1 LEADER]: Raft consensus shutting down.
I20260608 09:52:33.176491 16059 raft_consensus.cc:2272] T 00000000000000000000000000000000 P f2a4057feeed48bb997d5267f848d16e [term 1 FOLLOWER]: Raft consensus is shut down!
I20260608 09:52:33.176788 16059 tablet_replica.cc:333] T 00000000000000000000000000000000 P f2a4057feeed48bb997d5267f848d16e: stopping tablet replica
I20260608 09:52:33.199944 16059 master.cc:584] Master@127.15.174.252:34429 shutdown complete.
[       OK ] AutoRebalancerTest.OnlyLeaderDoesAutoRebalancing (4851 ms)
[ RUN      ] AutoRebalancerTest.AutoRebalancingTurnOffAndOn
I20260608 09:52:33.227602 16059 internal_mini_cluster.cc:156] Creating distributed mini masters. Addrs: 127.15.174.254:44857
I20260608 09:52:33.228788 16059 file_cache.cc:492] Constructed file cache file cache with capacity 419430
W20260608 09:52:33.233626 16604 instance_detector.cc:116] could not retrieve AWS instance metadata: Network error: curl error: HTTP response code said error: The requested URL returned error: 404
W20260608 09:52:33.234670 16605 instance_detector.cc:116] could not retrieve Azure instance metadata: Network error: curl error: HTTP response code said error: The requested URL returned error: 404
W20260608 09:52:33.241155 16607 instance_detector.cc:116] could not retrieve OpenStack instance metadata: Network error: curl error: HTTP response code said error: The requested URL returned error: 404
I20260608 09:52:33.241307 16059 server_base.cc:1061] running on GCE node
I20260608 09:52:33.242170 16059 hybrid_clock.cc:584] initializing the hybrid clock with 'system_unsync' time source
W20260608 09:52:33.242373 16059 system_unsync_time.cc:38] NTP support is disabled. Clock error bounds will not be accurate. This configuration is not suitable for distributed clusters.
I20260608 09:52:33.242552 16059 hybrid_clock.cc:648] HybridClock initialized: now 1780912353242520 us; error 0 us; skew 500 ppm
I20260608 09:52:33.243146 16059 server_base.cc:861] Flag tcmalloc_max_total_thread_cache_bytes is not working since tcmalloc is not enabled.
I20260608 09:52:33.245414 16059 webserver.cc:533] Webserver started at http://127.15.174.254:34473/ using document root <none> and password file <none>
I20260608 09:52:33.245965 16059 fs_manager.cc:362] Metadata directory not provided
I20260608 09:52:33.246156 16059 fs_manager.cc:368] Using write-ahead log directory (fs_wal_dir) as metadata directory
I20260608 09:52:33.246434 16059 server_base.cc:909] This appears to be a new deployment of Kudu; creating new FS layout
I20260608 09:52:33.247514 16059 fs_manager.cc:1068] Generated new instance metadata in path /tmp/dist-test-taskvx7rba/test-tmp/auto_rebalancer-test.0.AutoRebalancerTest.AutoRebalancingTurnOffAndOn.1780912348206387-16059-0/minicluster-data/master-0-root/instance:
uuid: "72982a43e22b49edb9a926f0e360180b"
format_stamp: "Formatted at 2026-06-08 09:52:33 on dist-test-slave-tf21"
I20260608 09:52:33.252121 16059 fs_manager.cc:696] Time spent creating directory manager: real 0.004s	user 0.005s	sys 0.000s
I20260608 09:52:33.255566 16612 log_block_manager.cc:4031] Time spent loading block containers with low live blocks: real 0.000s	user 0.000s	sys 0.000s
I20260608 09:52:33.256333 16059 fs_manager.cc:730] Time spent opening block manager: real 0.002s	user 0.000s	sys 0.001s
I20260608 09:52:33.256646 16059 fs_manager.cc:647] Opened local filesystem: /tmp/dist-test-taskvx7rba/test-tmp/auto_rebalancer-test.0.AutoRebalancerTest.AutoRebalancingTurnOffAndOn.1780912348206387-16059-0/minicluster-data/master-0-root
uuid: "72982a43e22b49edb9a926f0e360180b"
format_stamp: "Formatted at 2026-06-08 09:52:33 on dist-test-slave-tf21"
I20260608 09:52:33.256945 16059 fs_report.cc:389] FS layout report
--------------------
wal directory: /tmp/dist-test-taskvx7rba/test-tmp/auto_rebalancer-test.0.AutoRebalancerTest.AutoRebalancingTurnOffAndOn.1780912348206387-16059-0/minicluster-data/master-0-root
metadata directory: /tmp/dist-test-taskvx7rba/test-tmp/auto_rebalancer-test.0.AutoRebalancerTest.AutoRebalancingTurnOffAndOn.1780912348206387-16059-0/minicluster-data/master-0-root
1 data directories: /tmp/dist-test-taskvx7rba/test-tmp/auto_rebalancer-test.0.AutoRebalancerTest.AutoRebalancingTurnOffAndOn.1780912348206387-16059-0/minicluster-data/master-0-root/data
Total live blocks: 0
Total live bytes: 0
Total live bytes (after alignment): 0
Total number of LBM containers: 0 (0 full)
Did not check for missing blocks
Did not check for orphaned blocks
Total full LBM containers with extra space: 0 (0 repaired)
Total full LBM container extra space in bytes: 0 (0 repaired)
Total incomplete LBM containers: 0 (0 repaired)
Total LBM partial records: 0 (0 repaired)
Total corrupted LBM metadata records in RocksDB: 0 (0 repaired)
I20260608 09:52:33.266364 16059 rpc_server.cc:225] running with OpenSSL 1.1.1  11 Sep 2018
I20260608 09:52:33.267398 16059 kserver.cc:163] Server-wide thread pool size limit: 3276
I20260608 09:52:33.303399 16059 rpc_server.cc:307] RPC server started. Bound to: 127.15.174.254:44857
I20260608 09:52:33.303512 16663 acceptor_pool.cc:272] collecting diagnostics on the listening RPC socket 127.15.174.254:44857 every 8 connection(s)
I20260608 09:52:33.307727 16664 data_dirs.cc:400] Could only allocate 1 dirs of requested 3 for tablet 00000000000000000000000000000000. 1 dirs total, 0 dirs full, 0 dirs failed
I20260608 09:52:33.317354 16664 tablet_bootstrap.cc:492] T 00000000000000000000000000000000 P 72982a43e22b49edb9a926f0e360180b: Bootstrap starting.
I20260608 09:52:33.322150 16664 tablet_bootstrap.cc:654] T 00000000000000000000000000000000 P 72982a43e22b49edb9a926f0e360180b: Neither blocks nor log segments found. Creating new log.
I20260608 09:52:33.326421 16664 tablet_bootstrap.cc:492] T 00000000000000000000000000000000 P 72982a43e22b49edb9a926f0e360180b: No bootstrap required, opened a new log
I20260608 09:52:33.328583 16664 raft_consensus.cc:359] T 00000000000000000000000000000000 P 72982a43e22b49edb9a926f0e360180b [term 0 FOLLOWER]: Replica starting. Triggering 0 pending ops. Active config: opid_index: -1 OBSOLETE_local: true peers { permanent_uuid: "72982a43e22b49edb9a926f0e360180b" member_type: VOTER }
I20260608 09:52:33.329022 16664 raft_consensus.cc:385] T 00000000000000000000000000000000 P 72982a43e22b49edb9a926f0e360180b [term 0 FOLLOWER]: Consensus starting up: Expiring failure detector timer to make a prompt election more likely
I20260608 09:52:33.329277 16664 raft_consensus.cc:740] T 00000000000000000000000000000000 P 72982a43e22b49edb9a926f0e360180b [term 0 FOLLOWER]: Becoming Follower/Learner. State: Replica: 72982a43e22b49edb9a926f0e360180b, State: Initialized, Role: FOLLOWER
I20260608 09:52:33.330039 16664 consensus_queue.cc:260] T 00000000000000000000000000000000 P 72982a43e22b49edb9a926f0e360180b [NON_LEADER]: Queue going to NON_LEADER mode. State: All replicated index: 0, Majority replicated index: 0, Committed index: 0, Last appended: 0.0, Last appended by leader: 0, Current term: 0, Majority size: -1, State: 0, Mode: NON_LEADER, active raft config: opid_index: -1 OBSOLETE_local: true peers { permanent_uuid: "72982a43e22b49edb9a926f0e360180b" member_type: VOTER }
I20260608 09:52:33.330559 16664 raft_consensus.cc:399] T 00000000000000000000000000000000 P 72982a43e22b49edb9a926f0e360180b [term 0 FOLLOWER]: Only one voter in the Raft config. Triggering election immediately
I20260608 09:52:33.330811 16664 raft_consensus.cc:493] T 00000000000000000000000000000000 P 72982a43e22b49edb9a926f0e360180b [term 0 FOLLOWER]: Starting leader election (initial election of a single-replica configuration)
I20260608 09:52:33.331113 16664 raft_consensus.cc:3060] T 00000000000000000000000000000000 P 72982a43e22b49edb9a926f0e360180b [term 0 FOLLOWER]: Advancing to term 1
I20260608 09:52:33.335464 16664 raft_consensus.cc:515] T 00000000000000000000000000000000 P 72982a43e22b49edb9a926f0e360180b [term 1 FOLLOWER]: Starting leader election with config: opid_index: -1 OBSOLETE_local: true peers { permanent_uuid: "72982a43e22b49edb9a926f0e360180b" member_type: VOTER }
I20260608 09:52:33.336072 16664 leader_election.cc:304] T 00000000000000000000000000000000 P 72982a43e22b49edb9a926f0e360180b [CANDIDATE]: Term 1 election: Election decided. Result: candidate won. Election summary: received 1 responses out of 1 voters: 1 yes votes; 0 no votes. yes voters: 72982a43e22b49edb9a926f0e360180b; no voters: 
I20260608 09:52:33.337472 16664 leader_election.cc:290] T 00000000000000000000000000000000 P 72982a43e22b49edb9a926f0e360180b [CANDIDATE]: Term 1 election: Requested vote from peers 
I20260608 09:52:33.337880 16667 raft_consensus.cc:2804] T 00000000000000000000000000000000 P 72982a43e22b49edb9a926f0e360180b [term 1 FOLLOWER]: Leader election won for term 1
I20260608 09:52:33.339218 16667 raft_consensus.cc:697] T 00000000000000000000000000000000 P 72982a43e22b49edb9a926f0e360180b [term 1 LEADER]: Becoming Leader. State: Replica: 72982a43e22b49edb9a926f0e360180b, State: Running, Role: LEADER
I20260608 09:52:33.339944 16667 consensus_queue.cc:237] T 00000000000000000000000000000000 P 72982a43e22b49edb9a926f0e360180b [LEADER]: Queue going to LEADER mode. State: All replicated index: 0, Majority replicated index: 0, Committed index: 0, Last appended: 0.0, Last appended by leader: 0, Current term: 1, Majority size: 1, State: 0, Mode: LEADER, active raft config: opid_index: -1 OBSOLETE_local: true peers { permanent_uuid: "72982a43e22b49edb9a926f0e360180b" member_type: VOTER }
I20260608 09:52:33.340716 16664 sys_catalog.cc:565] T 00000000000000000000000000000000 P 72982a43e22b49edb9a926f0e360180b [sys.catalog]: configured and running, proceeding with master startup.
I20260608 09:52:33.344589 16669 sys_catalog.cc:455] T 00000000000000000000000000000000 P 72982a43e22b49edb9a926f0e360180b [sys.catalog]: SysCatalogTable state changed. Reason: New leader 72982a43e22b49edb9a926f0e360180b. Latest consensus state: current_term: 1 leader_uuid: "72982a43e22b49edb9a926f0e360180b" committed_config { opid_index: -1 OBSOLETE_local: true peers { permanent_uuid: "72982a43e22b49edb9a926f0e360180b" member_type: VOTER } }
I20260608 09:52:33.345407 16669 sys_catalog.cc:458] T 00000000000000000000000000000000 P 72982a43e22b49edb9a926f0e360180b [sys.catalog]: This master's current role is: LEADER
I20260608 09:52:33.346496 16668 sys_catalog.cc:455] T 00000000000000000000000000000000 P 72982a43e22b49edb9a926f0e360180b [sys.catalog]: SysCatalogTable state changed. Reason: RaftConsensus started. Latest consensus state: current_term: 1 leader_uuid: "72982a43e22b49edb9a926f0e360180b" committed_config { opid_index: -1 OBSOLETE_local: true peers { permanent_uuid: "72982a43e22b49edb9a926f0e360180b" member_type: VOTER } }
I20260608 09:52:33.347119 16668 sys_catalog.cc:458] T 00000000000000000000000000000000 P 72982a43e22b49edb9a926f0e360180b [sys.catalog]: This master's current role is: LEADER
I20260608 09:52:33.348790 16674 catalog_manager.cc:1510] Loading table and tablet metadata into memory...
I20260608 09:52:33.354053 16674 catalog_manager.cc:1519] Initializing Kudu cluster ID...
I20260608 09:52:33.356671 16059 internal_mini_cluster.cc:184] Waiting to initialize catalog manager on master 0
I20260608 09:52:33.363303 16674 catalog_manager.cc:1382] Generated new cluster ID: c8028942d25e433c936067e2fcb3c86c
I20260608 09:52:33.363610 16674 catalog_manager.cc:1530] Initializing Kudu internal certificate authority...
I20260608 09:52:33.384841 16674 catalog_manager.cc:1405] Generated new certificate authority record
I20260608 09:52:33.386154 16674 catalog_manager.cc:1539] Loading token signing keys...
I20260608 09:52:33.400568 16674 catalog_manager.cc:6069] T 00000000000000000000000000000000 P 72982a43e22b49edb9a926f0e360180b: Generated new TSK 0
I20260608 09:52:33.401185 16674 catalog_manager.cc:1549] Initializing in-progress tserver states...
I20260608 09:52:33.423331 16059 file_cache.cc:492] Constructed file cache file cache with capacity 419430
W20260608 09:52:33.429245 16685 instance_detector.cc:116] could not retrieve AWS instance metadata: Network error: curl error: HTTP response code said error: The requested URL returned error: 404
W20260608 09:52:33.430711 16686 instance_detector.cc:116] could not retrieve Azure instance metadata: Network error: curl error: HTTP response code said error: The requested URL returned error: 404
I20260608 09:52:33.433760 16059 server_base.cc:1061] running on GCE node
W20260608 09:52:33.433889 16688 instance_detector.cc:116] could not retrieve OpenStack instance metadata: Network error: curl error: HTTP response code said error: The requested URL returned error: 404
I20260608 09:52:33.434994 16059 hybrid_clock.cc:584] initializing the hybrid clock with 'system_unsync' time source
W20260608 09:52:33.435205 16059 system_unsync_time.cc:38] NTP support is disabled. Clock error bounds will not be accurate. This configuration is not suitable for distributed clusters.
I20260608 09:52:33.435392 16059 hybrid_clock.cc:648] HybridClock initialized: now 1780912353435373 us; error 0 us; skew 500 ppm
I20260608 09:52:33.436007 16059 server_base.cc:861] Flag tcmalloc_max_total_thread_cache_bytes is not working since tcmalloc is not enabled.
I20260608 09:52:33.438360 16059 webserver.cc:533] Webserver started at http://127.15.174.193:38571/ using document root <none> and password file <none>
I20260608 09:52:33.438870 16059 fs_manager.cc:362] Metadata directory not provided
I20260608 09:52:33.439078 16059 fs_manager.cc:368] Using write-ahead log directory (fs_wal_dir) as metadata directory
I20260608 09:52:33.439342 16059 server_base.cc:909] This appears to be a new deployment of Kudu; creating new FS layout
I20260608 09:52:33.440405 16059 fs_manager.cc:1068] Generated new instance metadata in path /tmp/dist-test-taskvx7rba/test-tmp/auto_rebalancer-test.0.AutoRebalancerTest.AutoRebalancingTurnOffAndOn.1780912348206387-16059-0/minicluster-data/ts-0-root/instance:
uuid: "d8d1b4ad2a0a4286aee6a6b9758f9782"
format_stamp: "Formatted at 2026-06-08 09:52:33 on dist-test-slave-tf21"
I20260608 09:52:33.445132 16059 fs_manager.cc:696] Time spent creating directory manager: real 0.004s	user 0.006s	sys 0.000s
I20260608 09:52:33.448571 16693 log_block_manager.cc:4031] Time spent loading block containers with low live blocks: real 0.000s	user 0.000s	sys 0.000s
I20260608 09:52:33.449365 16059 fs_manager.cc:730] Time spent opening block manager: real 0.002s	user 0.002s	sys 0.000s
I20260608 09:52:33.449684 16059 fs_manager.cc:647] Opened local filesystem: /tmp/dist-test-taskvx7rba/test-tmp/auto_rebalancer-test.0.AutoRebalancerTest.AutoRebalancingTurnOffAndOn.1780912348206387-16059-0/minicluster-data/ts-0-root
uuid: "d8d1b4ad2a0a4286aee6a6b9758f9782"
format_stamp: "Formatted at 2026-06-08 09:52:33 on dist-test-slave-tf21"
I20260608 09:52:33.450064 16059 fs_report.cc:389] FS layout report
--------------------
wal directory: /tmp/dist-test-taskvx7rba/test-tmp/auto_rebalancer-test.0.AutoRebalancerTest.AutoRebalancingTurnOffAndOn.1780912348206387-16059-0/minicluster-data/ts-0-root
metadata directory: /tmp/dist-test-taskvx7rba/test-tmp/auto_rebalancer-test.0.AutoRebalancerTest.AutoRebalancingTurnOffAndOn.1780912348206387-16059-0/minicluster-data/ts-0-root
1 data directories: /tmp/dist-test-taskvx7rba/test-tmp/auto_rebalancer-test.0.AutoRebalancerTest.AutoRebalancingTurnOffAndOn.1780912348206387-16059-0/minicluster-data/ts-0-root/data
Total live blocks: 0
Total live bytes: 0
Total live bytes (after alignment): 0
Total number of LBM containers: 0 (0 full)
Did not check for missing blocks
Did not check for orphaned blocks
Total full LBM containers with extra space: 0 (0 repaired)
Total full LBM container extra space in bytes: 0 (0 repaired)
Total incomplete LBM containers: 0 (0 repaired)
Total LBM partial records: 0 (0 repaired)
Total corrupted LBM metadata records in RocksDB: 0 (0 repaired)
I20260608 09:52:33.476904 16059 rpc_server.cc:225] running with OpenSSL 1.1.1  11 Sep 2018
I20260608 09:52:33.478050 16059 kserver.cc:163] Server-wide thread pool size limit: 3276
I20260608 09:52:33.479518 16059 txn_system_client.cc:432] TxnSystemClient initialization is disabled...
I20260608 09:52:33.482015 16059 ts_tablet_manager.cc:585] Loaded tablet metadata (0 total tablets, 0 live tablets)
I20260608 09:52:33.482239 16059 ts_tablet_manager.cc:531] Time spent load tablet metadata: real 0.000s	user 0.000s	sys 0.000s
I20260608 09:52:33.482488 16059 ts_tablet_manager.cc:616] Registered 0 tablets
I20260608 09:52:33.482661 16059 ts_tablet_manager.cc:595] Time spent register tablets: real 0.000s	user 0.000s	sys 0.000s
I20260608 09:52:33.521858 16059 rpc_server.cc:307] RPC server started. Bound to: 127.15.174.193:45375
I20260608 09:52:33.521958 16755 acceptor_pool.cc:272] collecting diagnostics on the listening RPC socket 127.15.174.193:45375 every 8 connection(s)
I20260608 09:52:33.527124 16059 file_cache.cc:492] Constructed file cache file cache with capacity 419430
W20260608 09:52:33.534619 16760 instance_detector.cc:116] could not retrieve AWS instance metadata: Network error: curl error: HTTP response code said error: The requested URL returned error: 404
W20260608 09:52:33.535184 16761 instance_detector.cc:116] could not retrieve Azure instance metadata: Network error: curl error: HTTP response code said error: The requested URL returned error: 404
I20260608 09:52:33.537949 16059 server_base.cc:1061] running on GCE node
W20260608 09:52:33.539044 16764 instance_detector.cc:116] could not retrieve OpenStack instance metadata: Network error: curl error: HTTP response code said error: The requested URL returned error: 404
I20260608 09:52:33.539986 16059 hybrid_clock.cc:584] initializing the hybrid clock with 'system_unsync' time source
W20260608 09:52:33.540319 16059 system_unsync_time.cc:38] NTP support is disabled. Clock error bounds will not be accurate. This configuration is not suitable for distributed clusters.
I20260608 09:52:33.540548 16059 hybrid_clock.cc:648] HybridClock initialized: now 1780912353540526 us; error 0 us; skew 500 ppm
I20260608 09:52:33.540906 16756 heartbeater.cc:344] Connected to a master server at 127.15.174.254:44857
I20260608 09:52:33.541325 16756 heartbeater.cc:461] Registering TS with master...
I20260608 09:52:33.541363 16059 server_base.cc:861] Flag tcmalloc_max_total_thread_cache_bytes is not working since tcmalloc is not enabled.
I20260608 09:52:33.542495 16756 heartbeater.cc:507] Master 127.15.174.254:44857 requested a full tablet report, sending...
I20260608 09:52:33.544405 16059 webserver.cc:533] Webserver started at http://127.15.174.194:37803/ using document root <none> and password file <none>
I20260608 09:52:33.545145 16059 fs_manager.cc:362] Metadata directory not provided
I20260608 09:52:33.545220 16629 ts_manager.cc:194] Registered new tserver with Master: d8d1b4ad2a0a4286aee6a6b9758f9782 (127.15.174.193:45375)
I20260608 09:52:33.545482 16059 fs_manager.cc:368] Using write-ahead log directory (fs_wal_dir) as metadata directory
I20260608 09:52:33.545904 16059 server_base.cc:909] This appears to be a new deployment of Kudu; creating new FS layout
I20260608 09:52:33.547369 16059 fs_manager.cc:1068] Generated new instance metadata in path /tmp/dist-test-taskvx7rba/test-tmp/auto_rebalancer-test.0.AutoRebalancerTest.AutoRebalancingTurnOffAndOn.1780912348206387-16059-0/minicluster-data/ts-1-root/instance:
uuid: "eee77d82397c4d73b952197fbd7c32c4"
format_stamp: "Formatted at 2026-06-08 09:52:33 on dist-test-slave-tf21"
I20260608 09:52:33.547866 16629 master_service.cc:502] Signed X509 certificate for tserver {username='slave'} at 127.0.0.1:50108
I20260608 09:52:33.553047 16059 fs_manager.cc:696] Time spent creating directory manager: real 0.005s	user 0.007s	sys 0.000s
I20260608 09:52:33.556708 16768 log_block_manager.cc:4031] Time spent loading block containers with low live blocks: real 0.000s	user 0.000s	sys 0.000s
I20260608 09:52:33.557581 16059 fs_manager.cc:730] Time spent opening block manager: real 0.002s	user 0.002s	sys 0.000s
I20260608 09:52:33.557958 16059 fs_manager.cc:647] Opened local filesystem: /tmp/dist-test-taskvx7rba/test-tmp/auto_rebalancer-test.0.AutoRebalancerTest.AutoRebalancingTurnOffAndOn.1780912348206387-16059-0/minicluster-data/ts-1-root
uuid: "eee77d82397c4d73b952197fbd7c32c4"
format_stamp: "Formatted at 2026-06-08 09:52:33 on dist-test-slave-tf21"
I20260608 09:52:33.558272 16059 fs_report.cc:389] FS layout report
--------------------
wal directory: /tmp/dist-test-taskvx7rba/test-tmp/auto_rebalancer-test.0.AutoRebalancerTest.AutoRebalancingTurnOffAndOn.1780912348206387-16059-0/minicluster-data/ts-1-root
metadata directory: /tmp/dist-test-taskvx7rba/test-tmp/auto_rebalancer-test.0.AutoRebalancerTest.AutoRebalancingTurnOffAndOn.1780912348206387-16059-0/minicluster-data/ts-1-root
1 data directories: /tmp/dist-test-taskvx7rba/test-tmp/auto_rebalancer-test.0.AutoRebalancerTest.AutoRebalancingTurnOffAndOn.1780912348206387-16059-0/minicluster-data/ts-1-root/data
Total live blocks: 0
Total live bytes: 0
Total live bytes (after alignment): 0
Total number of LBM containers: 0 (0 full)
Did not check for missing blocks
Did not check for orphaned blocks
Total full LBM containers with extra space: 0 (0 repaired)
Total full LBM container extra space in bytes: 0 (0 repaired)
Total incomplete LBM containers: 0 (0 repaired)
Total LBM partial records: 0 (0 repaired)
Total corrupted LBM metadata records in RocksDB: 0 (0 repaired)
I20260608 09:52:33.570976 16059 rpc_server.cc:225] running with OpenSSL 1.1.1  11 Sep 2018
I20260608 09:52:33.572033 16059 kserver.cc:163] Server-wide thread pool size limit: 3276
I20260608 09:52:33.573458 16059 txn_system_client.cc:432] TxnSystemClient initialization is disabled...
I20260608 09:52:33.575912 16059 ts_tablet_manager.cc:585] Loaded tablet metadata (0 total tablets, 0 live tablets)
I20260608 09:52:33.576221 16059 ts_tablet_manager.cc:531] Time spent load tablet metadata: real 0.000s	user 0.000s	sys 0.000s
I20260608 09:52:33.576524 16059 ts_tablet_manager.cc:616] Registered 0 tablets
I20260608 09:52:33.576691 16059 ts_tablet_manager.cc:595] Time spent register tablets: real 0.000s	user 0.000s	sys 0.000s
I20260608 09:52:33.614519 16059 rpc_server.cc:307] RPC server started. Bound to: 127.15.174.194:43835
I20260608 09:52:33.614629 16830 acceptor_pool.cc:272] collecting diagnostics on the listening RPC socket 127.15.174.194:43835 every 8 connection(s)
I20260608 09:52:33.619887 16059 file_cache.cc:492] Constructed file cache file cache with capacity 419430
W20260608 09:52:33.627800 16834 instance_detector.cc:116] could not retrieve AWS instance metadata: Network error: curl error: HTTP response code said error: The requested URL returned error: 404
W20260608 09:52:33.629186 16835 instance_detector.cc:116] could not retrieve Azure instance metadata: Network error: curl error: HTTP response code said error: The requested URL returned error: 404
W20260608 09:52:33.632081 16837 instance_detector.cc:116] could not retrieve OpenStack instance metadata: Network error: curl error: HTTP response code said error: The requested URL returned error: 404
I20260608 09:52:33.633347 16831 heartbeater.cc:344] Connected to a master server at 127.15.174.254:44857
I20260608 09:52:33.633827 16831 heartbeater.cc:461] Registering TS with master...
I20260608 09:52:33.634315 16059 server_base.cc:1061] running on GCE node
I20260608 09:52:33.634850 16831 heartbeater.cc:507] Master 127.15.174.254:44857 requested a full tablet report, sending...
I20260608 09:52:33.635181 16059 hybrid_clock.cc:584] initializing the hybrid clock with 'system_unsync' time source
W20260608 09:52:33.635419 16059 system_unsync_time.cc:38] NTP support is disabled. Clock error bounds will not be accurate. This configuration is not suitable for distributed clusters.
I20260608 09:52:33.635592 16059 hybrid_clock.cc:648] HybridClock initialized: now 1780912353635560 us; error 0 us; skew 500 ppm
I20260608 09:52:33.636358 16059 server_base.cc:861] Flag tcmalloc_max_total_thread_cache_bytes is not working since tcmalloc is not enabled.
I20260608 09:52:33.637164 16629 ts_manager.cc:194] Registered new tserver with Master: eee77d82397c4d73b952197fbd7c32c4 (127.15.174.194:43835)
I20260608 09:52:33.638936 16629 master_service.cc:502] Signed X509 certificate for tserver {username='slave'} at 127.0.0.1:50122
I20260608 09:52:33.639334 16059 webserver.cc:533] Webserver started at http://127.15.174.195:39235/ using document root <none> and password file <none>
I20260608 09:52:33.639956 16059 fs_manager.cc:362] Metadata directory not provided
I20260608 09:52:33.640204 16059 fs_manager.cc:368] Using write-ahead log directory (fs_wal_dir) as metadata directory
I20260608 09:52:33.640529 16059 server_base.cc:909] This appears to be a new deployment of Kudu; creating new FS layout
I20260608 09:52:33.641616 16059 fs_manager.cc:1068] Generated new instance metadata in path /tmp/dist-test-taskvx7rba/test-tmp/auto_rebalancer-test.0.AutoRebalancerTest.AutoRebalancingTurnOffAndOn.1780912348206387-16059-0/minicluster-data/ts-2-root/instance:
uuid: "12de1b74a31d4816bdeed0f0ccc7689b"
format_stamp: "Formatted at 2026-06-08 09:52:33 on dist-test-slave-tf21"
I20260608 09:52:33.646209 16059 fs_manager.cc:696] Time spent creating directory manager: real 0.004s	user 0.004s	sys 0.000s
I20260608 09:52:33.649607 16842 log_block_manager.cc:4031] Time spent loading block containers with low live blocks: real 0.000s	user 0.000s	sys 0.000s
I20260608 09:52:33.650522 16059 fs_manager.cc:730] Time spent opening block manager: real 0.002s	user 0.002s	sys 0.001s
I20260608 09:52:33.650905 16059 fs_manager.cc:647] Opened local filesystem: /tmp/dist-test-taskvx7rba/test-tmp/auto_rebalancer-test.0.AutoRebalancerTest.AutoRebalancingTurnOffAndOn.1780912348206387-16059-0/minicluster-data/ts-2-root
uuid: "12de1b74a31d4816bdeed0f0ccc7689b"
format_stamp: "Formatted at 2026-06-08 09:52:33 on dist-test-slave-tf21"
I20260608 09:52:33.651199 16059 fs_report.cc:389] FS layout report
--------------------
wal directory: /tmp/dist-test-taskvx7rba/test-tmp/auto_rebalancer-test.0.AutoRebalancerTest.AutoRebalancingTurnOffAndOn.1780912348206387-16059-0/minicluster-data/ts-2-root
metadata directory: /tmp/dist-test-taskvx7rba/test-tmp/auto_rebalancer-test.0.AutoRebalancerTest.AutoRebalancingTurnOffAndOn.1780912348206387-16059-0/minicluster-data/ts-2-root
1 data directories: /tmp/dist-test-taskvx7rba/test-tmp/auto_rebalancer-test.0.AutoRebalancerTest.AutoRebalancingTurnOffAndOn.1780912348206387-16059-0/minicluster-data/ts-2-root/data
Total live blocks: 0
Total live bytes: 0
Total live bytes (after alignment): 0
Total number of LBM containers: 0 (0 full)
Did not check for missing blocks
Did not check for orphaned blocks
Total full LBM containers with extra space: 0 (0 repaired)
Total full LBM container extra space in bytes: 0 (0 repaired)
Total incomplete LBM containers: 0 (0 repaired)
Total LBM partial records: 0 (0 repaired)
Total corrupted LBM metadata records in RocksDB: 0 (0 repaired)
I20260608 09:52:33.667665 16059 rpc_server.cc:225] running with OpenSSL 1.1.1  11 Sep 2018
I20260608 09:52:33.668787 16059 kserver.cc:163] Server-wide thread pool size limit: 3276
I20260608 09:52:33.670317 16059 txn_system_client.cc:432] TxnSystemClient initialization is disabled...
I20260608 09:52:33.672645 16059 ts_tablet_manager.cc:585] Loaded tablet metadata (0 total tablets, 0 live tablets)
I20260608 09:52:33.672879 16059 ts_tablet_manager.cc:531] Time spent load tablet metadata: real 0.000s	user 0.000s	sys 0.000s
I20260608 09:52:33.673121 16059 ts_tablet_manager.cc:616] Registered 0 tablets
I20260608 09:52:33.673295 16059 ts_tablet_manager.cc:595] Time spent register tablets: real 0.000s	user 0.000s	sys 0.000s
I20260608 09:52:33.710704 16059 rpc_server.cc:307] RPC server started. Bound to: 127.15.174.195:39103
I20260608 09:52:33.710824 16904 acceptor_pool.cc:272] collecting diagnostics on the listening RPC socket 127.15.174.195:39103 every 8 connection(s)
I20260608 09:52:33.724478 16905 heartbeater.cc:344] Connected to a master server at 127.15.174.254:44857
I20260608 09:52:33.724891 16905 heartbeater.cc:461] Registering TS with master...
I20260608 09:52:33.725674 16905 heartbeater.cc:507] Master 127.15.174.254:44857 requested a full tablet report, sending...
I20260608 09:52:33.727614 16629 ts_manager.cc:194] Registered new tserver with Master: 12de1b74a31d4816bdeed0f0ccc7689b (127.15.174.195:39103)
I20260608 09:52:33.728619 16059 internal_mini_cluster.cc:371] 3 TS(s) registered with all masters after 0.014437079s
I20260608 09:52:33.728986 16629 master_service.cc:502] Signed X509 certificate for tserver {username='slave'} at 127.0.0.1:50136
I20260608 09:52:34.550945 16756 heartbeater.cc:499] Master 127.15.174.254:44857 was elected leader, sending a full tablet report...
I20260608 09:52:34.641633 16831 heartbeater.cc:499] Master 127.15.174.254:44857 was elected leader, sending a full tablet report...
I20260608 09:52:34.731638 16905 heartbeater.cc:499] Master 127.15.174.254:44857 was elected leader, sending a full tablet report...
I20260608 09:52:34.786183 16629 catalog_manager.cc:2282] Servicing CreateTable request from {username='slave'} at 127.0.0.1:50152:
name: "test-workload"
schema {
  columns {
    name: "key"
    type: INT32
    is_key: true
    is_nullable: false
    encoding: AUTO_ENCODING
    compression: DEFAULT_COMPRESSION
    cfile_block_size: 0
    immutable: false
  }
  columns {
    name: "int_val"
    type: INT32
    is_key: false
    is_nullable: false
    encoding: AUTO_ENCODING
    compression: DEFAULT_COMPRESSION
    cfile_block_size: 0
    immutable: false
  }
  columns {
    name: "string_val"
    type: STRING
    is_key: false
    is_nullable: true
    encoding: AUTO_ENCODING
    compression: DEFAULT_COMPRESSION
    cfile_block_size: 0
    immutable: false
  }
}
num_replicas: 3
split_rows_range_bounds {
  rows: "\004\001\000\377\377\377\017\004\001\000\376\377\377\037\004\001\000\375\377\377/\004\001\000\374\377\377?\004\001\000\373\377\377O\004\001\000\372\377\377_\004\001\000\371\377\377o""\004\001\000\377\377\377\017\004\001\000\376\377\377\037\004\001\000\375\377\377/\004\001\000\374\377\377?\004\001\000\373\377\377O\004\001\000\372\377\377_\004\001\000\371\377\377o"
  indirect_data: """"
}
partition_schema {
  range_schema {
    columns {
      name: "key"
    }
  }
}
W20260608 09:52:34.788898 16629 catalog_manager.cc:7076] The number of live tablet servers is not enough to re-replicate a tablet replica of the newly created table test-workload in case of a server failure: 4 tablet servers would be needed, 3 are available. Consider bringing up more tablet servers.
I20260608 09:52:34.871327 16870 tablet_service.cc:1511] Processing CreateTablet for tablet 54f32333429248a7a6602a6ecc96c540 (DEFAULT_TABLE table=test-workload [id=3c35c72b0e724339a99eab835426561e]), partition=RANGE (key) PARTITION VALUES < 268435455
I20260608 09:52:34.872896 16870 data_dirs.cc:400] Could only allocate 1 dirs of requested 3 for tablet 54f32333429248a7a6602a6ecc96c540. 1 dirs total, 0 dirs full, 0 dirs failed
I20260608 09:52:34.873039 16867 tablet_service.cc:1511] Processing CreateTablet for tablet 121856bbbce746e1b33fe228a9007be3 (DEFAULT_TABLE table=test-workload [id=3c35c72b0e724339a99eab835426561e]), partition=RANGE (key) PARTITION 805306365 <= VALUES < 1073741820
I20260608 09:52:34.874581 16867 data_dirs.cc:400] Could only allocate 1 dirs of requested 3 for tablet 121856bbbce746e1b33fe228a9007be3. 1 dirs total, 0 dirs full, 0 dirs failed
I20260608 09:52:34.875067 16795 tablet_service.cc:1511] Processing CreateTablet for tablet 234bc0bfeaa148c18b66533eda629f5e (DEFAULT_TABLE table=test-workload [id=3c35c72b0e724339a99eab835426561e]), partition=RANGE (key) PARTITION 268435455 <= VALUES < 536870910
I20260608 09:52:34.876505 16795 data_dirs.cc:400] Could only allocate 1 dirs of requested 3 for tablet 234bc0bfeaa148c18b66533eda629f5e. 1 dirs total, 0 dirs full, 0 dirs failed
I20260608 09:52:34.879061 16794 tablet_service.cc:1511] Processing CreateTablet for tablet eb5e43ef93a14795864dd256743f2b8a (DEFAULT_TABLE table=test-workload [id=3c35c72b0e724339a99eab835426561e]), partition=RANGE (key) PARTITION 536870910 <= VALUES < 805306365
I20260608 09:52:34.880677 16794 data_dirs.cc:400] Could only allocate 1 dirs of requested 3 for tablet eb5e43ef93a14795864dd256743f2b8a. 1 dirs total, 0 dirs full, 0 dirs failed
I20260608 09:52:34.880402 16869 tablet_service.cc:1511] Processing CreateTablet for tablet 234bc0bfeaa148c18b66533eda629f5e (DEFAULT_TABLE table=test-workload [id=3c35c72b0e724339a99eab835426561e]), partition=RANGE (key) PARTITION 268435455 <= VALUES < 536870910
I20260608 09:52:34.880883 16793 tablet_service.cc:1511] Processing CreateTablet for tablet 121856bbbce746e1b33fe228a9007be3 (DEFAULT_TABLE table=test-workload [id=3c35c72b0e724339a99eab835426561e]), partition=RANGE (key) PARTITION 805306365 <= VALUES < 1073741820
I20260608 09:52:34.881876 16869 data_dirs.cc:400] Could only allocate 1 dirs of requested 3 for tablet 234bc0bfeaa148c18b66533eda629f5e. 1 dirs total, 0 dirs full, 0 dirs failed
I20260608 09:52:34.882383 16793 data_dirs.cc:400] Could only allocate 1 dirs of requested 3 for tablet 121856bbbce746e1b33fe228a9007be3. 1 dirs total, 0 dirs full, 0 dirs failed
I20260608 09:52:34.879084 16868 tablet_service.cc:1511] Processing CreateTablet for tablet eb5e43ef93a14795864dd256743f2b8a (DEFAULT_TABLE table=test-workload [id=3c35c72b0e724339a99eab835426561e]), partition=RANGE (key) PARTITION 536870910 <= VALUES < 805306365
I20260608 09:52:34.889101 16868 data_dirs.cc:400] Could only allocate 1 dirs of requested 3 for tablet eb5e43ef93a14795864dd256743f2b8a. 1 dirs total, 0 dirs full, 0 dirs failed
I20260608 09:52:34.873080 16796 tablet_service.cc:1511] Processing CreateTablet for tablet 54f32333429248a7a6602a6ecc96c540 (DEFAULT_TABLE table=test-workload [id=3c35c72b0e724339a99eab835426561e]), partition=RANGE (key) PARTITION VALUES < 268435455
I20260608 09:52:34.894567 16796 data_dirs.cc:400] Could only allocate 1 dirs of requested 3 for tablet 54f32333429248a7a6602a6ecc96c540. 1 dirs total, 0 dirs full, 0 dirs failed
I20260608 09:52:34.897826 16721 tablet_service.cc:1511] Processing CreateTablet for tablet 54f32333429248a7a6602a6ecc96c540 (DEFAULT_TABLE table=test-workload [id=3c35c72b0e724339a99eab835426561e]), partition=RANGE (key) PARTITION VALUES < 268435455
I20260608 09:52:34.898478 16720 tablet_service.cc:1511] Processing CreateTablet for tablet 234bc0bfeaa148c18b66533eda629f5e (DEFAULT_TABLE table=test-workload [id=3c35c72b0e724339a99eab835426561e]), partition=RANGE (key) PARTITION 268435455 <= VALUES < 536870910
I20260608 09:52:34.899318 16721 data_dirs.cc:400] Could only allocate 1 dirs of requested 3 for tablet 54f32333429248a7a6602a6ecc96c540. 1 dirs total, 0 dirs full, 0 dirs failed
I20260608 09:52:34.902088 16720 data_dirs.cc:400] Could only allocate 1 dirs of requested 3 for tablet 234bc0bfeaa148c18b66533eda629f5e. 1 dirs total, 0 dirs full, 0 dirs failed
I20260608 09:52:34.913705 16719 tablet_service.cc:1511] Processing CreateTablet for tablet eb5e43ef93a14795864dd256743f2b8a (DEFAULT_TABLE table=test-workload [id=3c35c72b0e724339a99eab835426561e]), partition=RANGE (key) PARTITION 536870910 <= VALUES < 805306365
I20260608 09:52:34.915315 16719 data_dirs.cc:400] Could only allocate 1 dirs of requested 3 for tablet eb5e43ef93a14795864dd256743f2b8a. 1 dirs total, 0 dirs full, 0 dirs failed
I20260608 09:52:34.915176 16792 tablet_service.cc:1511] Processing CreateTablet for tablet b4fea1660dc445f4b010ef10402a2a0a (DEFAULT_TABLE table=test-workload [id=3c35c72b0e724339a99eab835426561e]), partition=RANGE (key) PARTITION 1073741820 <= VALUES < 1342177275
I20260608 09:52:34.916646 16792 data_dirs.cc:400] Could only allocate 1 dirs of requested 3 for tablet b4fea1660dc445f4b010ef10402a2a0a. 1 dirs total, 0 dirs full, 0 dirs failed
I20260608 09:52:34.917137 16867 tablet_service.cc:1511] Processing CreateTablet for tablet b4fea1660dc445f4b010ef10402a2a0a (DEFAULT_TABLE table=test-workload [id=3c35c72b0e724339a99eab835426561e]), partition=RANGE (key) PARTITION 1073741820 <= VALUES < 1342177275
I20260608 09:52:34.918987 16867 data_dirs.cc:400] Could only allocate 1 dirs of requested 3 for tablet b4fea1660dc445f4b010ef10402a2a0a. 1 dirs total, 0 dirs full, 0 dirs failed
I20260608 09:52:34.937644 16796 tablet_service.cc:1511] Processing CreateTablet for tablet 4194e436b4164300b4d41d587c460c71 (DEFAULT_TABLE table=test-workload [id=3c35c72b0e724339a99eab835426561e]), partition=RANGE (key) PARTITION 1342177275 <= VALUES < 1610612730
I20260608 09:52:34.939752 16796 data_dirs.cc:400] Could only allocate 1 dirs of requested 3 for tablet 4194e436b4164300b4d41d587c460c71. 1 dirs total, 0 dirs full, 0 dirs failed
I20260608 09:52:34.944214 16926 tablet_bootstrap.cc:492] T 54f32333429248a7a6602a6ecc96c540 P 12de1b74a31d4816bdeed0f0ccc7689b: Bootstrap starting.
I20260608 09:52:34.947311 16718 tablet_service.cc:1511] Processing CreateTablet for tablet 121856bbbce746e1b33fe228a9007be3 (DEFAULT_TABLE table=test-workload [id=3c35c72b0e724339a99eab835426561e]), partition=RANGE (key) PARTITION 805306365 <= VALUES < 1073741820
I20260608 09:52:34.948885 16718 data_dirs.cc:400] Could only allocate 1 dirs of requested 3 for tablet 121856bbbce746e1b33fe228a9007be3. 1 dirs total, 0 dirs full, 0 dirs failed
I20260608 09:52:34.951298 16717 tablet_service.cc:1511] Processing CreateTablet for tablet b4fea1660dc445f4b010ef10402a2a0a (DEFAULT_TABLE table=test-workload [id=3c35c72b0e724339a99eab835426561e]), partition=RANGE (key) PARTITION 1073741820 <= VALUES < 1342177275
I20260608 09:52:34.952719 16717 data_dirs.cc:400] Could only allocate 1 dirs of requested 3 for tablet b4fea1660dc445f4b010ef10402a2a0a. 1 dirs total, 0 dirs full, 0 dirs failed
I20260608 09:52:34.954749 16868 tablet_service.cc:1511] Processing CreateTablet for tablet 4194e436b4164300b4d41d587c460c71 (DEFAULT_TABLE table=test-workload [id=3c35c72b0e724339a99eab835426561e]), partition=RANGE (key) PARTITION 1342177275 <= VALUES < 1610612730
I20260608 09:52:34.955061 16716 tablet_service.cc:1511] Processing CreateTablet for tablet 4194e436b4164300b4d41d587c460c71 (DEFAULT_TABLE table=test-workload [id=3c35c72b0e724339a99eab835426561e]), partition=RANGE (key) PARTITION 1342177275 <= VALUES < 1610612730
I20260608 09:52:34.959730 16868 data_dirs.cc:400] Could only allocate 1 dirs of requested 3 for tablet 4194e436b4164300b4d41d587c460c71. 1 dirs total, 0 dirs full, 0 dirs failed
I20260608 09:52:34.959584 16715 tablet_service.cc:1511] Processing CreateTablet for tablet 58a0d0374f1a4af8a4f34722dc320ac3 (DEFAULT_TABLE table=test-workload [id=3c35c72b0e724339a99eab835426561e]), partition=RANGE (key) PARTITION 1610612730 <= VALUES < 1879048185
I20260608 09:52:34.961105 16715 data_dirs.cc:400] Could only allocate 1 dirs of requested 3 for tablet 58a0d0374f1a4af8a4f34722dc320ac3. 1 dirs total, 0 dirs full, 0 dirs failed
I20260608 09:52:34.963050 16716 data_dirs.cc:400] Could only allocate 1 dirs of requested 3 for tablet 4194e436b4164300b4d41d587c460c71. 1 dirs total, 0 dirs full, 0 dirs failed
I20260608 09:52:34.962698 16793 tablet_service.cc:1511] Processing CreateTablet for tablet 58a0d0374f1a4af8a4f34722dc320ac3 (DEFAULT_TABLE table=test-workload [id=3c35c72b0e724339a99eab835426561e]), partition=RANGE (key) PARTITION 1610612730 <= VALUES < 1879048185
I20260608 09:52:34.964216 16793 data_dirs.cc:400] Could only allocate 1 dirs of requested 3 for tablet 58a0d0374f1a4af8a4f34722dc320ac3. 1 dirs total, 0 dirs full, 0 dirs failed
I20260608 09:52:34.964422 16869 tablet_service.cc:1511] Processing CreateTablet for tablet 58a0d0374f1a4af8a4f34722dc320ac3 (DEFAULT_TABLE table=test-workload [id=3c35c72b0e724339a99eab835426561e]), partition=RANGE (key) PARTITION 1610612730 <= VALUES < 1879048185
I20260608 09:52:34.965806 16869 data_dirs.cc:400] Could only allocate 1 dirs of requested 3 for tablet 58a0d0374f1a4af8a4f34722dc320ac3. 1 dirs total, 0 dirs full, 0 dirs failed
I20260608 09:52:34.969694 16926 tablet_bootstrap.cc:654] T 54f32333429248a7a6602a6ecc96c540 P 12de1b74a31d4816bdeed0f0ccc7689b: Neither blocks nor log segments found. Creating new log.
I20260608 09:52:34.975103 16925 tablet_bootstrap.cc:492] T eb5e43ef93a14795864dd256743f2b8a P eee77d82397c4d73b952197fbd7c32c4: Bootstrap starting.
I20260608 09:52:34.977932 16714 tablet_service.cc:1511] Processing CreateTablet for tablet b9b95f761982437f855b7d988fcdc66d (DEFAULT_TABLE table=test-workload [id=3c35c72b0e724339a99eab835426561e]), partition=RANGE (key) PARTITION 1879048185 <= VALUES
I20260608 09:52:34.980772 16714 data_dirs.cc:400] Could only allocate 1 dirs of requested 3 for tablet b9b95f761982437f855b7d988fcdc66d. 1 dirs total, 0 dirs full, 0 dirs failed
I20260608 09:52:34.990232 16795 tablet_service.cc:1511] Processing CreateTablet for tablet b9b95f761982437f855b7d988fcdc66d (DEFAULT_TABLE table=test-workload [id=3c35c72b0e724339a99eab835426561e]), partition=RANGE (key) PARTITION 1879048185 <= VALUES
I20260608 09:52:35.001299 16795 data_dirs.cc:400] Could only allocate 1 dirs of requested 3 for tablet b9b95f761982437f855b7d988fcdc66d. 1 dirs total, 0 dirs full, 0 dirs failed
I20260608 09:52:35.010676 16925 tablet_bootstrap.cc:654] T eb5e43ef93a14795864dd256743f2b8a P eee77d82397c4d73b952197fbd7c32c4: Neither blocks nor log segments found. Creating new log.
I20260608 09:52:35.012686 16926 tablet_bootstrap.cc:492] T 54f32333429248a7a6602a6ecc96c540 P 12de1b74a31d4816bdeed0f0ccc7689b: No bootstrap required, opened a new log
I20260608 09:52:35.013056 16926 ts_tablet_manager.cc:1403] T 54f32333429248a7a6602a6ecc96c540 P 12de1b74a31d4816bdeed0f0ccc7689b: Time spent bootstrapping tablet: real 0.069s	user 0.011s	sys 0.000s
I20260608 09:52:35.016697 16926 raft_consensus.cc:359] T 54f32333429248a7a6602a6ecc96c540 P 12de1b74a31d4816bdeed0f0ccc7689b [term 0 FOLLOWER]: Replica starting. Triggering 0 pending ops. Active config: opid_index: -1 OBSOLETE_local: false peers { permanent_uuid: "12de1b74a31d4816bdeed0f0ccc7689b" member_type: VOTER last_known_addr { host: "127.15.174.195" port: 39103 } } peers { permanent_uuid: "eee77d82397c4d73b952197fbd7c32c4" member_type: VOTER last_known_addr { host: "127.15.174.194" port: 43835 } } peers { permanent_uuid: "d8d1b4ad2a0a4286aee6a6b9758f9782" member_type: VOTER last_known_addr { host: "127.15.174.193" port: 45375 } }
I20260608 09:52:35.020879 16926 raft_consensus.cc:385] T 54f32333429248a7a6602a6ecc96c540 P 12de1b74a31d4816bdeed0f0ccc7689b [term 0 FOLLOWER]: Consensus starting up: Expiring failure detector timer to make a prompt election more likely
I20260608 09:52:35.021289 16926 raft_consensus.cc:740] T 54f32333429248a7a6602a6ecc96c540 P 12de1b74a31d4816bdeed0f0ccc7689b [term 0 FOLLOWER]: Becoming Follower/Learner. State: Replica: 12de1b74a31d4816bdeed0f0ccc7689b, State: Initialized, Role: FOLLOWER
I20260608 09:52:35.025868 16868 tablet_service.cc:1511] Processing CreateTablet for tablet b9b95f761982437f855b7d988fcdc66d (DEFAULT_TABLE table=test-workload [id=3c35c72b0e724339a99eab835426561e]), partition=RANGE (key) PARTITION 1879048185 <= VALUES
I20260608 09:52:35.032994 16868 data_dirs.cc:400] Could only allocate 1 dirs of requested 3 for tablet b9b95f761982437f855b7d988fcdc66d. 1 dirs total, 0 dirs full, 0 dirs failed
I20260608 09:52:35.031884 16927 tablet_bootstrap.cc:492] T 234bc0bfeaa148c18b66533eda629f5e P d8d1b4ad2a0a4286aee6a6b9758f9782: Bootstrap starting.
I20260608 09:52:35.022310 16926 consensus_queue.cc:260] T 54f32333429248a7a6602a6ecc96c540 P 12de1b74a31d4816bdeed0f0ccc7689b [NON_LEADER]: Queue going to NON_LEADER mode. State: All replicated index: 0, Majority replicated index: 0, Committed index: 0, Last appended: 0.0, Last appended by leader: 0, Current term: 0, Majority size: -1, State: 0, Mode: NON_LEADER, active raft config: opid_index: -1 OBSOLETE_local: false peers { permanent_uuid: "12de1b74a31d4816bdeed0f0ccc7689b" member_type: VOTER last_known_addr { host: "127.15.174.195" port: 39103 } } peers { permanent_uuid: "eee77d82397c4d73b952197fbd7c32c4" member_type: VOTER last_known_addr { host: "127.15.174.194" port: 43835 } } peers { permanent_uuid: "d8d1b4ad2a0a4286aee6a6b9758f9782" member_type: VOTER last_known_addr { host: "127.15.174.193" port: 45375 } }
I20260608 09:52:35.066643 16927 tablet_bootstrap.cc:654] T 234bc0bfeaa148c18b66533eda629f5e P d8d1b4ad2a0a4286aee6a6b9758f9782: Neither blocks nor log segments found. Creating new log.
I20260608 09:52:35.066952 16926 ts_tablet_manager.cc:1434] T 54f32333429248a7a6602a6ecc96c540 P 12de1b74a31d4816bdeed0f0ccc7689b: Time spent starting tablet: real 0.054s	user 0.013s	sys 0.021s
I20260608 09:52:35.068060 16926 tablet_bootstrap.cc:492] T 121856bbbce746e1b33fe228a9007be3 P 12de1b74a31d4816bdeed0f0ccc7689b: Bootstrap starting.
I20260608 09:52:35.071667 16925 tablet_bootstrap.cc:492] T eb5e43ef93a14795864dd256743f2b8a P eee77d82397c4d73b952197fbd7c32c4: No bootstrap required, opened a new log
