I20260608 09:52:36.033540 16934 consensus_queue.cc:1048] T b9b95f761982437f855b7d988fcdc66d P d8d1b4ad2a0a4286aee6a6b9758f9782 [LEADER]: Connected to new peer: Peer: permanent_uuid: "12de1b74a31d4816bdeed0f0ccc7689b" member_type: VOTER last_known_addr { host: "127.15.174.195" port: 39103 }, Status: LMP_MISMATCH, Last received: 0.0, Next index: 1, Last known committed idx: 0, Time since last communication: 0.000s
I20260608 09:52:36.051239 16059 server_base.cc:1061] running on GCE node
W20260608 09:52:36.053498 17001 instance_detector.cc:116] could not retrieve OpenStack instance metadata: Network error: curl error: HTTP response code said error: The requested URL returned error: 404
I20260608 09:52:36.054764 16059 hybrid_clock.cc:584] initializing the hybrid clock with 'system_unsync' time source
W20260608 09:52:36.055032 16059 system_unsync_time.cc:38] NTP support is disabled. Clock error bounds will not be accurate. This configuration is not suitable for distributed clusters.
I20260608 09:52:36.055279 16059 hybrid_clock.cc:648] HybridClock initialized: now 1780912356055259 us; error 0 us; skew 500 ppm
I20260608 09:52:36.056209 16059 server_base.cc:861] Flag tcmalloc_max_total_thread_cache_bytes is not working since tcmalloc is not enabled.
I20260608 09:52:36.061471 16059 webserver.cc:533] Webserver started at http://127.15.174.196:40375/ using document root <none> and password file <none>
I20260608 09:52:36.062121 16059 fs_manager.cc:362] Metadata directory not provided
I20260608 09:52:36.062353 16059 fs_manager.cc:368] Using write-ahead log directory (fs_wal_dir) as metadata directory
I20260608 09:52:36.062688 16059 server_base.cc:909] This appears to be a new deployment of Kudu; creating new FS layout
I20260608 09:52:36.063834 16059 fs_manager.cc:1068] Generated new instance metadata in path /tmp/dist-test-taskvx7rba/test-tmp/auto_rebalancer-test.0.AutoRebalancerTest.AutoRebalancingTurnOffAndOn.1780912348206387-16059-0/minicluster-data/ts-3-root/instance:
uuid: "e8b6ac4187bd4bd7ae1c6709a93c4780"
format_stamp: "Formatted at 2026-06-08 09:52:36 on dist-test-slave-tf21"
I20260608 09:52:36.068913 16059 fs_manager.cc:696] Time spent creating directory manager: real 0.004s	user 0.006s	sys 0.000s
I20260608 09:52:36.072558 17005 log_block_manager.cc:4031] Time spent loading block containers with low live blocks: real 0.000s	user 0.000s	sys 0.000s
I20260608 09:52:36.073477 16059 fs_manager.cc:730] Time spent opening block manager: real 0.002s	user 0.002s	sys 0.000s
I20260608 09:52:36.073880 16059 fs_manager.cc:647] Opened local filesystem: /tmp/dist-test-taskvx7rba/test-tmp/auto_rebalancer-test.0.AutoRebalancerTest.AutoRebalancingTurnOffAndOn.1780912348206387-16059-0/minicluster-data/ts-3-root
uuid: "e8b6ac4187bd4bd7ae1c6709a93c4780"
format_stamp: "Formatted at 2026-06-08 09:52:36 on dist-test-slave-tf21"
I20260608 09:52:36.074222 16059 fs_report.cc:389] FS layout report
--------------------
wal directory: /tmp/dist-test-taskvx7rba/test-tmp/auto_rebalancer-test.0.AutoRebalancerTest.AutoRebalancingTurnOffAndOn.1780912348206387-16059-0/minicluster-data/ts-3-root
metadata directory: /tmp/dist-test-taskvx7rba/test-tmp/auto_rebalancer-test.0.AutoRebalancerTest.AutoRebalancingTurnOffAndOn.1780912348206387-16059-0/minicluster-data/ts-3-root
1 data directories: /tmp/dist-test-taskvx7rba/test-tmp/auto_rebalancer-test.0.AutoRebalancerTest.AutoRebalancingTurnOffAndOn.1780912348206387-16059-0/minicluster-data/ts-3-root/data
Total live blocks: 0
Total live bytes: 0
Total live bytes (after alignment): 0
Total number of LBM containers: 0 (0 full)
Did not check for missing blocks
Did not check for orphaned blocks
Total full LBM containers with extra space: 0 (0 repaired)
Total full LBM container extra space in bytes: 0 (0 repaired)
Total incomplete LBM containers: 0 (0 repaired)
Total LBM partial records: 0 (0 repaired)
Total corrupted LBM metadata records in RocksDB: 0 (0 repaired)
I20260608 09:52:36.092348 16059 rpc_server.cc:225] running with OpenSSL 1.1.1  11 Sep 2018
I20260608 09:52:36.093667 16059 kserver.cc:163] Server-wide thread pool size limit: 3276
I20260608 09:52:36.095250 16059 txn_system_client.cc:432] TxnSystemClient initialization is disabled...
I20260608 09:52:36.097746 16059 ts_tablet_manager.cc:585] Loaded tablet metadata (0 total tablets, 0 live tablets)
I20260608 09:52:36.098001 16059 ts_tablet_manager.cc:531] Time spent load tablet metadata: real 0.000s	user 0.000s	sys 0.000s
I20260608 09:52:36.098260 16059 ts_tablet_manager.cc:616] Registered 0 tablets
I20260608 09:52:36.098462 16059 ts_tablet_manager.cc:595] Time spent register tablets: real 0.000s	user 0.000s	sys 0.000s
I20260608 09:52:36.136500 16933 consensus_queue.cc:1048] T 58a0d0374f1a4af8a4f34722dc320ac3 P eee77d82397c4d73b952197fbd7c32c4 [LEADER]: Connected to new peer: Peer: permanent_uuid: "12de1b74a31d4816bdeed0f0ccc7689b" member_type: VOTER last_known_addr { host: "127.15.174.195" port: 39103 }, Status: LMP_MISMATCH, Last received: 0.0, Next index: 1, Last known committed idx: 0, Time since last communication: 0.001s
I20260608 09:52:36.141340 16933 consensus_queue.cc:1048] T 58a0d0374f1a4af8a4f34722dc320ac3 P eee77d82397c4d73b952197fbd7c32c4 [LEADER]: Connected to new peer: Peer: permanent_uuid: "d8d1b4ad2a0a4286aee6a6b9758f9782" member_type: VOTER last_known_addr { host: "127.15.174.193" port: 45375 }, Status: LMP_MISMATCH, Last received: 0.0, Next index: 1, Last known committed idx: 0, Time since last communication: 0.001s
I20260608 09:52:36.171975 16059 rpc_server.cc:307] RPC server started. Bound to: 127.15.174.196:37845
I20260608 09:52:36.172096 17070 acceptor_pool.cc:272] collecting diagnostics on the listening RPC socket 127.15.174.196:37845 every 8 connection(s)
I20260608 09:52:36.190310 17071 heartbeater.cc:344] Connected to a master server at 127.15.174.254:44857
I20260608 09:52:36.190779 17071 heartbeater.cc:461] Registering TS with master...
I20260608 09:52:36.191630 17071 heartbeater.cc:507] Master 127.15.174.254:44857 requested a full tablet report, sending...
I20260608 09:52:36.193889 16629 ts_manager.cc:194] Registered new tserver with Master: e8b6ac4187bd4bd7ae1c6709a93c4780 (127.15.174.196:37845)
I20260608 09:52:36.195243 16629 master_service.cc:502] Signed X509 certificate for tserver {username='slave'} at 127.0.0.1:50154
I20260608 09:52:36.254835 16979 consensus_queue.cc:1048] T 4194e436b4164300b4d41d587c460c71 P eee77d82397c4d73b952197fbd7c32c4 [LEADER]: Connected to new peer: Peer: permanent_uuid: "12de1b74a31d4816bdeed0f0ccc7689b" member_type: VOTER last_known_addr { host: "127.15.174.195" port: 39103 }, Status: LMP_MISMATCH, Last received: 0.0, Next index: 1, Last known committed idx: 0, Time since last communication: 0.000s
I20260608 09:52:36.268443 17066 consensus_queue.cc:1048] T 4194e436b4164300b4d41d587c460c71 P eee77d82397c4d73b952197fbd7c32c4 [LEADER]: Connected to new peer: Peer: permanent_uuid: "d8d1b4ad2a0a4286aee6a6b9758f9782" member_type: VOTER last_known_addr { host: "127.15.174.193" port: 45375 }, Status: LMP_MISMATCH, Last received: 0.0, Next index: 1, Last known committed idx: 0, Time since last communication: 0.001s
I20260608 09:52:37.197960 17071 heartbeater.cc:499] Master 127.15.174.254:44857 was elected leader, sending a full tablet report...
I20260608 09:52:37.369879 16682 auto_leader_rebalancer.cc:140] leader rebalance for table test-workload
I20260608 09:52:37.377482 16682 auto_leader_rebalancer.cc:388] table: test-workload, leader rebalance finish, leader transfer count: 0
I20260608 09:52:37.378104 16682 auto_leader_rebalancer.cc:451] All tables' leader rebalancing finished this round
I20260608 09:52:39.379185 16682 auto_leader_rebalancer.cc:140] leader rebalance for table test-workload
I20260608 09:52:39.386638 16682 auto_leader_rebalancer.cc:388] table: test-workload, leader rebalance finish, leader transfer count: 0
I20260608 09:52:39.387063 16682 auto_leader_rebalancer.cc:451] All tables' leader rebalancing finished this round
I20260608 09:52:41.387984 16682 auto_leader_rebalancer.cc:140] leader rebalance for table test-workload
I20260608 09:52:41.394520 16682 auto_leader_rebalancer.cc:388] table: test-workload, leader rebalance finish, leader transfer count: 0
I20260608 09:52:41.395102 16682 auto_leader_rebalancer.cc:451] All tables' leader rebalancing finished this round
I20260608 09:52:41.415604 16880 consensus_queue.cc:237] T eb5e43ef93a14795864dd256743f2b8a P 12de1b74a31d4816bdeed0f0ccc7689b [LEADER]: Queue going to LEADER mode. State: All replicated index: 0, Majority replicated index: 1, Committed index: 1, Last appended: 1.1, Last appended by leader: 0, Current term: 1, Majority size: 2, State: 0, Mode: LEADER, active raft config: opid_index: 2 OBSOLETE_local: false peers { permanent_uuid: "d8d1b4ad2a0a4286aee6a6b9758f9782" member_type: VOTER last_known_addr { host: "127.15.174.193" port: 45375 } attrs { replace: true } } peers { permanent_uuid: "eee77d82397c4d73b952197fbd7c32c4" member_type: VOTER last_known_addr { host: "127.15.174.194" port: 43835 } } peers { permanent_uuid: "12de1b74a31d4816bdeed0f0ccc7689b" member_type: VOTER last_known_addr { host: "127.15.174.195" port: 39103 } } peers { permanent_uuid: "e8b6ac4187bd4bd7ae1c6709a93c4780" member_type: NON_VOTER last_known_addr { host: "127.15.174.196" port: 37845 } attrs { promote: true } }
I20260608 09:52:41.424662 16731 raft_consensus.cc:1275] T eb5e43ef93a14795864dd256743f2b8a P d8d1b4ad2a0a4286aee6a6b9758f9782 [term 1 FOLLOWER]: Refusing update from remote peer 12de1b74a31d4816bdeed0f0ccc7689b: Log matching property violated. Preceding OpId in replica: term: 1 index: 1. Preceding OpId from leader: term: 1 index: 2. (index mismatch)
I20260608 09:52:41.426425 16804 raft_consensus.cc:1275] T eb5e43ef93a14795864dd256743f2b8a P eee77d82397c4d73b952197fbd7c32c4 [term 1 FOLLOWER]: Refusing update from remote peer 12de1b74a31d4816bdeed0f0ccc7689b: Log matching property violated. Preceding OpId in replica: term: 1 index: 1. Preceding OpId from leader: term: 1 index: 2. (index mismatch)
I20260608 09:52:41.426756 16960 consensus_queue.cc:1048] T eb5e43ef93a14795864dd256743f2b8a P 12de1b74a31d4816bdeed0f0ccc7689b [LEADER]: Connected to new peer: Peer: permanent_uuid: "d8d1b4ad2a0a4286aee6a6b9758f9782" member_type: VOTER last_known_addr { host: "127.15.174.193" port: 45375 } attrs { replace: true }, Status: LMP_MISMATCH, Last received: 0.0, Next index: 2, Last known committed idx: 1, Time since last communication: 0.001s
I20260608 09:52:41.428268 17089 consensus_queue.cc:1048] T eb5e43ef93a14795864dd256743f2b8a P 12de1b74a31d4816bdeed0f0ccc7689b [LEADER]: Connected to new peer: Peer: permanent_uuid: "eee77d82397c4d73b952197fbd7c32c4" member_type: VOTER last_known_addr { host: "127.15.174.194" port: 43835 }, Status: LMP_MISMATCH, Last received: 0.0, Next index: 2, Last known committed idx: 1, Time since last communication: 0.000s
W20260608 09:52:41.439504 16844 consensus_peers.cc:597] T eb5e43ef93a14795864dd256743f2b8a P 12de1b74a31d4816bdeed0f0ccc7689b -> Peer e8b6ac4187bd4bd7ae1c6709a93c4780 (127.15.174.196:37845): Couldn't send request to peer e8b6ac4187bd4bd7ae1c6709a93c4780. Error code: TABLET_NOT_FOUND (6). Status: Not found: Tablet not found: eb5e43ef93a14795864dd256743f2b8a. This is attempt 1: this message will repeat every 5th retry.
I20260608 09:52:41.439548 17089 raft_consensus.cc:2955] T eb5e43ef93a14795864dd256743f2b8a P 12de1b74a31d4816bdeed0f0ccc7689b [term 1 LEADER]: Committing config change with OpId 1.2: config changed from index -1 to 2, NON_VOTER e8b6ac4187bd4bd7ae1c6709a93c4780 (127.15.174.196) added. New config: { opid_index: 2 OBSOLETE_local: false peers { permanent_uuid: "d8d1b4ad2a0a4286aee6a6b9758f9782" member_type: VOTER last_known_addr { host: "127.15.174.193" port: 45375 } attrs { replace: true } } peers { permanent_uuid: "eee77d82397c4d73b952197fbd7c32c4" member_type: VOTER last_known_addr { host: "127.15.174.194" port: 43835 } } peers { permanent_uuid: "12de1b74a31d4816bdeed0f0ccc7689b" member_type: VOTER last_known_addr { host: "127.15.174.195" port: 39103 } } peers { permanent_uuid: "e8b6ac4187bd4bd7ae1c6709a93c4780" member_type: NON_VOTER last_known_addr { host: "127.15.174.196" port: 37845 } attrs { promote: true } } }
I20260608 09:52:41.442140 16804 raft_consensus.cc:2955] T eb5e43ef93a14795864dd256743f2b8a P eee77d82397c4d73b952197fbd7c32c4 [term 1 FOLLOWER]: Committing config change with OpId 1.2: config changed from index -1 to 2, NON_VOTER e8b6ac4187bd4bd7ae1c6709a93c4780 (127.15.174.196) added. New config: { opid_index: 2 OBSOLETE_local: false peers { permanent_uuid: "d8d1b4ad2a0a4286aee6a6b9758f9782" member_type: VOTER last_known_addr { host: "127.15.174.193" port: 45375 } attrs { replace: true } } peers { permanent_uuid: "eee77d82397c4d73b952197fbd7c32c4" member_type: VOTER last_known_addr { host: "127.15.174.194" port: 43835 } } peers { permanent_uuid: "12de1b74a31d4816bdeed0f0ccc7689b" member_type: VOTER last_known_addr { host: "127.15.174.195" port: 39103 } } peers { permanent_uuid: "e8b6ac4187bd4bd7ae1c6709a93c4780" member_type: NON_VOTER last_known_addr { host: "127.15.174.196" port: 37845 } attrs { promote: true } } }
I20260608 09:52:41.445833 16731 raft_consensus.cc:2955] T eb5e43ef93a14795864dd256743f2b8a P d8d1b4ad2a0a4286aee6a6b9758f9782 [term 1 FOLLOWER]: Committing config change with OpId 1.2: config changed from index -1 to 2, NON_VOTER e8b6ac4187bd4bd7ae1c6709a93c4780 (127.15.174.196) added. New config: { opid_index: 2 OBSOLETE_local: false peers { permanent_uuid: "d8d1b4ad2a0a4286aee6a6b9758f9782" member_type: VOTER last_known_addr { host: "127.15.174.193" port: 45375 } attrs { replace: true } } peers { permanent_uuid: "eee77d82397c4d73b952197fbd7c32c4" member_type: VOTER last_known_addr { host: "127.15.174.194" port: 43835 } } peers { permanent_uuid: "12de1b74a31d4816bdeed0f0ccc7689b" member_type: VOTER last_known_addr { host: "127.15.174.195" port: 39103 } } peers { permanent_uuid: "e8b6ac4187bd4bd7ae1c6709a93c4780" member_type: NON_VOTER last_known_addr { host: "127.15.174.196" port: 37845 } attrs { promote: true } } }
I20260608 09:52:41.460099 16628 catalog_manager.cc:5696] T eb5e43ef93a14795864dd256743f2b8a P 12de1b74a31d4816bdeed0f0ccc7689b reported cstate change: config changed from index -1 to 2, NON_VOTER e8b6ac4187bd4bd7ae1c6709a93c4780 (127.15.174.196) added. New cstate: current_term: 1 leader_uuid: "12de1b74a31d4816bdeed0f0ccc7689b" committed_config { opid_index: 2 OBSOLETE_local: false peers { permanent_uuid: "d8d1b4ad2a0a4286aee6a6b9758f9782" member_type: VOTER last_known_addr { host: "127.15.174.193" port: 45375 } attrs { replace: true } health_report { overall_health: HEALTHY } } peers { permanent_uuid: "eee77d82397c4d73b952197fbd7c32c4" member_type: VOTER last_known_addr { host: "127.15.174.194" port: 43835 } health_report { overall_health: HEALTHY } } peers { permanent_uuid: "12de1b74a31d4816bdeed0f0ccc7689b" member_type: VOTER last_known_addr { host: "127.15.174.195" port: 39103 } health_report { overall_health: HEALTHY } } peers { permanent_uuid: "e8b6ac4187bd4bd7ae1c6709a93c4780" member_type: NON_VOTER last_known_addr { host: "127.15.174.196" port: 37845 } attrs { promote: true } health_report { overall_health: UNKNOWN } } }
I20260608 09:52:41.475191 16731 consensus_queue.cc:237] T b9b95f761982437f855b7d988fcdc66d P d8d1b4ad2a0a4286aee6a6b9758f9782 [LEADER]: Queue going to LEADER mode. State: All replicated index: 0, Majority replicated index: 1, Committed index: 1, Last appended: 1.1, Last appended by leader: 0, Current term: 1, Majority size: 2, State: 0, Mode: LEADER, active raft config: opid_index: 2 OBSOLETE_local: false peers { permanent_uuid: "d8d1b4ad2a0a4286aee6a6b9758f9782" member_type: VOTER last_known_addr { host: "127.15.174.193" port: 45375 } } peers { permanent_uuid: "eee77d82397c4d73b952197fbd7c32c4" member_type: VOTER last_known_addr { host: "127.15.174.194" port: 43835 } } peers { permanent_uuid: "12de1b74a31d4816bdeed0f0ccc7689b" member_type: VOTER last_known_addr { host: "127.15.174.195" port: 39103 } attrs { replace: true } } peers { permanent_uuid: "e8b6ac4187bd4bd7ae1c6709a93c4780" member_type: NON_VOTER last_known_addr { host: "127.15.174.196" port: 37845 } attrs { promote: true } }
I20260608 09:52:41.488291 16804 raft_consensus.cc:1275] T b9b95f761982437f855b7d988fcdc66d P eee77d82397c4d73b952197fbd7c32c4 [term 1 FOLLOWER]: Refusing update from remote peer d8d1b4ad2a0a4286aee6a6b9758f9782: Log matching property violated. Preceding OpId in replica: term: 1 index: 1. Preceding OpId from leader: term: 1 index: 2. (index mismatch)
I20260608 09:52:41.488335 16880 raft_consensus.cc:1275] T b9b95f761982437f855b7d988fcdc66d P 12de1b74a31d4816bdeed0f0ccc7689b [term 1 FOLLOWER]: Refusing update from remote peer d8d1b4ad2a0a4286aee6a6b9758f9782: Log matching property violated. Preceding OpId in replica: term: 1 index: 1. Preceding OpId from leader: term: 1 index: 2. (index mismatch)
I20260608 09:52:41.490437 17084 consensus_queue.cc:1048] T b9b95f761982437f855b7d988fcdc66d P d8d1b4ad2a0a4286aee6a6b9758f9782 [LEADER]: Connected to new peer: Peer: permanent_uuid: "eee77d82397c4d73b952197fbd7c32c4" member_type: VOTER last_known_addr { host: "127.15.174.194" port: 43835 }, Status: LMP_MISMATCH, Last received: 0.0, Next index: 2, Last known committed idx: 1, Time since last communication: 0.001s
I20260608 09:52:41.491528 17077 consensus_queue.cc:1048] T b9b95f761982437f855b7d988fcdc66d P d8d1b4ad2a0a4286aee6a6b9758f9782 [LEADER]: Connected to new peer: Peer: permanent_uuid: "12de1b74a31d4816bdeed0f0ccc7689b" member_type: VOTER last_known_addr { host: "127.15.174.195" port: 39103 } attrs { replace: true }, Status: LMP_MISMATCH, Last received: 0.0, Next index: 2, Last known committed idx: 1, Time since last communication: 0.001s
W20260608 09:52:41.501062 16695 consensus_peers.cc:597] T b9b95f761982437f855b7d988fcdc66d P d8d1b4ad2a0a4286aee6a6b9758f9782 -> Peer e8b6ac4187bd4bd7ae1c6709a93c4780 (127.15.174.196:37845): Couldn't send request to peer e8b6ac4187bd4bd7ae1c6709a93c4780. Error code: TABLET_NOT_FOUND (6). Status: Not found: Tablet not found: b9b95f761982437f855b7d988fcdc66d. This is attempt 1: this message will repeat every 5th retry.
I20260608 09:52:41.502540 17077 raft_consensus.cc:2955] T b9b95f761982437f855b7d988fcdc66d P d8d1b4ad2a0a4286aee6a6b9758f9782 [term 1 LEADER]: Committing config change with OpId 1.2: config changed from index -1 to 2, NON_VOTER e8b6ac4187bd4bd7ae1c6709a93c4780 (127.15.174.196) added. New config: { opid_index: 2 OBSOLETE_local: false peers { permanent_uuid: "d8d1b4ad2a0a4286aee6a6b9758f9782" member_type: VOTER last_known_addr { host: "127.15.174.193" port: 45375 } } peers { permanent_uuid: "eee77d82397c4d73b952197fbd7c32c4" member_type: VOTER last_known_addr { host: "127.15.174.194" port: 43835 } } peers { permanent_uuid: "12de1b74a31d4816bdeed0f0ccc7689b" member_type: VOTER last_known_addr { host: "127.15.174.195" port: 39103 } attrs { replace: true } } peers { permanent_uuid: "e8b6ac4187bd4bd7ae1c6709a93c4780" member_type: NON_VOTER last_known_addr { host: "127.15.174.196" port: 37845 } attrs { promote: true } } }
I20260608 09:52:41.504194 16880 raft_consensus.cc:2955] T b9b95f761982437f855b7d988fcdc66d P 12de1b74a31d4816bdeed0f0ccc7689b [term 1 FOLLOWER]: Committing config change with OpId 1.2: config changed from index -1 to 2, NON_VOTER e8b6ac4187bd4bd7ae1c6709a93c4780 (127.15.174.196) added. New config: { opid_index: 2 OBSOLETE_local: false peers { permanent_uuid: "d8d1b4ad2a0a4286aee6a6b9758f9782" member_type: VOTER last_known_addr { host: "127.15.174.193" port: 45375 } } peers { permanent_uuid: "eee77d82397c4d73b952197fbd7c32c4" member_type: VOTER last_known_addr { host: "127.15.174.194" port: 43835 } } peers { permanent_uuid: "12de1b74a31d4816bdeed0f0ccc7689b" member_type: VOTER last_known_addr { host: "127.15.174.195" port: 39103 } attrs { replace: true } } peers { permanent_uuid: "e8b6ac4187bd4bd7ae1c6709a93c4780" member_type: NON_VOTER last_known_addr { host: "127.15.174.196" port: 37845 } attrs { promote: true } } }
I20260608 09:52:41.513947 16804 raft_consensus.cc:2955] T b9b95f761982437f855b7d988fcdc66d P eee77d82397c4d73b952197fbd7c32c4 [term 1 FOLLOWER]: Committing config change with OpId 1.2: config changed from index -1 to 2, NON_VOTER e8b6ac4187bd4bd7ae1c6709a93c4780 (127.15.174.196) added. New config: { opid_index: 2 OBSOLETE_local: false peers { permanent_uuid: "d8d1b4ad2a0a4286aee6a6b9758f9782" member_type: VOTER last_known_addr { host: "127.15.174.193" port: 45375 } } peers { permanent_uuid: "eee77d82397c4d73b952197fbd7c32c4" member_type: VOTER last_known_addr { host: "127.15.174.194" port: 43835 } } peers { permanent_uuid: "12de1b74a31d4816bdeed0f0ccc7689b" member_type: VOTER last_known_addr { host: "127.15.174.195" port: 39103 } attrs { replace: true } } peers { permanent_uuid: "e8b6ac4187bd4bd7ae1c6709a93c4780" member_type: NON_VOTER last_known_addr { host: "127.15.174.196" port: 37845 } attrs { promote: true } } }
I20260608 09:52:41.516852 16628 catalog_manager.cc:5696] T b9b95f761982437f855b7d988fcdc66d P 12de1b74a31d4816bdeed0f0ccc7689b reported cstate change: config changed from index -1 to 2, NON_VOTER e8b6ac4187bd4bd7ae1c6709a93c4780 (127.15.174.196) added. New cstate: current_term: 1 leader_uuid: "d8d1b4ad2a0a4286aee6a6b9758f9782" committed_config { opid_index: 2 OBSOLETE_local: false peers { permanent_uuid: "d8d1b4ad2a0a4286aee6a6b9758f9782" member_type: VOTER last_known_addr { host: "127.15.174.193" port: 45375 } } peers { permanent_uuid: "eee77d82397c4d73b952197fbd7c32c4" member_type: VOTER last_known_addr { host: "127.15.174.194" port: 43835 } } peers { permanent_uuid: "12de1b74a31d4816bdeed0f0ccc7689b" member_type: VOTER last_known_addr { host: "127.15.174.195" port: 39103 } attrs { replace: true } } peers { permanent_uuid: "e8b6ac4187bd4bd7ae1c6709a93c4780" member_type: NON_VOTER last_known_addr { host: "127.15.174.196" port: 37845 } attrs { promote: true } } }
I20260608 09:52:41.522243 16731 consensus_queue.cc:237] T 234bc0bfeaa148c18b66533eda629f5e P d8d1b4ad2a0a4286aee6a6b9758f9782 [LEADER]: Queue going to LEADER mode. State: All replicated index: 0, Majority replicated index: 1, Committed index: 1, Last appended: 1.1, Last appended by leader: 0, Current term: 1, Majority size: 2, State: 0, Mode: LEADER, active raft config: opid_index: 2 OBSOLETE_local: false peers { permanent_uuid: "d8d1b4ad2a0a4286aee6a6b9758f9782" member_type: VOTER last_known_addr { host: "127.15.174.193" port: 45375 } } peers { permanent_uuid: "eee77d82397c4d73b952197fbd7c32c4" member_type: VOTER last_known_addr { host: "127.15.174.194" port: 43835 } attrs { replace: true } } peers { permanent_uuid: "12de1b74a31d4816bdeed0f0ccc7689b" member_type: VOTER last_known_addr { host: "127.15.174.195" port: 39103 } } peers { permanent_uuid: "e8b6ac4187bd4bd7ae1c6709a93c4780" member_type: NON_VOTER last_known_addr { host: "127.15.174.196" port: 37845 } attrs { promote: true } }
I20260608 09:52:41.536809 16804 raft_consensus.cc:1275] T 234bc0bfeaa148c18b66533eda629f5e P eee77d82397c4d73b952197fbd7c32c4 [term 1 FOLLOWER]: Refusing update from remote peer d8d1b4ad2a0a4286aee6a6b9758f9782: Log matching property violated. Preceding OpId in replica: term: 1 index: 1. Preceding OpId from leader: term: 1 index: 2. (index mismatch)
I20260608 09:52:41.537864 16880 raft_consensus.cc:1275] T 234bc0bfeaa148c18b66533eda629f5e P 12de1b74a31d4816bdeed0f0ccc7689b [term 1 FOLLOWER]: Refusing update from remote peer d8d1b4ad2a0a4286aee6a6b9758f9782: Log matching property violated. Preceding OpId in replica: term: 1 index: 1. Preceding OpId from leader: term: 1 index: 2. (index mismatch)
W20260608 09:52:41.538147 16695 consensus_peers.cc:597] T 234bc0bfeaa148c18b66533eda629f5e P d8d1b4ad2a0a4286aee6a6b9758f9782 -> Peer e8b6ac4187bd4bd7ae1c6709a93c4780 (127.15.174.196:37845): Couldn't send request to peer e8b6ac4187bd4bd7ae1c6709a93c4780. Error code: TABLET_NOT_FOUND (6). Status: Not found: Tablet not found: 234bc0bfeaa148c18b66533eda629f5e. This is attempt 1: this message will repeat every 5th retry.
I20260608 09:52:41.539451 17077 consensus_queue.cc:1048] T 234bc0bfeaa148c18b66533eda629f5e P d8d1b4ad2a0a4286aee6a6b9758f9782 [LEADER]: Connected to new peer: Peer: permanent_uuid: "eee77d82397c4d73b952197fbd7c32c4" member_type: VOTER last_known_addr { host: "127.15.174.194" port: 43835 } attrs { replace: true }, Status: LMP_MISMATCH, Last received: 0.0, Next index: 2, Last known committed idx: 1, Time since last communication: 0.000s
I20260608 09:52:41.540503 17104 consensus_queue.cc:1048] T 234bc0bfeaa148c18b66533eda629f5e P d8d1b4ad2a0a4286aee6a6b9758f9782 [LEADER]: Connected to new peer: Peer: permanent_uuid: "12de1b74a31d4816bdeed0f0ccc7689b" member_type: VOTER last_known_addr { host: "127.15.174.195" port: 39103 }, Status: LMP_MISMATCH, Last received: 0.0, Next index: 2, Last known committed idx: 1, Time since last communication: 0.000s
I20260608 09:52:41.549813 17077 raft_consensus.cc:2955] T 234bc0bfeaa148c18b66533eda629f5e P d8d1b4ad2a0a4286aee6a6b9758f9782 [term 1 LEADER]: Committing config change with OpId 1.2: config changed from index -1 to 2, NON_VOTER e8b6ac4187bd4bd7ae1c6709a93c4780 (127.15.174.196) added. New config: { opid_index: 2 OBSOLETE_local: false peers { permanent_uuid: "d8d1b4ad2a0a4286aee6a6b9758f9782" member_type: VOTER last_known_addr { host: "127.15.174.193" port: 45375 } } peers { permanent_uuid: "eee77d82397c4d73b952197fbd7c32c4" member_type: VOTER last_known_addr { host: "127.15.174.194" port: 43835 } attrs { replace: true } } peers { permanent_uuid: "12de1b74a31d4816bdeed0f0ccc7689b" member_type: VOTER last_known_addr { host: "127.15.174.195" port: 39103 } } peers { permanent_uuid: "e8b6ac4187bd4bd7ae1c6709a93c4780" member_type: NON_VOTER last_known_addr { host: "127.15.174.196" port: 37845 } attrs { promote: true } } }
I20260608 09:52:41.552256 16804 raft_consensus.cc:2955] T 234bc0bfeaa148c18b66533eda629f5e P eee77d82397c4d73b952197fbd7c32c4 [term 1 FOLLOWER]: Committing config change with OpId 1.2: config changed from index -1 to 2, NON_VOTER e8b6ac4187bd4bd7ae1c6709a93c4780 (127.15.174.196) added. New config: { opid_index: 2 OBSOLETE_local: false peers { permanent_uuid: "d8d1b4ad2a0a4286aee6a6b9758f9782" member_type: VOTER last_known_addr { host: "127.15.174.193" port: 45375 } } peers { permanent_uuid: "eee77d82397c4d73b952197fbd7c32c4" member_type: VOTER last_known_addr { host: "127.15.174.194" port: 43835 } attrs { replace: true } } peers { permanent_uuid: "12de1b74a31d4816bdeed0f0ccc7689b" member_type: VOTER last_known_addr { host: "127.15.174.195" port: 39103 } } peers { permanent_uuid: "e8b6ac4187bd4bd7ae1c6709a93c4780" member_type: NON_VOTER last_known_addr { host: "127.15.174.196" port: 37845 } attrs { promote: true } } }
I20260608 09:52:41.553938 16880 raft_consensus.cc:2955] T 234bc0bfeaa148c18b66533eda629f5e P 12de1b74a31d4816bdeed0f0ccc7689b [term 1 FOLLOWER]: Committing config change with OpId 1.2: config changed from index -1 to 2, NON_VOTER e8b6ac4187bd4bd7ae1c6709a93c4780 (127.15.174.196) added. New config: { opid_index: 2 OBSOLETE_local: false peers { permanent_uuid: "d8d1b4ad2a0a4286aee6a6b9758f9782" member_type: VOTER last_known_addr { host: "127.15.174.193" port: 45375 } } peers { permanent_uuid: "eee77d82397c4d73b952197fbd7c32c4" member_type: VOTER last_known_addr { host: "127.15.174.194" port: 43835 } attrs { replace: true } } peers { permanent_uuid: "12de1b74a31d4816bdeed0f0ccc7689b" member_type: VOTER last_known_addr { host: "127.15.174.195" port: 39103 } } peers { permanent_uuid: "e8b6ac4187bd4bd7ae1c6709a93c4780" member_type: NON_VOTER last_known_addr { host: "127.15.174.196" port: 37845 } attrs { promote: true } } }
I20260608 09:52:41.567023 16879 consensus_queue.cc:237] T 121856bbbce746e1b33fe228a9007be3 P 12de1b74a31d4816bdeed0f0ccc7689b [LEADER]: Queue going to LEADER mode. State: All replicated index: 0, Majority replicated index: 1, Committed index: 1, Last appended: 1.1, Last appended by leader: 0, Current term: 1, Majority size: 2, State: 0, Mode: LEADER, active raft config: opid_index: 2 OBSOLETE_local: false peers { permanent_uuid: "d8d1b4ad2a0a4286aee6a6b9758f9782" member_type: VOTER last_known_addr { host: "127.15.174.193" port: 45375 } } peers { permanent_uuid: "eee77d82397c4d73b952197fbd7c32c4" member_type: VOTER last_known_addr { host: "127.15.174.194" port: 43835 } attrs { replace: true } } peers { permanent_uuid: "12de1b74a31d4816bdeed0f0ccc7689b" member_type: VOTER last_known_addr { host: "127.15.174.195" port: 39103 } } peers { permanent_uuid: "e8b6ac4187bd4bd7ae1c6709a93c4780" member_type: NON_VOTER last_known_addr { host: "127.15.174.196" port: 37845 } attrs { promote: true } }
I20260608 09:52:41.566941 16627 catalog_manager.cc:5696] T 234bc0bfeaa148c18b66533eda629f5e P eee77d82397c4d73b952197fbd7c32c4 reported cstate change: config changed from index -1 to 2, NON_VOTER e8b6ac4187bd4bd7ae1c6709a93c4780 (127.15.174.196) added. New cstate: current_term: 1 leader_uuid: "d8d1b4ad2a0a4286aee6a6b9758f9782" committed_config { opid_index: 2 OBSOLETE_local: false peers { permanent_uuid: "d8d1b4ad2a0a4286aee6a6b9758f9782" member_type: VOTER last_known_addr { host: "127.15.174.193" port: 45375 } } peers { permanent_uuid: "eee77d82397c4d73b952197fbd7c32c4" member_type: VOTER last_known_addr { host: "127.15.174.194" port: 43835 } attrs { replace: true } } peers { permanent_uuid: "12de1b74a31d4816bdeed0f0ccc7689b" member_type: VOTER last_known_addr { host: "127.15.174.195" port: 39103 } } peers { permanent_uuid: "e8b6ac4187bd4bd7ae1c6709a93c4780" member_type: NON_VOTER last_known_addr { host: "127.15.174.196" port: 37845 } attrs { promote: true } } }
W20260608 09:52:41.577754 16844 consensus_peers.cc:597] T 121856bbbce746e1b33fe228a9007be3 P 12de1b74a31d4816bdeed0f0ccc7689b -> Peer e8b6ac4187bd4bd7ae1c6709a93c4780 (127.15.174.196:37845): Couldn't send request to peer e8b6ac4187bd4bd7ae1c6709a93c4780. Error code: TABLET_NOT_FOUND (6). Status: Not found: Tablet not found: 121856bbbce746e1b33fe228a9007be3. This is attempt 1: this message will repeat every 5th retry.
I20260608 09:52:41.577816 16731 raft_consensus.cc:1275] T 121856bbbce746e1b33fe228a9007be3 P d8d1b4ad2a0a4286aee6a6b9758f9782 [term 1 FOLLOWER]: Refusing update from remote peer 12de1b74a31d4816bdeed0f0ccc7689b: Log matching property violated. Preceding OpId in replica: term: 1 index: 1. Preceding OpId from leader: term: 1 index: 2. (index mismatch)
I20260608 09:52:41.578899 16804 raft_consensus.cc:1275] T 121856bbbce746e1b33fe228a9007be3 P eee77d82397c4d73b952197fbd7c32c4 [term 1 FOLLOWER]: Refusing update from remote peer 12de1b74a31d4816bdeed0f0ccc7689b: Log matching property violated. Preceding OpId in replica: term: 1 index: 1. Preceding OpId from leader: term: 1 index: 2. (index mismatch)
I20260608 09:52:41.579871 17085 consensus_queue.cc:1048] T 121856bbbce746e1b33fe228a9007be3 P 12de1b74a31d4816bdeed0f0ccc7689b [LEADER]: Connected to new peer: Peer: permanent_uuid: "d8d1b4ad2a0a4286aee6a6b9758f9782" member_type: VOTER last_known_addr { host: "127.15.174.193" port: 45375 }, Status: LMP_MISMATCH, Last received: 0.0, Next index: 2, Last known committed idx: 1, Time since last communication: 0.001s
I20260608 09:52:41.583835 16960 consensus_queue.cc:1048] T 121856bbbce746e1b33fe228a9007be3 P 12de1b74a31d4816bdeed0f0ccc7689b [LEADER]: Connected to new peer: Peer: permanent_uuid: "eee77d82397c4d73b952197fbd7c32c4" member_type: VOTER last_known_addr { host: "127.15.174.194" port: 43835 } attrs { replace: true }, Status: LMP_MISMATCH, Last received: 0.0, Next index: 2, Last known committed idx: 1, Time since last communication: 0.000s
I20260608 09:52:41.594702 17089 raft_consensus.cc:2955] T 121856bbbce746e1b33fe228a9007be3 P 12de1b74a31d4816bdeed0f0ccc7689b [term 1 LEADER]: Committing config change with OpId 1.2: config changed from index -1 to 2, NON_VOTER e8b6ac4187bd4bd7ae1c6709a93c4780 (127.15.174.196) added. New config: { opid_index: 2 OBSOLETE_local: false peers { permanent_uuid: "d8d1b4ad2a0a4286aee6a6b9758f9782" member_type: VOTER last_known_addr { host: "127.15.174.193" port: 45375 } } peers { permanent_uuid: "eee77d82397c4d73b952197fbd7c32c4" member_type: VOTER last_known_addr { host: "127.15.174.194" port: 43835 } attrs { replace: true } } peers { permanent_uuid: "12de1b74a31d4816bdeed0f0ccc7689b" member_type: VOTER last_known_addr { host: "127.15.174.195" port: 39103 } } peers { permanent_uuid: "e8b6ac4187bd4bd7ae1c6709a93c4780" member_type: NON_VOTER last_known_addr { host: "127.15.174.196" port: 37845 } attrs { promote: true } } }
I20260608 09:52:41.596822 16804 raft_consensus.cc:2955] T 121856bbbce746e1b33fe228a9007be3 P eee77d82397c4d73b952197fbd7c32c4 [term 1 FOLLOWER]: Committing config change with OpId 1.2: config changed from index -1 to 2, NON_VOTER e8b6ac4187bd4bd7ae1c6709a93c4780 (127.15.174.196) added. New config: { opid_index: 2 OBSOLETE_local: false peers { permanent_uuid: "d8d1b4ad2a0a4286aee6a6b9758f9782" member_type: VOTER last_known_addr { host: "127.15.174.193" port: 45375 } } peers { permanent_uuid: "eee77d82397c4d73b952197fbd7c32c4" member_type: VOTER last_known_addr { host: "127.15.174.194" port: 43835 } attrs { replace: true } } peers { permanent_uuid: "12de1b74a31d4816bdeed0f0ccc7689b" member_type: VOTER last_known_addr { host: "127.15.174.195" port: 39103 } } peers { permanent_uuid: "e8b6ac4187bd4bd7ae1c6709a93c4780" member_type: NON_VOTER last_known_addr { host: "127.15.174.196" port: 37845 } attrs { promote: true } } }
I20260608 09:52:41.596797 16731 raft_consensus.cc:2955] T 121856bbbce746e1b33fe228a9007be3 P d8d1b4ad2a0a4286aee6a6b9758f9782 [term 1 FOLLOWER]: Committing config change with OpId 1.2: config changed from index -1 to 2, NON_VOTER e8b6ac4187bd4bd7ae1c6709a93c4780 (127.15.174.196) added. New config: { opid_index: 2 OBSOLETE_local: false peers { permanent_uuid: "d8d1b4ad2a0a4286aee6a6b9758f9782" member_type: VOTER last_known_addr { host: "127.15.174.193" port: 45375 } } peers { permanent_uuid: "eee77d82397c4d73b952197fbd7c32c4" member_type: VOTER last_known_addr { host: "127.15.174.194" port: 43835 } attrs { replace: true } } peers { permanent_uuid: "12de1b74a31d4816bdeed0f0ccc7689b" member_type: VOTER last_known_addr { host: "127.15.174.195" port: 39103 } } peers { permanent_uuid: "e8b6ac4187bd4bd7ae1c6709a93c4780" member_type: NON_VOTER last_known_addr { host: "127.15.174.196" port: 37845 } attrs { promote: true } } }
I20260608 09:52:41.608935 16628 catalog_manager.cc:5696] T 121856bbbce746e1b33fe228a9007be3 P 12de1b74a31d4816bdeed0f0ccc7689b reported cstate change: config changed from index -1 to 2, NON_VOTER e8b6ac4187bd4bd7ae1c6709a93c4780 (127.15.174.196) added. New cstate: current_term: 1 leader_uuid: "12de1b74a31d4816bdeed0f0ccc7689b" committed_config { opid_index: 2 OBSOLETE_local: false peers { permanent_uuid: "d8d1b4ad2a0a4286aee6a6b9758f9782" member_type: VOTER last_known_addr { host: "127.15.174.193" port: 45375 } health_report { overall_health: HEALTHY } } peers { permanent_uuid: "eee77d82397c4d73b952197fbd7c32c4" member_type: VOTER last_known_addr { host: "127.15.174.194" port: 43835 } attrs { replace: true } health_report { overall_health: HEALTHY } } peers { permanent_uuid: "12de1b74a31d4816bdeed0f0ccc7689b" member_type: VOTER last_known_addr { host: "127.15.174.195" port: 39103 } health_report { overall_health: HEALTHY } } peers { permanent_uuid: "e8b6ac4187bd4bd7ae1c6709a93c4780" member_type: NON_VOTER last_known_addr { host: "127.15.174.196" port: 37845 } attrs { promote: true } health_report { overall_health: UNKNOWN } } }
I20260608 09:52:41.695024 16059 tablet_server.cc:179] TabletServer@127.15.174.193:0 shutting down...
W20260608 09:52:41.723959 16845 proxy.cc:239] Call had error, refreshing address and retrying: Remote error: Service unavailable: service kudu.consensus.ConsensusService not registered on TabletServer [suppressed 6 similar messages]
I20260608 09:52:41.735100 16059 ts_tablet_manager.cc:1507] Shutting down tablet manager...
W20260608 09:52:41.735056 16845 consensus_peers.cc:597] T b4fea1660dc445f4b010ef10402a2a0a P 12de1b74a31d4816bdeed0f0ccc7689b -> Peer d8d1b4ad2a0a4286aee6a6b9758f9782 (127.15.174.193:45375): Couldn't send request to peer d8d1b4ad2a0a4286aee6a6b9758f9782. Status: Remote error: Service unavailable: service kudu.consensus.ConsensusService not registered on TabletServer. This is attempt 1: this message will repeat every 5th retry.
I20260608 09:52:41.736338 16059 tablet_replica.cc:333] T 4194e436b4164300b4d41d587c460c71 P d8d1b4ad2a0a4286aee6a6b9758f9782: stopping tablet replica
I20260608 09:52:41.737219 16059 raft_consensus.cc:2243] T 4194e436b4164300b4d41d587c460c71 P d8d1b4ad2a0a4286aee6a6b9758f9782 [term 1 FOLLOWER]: Raft consensus shutting down.
I20260608 09:52:41.737815 16059 raft_consensus.cc:2272] T 4194e436b4164300b4d41d587c460c71 P d8d1b4ad2a0a4286aee6a6b9758f9782 [term 1 FOLLOWER]: Raft consensus is shut down!
I20260608 09:52:41.740119 16059 tablet_replica.cc:333] T b9b95f761982437f855b7d988fcdc66d P d8d1b4ad2a0a4286aee6a6b9758f9782: stopping tablet replica
I20260608 09:52:41.740751 16059 raft_consensus.cc:2243] T b9b95f761982437f855b7d988fcdc66d P d8d1b4ad2a0a4286aee6a6b9758f9782 [term 1 LEADER]: Raft consensus shutting down.
I20260608 09:52:41.741796 16059 raft_consensus.cc:2272] T b9b95f761982437f855b7d988fcdc66d P d8d1b4ad2a0a4286aee6a6b9758f9782 [term 1 FOLLOWER]: Raft consensus is shut down!
I20260608 09:52:41.744514 16059 tablet_replica.cc:333] T 234bc0bfeaa148c18b66533eda629f5e P d8d1b4ad2a0a4286aee6a6b9758f9782: stopping tablet replica
I20260608 09:52:41.745169 16059 raft_consensus.cc:2243] T 234bc0bfeaa148c18b66533eda629f5e P d8d1b4ad2a0a4286aee6a6b9758f9782 [term 1 LEADER]: Raft consensus shutting down.
I20260608 09:52:41.746205 16059 raft_consensus.cc:2272] T 234bc0bfeaa148c18b66533eda629f5e P d8d1b4ad2a0a4286aee6a6b9758f9782 [term 1 FOLLOWER]: Raft consensus is shut down!
I20260608 09:52:41.748782 16059 tablet_replica.cc:333] T b4fea1660dc445f4b010ef10402a2a0a P d8d1b4ad2a0a4286aee6a6b9758f9782: stopping tablet replica
I20260608 09:52:41.749431 16059 raft_consensus.cc:2243] T b4fea1660dc445f4b010ef10402a2a0a P d8d1b4ad2a0a4286aee6a6b9758f9782 [term 1 FOLLOWER]: Raft consensus shutting down.
I20260608 09:52:41.749971 16059 raft_consensus.cc:2272] T b4fea1660dc445f4b010ef10402a2a0a P d8d1b4ad2a0a4286aee6a6b9758f9782 [term 1 FOLLOWER]: Raft consensus is shut down!
I20260608 09:52:41.752243 16059 tablet_replica.cc:333] T eb5e43ef93a14795864dd256743f2b8a P d8d1b4ad2a0a4286aee6a6b9758f9782: stopping tablet replica
I20260608 09:52:41.753016 16059 raft_consensus.cc:2243] T eb5e43ef93a14795864dd256743f2b8a P d8d1b4ad2a0a4286aee6a6b9758f9782 [term 1 FOLLOWER]: Raft consensus shutting down.
I20260608 09:52:41.753536 16059 raft_consensus.cc:2272] T eb5e43ef93a14795864dd256743f2b8a P d8d1b4ad2a0a4286aee6a6b9758f9782 [term 1 FOLLOWER]: Raft consensus is shut down!
I20260608 09:52:41.756108 16059 tablet_replica.cc:333] T 58a0d0374f1a4af8a4f34722dc320ac3 P d8d1b4ad2a0a4286aee6a6b9758f9782: stopping tablet replica
I20260608 09:52:41.756717 16059 raft_consensus.cc:2243] T 58a0d0374f1a4af8a4f34722dc320ac3 P d8d1b4ad2a0a4286aee6a6b9758f9782 [term 1 FOLLOWER]: Raft consensus shutting down.
I20260608 09:52:41.757170 16059 raft_consensus.cc:2272] T 58a0d0374f1a4af8a4f34722dc320ac3 P d8d1b4ad2a0a4286aee6a6b9758f9782 [term 1 FOLLOWER]: Raft consensus is shut down!
I20260608 09:52:41.759409 16059 tablet_replica.cc:333] T 121856bbbce746e1b33fe228a9007be3 P d8d1b4ad2a0a4286aee6a6b9758f9782: stopping tablet replica
I20260608 09:52:41.760071 16059 raft_consensus.cc:2243] T 121856bbbce746e1b33fe228a9007be3 P d8d1b4ad2a0a4286aee6a6b9758f9782 [term 1 FOLLOWER]: Raft consensus shutting down.
I20260608 09:52:41.760601 16059 raft_consensus.cc:2272] T 121856bbbce746e1b33fe228a9007be3 P d8d1b4ad2a0a4286aee6a6b9758f9782 [term 1 FOLLOWER]: Raft consensus is shut down!
I20260608 09:52:41.762956 16059 tablet_replica.cc:333] T 54f32333429248a7a6602a6ecc96c540 P d8d1b4ad2a0a4286aee6a6b9758f9782: stopping tablet replica
I20260608 09:52:41.763710 16059 raft_consensus.cc:2243] T 54f32333429248a7a6602a6ecc96c540 P d8d1b4ad2a0a4286aee6a6b9758f9782 [term 1 LEADER]: Raft consensus shutting down.
I20260608 09:52:41.764673 16059 raft_consensus.cc:2272] T 54f32333429248a7a6602a6ecc96c540 P d8d1b4ad2a0a4286aee6a6b9758f9782 [term 1 FOLLOWER]: Raft consensus is shut down!
W20260608 09:52:41.777136 16771 consensus_peers.cc:597] T 58a0d0374f1a4af8a4f34722dc320ac3 P eee77d82397c4d73b952197fbd7c32c4 -> Peer d8d1b4ad2a0a4286aee6a6b9758f9782 (127.15.174.193:45375): Couldn't send request to peer d8d1b4ad2a0a4286aee6a6b9758f9782. Status: Remote error: Service unavailable: service kudu.consensus.ConsensusService not registered on TabletServer. This is attempt 1: this message will repeat every 5th retry.
W20260608 09:52:41.777916 16771 consensus_peers.cc:597] T 4194e436b4164300b4d41d587c460c71 P eee77d82397c4d73b952197fbd7c32c4 -> Peer d8d1b4ad2a0a4286aee6a6b9758f9782 (127.15.174.193:45375): Couldn't send request to peer d8d1b4ad2a0a4286aee6a6b9758f9782. Status: Remote error: Service unavailable: service kudu.consensus.ConsensusService not registered on TabletServer. This is attempt 1: this message will repeat every 5th retry.
I20260608 09:52:41.792232 16059 tablet_server.cc:196] TabletServer@127.15.174.193:0 shutdown complete.
I20260608 09:52:41.814956 16059 tablet_server.cc:179] TabletServer@127.15.174.194:0 shutting down...
I20260608 09:52:41.856320 16059 ts_tablet_manager.cc:1507] Shutting down tablet manager...
I20260608 09:52:41.858418 16059 tablet_replica.cc:333] T 4194e436b4164300b4d41d587c460c71 P eee77d82397c4d73b952197fbd7c32c4: stopping tablet replica
I20260608 09:52:41.859824 16059 raft_consensus.cc:2243] T 4194e436b4164300b4d41d587c460c71 P eee77d82397c4d73b952197fbd7c32c4 [term 1 LEADER]: Raft consensus shutting down.
I20260608 09:52:41.861196 16059 raft_consensus.cc:2272] T 4194e436b4164300b4d41d587c460c71 P eee77d82397c4d73b952197fbd7c32c4 [term 1 FOLLOWER]: Raft consensus is shut down!
I20260608 09:52:41.864580 16059 tablet_replica.cc:333] T b9b95f761982437f855b7d988fcdc66d P eee77d82397c4d73b952197fbd7c32c4: stopping tablet replica
I20260608 09:52:41.865410 16059 raft_consensus.cc:2243] T b9b95f761982437f855b7d988fcdc66d P eee77d82397c4d73b952197fbd7c32c4 [term 1 FOLLOWER]: Raft consensus shutting down.
I20260608 09:52:41.866073 16059 raft_consensus.cc:2272] T b9b95f761982437f855b7d988fcdc66d P eee77d82397c4d73b952197fbd7c32c4 [term 1 FOLLOWER]: Raft consensus is shut down!
I20260608 09:52:41.869495 16059 tablet_replica.cc:333] T b4fea1660dc445f4b010ef10402a2a0a P eee77d82397c4d73b952197fbd7c32c4: stopping tablet replica
I20260608 09:52:41.870410 16059 raft_consensus.cc:2243] T b4fea1660dc445f4b010ef10402a2a0a P eee77d82397c4d73b952197fbd7c32c4 [term 1 FOLLOWER]: Raft consensus shutting down.
I20260608 09:52:41.871023 16059 raft_consensus.cc:2272] T b4fea1660dc445f4b010ef10402a2a0a P eee77d82397c4d73b952197fbd7c32c4 [term 1 FOLLOWER]: Raft consensus is shut down!
I20260608 09:52:41.873958 16059 tablet_replica.cc:333] T 234bc0bfeaa148c18b66533eda629f5e P eee77d82397c4d73b952197fbd7c32c4: stopping tablet replica
I20260608 09:52:41.874728 16059 raft_consensus.cc:2243] T 234bc0bfeaa148c18b66533eda629f5e P eee77d82397c4d73b952197fbd7c32c4 [term 1 FOLLOWER]: Raft consensus shutting down.
I20260608 09:52:41.875342 16059 raft_consensus.cc:2272] T 234bc0bfeaa148c18b66533eda629f5e P eee77d82397c4d73b952197fbd7c32c4 [term 1 FOLLOWER]: Raft consensus is shut down!
I20260608 09:52:41.878643 16059 tablet_replica.cc:333] T 121856bbbce746e1b33fe228a9007be3 P eee77d82397c4d73b952197fbd7c32c4: stopping tablet replica
I20260608 09:52:41.879487 16059 raft_consensus.cc:2243] T 121856bbbce746e1b33fe228a9007be3 P eee77d82397c4d73b952197fbd7c32c4 [term 1 FOLLOWER]: Raft consensus shutting down.
I20260608 09:52:41.880149 16059 raft_consensus.cc:2272] T 121856bbbce746e1b33fe228a9007be3 P eee77d82397c4d73b952197fbd7c32c4 [term 1 FOLLOWER]: Raft consensus is shut down!
I20260608 09:52:41.883384 16059 tablet_replica.cc:333] T 54f32333429248a7a6602a6ecc96c540 P eee77d82397c4d73b952197fbd7c32c4: stopping tablet replica
I20260608 09:52:41.884124 16059 raft_consensus.cc:2243] T 54f32333429248a7a6602a6ecc96c540 P eee77d82397c4d73b952197fbd7c32c4 [term 1 FOLLOWER]: Raft consensus shutting down.
I20260608 09:52:41.884780 16059 raft_consensus.cc:2272] T 54f32333429248a7a6602a6ecc96c540 P eee77d82397c4d73b952197fbd7c32c4 [term 1 FOLLOWER]: Raft consensus is shut down!
I20260608 09:52:41.888054 16059 tablet_replica.cc:333] T 58a0d0374f1a4af8a4f34722dc320ac3 P eee77d82397c4d73b952197fbd7c32c4: stopping tablet replica
I20260608 09:52:41.888852 16059 raft_consensus.cc:2243] T 58a0d0374f1a4af8a4f34722dc320ac3 P eee77d82397c4d73b952197fbd7c32c4 [term 1 LEADER]: Raft consensus shutting down.
I20260608 09:52:41.889994 16059 raft_consensus.cc:2272] T 58a0d0374f1a4af8a4f34722dc320ac3 P eee77d82397c4d73b952197fbd7c32c4 [term 1 FOLLOWER]: Raft consensus is shut down!
I20260608 09:52:41.892737 16059 tablet_replica.cc:333] T eb5e43ef93a14795864dd256743f2b8a P eee77d82397c4d73b952197fbd7c32c4: stopping tablet replica
I20260608 09:52:41.893524 16059 raft_consensus.cc:2243] T eb5e43ef93a14795864dd256743f2b8a P eee77d82397c4d73b952197fbd7c32c4 [term 1 FOLLOWER]: Raft consensus shutting down.
I20260608 09:52:41.894550 16059 raft_consensus.cc:2272] T eb5e43ef93a14795864dd256743f2b8a P eee77d82397c4d73b952197fbd7c32c4 [term 1 FOLLOWER]: Raft consensus is shut down!
W20260608 09:52:41.917824 16845 consensus_peers.cc:597] T eb5e43ef93a14795864dd256743f2b8a P 12de1b74a31d4816bdeed0f0ccc7689b -> Peer d8d1b4ad2a0a4286aee6a6b9758f9782 (127.15.174.193:45375): Couldn't send request to peer d8d1b4ad2a0a4286aee6a6b9758f9782. Status: Network error: Client connection negotiation failed: client connection to 127.15.174.193:45375: connect: Connection refused (error 111). This is attempt 1: this message will repeat every 5th retry.
I20260608 09:52:41.921443 16059 tablet_server.cc:196] TabletServer@127.15.174.194:0 shutdown complete.
I20260608 09:52:41.943689 16059 tablet_server.cc:179] TabletServer@127.15.174.195:0 shutting down...
I20260608 09:52:41.964512 17112 ts_tablet_manager.cc:933] T eb5e43ef93a14795864dd256743f2b8a P e8b6ac4187bd4bd7ae1c6709a93c4780: Initiating tablet copy from peer 12de1b74a31d4816bdeed0f0ccc7689b (127.15.174.195:39103)
I20260608 09:52:41.967612 17112 tablet_copy_client.cc:323] T eb5e43ef93a14795864dd256743f2b8a P e8b6ac4187bd4bd7ae1c6709a93c4780: tablet copy: Beginning tablet copy session from remote peer at address 127.15.174.195:39103
I20260608 09:52:42.000674 16059 ts_tablet_manager.cc:1507] Shutting down tablet manager...
W20260608 09:52:42.001966 16844 consensus_peers.cc:597] T eb5e43ef93a14795864dd256743f2b8a P 12de1b74a31d4816bdeed0f0ccc7689b -> Peer eee77d82397c4d73b952197fbd7c32c4 (127.15.174.194:43835): Couldn't send request to peer eee77d82397c4d73b952197fbd7c32c4. Status: Network error: Client connection negotiation failed: client connection to 127.15.174.194:43835: connect: Connection refused (error 111). This is attempt 1: this message will repeat every 5th retry.
I20260608 09:52:42.002604 16059 tablet_replica.cc:333] T b9b95f761982437f855b7d988fcdc66d P 12de1b74a31d4816bdeed0f0ccc7689b: stopping tablet replica
I20260608 09:52:42.003422 16059 raft_consensus.cc:2243] T b9b95f761982437f855b7d988fcdc66d P 12de1b74a31d4816bdeed0f0ccc7689b [term 1 FOLLOWER]: Raft consensus shutting down.
I20260608 09:52:42.004124 16059 raft_consensus.cc:2272] T b9b95f761982437f855b7d988fcdc66d P 12de1b74a31d4816bdeed0f0ccc7689b [term 1 FOLLOWER]: Raft consensus is shut down!
I20260608 09:52:42.006999 16059 tablet_replica.cc:333] T 4194e436b4164300b4d41d587c460c71 P 12de1b74a31d4816bdeed0f0ccc7689b: stopping tablet replica
I20260608 09:52:42.007683 16059 raft_consensus.cc:2243] T 4194e436b4164300b4d41d587c460c71 P 12de1b74a31d4816bdeed0f0ccc7689b [term 1 FOLLOWER]: Raft consensus shutting down.
I20260608 09:52:42.008186 16059 raft_consensus.cc:2272] T 4194e436b4164300b4d41d587c460c71 P 12de1b74a31d4816bdeed0f0ccc7689b [term 1 FOLLOWER]: Raft consensus is shut down!
I20260608 09:52:42.010843 16059 tablet_replica.cc:333] T 234bc0bfeaa148c18b66533eda629f5e P 12de1b74a31d4816bdeed0f0ccc7689b: stopping tablet replica
I20260608 09:52:42.011888 16059 raft_consensus.cc:2243] T 234bc0bfeaa148c18b66533eda629f5e P 12de1b74a31d4816bdeed0f0ccc7689b [term 1 FOLLOWER]: Raft consensus shutting down.
I20260608 09:52:42.012740 16059 raft_consensus.cc:2272] T 234bc0bfeaa148c18b66533eda629f5e P 12de1b74a31d4816bdeed0f0ccc7689b [term 1 FOLLOWER]: Raft consensus is shut down!
I20260608 09:52:42.015931 16059 tablet_replica.cc:333] T b4fea1660dc445f4b010ef10402a2a0a P 12de1b74a31d4816bdeed0f0ccc7689b: stopping tablet replica
I20260608 09:52:42.016592 16059 raft_consensus.cc:2243] T b4fea1660dc445f4b010ef10402a2a0a P 12de1b74a31d4816bdeed0f0ccc7689b [term 1 LEADER]: Raft consensus shutting down.
I20260608 09:52:42.017470 16059 raft_consensus.cc:2272] T b4fea1660dc445f4b010ef10402a2a0a P 12de1b74a31d4816bdeed0f0ccc7689b [term 1 FOLLOWER]: Raft consensus is shut down!
I20260608 09:52:42.019582 16059 tablet_replica.cc:333] T 58a0d0374f1a4af8a4f34722dc320ac3 P 12de1b74a31d4816bdeed0f0ccc7689b: stopping tablet replica
I20260608 09:52:42.020306 16059 raft_consensus.cc:2243] T 58a0d0374f1a4af8a4f34722dc320ac3 P 12de1b74a31d4816bdeed0f0ccc7689b [term 1 FOLLOWER]: Raft consensus shutting down.
I20260608 09:52:42.020828 16059 raft_consensus.cc:2272] T 58a0d0374f1a4af8a4f34722dc320ac3 P 12de1b74a31d4816bdeed0f0ccc7689b [term 1 FOLLOWER]: Raft consensus is shut down!
I20260608 09:52:42.022980 16059 tablet_replica.cc:333] T eb5e43ef93a14795864dd256743f2b8a P 12de1b74a31d4816bdeed0f0ccc7689b: stopping tablet replica
