I20260608 09:53:59.448112  8140 leader_election.cc:290] T a82c66c1d69a45339cbb725d04e1da7d P 1754068f57694318b5e05997e6d8492e [CANDIDATE]: Term 1 pre-election: Requested pre-vote from peers b9225d0d9b124b68a8c66be90232e531 (127.4.202.132:45361), e6276253cef548ff9de85e0fa472fc43 (127.4.202.129:38075)
I20260608 09:53:59.439462  8209 raft_consensus.cc:2468] T 69e7e9239c8c44e3806bb55d373546c4 P b9225d0d9b124b68a8c66be90232e531 [term 1 FOLLOWER]: Leader election vote request: Granting yes vote for candidate 1754068f57694318b5e05997e6d8492e in term 1.
I20260608 09:53:59.450700  7953 leader_election.cc:304] T 69e7e9239c8c44e3806bb55d373546c4 P 1754068f57694318b5e05997e6d8492e [CANDIDATE]: Term 1 election: Election decided. Result: candidate won. Election summary: received 2 responses out of 3 voters: 2 yes votes; 0 no votes. yes voters: 1754068f57694318b5e05997e6d8492e, b9225d0d9b124b68a8c66be90232e531; no voters: 
I20260608 09:53:59.451992  8140 raft_consensus.cc:2804] T 69e7e9239c8c44e3806bb55d373546c4 P 1754068f57694318b5e05997e6d8492e [term 1 FOLLOWER]: Leader election won for term 1
I20260608 09:53:59.452544  8140 raft_consensus.cc:697] T 69e7e9239c8c44e3806bb55d373546c4 P 1754068f57694318b5e05997e6d8492e [term 1 LEADER]: Becoming Leader. State: Replica: 1754068f57694318b5e05997e6d8492e, State: Running, Role: LEADER
I20260608 09:53:59.452594  8139 raft_consensus.cc:515] T a82c66c1d69a45339cbb725d04e1da7d P 1754068f57694318b5e05997e6d8492e [term 1 FOLLOWER]: Starting leader election with config: opid_index: -1 OBSOLETE_local: false peers { permanent_uuid: "b9225d0d9b124b68a8c66be90232e531" member_type: VOTER last_known_addr { host: "127.4.202.132" port: 45361 } } peers { permanent_uuid: "e6276253cef548ff9de85e0fa472fc43" member_type: VOTER last_known_addr { host: "127.4.202.129" port: 38075 } } peers { permanent_uuid: "1754068f57694318b5e05997e6d8492e" member_type: VOTER last_known_addr { host: "127.4.202.130" port: 43119 } }
I20260608 09:53:59.453603  8140 consensus_queue.cc:237] T 69e7e9239c8c44e3806bb55d373546c4 P 1754068f57694318b5e05997e6d8492e [LEADER]: Queue going to LEADER mode. State: All replicated index: 0, Majority replicated index: 0, Committed index: 0, Last appended: 0.0, Last appended by leader: 0, Current term: 1, Majority size: 2, State: 0, Mode: LEADER, active raft config: opid_index: -1 OBSOLETE_local: false peers { permanent_uuid: "b9225d0d9b124b68a8c66be90232e531" member_type: VOTER last_known_addr { host: "127.4.202.132" port: 45361 } } peers { permanent_uuid: "1754068f57694318b5e05997e6d8492e" member_type: VOTER last_known_addr { host: "127.4.202.130" port: 43119 } } peers { permanent_uuid: "e6276253cef548ff9de85e0fa472fc43" member_type: VOTER last_known_addr { host: "127.4.202.129" port: 38075 } }
I20260608 09:53:59.456656  8209 tablet_service.cc:1917] Received RequestConsensusVote() RPC: tablet_id: "a82c66c1d69a45339cbb725d04e1da7d" candidate_uuid: "1754068f57694318b5e05997e6d8492e" candidate_term: 1 candidate_status { last_received { term: 0 index: 0 } } ignore_live_leader: false dest_uuid: "b9225d0d9b124b68a8c66be90232e531"
I20260608 09:53:59.458539  8286 raft_consensus.cc:493] T 1ad8bb026a26469eaa950b2a584b75db P b9225d0d9b124b68a8c66be90232e531 [term 0 FOLLOWER]: Starting pre-election (no leader contacted us within the election timeout)
I20260608 09:53:59.459072  8286 raft_consensus.cc:515] T 1ad8bb026a26469eaa950b2a584b75db P b9225d0d9b124b68a8c66be90232e531 [term 0 FOLLOWER]: Starting pre-election with config: opid_index: -1 OBSOLETE_local: false peers { permanent_uuid: "35d0ea3883074de8902a7b246a6ab8d6" member_type: VOTER last_known_addr { host: "127.4.202.131" port: 39859 } } peers { permanent_uuid: "e6276253cef548ff9de85e0fa472fc43" member_type: VOTER last_known_addr { host: "127.4.202.129" port: 38075 } } peers { permanent_uuid: "b9225d0d9b124b68a8c66be90232e531" member_type: VOTER last_known_addr { host: "127.4.202.132" port: 45361 } }
W20260608 09:53:59.460947  7953 leader_election.cc:343] T a82c66c1d69a45339cbb725d04e1da7d P 1754068f57694318b5e05997e6d8492e [CANDIDATE]: Term 1 election: Tablet error from VoteRequest() call to peer b9225d0d9b124b68a8c66be90232e531 (127.4.202.132:45361): Illegal state: must be running to vote when last-logged opid is not known
I20260608 09:53:59.462499  7911 tablet_service.cc:1917] Received RequestConsensusVote() RPC: tablet_id: "69e7e9239c8c44e3806bb55d373546c4" candidate_uuid: "1754068f57694318b5e05997e6d8492e" candidate_term: 1 candidate_status { last_received { term: 0 index: 0 } } ignore_live_leader: false dest_uuid: "e6276253cef548ff9de85e0fa472fc43"
I20260608 09:53:59.463155  7911 raft_consensus.cc:3060] T 69e7e9239c8c44e3806bb55d373546c4 P e6276253cef548ff9de85e0fa472fc43 [term 0 FOLLOWER]: Advancing to term 1
I20260608 09:53:59.466018  7914 tablet_service.cc:1917] Received RequestConsensusVote() RPC: tablet_id: "1ad8bb026a26469eaa950b2a584b75db" candidate_uuid: "b9225d0d9b124b68a8c66be90232e531" candidate_term: 1 candidate_status { last_received { term: 0 index: 0 } } ignore_live_leader: false dest_uuid: "e6276253cef548ff9de85e0fa472fc43" is_pre_election: true
I20260608 09:53:59.466886  7914 raft_consensus.cc:2468] T 1ad8bb026a26469eaa950b2a584b75db P e6276253cef548ff9de85e0fa472fc43 [term 0 FOLLOWER]: Leader pre-election vote request: Granting yes vote for candidate b9225d0d9b124b68a8c66be90232e531 in term 0.
I20260608 09:53:59.468669  8175 leader_election.cc:304] T 1ad8bb026a26469eaa950b2a584b75db P b9225d0d9b124b68a8c66be90232e531 [CANDIDATE]: Term 1 pre-election: Election decided. Result: candidate won. Election summary: received 2 responses out of 3 voters: 2 yes votes; 0 no votes. yes voters: b9225d0d9b124b68a8c66be90232e531, e6276253cef548ff9de85e0fa472fc43; no voters: 
I20260608 09:53:59.469830  8288 raft_consensus.cc:2804] T 1ad8bb026a26469eaa950b2a584b75db P b9225d0d9b124b68a8c66be90232e531 [term 0 FOLLOWER]: Leader pre-election won for term 1
I20260608 09:53:59.470234  8288 raft_consensus.cc:493] T 1ad8bb026a26469eaa950b2a584b75db P b9225d0d9b124b68a8c66be90232e531 [term 0 FOLLOWER]: Starting leader election (no leader contacted us within the election timeout)
I20260608 09:53:59.470604  8288 raft_consensus.cc:3060] T 1ad8bb026a26469eaa950b2a584b75db P b9225d0d9b124b68a8c66be90232e531 [term 0 FOLLOWER]: Advancing to term 1
I20260608 09:53:59.471122  7911 raft_consensus.cc:2468] T 69e7e9239c8c44e3806bb55d373546c4 P e6276253cef548ff9de85e0fa472fc43 [term 1 FOLLOWER]: Leader election vote request: Granting yes vote for candidate 1754068f57694318b5e05997e6d8492e in term 1.
I20260608 09:53:59.479557  8286 leader_election.cc:290] T 1ad8bb026a26469eaa950b2a584b75db P b9225d0d9b124b68a8c66be90232e531 [CANDIDATE]: Term 1 pre-election: Requested pre-vote from peers 35d0ea3883074de8902a7b246a6ab8d6 (127.4.202.131:39859), e6276253cef548ff9de85e0fa472fc43 (127.4.202.129:38075)
I20260608 09:53:59.480913  8139 leader_election.cc:290] T a82c66c1d69a45339cbb725d04e1da7d P 1754068f57694318b5e05997e6d8492e [CANDIDATE]: Term 1 election: Requested vote from peers b9225d0d9b124b68a8c66be90232e531 (127.4.202.132:45361), e6276253cef548ff9de85e0fa472fc43 (127.4.202.129:38075)
I20260608 09:53:59.488287  8273 tablet_bootstrap.cc:492] T a98d02b2a84c405094564d9393872432 P b9225d0d9b124b68a8c66be90232e531: No bootstrap required, opened a new log
I20260608 09:53:59.488902  8273 ts_tablet_manager.cc:1403] T a98d02b2a84c405094564d9393872432 P b9225d0d9b124b68a8c66be90232e531: Time spent bootstrapping tablet: real 0.063s	user 0.029s	sys 0.023s
I20260608 09:53:59.486923  7811 catalog_manager.cc:5696] T 69e7e9239c8c44e3806bb55d373546c4 P 1754068f57694318b5e05997e6d8492e reported cstate change: term changed from 0 to 1, leader changed from <none> to 1754068f57694318b5e05997e6d8492e (127.4.202.130). New cstate: current_term: 1 leader_uuid: "1754068f57694318b5e05997e6d8492e" committed_config { opid_index: -1 OBSOLETE_local: false peers { permanent_uuid: "b9225d0d9b124b68a8c66be90232e531" member_type: VOTER last_known_addr { host: "127.4.202.132" port: 45361 } health_report { overall_health: UNKNOWN } } peers { permanent_uuid: "1754068f57694318b5e05997e6d8492e" member_type: VOTER last_known_addr { host: "127.4.202.130" port: 43119 } health_report { overall_health: HEALTHY } } peers { permanent_uuid: "e6276253cef548ff9de85e0fa472fc43" member_type: VOTER last_known_addr { host: "127.4.202.129" port: 38075 } health_report { overall_health: UNKNOWN } } }
I20260608 09:53:59.492293  8273 raft_consensus.cc:359] T a98d02b2a84c405094564d9393872432 P b9225d0d9b124b68a8c66be90232e531 [term 0 FOLLOWER]: Replica starting. Triggering 0 pending ops. Active config: opid_index: -1 OBSOLETE_local: false peers { permanent_uuid: "35d0ea3883074de8902a7b246a6ab8d6" member_type: VOTER last_known_addr { host: "127.4.202.131" port: 39859 } } peers { permanent_uuid: "b9225d0d9b124b68a8c66be90232e531" member_type: VOTER last_known_addr { host: "127.4.202.132" port: 45361 } } peers { permanent_uuid: "e6276253cef548ff9de85e0fa472fc43" member_type: VOTER last_known_addr { host: "127.4.202.129" port: 38075 } }
I20260608 09:53:59.492609  7911 tablet_service.cc:1917] Received RequestConsensusVote() RPC: tablet_id: "a82c66c1d69a45339cbb725d04e1da7d" candidate_uuid: "1754068f57694318b5e05997e6d8492e" candidate_term: 1 candidate_status { last_received { term: 0 index: 0 } } ignore_live_leader: false dest_uuid: "e6276253cef548ff9de85e0fa472fc43"
I20260608 09:53:59.493100  8273 raft_consensus.cc:385] T a98d02b2a84c405094564d9393872432 P b9225d0d9b124b68a8c66be90232e531 [term 0 FOLLOWER]: Consensus starting up: Expiring failure detector timer to make a prompt election more likely
I20260608 09:53:59.493480  8273 raft_consensus.cc:740] T a98d02b2a84c405094564d9393872432 P b9225d0d9b124b68a8c66be90232e531 [term 0 FOLLOWER]: Becoming Follower/Learner. State: Replica: b9225d0d9b124b68a8c66be90232e531, State: Initialized, Role: FOLLOWER
I20260608 09:53:59.493439  7911 raft_consensus.cc:3060] T a82c66c1d69a45339cbb725d04e1da7d P e6276253cef548ff9de85e0fa472fc43 [term 0 FOLLOWER]: Advancing to term 1
I20260608 09:53:59.494570  8273 consensus_queue.cc:260] T a98d02b2a84c405094564d9393872432 P b9225d0d9b124b68a8c66be90232e531 [NON_LEADER]: Queue going to NON_LEADER mode. State: All replicated index: 0, Majority replicated index: 0, Committed index: 0, Last appended: 0.0, Last appended by leader: 0, Current term: 0, Majority size: -1, State: 0, Mode: NON_LEADER, active raft config: opid_index: -1 OBSOLETE_local: false peers { permanent_uuid: "35d0ea3883074de8902a7b246a6ab8d6" member_type: VOTER last_known_addr { host: "127.4.202.131" port: 39859 } } peers { permanent_uuid: "b9225d0d9b124b68a8c66be90232e531" member_type: VOTER last_known_addr { host: "127.4.202.132" port: 45361 } } peers { permanent_uuid: "e6276253cef548ff9de85e0fa472fc43" member_type: VOTER last_known_addr { host: "127.4.202.129" port: 38075 } }
I20260608 09:53:59.495806  8229 raft_consensus.cc:493] T a98d02b2a84c405094564d9393872432 P 35d0ea3883074de8902a7b246a6ab8d6 [term 0 FOLLOWER]: Starting pre-election (no leader contacted us within the election timeout)
I20260608 09:53:59.496632  8229 raft_consensus.cc:515] T a98d02b2a84c405094564d9393872432 P 35d0ea3883074de8902a7b246a6ab8d6 [term 0 FOLLOWER]: Starting pre-election with config: opid_index: -1 OBSOLETE_local: false peers { permanent_uuid: "35d0ea3883074de8902a7b246a6ab8d6" member_type: VOTER last_known_addr { host: "127.4.202.131" port: 39859 } } peers { permanent_uuid: "b9225d0d9b124b68a8c66be90232e531" member_type: VOTER last_known_addr { host: "127.4.202.132" port: 45361 } } peers { permanent_uuid: "e6276253cef548ff9de85e0fa472fc43" member_type: VOTER last_known_addr { host: "127.4.202.129" port: 38075 } }
I20260608 09:53:59.499454  8288 raft_consensus.cc:515] T 1ad8bb026a26469eaa950b2a584b75db P b9225d0d9b124b68a8c66be90232e531 [term 1 FOLLOWER]: Starting leader election with config: opid_index: -1 OBSOLETE_local: false peers { permanent_uuid: "35d0ea3883074de8902a7b246a6ab8d6" member_type: VOTER last_known_addr { host: "127.4.202.131" port: 39859 } } peers { permanent_uuid: "e6276253cef548ff9de85e0fa472fc43" member_type: VOTER last_known_addr { host: "127.4.202.129" port: 38075 } } peers { permanent_uuid: "b9225d0d9b124b68a8c66be90232e531" member_type: VOTER last_known_addr { host: "127.4.202.132" port: 45361 } }
I20260608 09:53:59.500308  8209 tablet_service.cc:1917] Received RequestConsensusVote() RPC: tablet_id: "a98d02b2a84c405094564d9393872432" candidate_uuid: "35d0ea3883074de8902a7b246a6ab8d6" candidate_term: 1 candidate_status { last_received { term: 0 index: 0 } } ignore_live_leader: false dest_uuid: "b9225d0d9b124b68a8c66be90232e531" is_pre_election: true
I20260608 09:53:59.500996  8209 raft_consensus.cc:2468] T a98d02b2a84c405094564d9393872432 P b9225d0d9b124b68a8c66be90232e531 [term 0 FOLLOWER]: Leader pre-election vote request: Granting yes vote for candidate 35d0ea3883074de8902a7b246a6ab8d6 in term 0.
I20260608 09:53:59.501900  8288 leader_election.cc:290] T 1ad8bb026a26469eaa950b2a584b75db P b9225d0d9b124b68a8c66be90232e531 [CANDIDATE]: Term 1 election: Requested vote from peers 35d0ea3883074de8902a7b246a6ab8d6 (127.4.202.131:39859), e6276253cef548ff9de85e0fa472fc43 (127.4.202.129:38075)
I20260608 09:53:59.503010  8027 leader_election.cc:304] T a98d02b2a84c405094564d9393872432 P 35d0ea3883074de8902a7b246a6ab8d6 [CANDIDATE]: Term 1 pre-election: Election decided. Result: candidate won. Election summary: received 2 responses out of 3 voters: 2 yes votes; 0 no votes. yes voters: 35d0ea3883074de8902a7b246a6ab8d6, b9225d0d9b124b68a8c66be90232e531; no voters: 
I20260608 09:53:59.503189  7914 tablet_service.cc:1917] Received RequestConsensusVote() RPC: tablet_id: "1ad8bb026a26469eaa950b2a584b75db" candidate_uuid: "b9225d0d9b124b68a8c66be90232e531" candidate_term: 1 candidate_status { last_received { term: 0 index: 0 } } ignore_live_leader: false dest_uuid: "e6276253cef548ff9de85e0fa472fc43"
I20260608 09:53:59.503849  7914 raft_consensus.cc:3060] T 1ad8bb026a26469eaa950b2a584b75db P e6276253cef548ff9de85e0fa472fc43 [term 0 FOLLOWER]: Advancing to term 1
I20260608 09:53:59.504443  8273 ts_tablet_manager.cc:1434] T a98d02b2a84c405094564d9393872432 P b9225d0d9b124b68a8c66be90232e531: Time spent starting tablet: real 0.015s	user 0.005s	sys 0.002s
I20260608 09:53:59.505050  8229 leader_election.cc:290] T a98d02b2a84c405094564d9393872432 P 35d0ea3883074de8902a7b246a6ab8d6 [CANDIDATE]: Term 1 pre-election: Requested pre-vote from peers b9225d0d9b124b68a8c66be90232e531 (127.4.202.132:45361), e6276253cef548ff9de85e0fa472fc43 (127.4.202.129:38075)
I20260608 09:53:59.505596  8229 raft_consensus.cc:2804] T a98d02b2a84c405094564d9393872432 P 35d0ea3883074de8902a7b246a6ab8d6 [term 0 FOLLOWER]: Leader pre-election won for term 1
I20260608 09:53:59.505666  8273 tablet_bootstrap.cc:492] T 612d1a906c384df1b516271e157b5ac9 P b9225d0d9b124b68a8c66be90232e531: Bootstrap starting.
I20260608 09:53:59.505676  7911 raft_consensus.cc:2468] T a82c66c1d69a45339cbb725d04e1da7d P e6276253cef548ff9de85e0fa472fc43 [term 1 FOLLOWER]: Leader election vote request: Granting yes vote for candidate 1754068f57694318b5e05997e6d8492e in term 1.
I20260608 09:53:59.506080  8229 raft_consensus.cc:493] T a98d02b2a84c405094564d9393872432 P 35d0ea3883074de8902a7b246a6ab8d6 [term 0 FOLLOWER]: Starting leader election (no leader contacted us within the election timeout)
I20260608 09:53:59.506492  8229 raft_consensus.cc:3060] T a98d02b2a84c405094564d9393872432 P 35d0ea3883074de8902a7b246a6ab8d6 [term 0 FOLLOWER]: Advancing to term 1
I20260608 09:53:59.513213  7954 leader_election.cc:304] T a82c66c1d69a45339cbb725d04e1da7d P 1754068f57694318b5e05997e6d8492e [CANDIDATE]: Term 1 election: Election decided. Result: candidate won. Election summary: received 3 responses out of 3 voters: 2 yes votes; 1 no votes. yes voters: 1754068f57694318b5e05997e6d8492e, e6276253cef548ff9de85e0fa472fc43; no voters: b9225d0d9b124b68a8c66be90232e531
I20260608 09:53:59.514427  8273 tablet_bootstrap.cc:654] T 612d1a906c384df1b516271e157b5ac9 P b9225d0d9b124b68a8c66be90232e531: Neither blocks nor log segments found. Creating new log.
I20260608 09:53:59.514951  8140 raft_consensus.cc:2804] T a82c66c1d69a45339cbb725d04e1da7d P 1754068f57694318b5e05997e6d8492e [term 1 FOLLOWER]: Leader election won for term 1
I20260608 09:53:59.515513  8140 raft_consensus.cc:697] T a82c66c1d69a45339cbb725d04e1da7d P 1754068f57694318b5e05997e6d8492e [term 1 LEADER]: Becoming Leader. State: Replica: 1754068f57694318b5e05997e6d8492e, State: Running, Role: LEADER
I20260608 09:53:59.516399  8140 consensus_queue.cc:237] T a82c66c1d69a45339cbb725d04e1da7d P 1754068f57694318b5e05997e6d8492e [LEADER]: Queue going to LEADER mode. State: All replicated index: 0, Majority replicated index: 0, Committed index: 0, Last appended: 0.0, Last appended by leader: 0, Current term: 1, Majority size: 2, State: 0, Mode: LEADER, active raft config: opid_index: -1 OBSOLETE_local: false peers { permanent_uuid: "b9225d0d9b124b68a8c66be90232e531" member_type: VOTER last_known_addr { host: "127.4.202.132" port: 45361 } } peers { permanent_uuid: "e6276253cef548ff9de85e0fa472fc43" member_type: VOTER last_known_addr { host: "127.4.202.129" port: 38075 } } peers { permanent_uuid: "1754068f57694318b5e05997e6d8492e" member_type: VOTER last_known_addr { host: "127.4.202.130" port: 43119 } }
I20260608 09:53:59.520016  7914 raft_consensus.cc:2468] T 1ad8bb026a26469eaa950b2a584b75db P e6276253cef548ff9de85e0fa472fc43 [term 1 FOLLOWER]: Leader election vote request: Granting yes vote for candidate b9225d0d9b124b68a8c66be90232e531 in term 1.
I20260608 09:53:59.522665  8175 leader_election.cc:304] T 1ad8bb026a26469eaa950b2a584b75db P b9225d0d9b124b68a8c66be90232e531 [CANDIDATE]: Term 1 election: Election decided. Result: candidate won. Election summary: received 2 responses out of 3 voters: 2 yes votes; 0 no votes. yes voters: b9225d0d9b124b68a8c66be90232e531, e6276253cef548ff9de85e0fa472fc43; no voters: 
I20260608 09:53:59.521054  7911 tablet_service.cc:1917] Received RequestConsensusVote() RPC: tablet_id: "a98d02b2a84c405094564d9393872432" candidate_uuid: "35d0ea3883074de8902a7b246a6ab8d6" candidate_term: 1 candidate_status { last_received { term: 0 index: 0 } } ignore_live_leader: false dest_uuid: "e6276253cef548ff9de85e0fa472fc43" is_pre_election: true
I20260608 09:53:59.523588  8288 raft_consensus.cc:2804] T 1ad8bb026a26469eaa950b2a584b75db P b9225d0d9b124b68a8c66be90232e531 [term 1 FOLLOWER]: Leader election won for term 1
I20260608 09:53:59.524024  7911 raft_consensus.cc:2468] T a98d02b2a84c405094564d9393872432 P e6276253cef548ff9de85e0fa472fc43 [term 0 FOLLOWER]: Leader pre-election vote request: Granting yes vote for candidate 35d0ea3883074de8902a7b246a6ab8d6 in term 0.
I20260608 09:53:59.524166  8288 raft_consensus.cc:697] T 1ad8bb026a26469eaa950b2a584b75db P b9225d0d9b124b68a8c66be90232e531 [term 1 LEADER]: Becoming Leader. State: Replica: b9225d0d9b124b68a8c66be90232e531, State: Running, Role: LEADER
I20260608 09:53:59.525255  8288 consensus_queue.cc:237] T 1ad8bb026a26469eaa950b2a584b75db P b9225d0d9b124b68a8c66be90232e531 [LEADER]: Queue going to LEADER mode. State: All replicated index: 0, Majority replicated index: 0, Committed index: 0, Last appended: 0.0, Last appended by leader: 0, Current term: 1, Majority size: 2, State: 0, Mode: LEADER, active raft config: opid_index: -1 OBSOLETE_local: false peers { permanent_uuid: "35d0ea3883074de8902a7b246a6ab8d6" member_type: VOTER last_known_addr { host: "127.4.202.131" port: 39859 } } peers { permanent_uuid: "e6276253cef548ff9de85e0fa472fc43" member_type: VOTER last_known_addr { host: "127.4.202.129" port: 38075 } } peers { permanent_uuid: "b9225d0d9b124b68a8c66be90232e531" member_type: VOTER last_known_addr { host: "127.4.202.132" port: 45361 } }
I20260608 09:53:59.527657  7865 auto_leader_rebalancer.cc:140] leader rebalance for table range_aware_rebalance_new_range
I20260608 09:53:59.534126  7810 catalog_manager.cc:5696] T a82c66c1d69a45339cbb725d04e1da7d P 1754068f57694318b5e05997e6d8492e reported cstate change: term changed from 0 to 1, leader changed from <none> to 1754068f57694318b5e05997e6d8492e (127.4.202.130). New cstate: current_term: 1 leader_uuid: "1754068f57694318b5e05997e6d8492e" committed_config { opid_index: -1 OBSOLETE_local: false peers { permanent_uuid: "b9225d0d9b124b68a8c66be90232e531" member_type: VOTER last_known_addr { host: "127.4.202.132" port: 45361 } health_report { overall_health: UNKNOWN } } peers { permanent_uuid: "e6276253cef548ff9de85e0fa472fc43" member_type: VOTER last_known_addr { host: "127.4.202.129" port: 38075 } health_report { overall_health: UNKNOWN } } peers { permanent_uuid: "1754068f57694318b5e05997e6d8492e" member_type: VOTER last_known_addr { host: "127.4.202.130" port: 43119 } health_report { overall_health: HEALTHY } } }
I20260608 09:53:59.537770  8314 raft_consensus.cc:493] T 1ad8bb026a26469eaa950b2a584b75db P 35d0ea3883074de8902a7b246a6ab8d6 [term 0 FOLLOWER]: Starting pre-election (no leader contacted us within the election timeout)
I20260608 09:53:59.538424  8314 raft_consensus.cc:515] T 1ad8bb026a26469eaa950b2a584b75db P 35d0ea3883074de8902a7b246a6ab8d6 [term 0 FOLLOWER]: Starting pre-election with config: opid_index: -1 OBSOLETE_local: false peers { permanent_uuid: "35d0ea3883074de8902a7b246a6ab8d6" member_type: VOTER last_known_addr { host: "127.4.202.131" port: 39859 } } peers { permanent_uuid: "e6276253cef548ff9de85e0fa472fc43" member_type: VOTER last_known_addr { host: "127.4.202.129" port: 38075 } } peers { permanent_uuid: "b9225d0d9b124b68a8c66be90232e531" member_type: VOTER last_known_addr { host: "127.4.202.132" port: 45361 } }
I20260608 09:53:59.540827  8314 leader_election.cc:290] T 1ad8bb026a26469eaa950b2a584b75db P 35d0ea3883074de8902a7b246a6ab8d6 [CANDIDATE]: Term 1 pre-election: Requested pre-vote from peers e6276253cef548ff9de85e0fa472fc43 (127.4.202.129:38075), b9225d0d9b124b68a8c66be90232e531 (127.4.202.132:45361)
W20260608 09:53:59.553043  8027 outbound_call.cc:321] RPC callback for RPC call kudu.consensus.ConsensusService.RequestConsensusVote -> {remote=127.4.202.132:45361, user_credentials={real_user=slave}} blocked reactor thread for 50304.1us
I20260608 09:53:59.555627  8209 tablet_service.cc:1917] Received RequestConsensusVote() RPC: tablet_id: "1ad8bb026a26469eaa950b2a584b75db" candidate_uuid: "35d0ea3883074de8902a7b246a6ab8d6" candidate_term: 1 candidate_status { last_received { term: 0 index: 0 } } ignore_live_leader: false dest_uuid: "b9225d0d9b124b68a8c66be90232e531" is_pre_election: true
I20260608 09:53:59.558758  8229 raft_consensus.cc:515] T a98d02b2a84c405094564d9393872432 P 35d0ea3883074de8902a7b246a6ab8d6 [term 1 FOLLOWER]: Starting leader election with config: opid_index: -1 OBSOLETE_local: false peers { permanent_uuid: "35d0ea3883074de8902a7b246a6ab8d6" member_type: VOTER last_known_addr { host: "127.4.202.131" port: 39859 } } peers { permanent_uuid: "b9225d0d9b124b68a8c66be90232e531" member_type: VOTER last_known_addr { host: "127.4.202.132" port: 45361 } } peers { permanent_uuid: "e6276253cef548ff9de85e0fa472fc43" member_type: VOTER last_known_addr { host: "127.4.202.129" port: 38075 } }
I20260608 09:53:59.562636  8209 tablet_service.cc:1917] Received RequestConsensusVote() RPC: tablet_id: "a98d02b2a84c405094564d9393872432" candidate_uuid: "35d0ea3883074de8902a7b246a6ab8d6" candidate_term: 1 candidate_status { last_received { term: 0 index: 0 } } ignore_live_leader: false dest_uuid: "b9225d0d9b124b68a8c66be90232e531"
I20260608 09:53:59.563287  8209 raft_consensus.cc:3060] T a98d02b2a84c405094564d9393872432 P b9225d0d9b124b68a8c66be90232e531 [term 0 FOLLOWER]: Advancing to term 1
I20260608 09:53:59.576857  8140 raft_consensus.cc:493] T 1e483dc6039f41ca967c1c74d5980e7a P 1754068f57694318b5e05997e6d8492e [term 0 FOLLOWER]: Starting pre-election (no leader contacted us within the election timeout)
I20260608 09:53:59.577450  8140 raft_consensus.cc:515] T 1e483dc6039f41ca967c1c74d5980e7a P 1754068f57694318b5e05997e6d8492e [term 0 FOLLOWER]: Starting pre-election with config: opid_index: -1 OBSOLETE_local: false peers { permanent_uuid: "b9225d0d9b124b68a8c66be90232e531" member_type: VOTER last_known_addr { host: "127.4.202.132" port: 45361 } } peers { permanent_uuid: "35d0ea3883074de8902a7b246a6ab8d6" member_type: VOTER last_known_addr { host: "127.4.202.131" port: 39859 } } peers { permanent_uuid: "1754068f57694318b5e05997e6d8492e" member_type: VOTER last_known_addr { host: "127.4.202.130" port: 43119 } }
I20260608 09:53:59.582901  8210 tablet_service.cc:1917] Received RequestConsensusVote() RPC: tablet_id: "1e483dc6039f41ca967c1c74d5980e7a" candidate_uuid: "1754068f57694318b5e05997e6d8492e" candidate_term: 1 candidate_status { last_received { term: 0 index: 0 } } ignore_live_leader: false dest_uuid: "b9225d0d9b124b68a8c66be90232e531" is_pre_election: true
I20260608 09:53:59.583932  8210 raft_consensus.cc:2468] T 1e483dc6039f41ca967c1c74d5980e7a P b9225d0d9b124b68a8c66be90232e531 [term 0 FOLLOWER]: Leader pre-election vote request: Granting yes vote for candidate 1754068f57694318b5e05997e6d8492e in term 0.
I20260608 09:53:59.586791  8209 raft_consensus.cc:2468] T a98d02b2a84c405094564d9393872432 P b9225d0d9b124b68a8c66be90232e531 [term 1 FOLLOWER]: Leader election vote request: Granting yes vote for candidate 35d0ea3883074de8902a7b246a6ab8d6 in term 1.
I20260608 09:53:59.588631  8027 leader_election.cc:304] T a98d02b2a84c405094564d9393872432 P 35d0ea3883074de8902a7b246a6ab8d6 [CANDIDATE]: Term 1 election: Election decided. Result: candidate won. Election summary: received 2 responses out of 3 voters: 2 yes votes; 0 no votes. yes voters: 35d0ea3883074de8902a7b246a6ab8d6, b9225d0d9b124b68a8c66be90232e531; no voters: 
I20260608 09:53:59.590636  8229 leader_election.cc:290] T a98d02b2a84c405094564d9393872432 P 35d0ea3883074de8902a7b246a6ab8d6 [CANDIDATE]: Term 1 election: Requested vote from peers b9225d0d9b124b68a8c66be90232e531 (127.4.202.132:45361), e6276253cef548ff9de85e0fa472fc43 (127.4.202.129:38075)
I20260608 09:53:59.591483  8229 raft_consensus.cc:2804] T a98d02b2a84c405094564d9393872432 P 35d0ea3883074de8902a7b246a6ab8d6 [term 1 FOLLOWER]: Leader election won for term 1
I20260608 09:53:59.592088  8229 raft_consensus.cc:697] T a98d02b2a84c405094564d9393872432 P 35d0ea3883074de8902a7b246a6ab8d6 [term 1 LEADER]: Becoming Leader. State: Replica: 35d0ea3883074de8902a7b246a6ab8d6, State: Running, Role: LEADER
I20260608 09:53:59.593688  7810 catalog_manager.cc:5696] T 1ad8bb026a26469eaa950b2a584b75db P b9225d0d9b124b68a8c66be90232e531 reported cstate change: term changed from 0 to 1, leader changed from <none> to b9225d0d9b124b68a8c66be90232e531 (127.4.202.132). New cstate: current_term: 1 leader_uuid: "b9225d0d9b124b68a8c66be90232e531" committed_config { opid_index: -1 OBSOLETE_local: false peers { permanent_uuid: "35d0ea3883074de8902a7b246a6ab8d6" member_type: VOTER last_known_addr { host: "127.4.202.131" port: 39859 } health_report { overall_health: UNKNOWN } } peers { permanent_uuid: "e6276253cef548ff9de85e0fa472fc43" member_type: VOTER last_known_addr { host: "127.4.202.129" port: 38075 } health_report { overall_health: UNKNOWN } } peers { permanent_uuid: "b9225d0d9b124b68a8c66be90232e531" member_type: VOTER last_known_addr { host: "127.4.202.132" port: 45361 } health_report { overall_health: HEALTHY } } }
W20260608 09:53:59.552423  7865 auto_leader_rebalancer.cc:460] the master instance isn't leader: Service unavailable: Tablet not running
I20260608 09:53:59.597424  8062 tablet_service.cc:1917] Received RequestConsensusVote() RPC: tablet_id: "1e483dc6039f41ca967c1c74d5980e7a" candidate_uuid: "1754068f57694318b5e05997e6d8492e" candidate_term: 1 candidate_status { last_received { term: 0 index: 0 } } ignore_live_leader: false dest_uuid: "35d0ea3883074de8902a7b246a6ab8d6" is_pre_election: true
I20260608 09:53:59.598502  8062 raft_consensus.cc:2468] T 1e483dc6039f41ca967c1c74d5980e7a P 35d0ea3883074de8902a7b246a6ab8d6 [term 0 FOLLOWER]: Leader pre-election vote request: Granting yes vote for candidate 1754068f57694318b5e05997e6d8492e in term 0.
W20260608 09:53:59.600775  8028 outbound_call.cc:321] RPC callback for RPC call kudu.consensus.ConsensusService.UpdateConsensus -> {remote=127.4.202.130:43119, user_credentials={real_user=slave}} blocked reactor thread for 62843.3us
I20260608 09:53:59.602805  8273 tablet_bootstrap.cc:492] T 612d1a906c384df1b516271e157b5ac9 P b9225d0d9b124b68a8c66be90232e531: No bootstrap required, opened a new log
I20260608 09:53:59.602766  7914 tablet_service.cc:1917] Received RequestConsensusVote() RPC: tablet_id: "1ad8bb026a26469eaa950b2a584b75db" candidate_uuid: "35d0ea3883074de8902a7b246a6ab8d6" candidate_term: 1 candidate_status { last_received { term: 0 index: 0 } } ignore_live_leader: false dest_uuid: "e6276253cef548ff9de85e0fa472fc43" is_pre_election: true
I20260608 09:53:59.603483  8273 ts_tablet_manager.cc:1403] T 612d1a906c384df1b516271e157b5ac9 P b9225d0d9b124b68a8c66be90232e531: Time spent bootstrapping tablet: real 0.098s	user 0.048s	sys 0.012s
I20260608 09:53:59.603693  7914 raft_consensus.cc:2393] T 1ad8bb026a26469eaa950b2a584b75db P e6276253cef548ff9de85e0fa472fc43 [term 1 FOLLOWER]: Leader pre-election vote request: Denying vote to candidate 35d0ea3883074de8902a7b246a6ab8d6 in current term 1: Already voted for candidate b9225d0d9b124b68a8c66be90232e531 in this term.
I20260608 09:53:59.605883  7914 tablet_service.cc:1917] Received RequestConsensusVote() RPC: tablet_id: "a98d02b2a84c405094564d9393872432" candidate_uuid: "35d0ea3883074de8902a7b246a6ab8d6" candidate_term: 1 candidate_status { last_received { term: 0 index: 0 } } ignore_live_leader: false dest_uuid: "e6276253cef548ff9de85e0fa472fc43"
I20260608 09:53:59.606492  7914 raft_consensus.cc:3060] T a98d02b2a84c405094564d9393872432 P e6276253cef548ff9de85e0fa472fc43 [term 0 FOLLOWER]: Advancing to term 1
I20260608 09:53:59.606437  8063 tablet_service.cc:1917] Received RequestConsensusVote() RPC: tablet_id: "1ad8bb026a26469eaa950b2a584b75db" candidate_uuid: "b9225d0d9b124b68a8c66be90232e531" candidate_term: 1 candidate_status { last_received { term: 0 index: 0 } } ignore_live_leader: false dest_uuid: "35d0ea3883074de8902a7b246a6ab8d6"
I20260608 09:53:59.607209  8063 raft_consensus.cc:3060] T 1ad8bb026a26469eaa950b2a584b75db P 35d0ea3883074de8902a7b246a6ab8d6 [term 0 FOLLOWER]: Advancing to term 1
I20260608 09:53:59.607372  8273 raft_consensus.cc:359] T 612d1a906c384df1b516271e157b5ac9 P b9225d0d9b124b68a8c66be90232e531 [term 0 FOLLOWER]: Replica starting. Triggering 0 pending ops. Active config: opid_index: -1 OBSOLETE_local: false peers { permanent_uuid: "1754068f57694318b5e05997e6d8492e" member_type: VOTER last_known_addr { host: "127.4.202.130" port: 43119 } } peers { permanent_uuid: "b9225d0d9b124b68a8c66be90232e531" member_type: VOTER last_known_addr { host: "127.4.202.132" port: 45361 } } peers { permanent_uuid: "35d0ea3883074de8902a7b246a6ab8d6" member_type: VOTER last_known_addr { host: "127.4.202.131" port: 39859 } }
I20260608 09:53:59.608204  8273 raft_consensus.cc:385] T 612d1a906c384df1b516271e157b5ac9 P b9225d0d9b124b68a8c66be90232e531 [term 0 FOLLOWER]: Consensus starting up: Expiring failure detector timer to make a prompt election more likely
I20260608 09:53:59.608507  8273 raft_consensus.cc:740] T 612d1a906c384df1b516271e157b5ac9 P b9225d0d9b124b68a8c66be90232e531 [term 0 FOLLOWER]: Becoming Follower/Learner. State: Replica: b9225d0d9b124b68a8c66be90232e531, State: Initialized, Role: FOLLOWER
I20260608 09:53:59.600855  7953 leader_election.cc:304] T 1e483dc6039f41ca967c1c74d5980e7a P 1754068f57694318b5e05997e6d8492e [CANDIDATE]: Term 1 pre-election: Election decided. Result: candidate won. Election summary: received 2 responses out of 3 voters: 2 yes votes; 0 no votes. yes voters: 1754068f57694318b5e05997e6d8492e, b9225d0d9b124b68a8c66be90232e531; no voters: 
I20260608 09:53:59.609544  8139 raft_consensus.cc:2804] T 1e483dc6039f41ca967c1c74d5980e7a P 1754068f57694318b5e05997e6d8492e [term 0 FOLLOWER]: Leader pre-election won for term 1
I20260608 09:53:59.609383  8273 consensus_queue.cc:260] T 612d1a906c384df1b516271e157b5ac9 P b9225d0d9b124b68a8c66be90232e531 [NON_LEADER]: Queue going to NON_LEADER mode. State: All replicated index: 0, Majority replicated index: 0, Committed index: 0, Last appended: 0.0, Last appended by leader: 0, Current term: 0, Majority size: -1, State: 0, Mode: NON_LEADER, active raft config: opid_index: -1 OBSOLETE_local: false peers { permanent_uuid: "1754068f57694318b5e05997e6d8492e" member_type: VOTER last_known_addr { host: "127.4.202.130" port: 43119 } } peers { permanent_uuid: "b9225d0d9b124b68a8c66be90232e531" member_type: VOTER last_known_addr { host: "127.4.202.132" port: 45361 } } peers { permanent_uuid: "35d0ea3883074de8902a7b246a6ab8d6" member_type: VOTER last_known_addr { host: "127.4.202.131" port: 39859 } }
I20260608 09:53:59.610028  8139 raft_consensus.cc:493] T 1e483dc6039f41ca967c1c74d5980e7a P 1754068f57694318b5e05997e6d8492e [term 0 FOLLOWER]: Starting leader election (no leader contacted us within the election timeout)
I20260608 09:53:59.610425  8139 raft_consensus.cc:3060] T 1e483dc6039f41ca967c1c74d5980e7a P 1754068f57694318b5e05997e6d8492e [term 0 FOLLOWER]: Advancing to term 1
I20260608 09:53:59.612586  8273 ts_tablet_manager.cc:1434] T 612d1a906c384df1b516271e157b5ac9 P b9225d0d9b124b68a8c66be90232e531: Time spent starting tablet: real 0.009s	user 0.007s	sys 0.003s
I20260608 09:53:59.613991  8273 tablet_bootstrap.cc:492] T a82c66c1d69a45339cbb725d04e1da7d P b9225d0d9b124b68a8c66be90232e531: Bootstrap starting.
I20260608 09:53:59.614868  8028 leader_election.cc:304] T 1ad8bb026a26469eaa950b2a584b75db P 35d0ea3883074de8902a7b246a6ab8d6 [CANDIDATE]: Term 1 pre-election: Election decided. Result: candidate lost. Election summary: received 3 responses out of 3 voters: 1 yes votes; 2 no votes. yes voters: 35d0ea3883074de8902a7b246a6ab8d6; no voters: b9225d0d9b124b68a8c66be90232e531, e6276253cef548ff9de85e0fa472fc43
I20260608 09:53:59.593281  8229 consensus_queue.cc:237] T a98d02b2a84c405094564d9393872432 P 35d0ea3883074de8902a7b246a6ab8d6 [LEADER]: Queue going to LEADER mode. State: All replicated index: 0, Majority replicated index: 0, Committed index: 0, Last appended: 0.0, Last appended by leader: 0, Current term: 1, Majority size: 2, State: 0, Mode: LEADER, active raft config: opid_index: -1 OBSOLETE_local: false peers { permanent_uuid: "35d0ea3883074de8902a7b246a6ab8d6" member_type: VOTER last_known_addr { host: "127.4.202.131" port: 39859 } } peers { permanent_uuid: "b9225d0d9b124b68a8c66be90232e531" member_type: VOTER last_known_addr { host: "127.4.202.132" port: 45361 } } peers { permanent_uuid: "e6276253cef548ff9de85e0fa472fc43" member_type: VOTER last_known_addr { host: "127.4.202.129" port: 38075 } }
I20260608 09:53:59.618312  7914 raft_consensus.cc:2468] T a98d02b2a84c405094564d9393872432 P e6276253cef548ff9de85e0fa472fc43 [term 1 FOLLOWER]: Leader election vote request: Granting yes vote for candidate 35d0ea3883074de8902a7b246a6ab8d6 in term 1.
I20260608 09:53:59.621315  8273 tablet_bootstrap.cc:654] T a82c66c1d69a45339cbb725d04e1da7d P b9225d0d9b124b68a8c66be90232e531: Neither blocks nor log segments found. Creating new log.
I20260608 09:53:59.625133  8062 tablet_service.cc:1917] Received RequestConsensusVote() RPC: tablet_id: "1ad8bb026a26469eaa950b2a584b75db" candidate_uuid: "b9225d0d9b124b68a8c66be90232e531" candidate_term: 1 candidate_status { last_received { term: 0 index: 0 } } ignore_live_leader: false dest_uuid: "35d0ea3883074de8902a7b246a6ab8d6" is_pre_election: true
I20260608 09:53:59.635926  8209 raft_consensus.cc:3060] T 612d1a906c384df1b516271e157b5ac9 P b9225d0d9b124b68a8c66be90232e531 [term 0 FOLLOWER]: Advancing to term 1
I20260608 09:53:59.641134  8140 leader_election.cc:290] T 1e483dc6039f41ca967c1c74d5980e7a P 1754068f57694318b5e05997e6d8492e [CANDIDATE]: Term 1 pre-election: Requested pre-vote from peers b9225d0d9b124b68a8c66be90232e531 (127.4.202.132:45361), 35d0ea3883074de8902a7b246a6ab8d6 (127.4.202.131:39859)
I20260608 09:53:59.660996  8063 raft_consensus.cc:2468] T 1ad8bb026a26469eaa950b2a584b75db P 35d0ea3883074de8902a7b246a6ab8d6 [term 1 FOLLOWER]: Leader election vote request: Granting yes vote for candidate b9225d0d9b124b68a8c66be90232e531 in term 1.
I20260608 09:53:59.662071  8314 raft_consensus.cc:2749] T 1ad8bb026a26469eaa950b2a584b75db P 35d0ea3883074de8902a7b246a6ab8d6 [term 1 FOLLOWER]: Leader pre-election lost for term 1. Reason: could not achieve majority
I20260608 09:53:59.668063  8288 consensus_queue.cc:1048] T 875b5c56dbf6444fbb6e212d5411ae7b P b9225d0d9b124b68a8c66be90232e531 [LEADER]: Connected to new peer: Peer: permanent_uuid: "1754068f57694318b5e05997e6d8492e" member_type: VOTER last_known_addr { host: "127.4.202.130" port: 43119 }, Status: LMP_MISMATCH, Last received: 0.0, Next index: 1, Last known committed idx: 0, Time since last communication: 0.001s
I20260608 09:53:59.667910  8139 raft_consensus.cc:515] T 1e483dc6039f41ca967c1c74d5980e7a P 1754068f57694318b5e05997e6d8492e [term 1 FOLLOWER]: Starting leader election with config: opid_index: -1 OBSOLETE_local: false peers { permanent_uuid: "b9225d0d9b124b68a8c66be90232e531" member_type: VOTER last_known_addr { host: "127.4.202.132" port: 45361 } } peers { permanent_uuid: "35d0ea3883074de8902a7b246a6ab8d6" member_type: VOTER last_known_addr { host: "127.4.202.131" port: 39859 } } peers { permanent_uuid: "1754068f57694318b5e05997e6d8492e" member_type: VOTER last_known_addr { host: "127.4.202.130" port: 43119 } }
W20260608 09:53:59.672582  7860 auto_rebalancer.cc:259] Could not retrieve cluster info: Service unavailable: Tablet not running
I20260608 09:53:59.674657  8210 tablet_service.cc:1917] Received RequestConsensusVote() RPC: tablet_id: "1e483dc6039f41ca967c1c74d5980e7a" candidate_uuid: "1754068f57694318b5e05997e6d8492e" candidate_term: 1 candidate_status { last_received { term: 0 index: 0 } } ignore_live_leader: false dest_uuid: "b9225d0d9b124b68a8c66be90232e531"
I20260608 09:53:59.675338  8210 raft_consensus.cc:3060] T 1e483dc6039f41ca967c1c74d5980e7a P b9225d0d9b124b68a8c66be90232e531 [term 0 FOLLOWER]: Advancing to term 1
I20260608 09:53:59.680152  8310 consensus_queue.cc:1048] T 612d1a906c384df1b516271e157b5ac9 P 1754068f57694318b5e05997e6d8492e [LEADER]: Connected to new peer: Peer: permanent_uuid: "b9225d0d9b124b68a8c66be90232e531" member_type: VOTER last_known_addr { host: "127.4.202.132" port: 45361 }, Status: LMP_MISMATCH, Last received: 0.0, Next index: 1, Last known committed idx: 0, Time since last communication: 0.001s
I20260608 09:53:59.690325  8288 consensus_queue.cc:1048] T 875b5c56dbf6444fbb6e212d5411ae7b P b9225d0d9b124b68a8c66be90232e531 [LEADER]: Connected to new peer: Peer: permanent_uuid: "e6276253cef548ff9de85e0fa472fc43" member_type: VOTER last_known_addr { host: "127.4.202.129" port: 38075 }, Status: LMP_MISMATCH, Last received: 0.0, Next index: 1, Last known committed idx: 0, Time since last communication: 0.000s
I20260608 09:53:59.706184  8210 raft_consensus.cc:2468] T 1e483dc6039f41ca967c1c74d5980e7a P b9225d0d9b124b68a8c66be90232e531 [term 1 FOLLOWER]: Leader election vote request: Granting yes vote for candidate 1754068f57694318b5e05997e6d8492e in term 1.
I20260608 09:53:59.708446  7811 catalog_manager.cc:5696] T a98d02b2a84c405094564d9393872432 P 35d0ea3883074de8902a7b246a6ab8d6 reported cstate change: term changed from 0 to 1, leader changed from <none> to 35d0ea3883074de8902a7b246a6ab8d6 (127.4.202.131). New cstate: current_term: 1 leader_uuid: "35d0ea3883074de8902a7b246a6ab8d6" committed_config { opid_index: -1 OBSOLETE_local: false peers { permanent_uuid: "35d0ea3883074de8902a7b246a6ab8d6" member_type: VOTER last_known_addr { host: "127.4.202.131" port: 39859 } health_report { overall_health: HEALTHY } } peers { permanent_uuid: "b9225d0d9b124b68a8c66be90232e531" member_type: VOTER last_known_addr { host: "127.4.202.132" port: 45361 } health_report { overall_health: UNKNOWN } } peers { permanent_uuid: "e6276253cef548ff9de85e0fa472fc43" member_type: VOTER last_known_addr { host: "127.4.202.129" port: 38075 } health_report { overall_health: UNKNOWN } } }
I20260608 09:53:59.717163  8288 raft_consensus.cc:493] T 612d1a906c384df1b516271e157b5ac9 P b9225d0d9b124b68a8c66be90232e531 [term 1 FOLLOWER]: Starting pre-election (no leader contacted us within the election timeout)
I20260608 09:53:59.718081  8288 raft_consensus.cc:515] T 612d1a906c384df1b516271e157b5ac9 P b9225d0d9b124b68a8c66be90232e531 [term 1 FOLLOWER]: Starting pre-election with config: opid_index: -1 OBSOLETE_local: false peers { permanent_uuid: "1754068f57694318b5e05997e6d8492e" member_type: VOTER last_known_addr { host: "127.4.202.130" port: 43119 } } peers { permanent_uuid: "b9225d0d9b124b68a8c66be90232e531" member_type: VOTER last_known_addr { host: "127.4.202.132" port: 45361 } } peers { permanent_uuid: "35d0ea3883074de8902a7b246a6ab8d6" member_type: VOTER last_known_addr { host: "127.4.202.131" port: 39859 } }
I20260608 09:53:59.722862  7987 tablet_service.cc:1917] Received RequestConsensusVote() RPC: tablet_id: "612d1a906c384df1b516271e157b5ac9" candidate_uuid: "b9225d0d9b124b68a8c66be90232e531" candidate_term: 2 candidate_status { last_received { term: 0 index: 0 } } ignore_live_leader: false dest_uuid: "1754068f57694318b5e05997e6d8492e" is_pre_election: true
I20260608 09:53:59.727802  8288 leader_election.cc:290] T 612d1a906c384df1b516271e157b5ac9 P b9225d0d9b124b68a8c66be90232e531 [CANDIDATE]: Term 2 pre-election: Requested pre-vote from peers 1754068f57694318b5e05997e6d8492e (127.4.202.130:43119), 35d0ea3883074de8902a7b246a6ab8d6 (127.4.202.131:39859)
I20260608 09:53:59.728066  8063 tablet_service.cc:1917] Received RequestConsensusVote() RPC: tablet_id: "612d1a906c384df1b516271e157b5ac9" candidate_uuid: "b9225d0d9b124b68a8c66be90232e531" candidate_term: 2 candidate_status { last_received { term: 0 index: 0 } } ignore_live_leader: false dest_uuid: "35d0ea3883074de8902a7b246a6ab8d6" is_pre_election: true
I20260608 09:53:59.728811  8063 raft_consensus.cc:2468] T 612d1a906c384df1b516271e157b5ac9 P 35d0ea3883074de8902a7b246a6ab8d6 [term 1 FOLLOWER]: Leader pre-election vote request: Granting yes vote for candidate b9225d0d9b124b68a8c66be90232e531 in term 1.
I20260608 09:53:59.732435  8173 leader_election.cc:304] T 612d1a906c384df1b516271e157b5ac9 P b9225d0d9b124b68a8c66be90232e531 [CANDIDATE]: Term 2 pre-election: Election decided. Result: candidate won. Election summary: received 3 responses out of 3 voters: 2 yes votes; 1 no votes. yes voters: 35d0ea3883074de8902a7b246a6ab8d6, b9225d0d9b124b68a8c66be90232e531; no voters: 1754068f57694318b5e05997e6d8492e
I20260608 09:53:59.730270  7953 leader_election.cc:304] T 1e483dc6039f41ca967c1c74d5980e7a P 1754068f57694318b5e05997e6d8492e [CANDIDATE]: Term 1 election: Election decided. Result: candidate won. Election summary: received 2 responses out of 3 voters: 2 yes votes; 0 no votes. yes voters: 1754068f57694318b5e05997e6d8492e, b9225d0d9b124b68a8c66be90232e531; no voters: 
I20260608 09:53:59.743211  8322 raft_consensus.cc:2804] T 1e483dc6039f41ca967c1c74d5980e7a P 1754068f57694318b5e05997e6d8492e [term 1 FOLLOWER]: Leader election won for term 1
I20260608 09:53:59.743913  8322 raft_consensus.cc:697] T 1e483dc6039f41ca967c1c74d5980e7a P 1754068f57694318b5e05997e6d8492e [term 1 LEADER]: Becoming Leader. State: Replica: 1754068f57694318b5e05997e6d8492e, State: Running, Role: LEADER
I20260608 09:53:59.745065  8322 consensus_queue.cc:237] T 1e483dc6039f41ca967c1c74d5980e7a P 1754068f57694318b5e05997e6d8492e [LEADER]: Queue going to LEADER mode. State: All replicated index: 0, Majority replicated index: 0, Committed index: 0, Last appended: 0.0, Last appended by leader: 0, Current term: 1, Majority size: 2, State: 0, Mode: LEADER, active raft config: opid_index: -1 OBSOLETE_local: false peers { permanent_uuid: "b9225d0d9b124b68a8c66be90232e531" member_type: VOTER last_known_addr { host: "127.4.202.132" port: 45361 } } peers { permanent_uuid: "35d0ea3883074de8902a7b246a6ab8d6" member_type: VOTER last_known_addr { host: "127.4.202.131" port: 39859 } } peers { permanent_uuid: "1754068f57694318b5e05997e6d8492e" member_type: VOTER last_known_addr { host: "127.4.202.130" port: 43119 } }
I20260608 09:53:59.745992  8063 tablet_service.cc:1917] Received RequestConsensusVote() RPC: tablet_id: "1e483dc6039f41ca967c1c74d5980e7a" candidate_uuid: "1754068f57694318b5e05997e6d8492e" candidate_term: 1 candidate_status { last_received { term: 0 index: 0 } } ignore_live_leader: false dest_uuid: "35d0ea3883074de8902a7b246a6ab8d6"
I20260608 09:53:59.746919  8063 raft_consensus.cc:3060] T 1e483dc6039f41ca967c1c74d5980e7a P 35d0ea3883074de8902a7b246a6ab8d6 [term 0 FOLLOWER]: Advancing to term 1
I20260608 09:53:59.759155  8063 raft_consensus.cc:2468] T 1e483dc6039f41ca967c1c74d5980e7a P 35d0ea3883074de8902a7b246a6ab8d6 [term 1 FOLLOWER]: Leader election vote request: Granting yes vote for candidate 1754068f57694318b5e05997e6d8492e in term 1.
I20260608 09:53:59.765923  8139 leader_election.cc:290] T 1e483dc6039f41ca967c1c74d5980e7a P 1754068f57694318b5e05997e6d8492e [CANDIDATE]: Term 1 election: Requested vote from peers b9225d0d9b124b68a8c66be90232e531 (127.4.202.132:45361), 35d0ea3883074de8902a7b246a6ab8d6 (127.4.202.131:39859)
I20260608 09:53:59.785105  8286 raft_consensus.cc:2804] T 612d1a906c384df1b516271e157b5ac9 P b9225d0d9b124b68a8c66be90232e531 [term 1 FOLLOWER]: Leader pre-election won for term 2
I20260608 09:53:59.781567  7811 catalog_manager.cc:5696] T 1e483dc6039f41ca967c1c74d5980e7a P 1754068f57694318b5e05997e6d8492e reported cstate change: term changed from 0 to 1, leader changed from <none> to 1754068f57694318b5e05997e6d8492e (127.4.202.130). New cstate: current_term: 1 leader_uuid: "1754068f57694318b5e05997e6d8492e" committed_config { opid_index: -1 OBSOLETE_local: false peers { permanent_uuid: "b9225d0d9b124b68a8c66be90232e531" member_type: VOTER last_known_addr { host: "127.4.202.132" port: 45361 } health_report { overall_health: UNKNOWN } } peers { permanent_uuid: "35d0ea3883074de8902a7b246a6ab8d6" member_type: VOTER last_known_addr { host: "127.4.202.131" port: 39859 } health_report { overall_health: UNKNOWN } } peers { permanent_uuid: "1754068f57694318b5e05997e6d8492e" member_type: VOTER last_known_addr { host: "127.4.202.130" port: 43119 } health_report { overall_health: HEALTHY } } }
I20260608 09:53:59.786165  8286 raft_consensus.cc:493] T 612d1a906c384df1b516271e157b5ac9 P b9225d0d9b124b68a8c66be90232e531 [term 1 FOLLOWER]: Starting leader election (detected failure of leader 1754068f57694318b5e05997e6d8492e)
I20260608 09:53:59.786628  8286 raft_consensus.cc:3060] T 612d1a906c384df1b516271e157b5ac9 P b9225d0d9b124b68a8c66be90232e531 [term 1 FOLLOWER]: Advancing to term 2
W20260608 09:53:59.779983  8319 log.cc:927] Time spent T a98d02b2a84c405094564d9393872432 P 35d0ea3883074de8902a7b246a6ab8d6: Append to log took a long time: real 0.079s	user 0.000s	sys 0.000s
I20260608 09:53:59.797340  8286 raft_consensus.cc:515] T 612d1a906c384df1b516271e157b5ac9 P b9225d0d9b124b68a8c66be90232e531 [term 2 FOLLOWER]: Starting leader election with config: opid_index: -1 OBSOLETE_local: false peers { permanent_uuid: "1754068f57694318b5e05997e6d8492e" member_type: VOTER last_known_addr { host: "127.4.202.130" port: 43119 } } peers { permanent_uuid: "b9225d0d9b124b68a8c66be90232e531" member_type: VOTER last_known_addr { host: "127.4.202.132" port: 45361 } } peers { permanent_uuid: "35d0ea3883074de8902a7b246a6ab8d6" member_type: VOTER last_known_addr { host: "127.4.202.131" port: 39859 } }
I20260608 09:53:59.801167  8063 tablet_service.cc:1917] Received RequestConsensusVote() RPC: tablet_id: "612d1a906c384df1b516271e157b5ac9" candidate_uuid: "b9225d0d9b124b68a8c66be90232e531" candidate_term: 2 candidate_status { last_received { term: 1 index: 1 } } ignore_live_leader: false dest_uuid: "35d0ea3883074de8902a7b246a6ab8d6"
I20260608 09:53:59.801918  8063 raft_consensus.cc:3060] T 612d1a906c384df1b516271e157b5ac9 P 35d0ea3883074de8902a7b246a6ab8d6 [term 1 FOLLOWER]: Advancing to term 2
I20260608 09:53:59.802433  7989 tablet_service.cc:1917] Received RequestConsensusVote() RPC: tablet_id: "612d1a906c384df1b516271e157b5ac9" candidate_uuid: "b9225d0d9b124b68a8c66be90232e531" candidate_term: 2 candidate_status { last_received { term: 1 index: 1 } } ignore_live_leader: false dest_uuid: "1754068f57694318b5e05997e6d8492e"
I20260608 09:53:59.807490  8273 tablet_bootstrap.cc:492] T a82c66c1d69a45339cbb725d04e1da7d P b9225d0d9b124b68a8c66be90232e531: No bootstrap required, opened a new log
I20260608 09:53:59.808073  8273 ts_tablet_manager.cc:1403] T a82c66c1d69a45339cbb725d04e1da7d P b9225d0d9b124b68a8c66be90232e531: Time spent bootstrapping tablet: real 0.194s	user 0.069s	sys 0.117s
I20260608 09:53:59.811668  8273 raft_consensus.cc:359] T a82c66c1d69a45339cbb725d04e1da7d P b9225d0d9b124b68a8c66be90232e531 [term 0 FOLLOWER]: Replica starting. Triggering 0 pending ops. Active config: opid_index: -1 OBSOLETE_local: false peers { permanent_uuid: "b9225d0d9b124b68a8c66be90232e531" member_type: VOTER last_known_addr { host: "127.4.202.132" port: 45361 } } peers { permanent_uuid: "e6276253cef548ff9de85e0fa472fc43" member_type: VOTER last_known_addr { host: "127.4.202.129" port: 38075 } } peers { permanent_uuid: "1754068f57694318b5e05997e6d8492e" member_type: VOTER last_known_addr { host: "127.4.202.130" port: 43119 } }
I20260608 09:53:59.812413  8273 raft_consensus.cc:385] T a82c66c1d69a45339cbb725d04e1da7d P b9225d0d9b124b68a8c66be90232e531 [term 0 FOLLOWER]: Consensus starting up: Expiring failure detector timer to make a prompt election more likely
