I20260608 09:53:51.293481  4222 tablet_bootstrap.cc:492] T f482b9df113a4d35bfe381fa53743f65 P b227f0c5b77349cb8a4e71be8f9e4ed2: No bootstrap required, opened a new log
I20260608 09:53:51.293067  4228 consensus_queue.cc:237] T 13c580817824412485a5d580c2c80701 P b227f0c5b77349cb8a4e71be8f9e4ed2 [LEADER]: Queue going to LEADER mode. State: All replicated index: 0, Majority replicated index: 0, Committed index: 0, Last appended: 0.0, Last appended by leader: 0, Current term: 1, Majority size: 2, State: 0, Mode: LEADER, active raft config: opid_index: -1 OBSOLETE_local: false peers { permanent_uuid: "894632a0a236454a82a61a85a96854d5" member_type: VOTER last_known_addr { host: "127.0.254.130" port: 43115 } } peers { permanent_uuid: "19036bbde6e74aa6b0b8a5ce7bbf30ea" member_type: VOTER last_known_addr { host: "127.0.254.129" port: 33145 } } peers { permanent_uuid: "b227f0c5b77349cb8a4e71be8f9e4ed2" member_type: VOTER last_known_addr { host: "127.0.254.131" port: 36765 } }
I20260608 09:53:51.294176  4222 ts_tablet_manager.cc:1403] T f482b9df113a4d35bfe381fa53743f65 P b227f0c5b77349cb8a4e71be8f9e4ed2: Time spent bootstrapping tablet: real 0.112s	user 0.043s	sys 0.064s
I20260608 09:53:51.294615  4027 tablet_service.cc:1917] Received RequestConsensusVote() RPC: tablet_id: "1ec97929ba0440a5bbd33e60b72c8534" candidate_uuid: "b227f0c5b77349cb8a4e71be8f9e4ed2" candidate_term: 1 candidate_status { last_received { term: 0 index: 0 } } ignore_live_leader: false dest_uuid: "19036bbde6e74aa6b0b8a5ce7bbf30ea"
I20260608 09:53:51.295315  4027 raft_consensus.cc:3060] T 1ec97929ba0440a5bbd33e60b72c8534 P 19036bbde6e74aa6b0b8a5ce7bbf30ea [term 0 FOLLOWER]: Advancing to term 1
I20260608 09:53:51.299813  4263 raft_consensus.cc:2804] T 1ec97929ba0440a5bbd33e60b72c8534 P b227f0c5b77349cb8a4e71be8f9e4ed2 [term 1 FOLLOWER]: Leader election won for term 1
I20260608 09:53:51.300031  4223 tablet_bootstrap.cc:492] T 63bd720ba3f04d18af356f85283c40d4 P 19036bbde6e74aa6b0b8a5ce7bbf30ea: Bootstrap starting.
I20260608 09:53:51.300706  4263 raft_consensus.cc:697] T 1ec97929ba0440a5bbd33e60b72c8534 P b227f0c5b77349cb8a4e71be8f9e4ed2 [term 1 LEADER]: Becoming Leader. State: Replica: b227f0c5b77349cb8a4e71be8f9e4ed2, State: Running, Role: LEADER
I20260608 09:53:51.301091  4222 raft_consensus.cc:359] T f482b9df113a4d35bfe381fa53743f65 P b227f0c5b77349cb8a4e71be8f9e4ed2 [term 0 FOLLOWER]: Replica starting. Triggering 0 pending ops. Active config: opid_index: -1 OBSOLETE_local: false peers { permanent_uuid: "19036bbde6e74aa6b0b8a5ce7bbf30ea" member_type: VOTER last_known_addr { host: "127.0.254.129" port: 33145 } } peers { permanent_uuid: "894632a0a236454a82a61a85a96854d5" member_type: VOTER last_known_addr { host: "127.0.254.130" port: 43115 } } peers { permanent_uuid: "b227f0c5b77349cb8a4e71be8f9e4ed2" member_type: VOTER last_known_addr { host: "127.0.254.131" port: 36765 } }
I20260608 09:53:51.301873  4222 raft_consensus.cc:385] T f482b9df113a4d35bfe381fa53743f65 P b227f0c5b77349cb8a4e71be8f9e4ed2 [term 0 FOLLOWER]: Consensus starting up: Expiring failure detector timer to make a prompt election more likely
I20260608 09:53:51.301688  4263 consensus_queue.cc:237] T 1ec97929ba0440a5bbd33e60b72c8534 P b227f0c5b77349cb8a4e71be8f9e4ed2 [LEADER]: Queue going to LEADER mode. State: All replicated index: 0, Majority replicated index: 0, Committed index: 0, Last appended: 0.0, Last appended by leader: 0, Current term: 1, Majority size: 2, State: 0, Mode: LEADER, active raft config: opid_index: -1 OBSOLETE_local: false peers { permanent_uuid: "894632a0a236454a82a61a85a96854d5" member_type: VOTER last_known_addr { host: "127.0.254.130" port: 43115 } } peers { permanent_uuid: "19036bbde6e74aa6b0b8a5ce7bbf30ea" member_type: VOTER last_known_addr { host: "127.0.254.129" port: 33145 } } peers { permanent_uuid: "b227f0c5b77349cb8a4e71be8f9e4ed2" member_type: VOTER last_known_addr { host: "127.0.254.131" port: 36765 } }
I20260608 09:53:51.302201  4222 raft_consensus.cc:740] T f482b9df113a4d35bfe381fa53743f65 P b227f0c5b77349cb8a4e71be8f9e4ed2 [term 0 FOLLOWER]: Becoming Follower/Learner. State: Replica: b227f0c5b77349cb8a4e71be8f9e4ed2, State: Initialized, Role: FOLLOWER
I20260608 09:53:51.306752  4222 consensus_queue.cc:260] T f482b9df113a4d35bfe381fa53743f65 P b227f0c5b77349cb8a4e71be8f9e4ed2 [NON_LEADER]: Queue going to NON_LEADER mode. State: All replicated index: 0, Majority replicated index: 0, Committed index: 0, Last appended: 0.0, Last appended by leader: 0, Current term: 0, Majority size: -1, State: 0, Mode: NON_LEADER, active raft config: opid_index: -1 OBSOLETE_local: false peers { permanent_uuid: "19036bbde6e74aa6b0b8a5ce7bbf30ea" member_type: VOTER last_known_addr { host: "127.0.254.129" port: 33145 } } peers { permanent_uuid: "894632a0a236454a82a61a85a96854d5" member_type: VOTER last_known_addr { host: "127.0.254.130" port: 43115 } } peers { permanent_uuid: "b227f0c5b77349cb8a4e71be8f9e4ed2" member_type: VOTER last_known_addr { host: "127.0.254.131" port: 36765 } }
I20260608 09:53:51.305667  4027 raft_consensus.cc:2468] T 1ec97929ba0440a5bbd33e60b72c8534 P 19036bbde6e74aa6b0b8a5ce7bbf30ea [term 1 FOLLOWER]: Leader election vote request: Granting yes vote for candidate b227f0c5b77349cb8a4e71be8f9e4ed2 in term 1.
I20260608 09:53:51.309437  4223 tablet_bootstrap.cc:654] T 63bd720ba3f04d18af356f85283c40d4 P 19036bbde6e74aa6b0b8a5ce7bbf30ea: Neither blocks nor log segments found. Creating new log.
I20260608 09:53:51.309490  4222 ts_tablet_manager.cc:1434] T f482b9df113a4d35bfe381fa53743f65 P b227f0c5b77349cb8a4e71be8f9e4ed2: Time spent starting tablet: real 0.015s	user 0.007s	sys 0.003s
I20260608 09:53:51.311120  4222 tablet_bootstrap.cc:492] T 01a4cc5f72ea4b518900b74899eb34a1 P b227f0c5b77349cb8a4e71be8f9e4ed2: Bootstrap starting.
I20260608 09:53:51.315378  3925 catalog_manager.cc:5696] T 13c580817824412485a5d580c2c80701 P b227f0c5b77349cb8a4e71be8f9e4ed2 reported cstate change: term changed from 0 to 1, leader changed from <none> to b227f0c5b77349cb8a4e71be8f9e4ed2 (127.0.254.131). New cstate: current_term: 1 leader_uuid: "b227f0c5b77349cb8a4e71be8f9e4ed2" committed_config { opid_index: -1 OBSOLETE_local: false peers { permanent_uuid: "894632a0a236454a82a61a85a96854d5" member_type: VOTER last_known_addr { host: "127.0.254.130" port: 43115 } health_report { overall_health: UNKNOWN } } peers { permanent_uuid: "19036bbde6e74aa6b0b8a5ce7bbf30ea" member_type: VOTER last_known_addr { host: "127.0.254.129" port: 33145 } health_report { overall_health: UNKNOWN } } peers { permanent_uuid: "b227f0c5b77349cb8a4e71be8f9e4ed2" member_type: VOTER last_known_addr { host: "127.0.254.131" port: 36765 } health_report { overall_health: HEALTHY } } }
I20260608 09:53:51.318249  4222 tablet_bootstrap.cc:654] T 01a4cc5f72ea4b518900b74899eb34a1 P b227f0c5b77349cb8a4e71be8f9e4ed2: Neither blocks nor log segments found. Creating new log.
I20260608 09:53:51.318773  4224 tablet_bootstrap.cc:492] T 01a4cc5f72ea4b518900b74899eb34a1 P 894632a0a236454a82a61a85a96854d5: No bootstrap required, opened a new log
I20260608 09:53:51.319417  4224 ts_tablet_manager.cc:1403] T 01a4cc5f72ea4b518900b74899eb34a1 P 894632a0a236454a82a61a85a96854d5: Time spent bootstrapping tablet: real 0.054s	user 0.011s	sys 0.008s
I20260608 09:53:51.321574  4223 tablet_bootstrap.cc:492] T 63bd720ba3f04d18af356f85283c40d4 P 19036bbde6e74aa6b0b8a5ce7bbf30ea: No bootstrap required, opened a new log
I20260608 09:53:51.322077  4223 ts_tablet_manager.cc:1403] T 63bd720ba3f04d18af356f85283c40d4 P 19036bbde6e74aa6b0b8a5ce7bbf30ea: Time spent bootstrapping tablet: real 0.022s	user 0.017s	sys 0.002s
I20260608 09:53:51.323027  4224 raft_consensus.cc:359] T 01a4cc5f72ea4b518900b74899eb34a1 P 894632a0a236454a82a61a85a96854d5 [term 0 FOLLOWER]: Replica starting. Triggering 0 pending ops. Active config: opid_index: -1 OBSOLETE_local: false peers { permanent_uuid: "19036bbde6e74aa6b0b8a5ce7bbf30ea" member_type: VOTER last_known_addr { host: "127.0.254.129" port: 33145 } } peers { permanent_uuid: "894632a0a236454a82a61a85a96854d5" member_type: VOTER last_known_addr { host: "127.0.254.130" port: 43115 } } peers { permanent_uuid: "b227f0c5b77349cb8a4e71be8f9e4ed2" member_type: VOTER last_known_addr { host: "127.0.254.131" port: 36765 } }
I20260608 09:53:51.323851  4224 raft_consensus.cc:385] T 01a4cc5f72ea4b518900b74899eb34a1 P 894632a0a236454a82a61a85a96854d5 [term 0 FOLLOWER]: Consensus starting up: Expiring failure detector timer to make a prompt election more likely
I20260608 09:53:51.324219  4224 raft_consensus.cc:740] T 01a4cc5f72ea4b518900b74899eb34a1 P 894632a0a236454a82a61a85a96854d5 [term 0 FOLLOWER]: Becoming Follower/Learner. State: Replica: 894632a0a236454a82a61a85a96854d5, State: Initialized, Role: FOLLOWER
I20260608 09:53:51.325143  4224 consensus_queue.cc:260] T 01a4cc5f72ea4b518900b74899eb34a1 P 894632a0a236454a82a61a85a96854d5 [NON_LEADER]: Queue going to NON_LEADER mode. State: All replicated index: 0, Majority replicated index: 0, Committed index: 0, Last appended: 0.0, Last appended by leader: 0, Current term: 0, Majority size: -1, State: 0, Mode: NON_LEADER, active raft config: opid_index: -1 OBSOLETE_local: false peers { permanent_uuid: "19036bbde6e74aa6b0b8a5ce7bbf30ea" member_type: VOTER last_known_addr { host: "127.0.254.129" port: 33145 } } peers { permanent_uuid: "894632a0a236454a82a61a85a96854d5" member_type: VOTER last_known_addr { host: "127.0.254.130" port: 43115 } } peers { permanent_uuid: "b227f0c5b77349cb8a4e71be8f9e4ed2" member_type: VOTER last_known_addr { host: "127.0.254.131" port: 36765 } }
I20260608 09:53:51.328696  4224 ts_tablet_manager.cc:1434] T 01a4cc5f72ea4b518900b74899eb34a1 P 894632a0a236454a82a61a85a96854d5: Time spent starting tablet: real 0.009s	user 0.005s	sys 0.001s
I20260608 09:53:51.329242  4223 raft_consensus.cc:359] T 63bd720ba3f04d18af356f85283c40d4 P 19036bbde6e74aa6b0b8a5ce7bbf30ea [term 0 FOLLOWER]: Replica starting. Triggering 0 pending ops. Active config: opid_index: -1 OBSOLETE_local: false peers { permanent_uuid: "19036bbde6e74aa6b0b8a5ce7bbf30ea" member_type: VOTER last_known_addr { host: "127.0.254.129" port: 33145 } } peers { permanent_uuid: "894632a0a236454a82a61a85a96854d5" member_type: VOTER last_known_addr { host: "127.0.254.130" port: 43115 } } peers { permanent_uuid: "b227f0c5b77349cb8a4e71be8f9e4ed2" member_type: VOTER last_known_addr { host: "127.0.254.131" port: 36765 } }
I20260608 09:53:51.329988  4224 tablet_bootstrap.cc:492] T f482b9df113a4d35bfe381fa53743f65 P 894632a0a236454a82a61a85a96854d5: Bootstrap starting.
I20260608 09:53:51.330017  4223 raft_consensus.cc:385] T 63bd720ba3f04d18af356f85283c40d4 P 19036bbde6e74aa6b0b8a5ce7bbf30ea [term 0 FOLLOWER]: Consensus starting up: Expiring failure detector timer to make a prompt election more likely
I20260608 09:53:51.330518  4223 raft_consensus.cc:740] T 63bd720ba3f04d18af356f85283c40d4 P 19036bbde6e74aa6b0b8a5ce7bbf30ea [term 0 FOLLOWER]: Becoming Follower/Learner. State: Replica: 19036bbde6e74aa6b0b8a5ce7bbf30ea, State: Initialized, Role: FOLLOWER
I20260608 09:53:51.331563  4222 tablet_bootstrap.cc:492] T 01a4cc5f72ea4b518900b74899eb34a1 P b227f0c5b77349cb8a4e71be8f9e4ed2: No bootstrap required, opened a new log
I20260608 09:53:51.331401  4223 consensus_queue.cc:260] T 63bd720ba3f04d18af356f85283c40d4 P 19036bbde6e74aa6b0b8a5ce7bbf30ea [NON_LEADER]: Queue going to NON_LEADER mode. State: All replicated index: 0, Majority replicated index: 0, Committed index: 0, Last appended: 0.0, Last appended by leader: 0, Current term: 0, Majority size: -1, State: 0, Mode: NON_LEADER, active raft config: opid_index: -1 OBSOLETE_local: false peers { permanent_uuid: "19036bbde6e74aa6b0b8a5ce7bbf30ea" member_type: VOTER last_known_addr { host: "127.0.254.129" port: 33145 } } peers { permanent_uuid: "894632a0a236454a82a61a85a96854d5" member_type: VOTER last_known_addr { host: "127.0.254.130" port: 43115 } } peers { permanent_uuid: "b227f0c5b77349cb8a4e71be8f9e4ed2" member_type: VOTER last_known_addr { host: "127.0.254.131" port: 36765 } }
I20260608 09:53:51.332022  4222 ts_tablet_manager.cc:1403] T 01a4cc5f72ea4b518900b74899eb34a1 P b227f0c5b77349cb8a4e71be8f9e4ed2: Time spent bootstrapping tablet: real 0.021s	user 0.013s	sys 0.004s
I20260608 09:53:51.333551  4223 ts_tablet_manager.cc:1434] T 63bd720ba3f04d18af356f85283c40d4 P 19036bbde6e74aa6b0b8a5ce7bbf30ea: Time spent starting tablet: real 0.011s	user 0.007s	sys 0.000s
I20260608 09:53:51.334877  4222 raft_consensus.cc:359] T 01a4cc5f72ea4b518900b74899eb34a1 P b227f0c5b77349cb8a4e71be8f9e4ed2 [term 0 FOLLOWER]: Replica starting. Triggering 0 pending ops. Active config: opid_index: -1 OBSOLETE_local: false peers { permanent_uuid: "19036bbde6e74aa6b0b8a5ce7bbf30ea" member_type: VOTER last_known_addr { host: "127.0.254.129" port: 33145 } } peers { permanent_uuid: "894632a0a236454a82a61a85a96854d5" member_type: VOTER last_known_addr { host: "127.0.254.130" port: 43115 } } peers { permanent_uuid: "b227f0c5b77349cb8a4e71be8f9e4ed2" member_type: VOTER last_known_addr { host: "127.0.254.131" port: 36765 } }
I20260608 09:53:51.335618  4222 raft_consensus.cc:385] T 01a4cc5f72ea4b518900b74899eb34a1 P b227f0c5b77349cb8a4e71be8f9e4ed2 [term 0 FOLLOWER]: Consensus starting up: Expiring failure detector timer to make a prompt election more likely
I20260608 09:53:51.335888  4222 raft_consensus.cc:740] T 01a4cc5f72ea4b518900b74899eb34a1 P b227f0c5b77349cb8a4e71be8f9e4ed2 [term 0 FOLLOWER]: Becoming Follower/Learner. State: Replica: b227f0c5b77349cb8a4e71be8f9e4ed2, State: Initialized, Role: FOLLOWER
I20260608 09:53:51.336705  4222 consensus_queue.cc:260] T 01a4cc5f72ea4b518900b74899eb34a1 P b227f0c5b77349cb8a4e71be8f9e4ed2 [NON_LEADER]: Queue going to NON_LEADER mode. State: All replicated index: 0, Majority replicated index: 0, Committed index: 0, Last appended: 0.0, Last appended by leader: 0, Current term: 0, Majority size: -1, State: 0, Mode: NON_LEADER, active raft config: opid_index: -1 OBSOLETE_local: false peers { permanent_uuid: "19036bbde6e74aa6b0b8a5ce7bbf30ea" member_type: VOTER last_known_addr { host: "127.0.254.129" port: 33145 } } peers { permanent_uuid: "894632a0a236454a82a61a85a96854d5" member_type: VOTER last_known_addr { host: "127.0.254.130" port: 43115 } } peers { permanent_uuid: "b227f0c5b77349cb8a4e71be8f9e4ed2" member_type: VOTER last_known_addr { host: "127.0.254.131" port: 36765 } }
I20260608 09:53:51.337311  4224 tablet_bootstrap.cc:654] T f482b9df113a4d35bfe381fa53743f65 P 894632a0a236454a82a61a85a96854d5: Neither blocks nor log segments found. Creating new log.
I20260608 09:53:51.339036  4222 ts_tablet_manager.cc:1434] T 01a4cc5f72ea4b518900b74899eb34a1 P b227f0c5b77349cb8a4e71be8f9e4ed2: Time spent starting tablet: real 0.007s	user 0.006s	sys 0.000s
I20260608 09:53:51.342742  4224 tablet_bootstrap.cc:492] T f482b9df113a4d35bfe381fa53743f65 P 894632a0a236454a82a61a85a96854d5: No bootstrap required, opened a new log
I20260608 09:53:51.343284  4224 ts_tablet_manager.cc:1403] T f482b9df113a4d35bfe381fa53743f65 P 894632a0a236454a82a61a85a96854d5: Time spent bootstrapping tablet: real 0.014s	user 0.005s	sys 0.007s
I20260608 09:53:51.345850  4224 raft_consensus.cc:359] T f482b9df113a4d35bfe381fa53743f65 P 894632a0a236454a82a61a85a96854d5 [term 0 FOLLOWER]: Replica starting. Triggering 0 pending ops. Active config: opid_index: -1 OBSOLETE_local: false peers { permanent_uuid: "19036bbde6e74aa6b0b8a5ce7bbf30ea" member_type: VOTER last_known_addr { host: "127.0.254.129" port: 33145 } } peers { permanent_uuid: "894632a0a236454a82a61a85a96854d5" member_type: VOTER last_known_addr { host: "127.0.254.130" port: 43115 } } peers { permanent_uuid: "b227f0c5b77349cb8a4e71be8f9e4ed2" member_type: VOTER last_known_addr { host: "127.0.254.131" port: 36765 } }
I20260608 09:53:51.346491  4224 raft_consensus.cc:385] T f482b9df113a4d35bfe381fa53743f65 P 894632a0a236454a82a61a85a96854d5 [term 0 FOLLOWER]: Consensus starting up: Expiring failure detector timer to make a prompt election more likely
I20260608 09:53:51.346730  4224 raft_consensus.cc:740] T f482b9df113a4d35bfe381fa53743f65 P 894632a0a236454a82a61a85a96854d5 [term 0 FOLLOWER]: Becoming Follower/Learner. State: Replica: 894632a0a236454a82a61a85a96854d5, State: Initialized, Role: FOLLOWER
I20260608 09:53:51.347385  4224 consensus_queue.cc:260] T f482b9df113a4d35bfe381fa53743f65 P 894632a0a236454a82a61a85a96854d5 [NON_LEADER]: Queue going to NON_LEADER mode. State: All replicated index: 0, Majority replicated index: 0, Committed index: 0, Last appended: 0.0, Last appended by leader: 0, Current term: 0, Majority size: -1, State: 0, Mode: NON_LEADER, active raft config: opid_index: -1 OBSOLETE_local: false peers { permanent_uuid: "19036bbde6e74aa6b0b8a5ce7bbf30ea" member_type: VOTER last_known_addr { host: "127.0.254.129" port: 33145 } } peers { permanent_uuid: "894632a0a236454a82a61a85a96854d5" member_type: VOTER last_known_addr { host: "127.0.254.130" port: 43115 } } peers { permanent_uuid: "b227f0c5b77349cb8a4e71be8f9e4ed2" member_type: VOTER last_known_addr { host: "127.0.254.131" port: 36765 } }
I20260608 09:53:51.349004  4224 ts_tablet_manager.cc:1434] T f482b9df113a4d35bfe381fa53743f65 P 894632a0a236454a82a61a85a96854d5: Time spent starting tablet: real 0.005s	user 0.004s	sys 0.000s
I20260608 09:53:51.349066  3925 catalog_manager.cc:5696] T 1ec97929ba0440a5bbd33e60b72c8534 P b227f0c5b77349cb8a4e71be8f9e4ed2 reported cstate change: term changed from 0 to 1, leader changed from <none> to b227f0c5b77349cb8a4e71be8f9e4ed2 (127.0.254.131). New cstate: current_term: 1 leader_uuid: "b227f0c5b77349cb8a4e71be8f9e4ed2" committed_config { opid_index: -1 OBSOLETE_local: false peers { permanent_uuid: "894632a0a236454a82a61a85a96854d5" member_type: VOTER last_known_addr { host: "127.0.254.130" port: 43115 } health_report { overall_health: UNKNOWN } } peers { permanent_uuid: "19036bbde6e74aa6b0b8a5ce7bbf30ea" member_type: VOTER last_known_addr { host: "127.0.254.129" port: 33145 } health_report { overall_health: UNKNOWN } } peers { permanent_uuid: "b227f0c5b77349cb8a4e71be8f9e4ed2" member_type: VOTER last_known_addr { host: "127.0.254.131" port: 36765 } health_report { overall_health: HEALTHY } } }
I20260608 09:53:51.366163  4263 raft_consensus.cc:493] T f482b9df113a4d35bfe381fa53743f65 P b227f0c5b77349cb8a4e71be8f9e4ed2 [term 0 FOLLOWER]: Starting pre-election (no leader contacted us within the election timeout)
I20260608 09:53:51.366410  4229 raft_consensus.cc:493] T f482b9df113a4d35bfe381fa53743f65 P 19036bbde6e74aa6b0b8a5ce7bbf30ea [term 0 FOLLOWER]: Starting pre-election (no leader contacted us within the election timeout)
I20260608 09:53:51.366829  4263 raft_consensus.cc:515] T f482b9df113a4d35bfe381fa53743f65 P b227f0c5b77349cb8a4e71be8f9e4ed2 [term 0 FOLLOWER]: Starting pre-election with config: opid_index: -1 OBSOLETE_local: false peers { permanent_uuid: "19036bbde6e74aa6b0b8a5ce7bbf30ea" member_type: VOTER last_known_addr { host: "127.0.254.129" port: 33145 } } peers { permanent_uuid: "894632a0a236454a82a61a85a96854d5" member_type: VOTER last_known_addr { host: "127.0.254.130" port: 43115 } } peers { permanent_uuid: "b227f0c5b77349cb8a4e71be8f9e4ed2" member_type: VOTER last_known_addr { host: "127.0.254.131" port: 36765 } }
I20260608 09:53:51.366954  4229 raft_consensus.cc:515] T f482b9df113a4d35bfe381fa53743f65 P 19036bbde6e74aa6b0b8a5ce7bbf30ea [term 0 FOLLOWER]: Starting pre-election with config: opid_index: -1 OBSOLETE_local: false peers { permanent_uuid: "19036bbde6e74aa6b0b8a5ce7bbf30ea" member_type: VOTER last_known_addr { host: "127.0.254.129" port: 33145 } } peers { permanent_uuid: "894632a0a236454a82a61a85a96854d5" member_type: VOTER last_known_addr { host: "127.0.254.130" port: 43115 } } peers { permanent_uuid: "b227f0c5b77349cb8a4e71be8f9e4ed2" member_type: VOTER last_known_addr { host: "127.0.254.131" port: 36765 } }
I20260608 09:53:51.369251  4229 leader_election.cc:290] T f482b9df113a4d35bfe381fa53743f65 P 19036bbde6e74aa6b0b8a5ce7bbf30ea [CANDIDATE]: Term 1 pre-election: Requested pre-vote from peers 894632a0a236454a82a61a85a96854d5 (127.0.254.130:43115), b227f0c5b77349cb8a4e71be8f9e4ed2 (127.0.254.131:36765)
I20260608 09:53:51.369251  4263 leader_election.cc:290] T f482b9df113a4d35bfe381fa53743f65 P b227f0c5b77349cb8a4e71be8f9e4ed2 [CANDIDATE]: Term 1 pre-election: Requested pre-vote from peers 19036bbde6e74aa6b0b8a5ce7bbf30ea (127.0.254.129:33145), 894632a0a236454a82a61a85a96854d5 (127.0.254.130:43115)
I20260608 09:53:51.370044  4027 tablet_service.cc:1917] Received RequestConsensusVote() RPC: tablet_id: "f482b9df113a4d35bfe381fa53743f65" candidate_uuid: "b227f0c5b77349cb8a4e71be8f9e4ed2" candidate_term: 1 candidate_status { last_received { term: 0 index: 0 } } ignore_live_leader: false dest_uuid: "19036bbde6e74aa6b0b8a5ce7bbf30ea" is_pre_election: true
I20260608 09:53:51.370447  4177 tablet_service.cc:1917] Received RequestConsensusVote() RPC: tablet_id: "f482b9df113a4d35bfe381fa53743f65" candidate_uuid: "19036bbde6e74aa6b0b8a5ce7bbf30ea" candidate_term: 1 candidate_status { last_received { term: 0 index: 0 } } ignore_live_leader: false dest_uuid: "b227f0c5b77349cb8a4e71be8f9e4ed2" is_pre_election: true
I20260608 09:53:51.370729  4027 raft_consensus.cc:2468] T f482b9df113a4d35bfe381fa53743f65 P 19036bbde6e74aa6b0b8a5ce7bbf30ea [term 0 FOLLOWER]: Leader pre-election vote request: Granting yes vote for candidate b227f0c5b77349cb8a4e71be8f9e4ed2 in term 0.
I20260608 09:53:51.370976  4103 tablet_service.cc:1917] Received RequestConsensusVote() RPC: tablet_id: "f482b9df113a4d35bfe381fa53743f65" candidate_uuid: "b227f0c5b77349cb8a4e71be8f9e4ed2" candidate_term: 1 candidate_status { last_received { term: 0 index: 0 } } ignore_live_leader: false dest_uuid: "894632a0a236454a82a61a85a96854d5" is_pre_election: true
I20260608 09:53:51.371096  4177 raft_consensus.cc:2468] T f482b9df113a4d35bfe381fa53743f65 P b227f0c5b77349cb8a4e71be8f9e4ed2 [term 0 FOLLOWER]: Leader pre-election vote request: Granting yes vote for candidate 19036bbde6e74aa6b0b8a5ce7bbf30ea in term 0.
I20260608 09:53:51.371332  4102 tablet_service.cc:1917] Received RequestConsensusVote() RPC: tablet_id: "f482b9df113a4d35bfe381fa53743f65" candidate_uuid: "19036bbde6e74aa6b0b8a5ce7bbf30ea" candidate_term: 1 candidate_status { last_received { term: 0 index: 0 } } ignore_live_leader: false dest_uuid: "894632a0a236454a82a61a85a96854d5" is_pre_election: true
I20260608 09:53:51.371722  4103 raft_consensus.cc:2468] T f482b9df113a4d35bfe381fa53743f65 P 894632a0a236454a82a61a85a96854d5 [term 0 FOLLOWER]: Leader pre-election vote request: Granting yes vote for candidate b227f0c5b77349cb8a4e71be8f9e4ed2 in term 0.
I20260608 09:53:51.372370  3992 leader_election.cc:304] T f482b9df113a4d35bfe381fa53743f65 P 19036bbde6e74aa6b0b8a5ce7bbf30ea [CANDIDATE]: Term 1 pre-election: Election decided. Result: candidate won. Election summary: received 2 responses out of 3 voters: 2 yes votes; 0 no votes. yes voters: 19036bbde6e74aa6b0b8a5ce7bbf30ea, b227f0c5b77349cb8a4e71be8f9e4ed2; no voters: 
I20260608 09:53:51.372618  4140 leader_election.cc:304] T f482b9df113a4d35bfe381fa53743f65 P b227f0c5b77349cb8a4e71be8f9e4ed2 [CANDIDATE]: Term 1 pre-election: Election decided. Result: candidate won. Election summary: received 2 responses out of 3 voters: 2 yes votes; 0 no votes. yes voters: 19036bbde6e74aa6b0b8a5ce7bbf30ea, b227f0c5b77349cb8a4e71be8f9e4ed2; no voters: 
I20260608 09:53:51.373276  4229 raft_consensus.cc:2804] T f482b9df113a4d35bfe381fa53743f65 P 19036bbde6e74aa6b0b8a5ce7bbf30ea [term 0 FOLLOWER]: Leader pre-election won for term 1
I20260608 09:53:51.373628  4263 raft_consensus.cc:2804] T f482b9df113a4d35bfe381fa53743f65 P b227f0c5b77349cb8a4e71be8f9e4ed2 [term 0 FOLLOWER]: Leader pre-election won for term 1
I20260608 09:53:51.373675  4229 raft_consensus.cc:493] T f482b9df113a4d35bfe381fa53743f65 P 19036bbde6e74aa6b0b8a5ce7bbf30ea [term 0 FOLLOWER]: Starting leader election (no leader contacted us within the election timeout)
I20260608 09:53:51.374217  4263 raft_consensus.cc:493] T f482b9df113a4d35bfe381fa53743f65 P b227f0c5b77349cb8a4e71be8f9e4ed2 [term 0 FOLLOWER]: Starting leader election (no leader contacted us within the election timeout)
I20260608 09:53:51.374341  4229 raft_consensus.cc:3060] T f482b9df113a4d35bfe381fa53743f65 P 19036bbde6e74aa6b0b8a5ce7bbf30ea [term 0 FOLLOWER]: Advancing to term 1
I20260608 09:53:51.374696  4263 raft_consensus.cc:3060] T f482b9df113a4d35bfe381fa53743f65 P b227f0c5b77349cb8a4e71be8f9e4ed2 [term 0 FOLLOWER]: Advancing to term 1
I20260608 09:53:51.379700  4229 raft_consensus.cc:515] T f482b9df113a4d35bfe381fa53743f65 P 19036bbde6e74aa6b0b8a5ce7bbf30ea [term 1 FOLLOWER]: Starting leader election with config: opid_index: -1 OBSOLETE_local: false peers { permanent_uuid: "19036bbde6e74aa6b0b8a5ce7bbf30ea" member_type: VOTER last_known_addr { host: "127.0.254.129" port: 33145 } } peers { permanent_uuid: "894632a0a236454a82a61a85a96854d5" member_type: VOTER last_known_addr { host: "127.0.254.130" port: 43115 } } peers { permanent_uuid: "b227f0c5b77349cb8a4e71be8f9e4ed2" member_type: VOTER last_known_addr { host: "127.0.254.131" port: 36765 } }
I20260608 09:53:51.379721  4263 raft_consensus.cc:515] T f482b9df113a4d35bfe381fa53743f65 P b227f0c5b77349cb8a4e71be8f9e4ed2 [term 1 FOLLOWER]: Starting leader election with config: opid_index: -1 OBSOLETE_local: false peers { permanent_uuid: "19036bbde6e74aa6b0b8a5ce7bbf30ea" member_type: VOTER last_known_addr { host: "127.0.254.129" port: 33145 } } peers { permanent_uuid: "894632a0a236454a82a61a85a96854d5" member_type: VOTER last_known_addr { host: "127.0.254.130" port: 43115 } } peers { permanent_uuid: "b227f0c5b77349cb8a4e71be8f9e4ed2" member_type: VOTER last_known_addr { host: "127.0.254.131" port: 36765 } }
I20260608 09:53:51.381950  4263 leader_election.cc:290] T f482b9df113a4d35bfe381fa53743f65 P b227f0c5b77349cb8a4e71be8f9e4ed2 [CANDIDATE]: Term 1 election: Requested vote from peers 19036bbde6e74aa6b0b8a5ce7bbf30ea (127.0.254.129:33145), 894632a0a236454a82a61a85a96854d5 (127.0.254.130:43115)
I20260608 09:53:51.382337  4229 leader_election.cc:290] T f482b9df113a4d35bfe381fa53743f65 P 19036bbde6e74aa6b0b8a5ce7bbf30ea [CANDIDATE]: Term 1 election: Requested vote from peers 894632a0a236454a82a61a85a96854d5 (127.0.254.130:43115), b227f0c5b77349cb8a4e71be8f9e4ed2 (127.0.254.131:36765)
I20260608 09:53:51.382870  4027 tablet_service.cc:1917] Received RequestConsensusVote() RPC: tablet_id: "f482b9df113a4d35bfe381fa53743f65" candidate_uuid: "b227f0c5b77349cb8a4e71be8f9e4ed2" candidate_term: 1 candidate_status { last_received { term: 0 index: 0 } } ignore_live_leader: false dest_uuid: "19036bbde6e74aa6b0b8a5ce7bbf30ea"
I20260608 09:53:51.383256  4103 tablet_service.cc:1917] Received RequestConsensusVote() RPC: tablet_id: "f482b9df113a4d35bfe381fa53743f65" candidate_uuid: "19036bbde6e74aa6b0b8a5ce7bbf30ea" candidate_term: 1 candidate_status { last_received { term: 0 index: 0 } } ignore_live_leader: false dest_uuid: "894632a0a236454a82a61a85a96854d5"
I20260608 09:53:51.383741  4027 raft_consensus.cc:2393] T f482b9df113a4d35bfe381fa53743f65 P 19036bbde6e74aa6b0b8a5ce7bbf30ea [term 1 FOLLOWER]: Leader election vote request: Denying vote to candidate b227f0c5b77349cb8a4e71be8f9e4ed2 in current term 1: Already voted for candidate 19036bbde6e74aa6b0b8a5ce7bbf30ea in this term.
I20260608 09:53:51.383852  4103 raft_consensus.cc:3060] T f482b9df113a4d35bfe381fa53743f65 P 894632a0a236454a82a61a85a96854d5 [term 0 FOLLOWER]: Advancing to term 1
I20260608 09:53:51.384083  4177 tablet_service.cc:1917] Received RequestConsensusVote() RPC: tablet_id: "f482b9df113a4d35bfe381fa53743f65" candidate_uuid: "19036bbde6e74aa6b0b8a5ce7bbf30ea" candidate_term: 1 candidate_status { last_received { term: 0 index: 0 } } ignore_live_leader: false dest_uuid: "b227f0c5b77349cb8a4e71be8f9e4ed2"
I20260608 09:53:51.384362  4101 tablet_service.cc:1917] Received RequestConsensusVote() RPC: tablet_id: "f482b9df113a4d35bfe381fa53743f65" candidate_uuid: "b227f0c5b77349cb8a4e71be8f9e4ed2" candidate_term: 1 candidate_status { last_received { term: 0 index: 0 } } ignore_live_leader: false dest_uuid: "894632a0a236454a82a61a85a96854d5"
I20260608 09:53:51.384876  4177 raft_consensus.cc:2393] T f482b9df113a4d35bfe381fa53743f65 P b227f0c5b77349cb8a4e71be8f9e4ed2 [term 1 FOLLOWER]: Leader election vote request: Denying vote to candidate 19036bbde6e74aa6b0b8a5ce7bbf30ea in current term 1: Already voted for candidate b227f0c5b77349cb8a4e71be8f9e4ed2 in this term.
I20260608 09:53:51.387038  4142 leader_election.cc:304] T f482b9df113a4d35bfe381fa53743f65 P b227f0c5b77349cb8a4e71be8f9e4ed2 [CANDIDATE]: Term 1 election: Election decided. Result: candidate lost. Election summary: received 3 responses out of 3 voters: 1 yes votes; 2 no votes. yes voters: b227f0c5b77349cb8a4e71be8f9e4ed2; no voters: 19036bbde6e74aa6b0b8a5ce7bbf30ea, 894632a0a236454a82a61a85a96854d5
I20260608 09:53:51.388617  4263 raft_consensus.cc:2749] T f482b9df113a4d35bfe381fa53743f65 P b227f0c5b77349cb8a4e71be8f9e4ed2 [term 1 FOLLOWER]: Leader election lost for term 1. Reason: could not achieve majority
I20260608 09:53:51.389369  4228 consensus_queue.cc:1048] T 8b14c394b99d4f3eb770a9e514753e29 P b227f0c5b77349cb8a4e71be8f9e4ed2 [LEADER]: Connected to new peer: Peer: permanent_uuid: "894632a0a236454a82a61a85a96854d5" member_type: VOTER last_known_addr { host: "127.0.254.130" port: 43115 }, Status: LMP_MISMATCH, Last received: 0.0, Next index: 1, Last known committed idx: 0, Time since last communication: 0.000s
I20260608 09:53:51.390617  4103 raft_consensus.cc:2468] T f482b9df113a4d35bfe381fa53743f65 P 894632a0a236454a82a61a85a96854d5 [term 1 FOLLOWER]: Leader election vote request: Granting yes vote for candidate 19036bbde6e74aa6b0b8a5ce7bbf30ea in term 1.
I20260608 09:53:51.391952  3993 leader_election.cc:304] T f482b9df113a4d35bfe381fa53743f65 P 19036bbde6e74aa6b0b8a5ce7bbf30ea [CANDIDATE]: Term 1 election: Election decided. Result: candidate won. Election summary: received 3 responses out of 3 voters: 2 yes votes; 1 no votes. yes voters: 19036bbde6e74aa6b0b8a5ce7bbf30ea, 894632a0a236454a82a61a85a96854d5; no voters: b227f0c5b77349cb8a4e71be8f9e4ed2
I20260608 09:53:51.393195  4229 raft_consensus.cc:2804] T f482b9df113a4d35bfe381fa53743f65 P 19036bbde6e74aa6b0b8a5ce7bbf30ea [term 1 FOLLOWER]: Leader election won for term 1
I20260608 09:53:51.393801  4229 raft_consensus.cc:697] T f482b9df113a4d35bfe381fa53743f65 P 19036bbde6e74aa6b0b8a5ce7bbf30ea [term 1 LEADER]: Becoming Leader. State: Replica: 19036bbde6e74aa6b0b8a5ce7bbf30ea, State: Running, Role: LEADER
I20260608 09:53:51.394671  4229 consensus_queue.cc:237] T f482b9df113a4d35bfe381fa53743f65 P 19036bbde6e74aa6b0b8a5ce7bbf30ea [LEADER]: Queue going to LEADER mode. State: All replicated index: 0, Majority replicated index: 0, Committed index: 0, Last appended: 0.0, Last appended by leader: 0, Current term: 1, Majority size: 2, State: 0, Mode: LEADER, active raft config: opid_index: -1 OBSOLETE_local: false peers { permanent_uuid: "19036bbde6e74aa6b0b8a5ce7bbf30ea" member_type: VOTER last_known_addr { host: "127.0.254.129" port: 33145 } } peers { permanent_uuid: "894632a0a236454a82a61a85a96854d5" member_type: VOTER last_known_addr { host: "127.0.254.130" port: 43115 } } peers { permanent_uuid: "b227f0c5b77349cb8a4e71be8f9e4ed2" member_type: VOTER last_known_addr { host: "127.0.254.131" port: 36765 } }
I20260608 09:53:51.407912  4228 raft_consensus.cc:493] T 63bd720ba3f04d18af356f85283c40d4 P b227f0c5b77349cb8a4e71be8f9e4ed2 [term 0 FOLLOWER]: Starting pre-election (no leader contacted us within the election timeout)
I20260608 09:53:51.408582  4228 raft_consensus.cc:515] T 63bd720ba3f04d18af356f85283c40d4 P b227f0c5b77349cb8a4e71be8f9e4ed2 [term 0 FOLLOWER]: Starting pre-election with config: opid_index: -1 OBSOLETE_local: false peers { permanent_uuid: "19036bbde6e74aa6b0b8a5ce7bbf30ea" member_type: VOTER last_known_addr { host: "127.0.254.129" port: 33145 } } peers { permanent_uuid: "894632a0a236454a82a61a85a96854d5" member_type: VOTER last_known_addr { host: "127.0.254.130" port: 43115 } } peers { permanent_uuid: "b227f0c5b77349cb8a4e71be8f9e4ed2" member_type: VOTER last_known_addr { host: "127.0.254.131" port: 36765 } }
I20260608 09:53:51.408635  3926 catalog_manager.cc:5696] T f482b9df113a4d35bfe381fa53743f65 P 19036bbde6e74aa6b0b8a5ce7bbf30ea reported cstate change: term changed from 0 to 1, leader changed from <none> to 19036bbde6e74aa6b0b8a5ce7bbf30ea (127.0.254.129). New cstate: current_term: 1 leader_uuid: "19036bbde6e74aa6b0b8a5ce7bbf30ea" committed_config { opid_index: -1 OBSOLETE_local: false peers { permanent_uuid: "19036bbde6e74aa6b0b8a5ce7bbf30ea" member_type: VOTER last_known_addr { host: "127.0.254.129" port: 33145 } health_report { overall_health: HEALTHY } } peers { permanent_uuid: "894632a0a236454a82a61a85a96854d5" member_type: VOTER last_known_addr { host: "127.0.254.130" port: 43115 } health_report { overall_health: UNKNOWN } } peers { permanent_uuid: "b227f0c5b77349cb8a4e71be8f9e4ed2" member_type: VOTER last_known_addr { host: "127.0.254.131" port: 36765 } health_report { overall_health: UNKNOWN } } }
I20260608 09:53:51.411902  4027 tablet_service.cc:1917] Received RequestConsensusVote() RPC: tablet_id: "63bd720ba3f04d18af356f85283c40d4" candidate_uuid: "b227f0c5b77349cb8a4e71be8f9e4ed2" candidate_term: 1 candidate_status { last_received { term: 0 index: 0 } } ignore_live_leader: false dest_uuid: "19036bbde6e74aa6b0b8a5ce7bbf30ea" is_pre_election: true
I20260608 09:53:51.412635  4027 raft_consensus.cc:2468] T 63bd720ba3f04d18af356f85283c40d4 P 19036bbde6e74aa6b0b8a5ce7bbf30ea [term 0 FOLLOWER]: Leader pre-election vote request: Granting yes vote for candidate b227f0c5b77349cb8a4e71be8f9e4ed2 in term 0.
I20260608 09:53:51.415611  4228 leader_election.cc:290] T 63bd720ba3f04d18af356f85283c40d4 P b227f0c5b77349cb8a4e71be8f9e4ed2 [CANDIDATE]: Term 1 pre-election: Requested pre-vote from peers 19036bbde6e74aa6b0b8a5ce7bbf30ea (127.0.254.129:33145), 894632a0a236454a82a61a85a96854d5 (127.0.254.130:43115)
I20260608 09:53:51.417068  4140 leader_election.cc:304] T 63bd720ba3f04d18af356f85283c40d4 P b227f0c5b77349cb8a4e71be8f9e4ed2 [CANDIDATE]: Term 1 pre-election: Election decided. Result: candidate won. Election summary: received 2 responses out of 3 voters: 2 yes votes; 0 no votes. yes voters: 19036bbde6e74aa6b0b8a5ce7bbf30ea, b227f0c5b77349cb8a4e71be8f9e4ed2; no voters: 
I20260608 09:53:51.418104  4228 raft_consensus.cc:2804] T 63bd720ba3f04d18af356f85283c40d4 P b227f0c5b77349cb8a4e71be8f9e4ed2 [term 0 FOLLOWER]: Leader pre-election won for term 1
I20260608 09:53:51.418576  4228 raft_consensus.cc:493] T 63bd720ba3f04d18af356f85283c40d4 P b227f0c5b77349cb8a4e71be8f9e4ed2 [term 0 FOLLOWER]: Starting leader election (no leader contacted us within the election timeout)
I20260608 09:53:51.418947  4228 raft_consensus.cc:3060] T 63bd720ba3f04d18af356f85283c40d4 P b227f0c5b77349cb8a4e71be8f9e4ed2 [term 0 FOLLOWER]: Advancing to term 1
I20260608 09:53:51.419657  4103 tablet_service.cc:1917] Received RequestConsensusVote() RPC: tablet_id: "63bd720ba3f04d18af356f85283c40d4" candidate_uuid: "b227f0c5b77349cb8a4e71be8f9e4ed2" candidate_term: 1 candidate_status { last_received { term: 0 index: 0 } } ignore_live_leader: false dest_uuid: "894632a0a236454a82a61a85a96854d5" is_pre_election: true
I20260608 09:53:51.420418  4103 raft_consensus.cc:2468] T 63bd720ba3f04d18af356f85283c40d4 P 894632a0a236454a82a61a85a96854d5 [term 0 FOLLOWER]: Leader pre-election vote request: Granting yes vote for candidate b227f0c5b77349cb8a4e71be8f9e4ed2 in term 0.
I20260608 09:53:51.420313  4263 consensus_queue.cc:1048] T 8b14c394b99d4f3eb770a9e514753e29 P b227f0c5b77349cb8a4e71be8f9e4ed2 [LEADER]: Connected to new peer: Peer: permanent_uuid: "19036bbde6e74aa6b0b8a5ce7bbf30ea" member_type: VOTER last_known_addr { host: "127.0.254.129" port: 33145 }, Status: LMP_MISMATCH, Last received: 0.0, Next index: 1, Last known committed idx: 0, Time since last communication: 0.000s
I20260608 09:53:51.425839  4228 raft_consensus.cc:515] T 63bd720ba3f04d18af356f85283c40d4 P b227f0c5b77349cb8a4e71be8f9e4ed2 [term 1 FOLLOWER]: Starting leader election with config: opid_index: -1 OBSOLETE_local: false peers { permanent_uuid: "19036bbde6e74aa6b0b8a5ce7bbf30ea" member_type: VOTER last_known_addr { host: "127.0.254.129" port: 33145 } } peers { permanent_uuid: "894632a0a236454a82a61a85a96854d5" member_type: VOTER last_known_addr { host: "127.0.254.130" port: 43115 } } peers { permanent_uuid: "b227f0c5b77349cb8a4e71be8f9e4ed2" member_type: VOTER last_known_addr { host: "127.0.254.131" port: 36765 } }
I20260608 09:53:51.427977  4228 leader_election.cc:290] T 63bd720ba3f04d18af356f85283c40d4 P b227f0c5b77349cb8a4e71be8f9e4ed2 [CANDIDATE]: Term 1 election: Requested vote from peers 19036bbde6e74aa6b0b8a5ce7bbf30ea (127.0.254.129:33145), 894632a0a236454a82a61a85a96854d5 (127.0.254.130:43115)
I20260608 09:53:51.428831  4028 tablet_service.cc:1917] Received RequestConsensusVote() RPC: tablet_id: "63bd720ba3f04d18af356f85283c40d4" candidate_uuid: "b227f0c5b77349cb8a4e71be8f9e4ed2" candidate_term: 1 candidate_status { last_received { term: 0 index: 0 } } ignore_live_leader: false dest_uuid: "19036bbde6e74aa6b0b8a5ce7bbf30ea"
I20260608 09:53:51.429386  4028 raft_consensus.cc:3060] T 63bd720ba3f04d18af356f85283c40d4 P 19036bbde6e74aa6b0b8a5ce7bbf30ea [term 0 FOLLOWER]: Advancing to term 1
I20260608 09:53:51.430291  4103 tablet_service.cc:1917] Received RequestConsensusVote() RPC: tablet_id: "63bd720ba3f04d18af356f85283c40d4" candidate_uuid: "b227f0c5b77349cb8a4e71be8f9e4ed2" candidate_term: 1 candidate_status { last_received { term: 0 index: 0 } } ignore_live_leader: false dest_uuid: "894632a0a236454a82a61a85a96854d5"
I20260608 09:53:51.430819  4103 raft_consensus.cc:3060] T 63bd720ba3f04d18af356f85283c40d4 P 894632a0a236454a82a61a85a96854d5 [term 0 FOLLOWER]: Advancing to term 1
I20260608 09:53:51.436142  4103 raft_consensus.cc:2468] T 63bd720ba3f04d18af356f85283c40d4 P 894632a0a236454a82a61a85a96854d5 [term 1 FOLLOWER]: Leader election vote request: Granting yes vote for candidate b227f0c5b77349cb8a4e71be8f9e4ed2 in term 1.
I20260608 09:53:51.436199  4028 raft_consensus.cc:2468] T 63bd720ba3f04d18af356f85283c40d4 P 19036bbde6e74aa6b0b8a5ce7bbf30ea [term 1 FOLLOWER]: Leader election vote request: Granting yes vote for candidate b227f0c5b77349cb8a4e71be8f9e4ed2 in term 1.
I20260608 09:53:51.437425  4142 leader_election.cc:304] T 63bd720ba3f04d18af356f85283c40d4 P b227f0c5b77349cb8a4e71be8f9e4ed2 [CANDIDATE]: Term 1 election: Election decided. Result: candidate won. Election summary: received 2 responses out of 3 voters: 2 yes votes; 0 no votes. yes voters: 894632a0a236454a82a61a85a96854d5, b227f0c5b77349cb8a4e71be8f9e4ed2; no voters: 
I20260608 09:53:51.438376  4228 raft_consensus.cc:2804] T 63bd720ba3f04d18af356f85283c40d4 P b227f0c5b77349cb8a4e71be8f9e4ed2 [term 1 FOLLOWER]: Leader election won for term 1
I20260608 09:53:51.438959  4228 raft_consensus.cc:697] T 63bd720ba3f04d18af356f85283c40d4 P b227f0c5b77349cb8a4e71be8f9e4ed2 [term 1 LEADER]: Becoming Leader. State: Replica: b227f0c5b77349cb8a4e71be8f9e4ed2, State: Running, Role: LEADER
I20260608 09:53:51.439771  4228 consensus_queue.cc:237] T 63bd720ba3f04d18af356f85283c40d4 P b227f0c5b77349cb8a4e71be8f9e4ed2 [LEADER]: Queue going to LEADER mode. State: All replicated index: 0, Majority replicated index: 0, Committed index: 0, Last appended: 0.0, Last appended by leader: 0, Current term: 1, Majority size: 2, State: 0, Mode: LEADER, active raft config: opid_index: -1 OBSOLETE_local: false peers { permanent_uuid: "19036bbde6e74aa6b0b8a5ce7bbf30ea" member_type: VOTER last_known_addr { host: "127.0.254.129" port: 33145 } } peers { permanent_uuid: "894632a0a236454a82a61a85a96854d5" member_type: VOTER last_known_addr { host: "127.0.254.130" port: 43115 } } peers { permanent_uuid: "b227f0c5b77349cb8a4e71be8f9e4ed2" member_type: VOTER last_known_addr { host: "127.0.254.131" port: 36765 } }
I20260608 09:53:51.447290  3926 catalog_manager.cc:5696] T 63bd720ba3f04d18af356f85283c40d4 P b227f0c5b77349cb8a4e71be8f9e4ed2 reported cstate change: term changed from 0 to 1, leader changed from <none> to b227f0c5b77349cb8a4e71be8f9e4ed2 (127.0.254.131). New cstate: current_term: 1 leader_uuid: "b227f0c5b77349cb8a4e71be8f9e4ed2" committed_config { opid_index: -1 OBSOLETE_local: false peers { permanent_uuid: "19036bbde6e74aa6b0b8a5ce7bbf30ea" member_type: VOTER last_known_addr { host: "127.0.254.129" port: 33145 } health_report { overall_health: UNKNOWN } } peers { permanent_uuid: "894632a0a236454a82a61a85a96854d5" member_type: VOTER last_known_addr { host: "127.0.254.130" port: 43115 } health_report { overall_health: UNKNOWN } } peers { permanent_uuid: "b227f0c5b77349cb8a4e71be8f9e4ed2" member_type: VOTER last_known_addr { host: "127.0.254.131" port: 36765 } health_report { overall_health: HEALTHY } } }
I20260608 09:53:51.450968  4229 raft_consensus.cc:493] T 01a4cc5f72ea4b518900b74899eb34a1 P 19036bbde6e74aa6b0b8a5ce7bbf30ea [term 0 FOLLOWER]: Starting pre-election (no leader contacted us within the election timeout)
I20260608 09:53:51.451586  4229 raft_consensus.cc:515] T 01a4cc5f72ea4b518900b74899eb34a1 P 19036bbde6e74aa6b0b8a5ce7bbf30ea [term 0 FOLLOWER]: Starting pre-election with config: opid_index: -1 OBSOLETE_local: false peers { permanent_uuid: "19036bbde6e74aa6b0b8a5ce7bbf30ea" member_type: VOTER last_known_addr { host: "127.0.254.129" port: 33145 } } peers { permanent_uuid: "894632a0a236454a82a61a85a96854d5" member_type: VOTER last_known_addr { host: "127.0.254.130" port: 43115 } } peers { permanent_uuid: "b227f0c5b77349cb8a4e71be8f9e4ed2" member_type: VOTER last_known_addr { host: "127.0.254.131" port: 36765 } }
I20260608 09:53:51.453779  4229 leader_election.cc:290] T 01a4cc5f72ea4b518900b74899eb34a1 P 19036bbde6e74aa6b0b8a5ce7bbf30ea [CANDIDATE]: Term 1 pre-election: Requested pre-vote from peers 894632a0a236454a82a61a85a96854d5 (127.0.254.130:43115), b227f0c5b77349cb8a4e71be8f9e4ed2 (127.0.254.131:36765)
I20260608 09:53:51.455011  4177 tablet_service.cc:1917] Received RequestConsensusVote() RPC: tablet_id: "01a4cc5f72ea4b518900b74899eb34a1" candidate_uuid: "19036bbde6e74aa6b0b8a5ce7bbf30ea" candidate_term: 1 candidate_status { last_received { term: 0 index: 0 } } ignore_live_leader: false dest_uuid: "b227f0c5b77349cb8a4e71be8f9e4ed2" is_pre_election: true
I20260608 09:53:51.454551  4103 tablet_service.cc:1917] Received RequestConsensusVote() RPC: tablet_id: "01a4cc5f72ea4b518900b74899eb34a1" candidate_uuid: "19036bbde6e74aa6b0b8a5ce7bbf30ea" candidate_term: 1 candidate_status { last_received { term: 0 index: 0 } } ignore_live_leader: false dest_uuid: "894632a0a236454a82a61a85a96854d5" is_pre_election: true
I20260608 09:53:51.455219  4228 raft_consensus.cc:493] T 01a4cc5f72ea4b518900b74899eb34a1 P b227f0c5b77349cb8a4e71be8f9e4ed2 [term 0 FOLLOWER]: Starting pre-election (no leader contacted us within the election timeout)
I20260608 09:53:51.455935  4103 raft_consensus.cc:2468] T 01a4cc5f72ea4b518900b74899eb34a1 P 894632a0a236454a82a61a85a96854d5 [term 0 FOLLOWER]: Leader pre-election vote request: Granting yes vote for candidate 19036bbde6e74aa6b0b8a5ce7bbf30ea in term 0.
I20260608 09:53:51.455930  4228 raft_consensus.cc:515] T 01a4cc5f72ea4b518900b74899eb34a1 P b227f0c5b77349cb8a4e71be8f9e4ed2 [term 0 FOLLOWER]: Starting pre-election with config: opid_index: -1 OBSOLETE_local: false peers { permanent_uuid: "19036bbde6e74aa6b0b8a5ce7bbf30ea" member_type: VOTER last_known_addr { host: "127.0.254.129" port: 33145 } } peers { permanent_uuid: "894632a0a236454a82a61a85a96854d5" member_type: VOTER last_known_addr { host: "127.0.254.130" port: 43115 } } peers { permanent_uuid: "b227f0c5b77349cb8a4e71be8f9e4ed2" member_type: VOTER last_known_addr { host: "127.0.254.131" port: 36765 } }
I20260608 09:53:51.457185  4177 raft_consensus.cc:2468] T 01a4cc5f72ea4b518900b74899eb34a1 P b227f0c5b77349cb8a4e71be8f9e4ed2 [term 0 FOLLOWER]: Leader pre-election vote request: Granting yes vote for candidate 19036bbde6e74aa6b0b8a5ce7bbf30ea in term 0.
I20260608 09:53:51.457326  3993 leader_election.cc:304] T 01a4cc5f72ea4b518900b74899eb34a1 P 19036bbde6e74aa6b0b8a5ce7bbf30ea [CANDIDATE]: Term 1 pre-election: Election decided. Result: candidate won. Election summary: received 2 responses out of 3 voters: 2 yes votes; 0 no votes. yes voters: 19036bbde6e74aa6b0b8a5ce7bbf30ea, 894632a0a236454a82a61a85a96854d5; no voters: 
I20260608 09:53:51.458242  4229 raft_consensus.cc:2804] T 01a4cc5f72ea4b518900b74899eb34a1 P 19036bbde6e74aa6b0b8a5ce7bbf30ea [term 0 FOLLOWER]: Leader pre-election won for term 1
I20260608 09:53:51.458616  4229 raft_consensus.cc:493] T 01a4cc5f72ea4b518900b74899eb34a1 P 19036bbde6e74aa6b0b8a5ce7bbf30ea [term 0 FOLLOWER]: Starting leader election (no leader contacted us within the election timeout)
I20260608 09:53:51.458982  4229 raft_consensus.cc:3060] T 01a4cc5f72ea4b518900b74899eb34a1 P 19036bbde6e74aa6b0b8a5ce7bbf30ea [term 0 FOLLOWER]: Advancing to term 1
I20260608 09:53:51.459710  4228 leader_election.cc:290] T 01a4cc5f72ea4b518900b74899eb34a1 P b227f0c5b77349cb8a4e71be8f9e4ed2 [CANDIDATE]: Term 1 pre-election: Requested pre-vote from peers 19036bbde6e74aa6b0b8a5ce7bbf30ea (127.0.254.129:33145), 894632a0a236454a82a61a85a96854d5 (127.0.254.130:43115)
I20260608 09:53:51.460042  4028 tablet_service.cc:1917] Received RequestConsensusVote() RPC: tablet_id: "01a4cc5f72ea4b518900b74899eb34a1" candidate_uuid: "b227f0c5b77349cb8a4e71be8f9e4ed2" candidate_term: 1 candidate_status { last_received { term: 0 index: 0 } } ignore_live_leader: false dest_uuid: "19036bbde6e74aa6b0b8a5ce7bbf30ea" is_pre_election: true
I20260608 09:53:51.460412  4103 tablet_service.cc:1917] Received RequestConsensusVote() RPC: tablet_id: "01a4cc5f72ea4b518900b74899eb34a1" candidate_uuid: "b227f0c5b77349cb8a4e71be8f9e4ed2" candidate_term: 1 candidate_status { last_received { term: 0 index: 0 } } ignore_live_leader: false dest_uuid: "894632a0a236454a82a61a85a96854d5" is_pre_election: true
I20260608 09:53:51.461018  4103 raft_consensus.cc:2468] T 01a4cc5f72ea4b518900b74899eb34a1 P 894632a0a236454a82a61a85a96854d5 [term 0 FOLLOWER]: Leader pre-election vote request: Granting yes vote for candidate b227f0c5b77349cb8a4e71be8f9e4ed2 in term 0.
I20260608 09:53:51.462096  4142 leader_election.cc:304] T 01a4cc5f72ea4b518900b74899eb34a1 P b227f0c5b77349cb8a4e71be8f9e4ed2 [CANDIDATE]: Term 1 pre-election: Election decided. Result: candidate won. Election summary: received 2 responses out of 3 voters: 2 yes votes; 0 no votes. yes voters: 894632a0a236454a82a61a85a96854d5, b227f0c5b77349cb8a4e71be8f9e4ed2; no voters: 
I20260608 09:53:51.462807  4228 raft_consensus.cc:2804] T 01a4cc5f72ea4b518900b74899eb34a1 P b227f0c5b77349cb8a4e71be8f9e4ed2 [term 0 FOLLOWER]: Leader pre-election won for term 1
I20260608 09:53:51.463236  4228 raft_consensus.cc:493] T 01a4cc5f72ea4b518900b74899eb34a1 P b227f0c5b77349cb8a4e71be8f9e4ed2 [term 0 FOLLOWER]: Starting leader election (no leader contacted us within the election timeout)
I20260608 09:53:51.463590  4228 raft_consensus.cc:3060] T 01a4cc5f72ea4b518900b74899eb34a1 P b227f0c5b77349cb8a4e71be8f9e4ed2 [term 0 FOLLOWER]: Advancing to term 1
I20260608 09:53:51.466001  4229 raft_consensus.cc:515] T 01a4cc5f72ea4b518900b74899eb34a1 P 19036bbde6e74aa6b0b8a5ce7bbf30ea [term 1 FOLLOWER]: Starting leader election with config: opid_index: -1 OBSOLETE_local: false peers { permanent_uuid: "19036bbde6e74aa6b0b8a5ce7bbf30ea" member_type: VOTER last_known_addr { host: "127.0.254.129" port: 33145 } } peers { permanent_uuid: "894632a0a236454a82a61a85a96854d5" member_type: VOTER last_known_addr { host: "127.0.254.130" port: 43115 } } peers { permanent_uuid: "b227f0c5b77349cb8a4e71be8f9e4ed2" member_type: VOTER last_known_addr { host: "127.0.254.131" port: 36765 } }
I20260608 09:53:51.467337  4028 raft_consensus.cc:2393] T 01a4cc5f72ea4b518900b74899eb34a1 P 19036bbde6e74aa6b0b8a5ce7bbf30ea [term 1 FOLLOWER]: Leader pre-election vote request: Denying vote to candidate b227f0c5b77349cb8a4e71be8f9e4ed2 in current term 1: Already voted for candidate 19036bbde6e74aa6b0b8a5ce7bbf30ea in this term.
I20260608 09:53:51.469225  4229 leader_election.cc:290] T 01a4cc5f72ea4b518900b74899eb34a1 P 19036bbde6e74aa6b0b8a5ce7bbf30ea [CANDIDATE]: Term 1 election: Requested vote from peers 894632a0a236454a82a61a85a96854d5 (127.0.254.130:43115), b227f0c5b77349cb8a4e71be8f9e4ed2 (127.0.254.131:36765)
I20260608 09:53:51.469502  4103 tablet_service.cc:1917] Received RequestConsensusVote() RPC: tablet_id: "01a4cc5f72ea4b518900b74899eb34a1" candidate_uuid: "19036bbde6e74aa6b0b8a5ce7bbf30ea" candidate_term: 1 candidate_status { last_received { term: 0 index: 0 } } ignore_live_leader: false dest_uuid: "894632a0a236454a82a61a85a96854d5"
I20260608 09:53:51.470228  4103 raft_consensus.cc:3060] T 01a4cc5f72ea4b518900b74899eb34a1 P 894632a0a236454a82a61a85a96854d5 [term 0 FOLLOWER]: Advancing to term 1
I20260608 09:53:51.470207  4177 tablet_service.cc:1917] Received RequestConsensusVote() RPC: tablet_id: "01a4cc5f72ea4b518900b74899eb34a1" candidate_uuid: "19036bbde6e74aa6b0b8a5ce7bbf30ea" candidate_term: 1 candidate_status { last_received { term: 0 index: 0 } } ignore_live_leader: false dest_uuid: "b227f0c5b77349cb8a4e71be8f9e4ed2"
