I20260608 09:54:22.698880 32305 tablet_bootstrap.cc:492] T 7d3974a852ad483ab55f071b770de1fe P 2efed235c6d44e2ea8ad66a673dbfc16: Bootstrap starting.
I20260608 09:54:22.698542 32303 raft_consensus.cc:359] T 20fe9c7404ff45399862317e1a36790c P 2c3b0a90e08e407e928de31dc3258ef7 [term 0 FOLLOWER]: Replica starting. Triggering 0 pending ops. Active config: opid_index: -1 OBSOLETE_local: false peers { permanent_uuid: "80f1749c8dc74ab5aa283da65b5b89ed" member_type: VOTER last_known_addr { host: "127.26.224.65" port: 36615 } } peers { permanent_uuid: "2c3b0a90e08e407e928de31dc3258ef7" member_type: VOTER last_known_addr { host: "127.26.224.66" port: 37613 } } peers { permanent_uuid: "2efed235c6d44e2ea8ad66a673dbfc16" member_type: VOTER last_known_addr { host: "127.26.224.67" port: 38257 } }
I20260608 09:54:22.698815 32304 raft_consensus.cc:359] T cfbaaf82a6f34921ad3b28329117d689 P 80f1749c8dc74ab5aa283da65b5b89ed [term 0 FOLLOWER]: Replica starting. Triggering 0 pending ops. Active config: opid_index: -1 OBSOLETE_local: false peers { permanent_uuid: "80f1749c8dc74ab5aa283da65b5b89ed" member_type: VOTER last_known_addr { host: "127.26.224.65" port: 36615 } } peers { permanent_uuid: "2c3b0a90e08e407e928de31dc3258ef7" member_type: VOTER last_known_addr { host: "127.26.224.66" port: 37613 } } peers { permanent_uuid: "2efed235c6d44e2ea8ad66a673dbfc16" member_type: VOTER last_known_addr { host: "127.26.224.67" port: 38257 } }
I20260608 09:54:22.699347 32303 raft_consensus.cc:385] T 20fe9c7404ff45399862317e1a36790c P 2c3b0a90e08e407e928de31dc3258ef7 [term 0 FOLLOWER]: Consensus starting up: Expiring failure detector timer to make a prompt election more likely
I20260608 09:54:22.699640 32304 raft_consensus.cc:385] T cfbaaf82a6f34921ad3b28329117d689 P 80f1749c8dc74ab5aa283da65b5b89ed [term 0 FOLLOWER]: Consensus starting up: Expiring failure detector timer to make a prompt election more likely
I20260608 09:54:22.699687 32303 raft_consensus.cc:740] T 20fe9c7404ff45399862317e1a36790c P 2c3b0a90e08e407e928de31dc3258ef7 [term 0 FOLLOWER]: Becoming Follower/Learner. State: Replica: 2c3b0a90e08e407e928de31dc3258ef7, State: Initialized, Role: FOLLOWER
I20260608 09:54:22.700115 32304 raft_consensus.cc:740] T cfbaaf82a6f34921ad3b28329117d689 P 80f1749c8dc74ab5aa283da65b5b89ed [term 0 FOLLOWER]: Becoming Follower/Learner. State: Replica: 80f1749c8dc74ab5aa283da65b5b89ed, State: Initialized, Role: FOLLOWER
I20260608 09:54:22.700901 32303 consensus_queue.cc:260] T 20fe9c7404ff45399862317e1a36790c P 2c3b0a90e08e407e928de31dc3258ef7 [NON_LEADER]: Queue going to NON_LEADER mode. State: All replicated index: 0, Majority replicated index: 0, Committed index: 0, Last appended: 0.0, Last appended by leader: 0, Current term: 0, Majority size: -1, State: 0, Mode: NON_LEADER, active raft config: opid_index: -1 OBSOLETE_local: false peers { permanent_uuid: "80f1749c8dc74ab5aa283da65b5b89ed" member_type: VOTER last_known_addr { host: "127.26.224.65" port: 36615 } } peers { permanent_uuid: "2c3b0a90e08e407e928de31dc3258ef7" member_type: VOTER last_known_addr { host: "127.26.224.66" port: 37613 } } peers { permanent_uuid: "2efed235c6d44e2ea8ad66a673dbfc16" member_type: VOTER last_known_addr { host: "127.26.224.67" port: 38257 } }
I20260608 09:54:22.701104 32304 consensus_queue.cc:260] T cfbaaf82a6f34921ad3b28329117d689 P 80f1749c8dc74ab5aa283da65b5b89ed [NON_LEADER]: Queue going to NON_LEADER mode. State: All replicated index: 0, Majority replicated index: 0, Committed index: 0, Last appended: 0.0, Last appended by leader: 0, Current term: 0, Majority size: -1, State: 0, Mode: NON_LEADER, active raft config: opid_index: -1 OBSOLETE_local: false peers { permanent_uuid: "80f1749c8dc74ab5aa283da65b5b89ed" member_type: VOTER last_known_addr { host: "127.26.224.65" port: 36615 } } peers { permanent_uuid: "2c3b0a90e08e407e928de31dc3258ef7" member_type: VOTER last_known_addr { host: "127.26.224.66" port: 37613 } } peers { permanent_uuid: "2efed235c6d44e2ea8ad66a673dbfc16" member_type: VOTER last_known_addr { host: "127.26.224.67" port: 38257 } }
I20260608 09:54:22.703574 32303 ts_tablet_manager.cc:1434] T 20fe9c7404ff45399862317e1a36790c P 2c3b0a90e08e407e928de31dc3258ef7: Time spent starting tablet: real 0.008s	user 0.007s	sys 0.000s
I20260608 09:54:22.704629 32303 tablet_bootstrap.cc:492] T 7d3974a852ad483ab55f071b770de1fe P 2c3b0a90e08e407e928de31dc3258ef7: Bootstrap starting.
I20260608 09:54:22.704969 32304 ts_tablet_manager.cc:1434] T cfbaaf82a6f34921ad3b28329117d689 P 80f1749c8dc74ab5aa283da65b5b89ed: Time spent starting tablet: real 0.009s	user 0.008s	sys 0.001s
I20260608 09:54:22.706054 32304 tablet_bootstrap.cc:492] T 8620013b0e6342a98349a8e28bd3606e P 80f1749c8dc74ab5aa283da65b5b89ed: Bootstrap starting.
I20260608 09:54:22.712122 32303 tablet_bootstrap.cc:654] T 7d3974a852ad483ab55f071b770de1fe P 2c3b0a90e08e407e928de31dc3258ef7: Neither blocks nor log segments found. Creating new log.
I20260608 09:54:22.713332 32304 tablet_bootstrap.cc:654] T 8620013b0e6342a98349a8e28bd3606e P 80f1749c8dc74ab5aa283da65b5b89ed: Neither blocks nor log segments found. Creating new log.
I20260608 09:54:22.718660 32305 tablet_bootstrap.cc:654] T 7d3974a852ad483ab55f071b770de1fe P 2efed235c6d44e2ea8ad66a673dbfc16: Neither blocks nor log segments found. Creating new log.
I20260608 09:54:22.724561 32310 raft_consensus.cc:493] T cfbaaf82a6f34921ad3b28329117d689 P 80f1749c8dc74ab5aa283da65b5b89ed [term 0 FOLLOWER]: Starting pre-election (no leader contacted us within the election timeout)
I20260608 09:54:22.725364 32310 raft_consensus.cc:515] T cfbaaf82a6f34921ad3b28329117d689 P 80f1749c8dc74ab5aa283da65b5b89ed [term 0 FOLLOWER]: Starting pre-election with config: opid_index: -1 OBSOLETE_local: false peers { permanent_uuid: "80f1749c8dc74ab5aa283da65b5b89ed" member_type: VOTER last_known_addr { host: "127.26.224.65" port: 36615 } } peers { permanent_uuid: "2c3b0a90e08e407e928de31dc3258ef7" member_type: VOTER last_known_addr { host: "127.26.224.66" port: 37613 } } peers { permanent_uuid: "2efed235c6d44e2ea8ad66a673dbfc16" member_type: VOTER last_known_addr { host: "127.26.224.67" port: 38257 } }
I20260608 09:54:22.726919 32304 tablet_bootstrap.cc:492] T 8620013b0e6342a98349a8e28bd3606e P 80f1749c8dc74ab5aa283da65b5b89ed: No bootstrap required, opened a new log
I20260608 09:54:22.726977 32303 tablet_bootstrap.cc:492] T 7d3974a852ad483ab55f071b770de1fe P 2c3b0a90e08e407e928de31dc3258ef7: No bootstrap required, opened a new log
I20260608 09:54:22.727648 32304 ts_tablet_manager.cc:1403] T 8620013b0e6342a98349a8e28bd3606e P 80f1749c8dc74ab5aa283da65b5b89ed: Time spent bootstrapping tablet: real 0.022s	user 0.009s	sys 0.009s
I20260608 09:54:22.727658 32303 ts_tablet_manager.cc:1403] T 7d3974a852ad483ab55f071b770de1fe P 2c3b0a90e08e407e928de31dc3258ef7: Time spent bootstrapping tablet: real 0.023s	user 0.018s	sys 0.005s
I20260608 09:54:22.731541 32303 raft_consensus.cc:359] T 7d3974a852ad483ab55f071b770de1fe P 2c3b0a90e08e407e928de31dc3258ef7 [term 0 FOLLOWER]: Replica starting. Triggering 0 pending ops. Active config: opid_index: -1 OBSOLETE_local: false peers { permanent_uuid: "80f1749c8dc74ab5aa283da65b5b89ed" member_type: VOTER last_known_addr { host: "127.26.224.65" port: 36615 } } peers { permanent_uuid: "2c3b0a90e08e407e928de31dc3258ef7" member_type: VOTER last_known_addr { host: "127.26.224.66" port: 37613 } } peers { permanent_uuid: "2efed235c6d44e2ea8ad66a673dbfc16" member_type: VOTER last_known_addr { host: "127.26.224.67" port: 38257 } }
I20260608 09:54:22.732405 32303 raft_consensus.cc:385] T 7d3974a852ad483ab55f071b770de1fe P 2c3b0a90e08e407e928de31dc3258ef7 [term 0 FOLLOWER]: Consensus starting up: Expiring failure detector timer to make a prompt election more likely
I20260608 09:54:22.732731 32303 raft_consensus.cc:740] T 7d3974a852ad483ab55f071b770de1fe P 2c3b0a90e08e407e928de31dc3258ef7 [term 0 FOLLOWER]: Becoming Follower/Learner. State: Replica: 2c3b0a90e08e407e928de31dc3258ef7, State: Initialized, Role: FOLLOWER
I20260608 09:54:22.732877 32304 raft_consensus.cc:359] T 8620013b0e6342a98349a8e28bd3606e P 80f1749c8dc74ab5aa283da65b5b89ed [term 0 FOLLOWER]: Replica starting. Triggering 0 pending ops. Active config: opid_index: -1 OBSOLETE_local: false peers { permanent_uuid: "80f1749c8dc74ab5aa283da65b5b89ed" member_type: VOTER last_known_addr { host: "127.26.224.65" port: 36615 } } peers { permanent_uuid: "2c3b0a90e08e407e928de31dc3258ef7" member_type: VOTER last_known_addr { host: "127.26.224.66" port: 37613 } } peers { permanent_uuid: "2efed235c6d44e2ea8ad66a673dbfc16" member_type: VOTER last_known_addr { host: "127.26.224.67" port: 38257 } }
I20260608 09:54:22.733769 32304 raft_consensus.cc:385] T 8620013b0e6342a98349a8e28bd3606e P 80f1749c8dc74ab5aa283da65b5b89ed [term 0 FOLLOWER]: Consensus starting up: Expiring failure detector timer to make a prompt election more likely
I20260608 09:54:22.734273 32304 raft_consensus.cc:740] T 8620013b0e6342a98349a8e28bd3606e P 80f1749c8dc74ab5aa283da65b5b89ed [term 0 FOLLOWER]: Becoming Follower/Learner. State: Replica: 80f1749c8dc74ab5aa283da65b5b89ed, State: Initialized, Role: FOLLOWER
I20260608 09:54:22.735205 32304 consensus_queue.cc:260] T 8620013b0e6342a98349a8e28bd3606e P 80f1749c8dc74ab5aa283da65b5b89ed [NON_LEADER]: Queue going to NON_LEADER mode. State: All replicated index: 0, Majority replicated index: 0, Committed index: 0, Last appended: 0.0, Last appended by leader: 0, Current term: 0, Majority size: -1, State: 0, Mode: NON_LEADER, active raft config: opid_index: -1 OBSOLETE_local: false peers { permanent_uuid: "80f1749c8dc74ab5aa283da65b5b89ed" member_type: VOTER last_known_addr { host: "127.26.224.65" port: 36615 } } peers { permanent_uuid: "2c3b0a90e08e407e928de31dc3258ef7" member_type: VOTER last_known_addr { host: "127.26.224.66" port: 37613 } } peers { permanent_uuid: "2efed235c6d44e2ea8ad66a673dbfc16" member_type: VOTER last_known_addr { host: "127.26.224.67" port: 38257 } }
I20260608 09:54:22.733803 32303 consensus_queue.cc:260] T 7d3974a852ad483ab55f071b770de1fe P 2c3b0a90e08e407e928de31dc3258ef7 [NON_LEADER]: Queue going to NON_LEADER mode. State: All replicated index: 0, Majority replicated index: 0, Committed index: 0, Last appended: 0.0, Last appended by leader: 0, Current term: 0, Majority size: -1, State: 0, Mode: NON_LEADER, active raft config: opid_index: -1 OBSOLETE_local: false peers { permanent_uuid: "80f1749c8dc74ab5aa283da65b5b89ed" member_type: VOTER last_known_addr { host: "127.26.224.65" port: 36615 } } peers { permanent_uuid: "2c3b0a90e08e407e928de31dc3258ef7" member_type: VOTER last_known_addr { host: "127.26.224.66" port: 37613 } } peers { permanent_uuid: "2efed235c6d44e2ea8ad66a673dbfc16" member_type: VOTER last_known_addr { host: "127.26.224.67" port: 38257 } }
I20260608 09:54:22.740541 32303 ts_tablet_manager.cc:1434] T 7d3974a852ad483ab55f071b770de1fe P 2c3b0a90e08e407e928de31dc3258ef7: Time spent starting tablet: real 0.012s	user 0.009s	sys 0.000s
I20260608 09:54:22.742013 32303 tablet_bootstrap.cc:492] T 9c7257182e454bf2ab2581513bdde04e P 2c3b0a90e08e407e928de31dc3258ef7: Bootstrap starting.
I20260608 09:54:22.745057 32310 leader_election.cc:290] T cfbaaf82a6f34921ad3b28329117d689 P 80f1749c8dc74ab5aa283da65b5b89ed [CANDIDATE]: Term 1 pre-election: Requested pre-vote from peers 2c3b0a90e08e407e928de31dc3258ef7 (127.26.224.66:37613), 2efed235c6d44e2ea8ad66a673dbfc16 (127.26.224.67:38257)
I20260608 09:54:22.752228 32303 tablet_bootstrap.cc:654] T 9c7257182e454bf2ab2581513bdde04e P 2c3b0a90e08e407e928de31dc3258ef7: Neither blocks nor log segments found. Creating new log.
W20260608 09:54:22.752358 32055 auto_rebalancer.cc:259] Could not retrieve cluster info: Service unavailable: Tablet not running
I20260608 09:54:22.774720 32303 tablet_bootstrap.cc:492] T 9c7257182e454bf2ab2581513bdde04e P 2c3b0a90e08e407e928de31dc3258ef7: No bootstrap required, opened a new log
I20260608 09:54:22.774740 32305 tablet_bootstrap.cc:492] T 7d3974a852ad483ab55f071b770de1fe P 2efed235c6d44e2ea8ad66a673dbfc16: No bootstrap required, opened a new log
I20260608 09:54:22.775274 32303 ts_tablet_manager.cc:1403] T 9c7257182e454bf2ab2581513bdde04e P 2c3b0a90e08e407e928de31dc3258ef7: Time spent bootstrapping tablet: real 0.034s	user 0.023s	sys 0.006s
I20260608 09:54:22.775683 32305 ts_tablet_manager.cc:1403] T 7d3974a852ad483ab55f071b770de1fe P 2efed235c6d44e2ea8ad66a673dbfc16: Time spent bootstrapping tablet: real 0.077s	user 0.019s	sys 0.024s
I20260608 09:54:22.775906 32304 ts_tablet_manager.cc:1434] T 8620013b0e6342a98349a8e28bd3606e P 80f1749c8dc74ab5aa283da65b5b89ed: Time spent starting tablet: real 0.048s	user 0.022s	sys 0.019s
I20260608 09:54:22.777263 32304 tablet_bootstrap.cc:492] T 5dcfd6f8a7f8458e8271195bb62cac85 P 80f1749c8dc74ab5aa283da65b5b89ed: Bootstrap starting.
I20260608 09:54:22.778843 32303 raft_consensus.cc:359] T 9c7257182e454bf2ab2581513bdde04e P 2c3b0a90e08e407e928de31dc3258ef7 [term 0 FOLLOWER]: Replica starting. Triggering 0 pending ops. Active config: opid_index: -1 OBSOLETE_local: false peers { permanent_uuid: "80f1749c8dc74ab5aa283da65b5b89ed" member_type: VOTER last_known_addr { host: "127.26.224.65" port: 36615 } } peers { permanent_uuid: "2c3b0a90e08e407e928de31dc3258ef7" member_type: VOTER last_known_addr { host: "127.26.224.66" port: 37613 } } peers { permanent_uuid: "2efed235c6d44e2ea8ad66a673dbfc16" member_type: VOTER last_known_addr { host: "127.26.224.67" port: 38257 } }
I20260608 09:54:22.779165 32305 raft_consensus.cc:359] T 7d3974a852ad483ab55f071b770de1fe P 2efed235c6d44e2ea8ad66a673dbfc16 [term 0 FOLLOWER]: Replica starting. Triggering 0 pending ops. Active config: opid_index: -1 OBSOLETE_local: false peers { permanent_uuid: "80f1749c8dc74ab5aa283da65b5b89ed" member_type: VOTER last_known_addr { host: "127.26.224.65" port: 36615 } } peers { permanent_uuid: "2c3b0a90e08e407e928de31dc3258ef7" member_type: VOTER last_known_addr { host: "127.26.224.66" port: 37613 } } peers { permanent_uuid: "2efed235c6d44e2ea8ad66a673dbfc16" member_type: VOTER last_known_addr { host: "127.26.224.67" port: 38257 } }
I20260608 09:54:22.779654 32303 raft_consensus.cc:385] T 9c7257182e454bf2ab2581513bdde04e P 2c3b0a90e08e407e928de31dc3258ef7 [term 0 FOLLOWER]: Consensus starting up: Expiring failure detector timer to make a prompt election more likely
I20260608 09:54:22.780025 32303 raft_consensus.cc:740] T 9c7257182e454bf2ab2581513bdde04e P 2c3b0a90e08e407e928de31dc3258ef7 [term 0 FOLLOWER]: Becoming Follower/Learner. State: Replica: 2c3b0a90e08e407e928de31dc3258ef7, State: Initialized, Role: FOLLOWER
I20260608 09:54:22.781131 32303 consensus_queue.cc:260] T 9c7257182e454bf2ab2581513bdde04e P 2c3b0a90e08e407e928de31dc3258ef7 [NON_LEADER]: Queue going to NON_LEADER mode. State: All replicated index: 0, Majority replicated index: 0, Committed index: 0, Last appended: 0.0, Last appended by leader: 0, Current term: 0, Majority size: -1, State: 0, Mode: NON_LEADER, active raft config: opid_index: -1 OBSOLETE_local: false peers { permanent_uuid: "80f1749c8dc74ab5aa283da65b5b89ed" member_type: VOTER last_known_addr { host: "127.26.224.65" port: 36615 } } peers { permanent_uuid: "2c3b0a90e08e407e928de31dc3258ef7" member_type: VOTER last_known_addr { host: "127.26.224.66" port: 37613 } } peers { permanent_uuid: "2efed235c6d44e2ea8ad66a673dbfc16" member_type: VOTER last_known_addr { host: "127.26.224.67" port: 38257 } }
I20260608 09:54:22.784153 32184 tablet_service.cc:1917] Received RequestConsensusVote() RPC: tablet_id: "cfbaaf82a6f34921ad3b28329117d689" candidate_uuid: "80f1749c8dc74ab5aa283da65b5b89ed" candidate_term: 1 candidate_status { last_received { term: 0 index: 0 } } ignore_live_leader: false dest_uuid: "2c3b0a90e08e407e928de31dc3258ef7" is_pre_election: true
I20260608 09:54:22.784529 32303 ts_tablet_manager.cc:1434] T 9c7257182e454bf2ab2581513bdde04e P 2c3b0a90e08e407e928de31dc3258ef7: Time spent starting tablet: real 0.009s	user 0.011s	sys 0.000s
I20260608 09:54:22.779958 32305 raft_consensus.cc:385] T 7d3974a852ad483ab55f071b770de1fe P 2efed235c6d44e2ea8ad66a673dbfc16 [term 0 FOLLOWER]: Consensus starting up: Expiring failure detector timer to make a prompt election more likely
I20260608 09:54:22.784960 32184 raft_consensus.cc:2468] T cfbaaf82a6f34921ad3b28329117d689 P 2c3b0a90e08e407e928de31dc3258ef7 [term 0 FOLLOWER]: Leader pre-election vote request: Granting yes vote for candidate 80f1749c8dc74ab5aa283da65b5b89ed in term 0.
I20260608 09:54:22.785449 32305 raft_consensus.cc:740] T 7d3974a852ad483ab55f071b770de1fe P 2efed235c6d44e2ea8ad66a673dbfc16 [term 0 FOLLOWER]: Becoming Follower/Learner. State: Replica: 2efed235c6d44e2ea8ad66a673dbfc16, State: Initialized, Role: FOLLOWER
I20260608 09:54:22.785645 32303 tablet_bootstrap.cc:492] T 36ac58b46b49415bb21eb646e5f0a022 P 2c3b0a90e08e407e928de31dc3258ef7: Bootstrap starting.
I20260608 09:54:22.786402 32305 consensus_queue.cc:260] T 7d3974a852ad483ab55f071b770de1fe P 2efed235c6d44e2ea8ad66a673dbfc16 [NON_LEADER]: Queue going to NON_LEADER mode. State: All replicated index: 0, Majority replicated index: 0, Committed index: 0, Last appended: 0.0, Last appended by leader: 0, Current term: 0, Majority size: -1, State: 0, Mode: NON_LEADER, active raft config: opid_index: -1 OBSOLETE_local: false peers { permanent_uuid: "80f1749c8dc74ab5aa283da65b5b89ed" member_type: VOTER last_known_addr { host: "127.26.224.65" port: 36615 } } peers { permanent_uuid: "2c3b0a90e08e407e928de31dc3258ef7" member_type: VOTER last_known_addr { host: "127.26.224.66" port: 37613 } } peers { permanent_uuid: "2efed235c6d44e2ea8ad66a673dbfc16" member_type: VOTER last_known_addr { host: "127.26.224.67" port: 38257 } }
I20260608 09:54:22.788807 32074 leader_election.cc:304] T cfbaaf82a6f34921ad3b28329117d689 P 80f1749c8dc74ab5aa283da65b5b89ed [CANDIDATE]: Term 1 pre-election: Election decided. Result: candidate won. Election summary: received 2 responses out of 3 voters: 2 yes votes; 0 no votes. yes voters: 2c3b0a90e08e407e928de31dc3258ef7, 80f1749c8dc74ab5aa283da65b5b89ed; no voters: 
I20260608 09:54:22.789929 32318 raft_consensus.cc:2804] T cfbaaf82a6f34921ad3b28329117d689 P 80f1749c8dc74ab5aa283da65b5b89ed [term 0 FOLLOWER]: Leader pre-election won for term 1
I20260608 09:54:22.790362 32318 raft_consensus.cc:493] T cfbaaf82a6f34921ad3b28329117d689 P 80f1749c8dc74ab5aa283da65b5b89ed [term 0 FOLLOWER]: Starting leader election (no leader contacted us within the election timeout)
I20260608 09:54:22.790750 32318 raft_consensus.cc:3060] T cfbaaf82a6f34921ad3b28329117d689 P 80f1749c8dc74ab5aa283da65b5b89ed [term 0 FOLLOWER]: Advancing to term 1
I20260608 09:54:22.793198 32303 tablet_bootstrap.cc:654] T 36ac58b46b49415bb21eb646e5f0a022 P 2c3b0a90e08e407e928de31dc3258ef7: Neither blocks nor log segments found. Creating new log.
I20260608 09:54:22.794027 32305 ts_tablet_manager.cc:1434] T 7d3974a852ad483ab55f071b770de1fe P 2efed235c6d44e2ea8ad66a673dbfc16: Time spent starting tablet: real 0.018s	user 0.001s	sys 0.005s
I20260608 09:54:22.795058 32305 tablet_bootstrap.cc:492] T 274e5ead1c234411b353e2de4d2e6113 P 2efed235c6d44e2ea8ad66a673dbfc16: Bootstrap starting.
I20260608 09:54:22.798017 32304 tablet_bootstrap.cc:654] T 5dcfd6f8a7f8458e8271195bb62cac85 P 80f1749c8dc74ab5aa283da65b5b89ed: Neither blocks nor log segments found. Creating new log.
I20260608 09:54:22.801934 32305 tablet_bootstrap.cc:654] T 274e5ead1c234411b353e2de4d2e6113 P 2efed235c6d44e2ea8ad66a673dbfc16: Neither blocks nor log segments found. Creating new log.
I20260608 09:54:22.803936 32310 raft_consensus.cc:493] T 274e5ead1c234411b353e2de4d2e6113 P 80f1749c8dc74ab5aa283da65b5b89ed [term 0 FOLLOWER]: Starting pre-election (no leader contacted us within the election timeout)
I20260608 09:54:22.804467 32310 raft_consensus.cc:515] T 274e5ead1c234411b353e2de4d2e6113 P 80f1749c8dc74ab5aa283da65b5b89ed [term 0 FOLLOWER]: Starting pre-election with config: opid_index: -1 OBSOLETE_local: false peers { permanent_uuid: "80f1749c8dc74ab5aa283da65b5b89ed" member_type: VOTER last_known_addr { host: "127.26.224.65" port: 36615 } } peers { permanent_uuid: "2efed235c6d44e2ea8ad66a673dbfc16" member_type: VOTER last_known_addr { host: "127.26.224.67" port: 38257 } } peers { permanent_uuid: "2c3b0a90e08e407e928de31dc3258ef7" member_type: VOTER last_known_addr { host: "127.26.224.66" port: 37613 } }
I20260608 09:54:22.806696 32310 leader_election.cc:290] T 274e5ead1c234411b353e2de4d2e6113 P 80f1749c8dc74ab5aa283da65b5b89ed [CANDIDATE]: Term 1 pre-election: Requested pre-vote from peers 2efed235c6d44e2ea8ad66a673dbfc16 (127.26.224.67:38257), 2c3b0a90e08e407e928de31dc3258ef7 (127.26.224.66:37613)
I20260608 09:54:22.808907 32184 tablet_service.cc:1917] Received RequestConsensusVote() RPC: tablet_id: "274e5ead1c234411b353e2de4d2e6113" candidate_uuid: "80f1749c8dc74ab5aa283da65b5b89ed" candidate_term: 1 candidate_status { last_received { term: 0 index: 0 } } ignore_live_leader: false dest_uuid: "2c3b0a90e08e407e928de31dc3258ef7" is_pre_election: true
W20260608 09:54:22.810691 32074 leader_election.cc:343] T 274e5ead1c234411b353e2de4d2e6113 P 80f1749c8dc74ab5aa283da65b5b89ed [CANDIDATE]: Term 1 pre-election: Tablet error from VoteRequest() call to peer 2c3b0a90e08e407e928de31dc3258ef7 (127.26.224.66:37613): Illegal state: must be running to vote when last-logged opid is not known
I20260608 09:54:22.815546 32304 tablet_bootstrap.cc:492] T 5dcfd6f8a7f8458e8271195bb62cac85 P 80f1749c8dc74ab5aa283da65b5b89ed: No bootstrap required, opened a new log
I20260608 09:54:22.817268 32304 ts_tablet_manager.cc:1403] T 5dcfd6f8a7f8458e8271195bb62cac85 P 80f1749c8dc74ab5aa283da65b5b89ed: Time spent bootstrapping tablet: real 0.040s	user 0.017s	sys 0.005s
I20260608 09:54:22.799813 32318 raft_consensus.cc:515] T cfbaaf82a6f34921ad3b28329117d689 P 80f1749c8dc74ab5aa283da65b5b89ed [term 1 FOLLOWER]: Starting leader election with config: opid_index: -1 OBSOLETE_local: false peers { permanent_uuid: "80f1749c8dc74ab5aa283da65b5b89ed" member_type: VOTER last_known_addr { host: "127.26.224.65" port: 36615 } } peers { permanent_uuid: "2c3b0a90e08e407e928de31dc3258ef7" member_type: VOTER last_known_addr { host: "127.26.224.66" port: 37613 } } peers { permanent_uuid: "2efed235c6d44e2ea8ad66a673dbfc16" member_type: VOTER last_known_addr { host: "127.26.224.67" port: 38257 } }
I20260608 09:54:22.822646 32304 raft_consensus.cc:359] T 5dcfd6f8a7f8458e8271195bb62cac85 P 80f1749c8dc74ab5aa283da65b5b89ed [term 0 FOLLOWER]: Replica starting. Triggering 0 pending ops. Active config: opid_index: -1 OBSOLETE_local: false peers { permanent_uuid: "80f1749c8dc74ab5aa283da65b5b89ed" member_type: VOTER last_known_addr { host: "127.26.224.65" port: 36615 } } peers { permanent_uuid: "2c3b0a90e08e407e928de31dc3258ef7" member_type: VOTER last_known_addr { host: "127.26.224.66" port: 37613 } } peers { permanent_uuid: "2efed235c6d44e2ea8ad66a673dbfc16" member_type: VOTER last_known_addr { host: "127.26.224.67" port: 38257 } }
I20260608 09:54:22.823792 32304 raft_consensus.cc:385] T 5dcfd6f8a7f8458e8271195bb62cac85 P 80f1749c8dc74ab5aa283da65b5b89ed [term 0 FOLLOWER]: Consensus starting up: Expiring failure detector timer to make a prompt election more likely
I20260608 09:54:22.824287 32304 raft_consensus.cc:740] T 5dcfd6f8a7f8458e8271195bb62cac85 P 80f1749c8dc74ab5aa283da65b5b89ed [term 0 FOLLOWER]: Becoming Follower/Learner. State: Replica: 80f1749c8dc74ab5aa283da65b5b89ed, State: Initialized, Role: FOLLOWER
I20260608 09:54:22.825734 32304 consensus_queue.cc:260] T 5dcfd6f8a7f8458e8271195bb62cac85 P 80f1749c8dc74ab5aa283da65b5b89ed [NON_LEADER]: Queue going to NON_LEADER mode. State: All replicated index: 0, Majority replicated index: 0, Committed index: 0, Last appended: 0.0, Last appended by leader: 0, Current term: 0, Majority size: -1, State: 0, Mode: NON_LEADER, active raft config: opid_index: -1 OBSOLETE_local: false peers { permanent_uuid: "80f1749c8dc74ab5aa283da65b5b89ed" member_type: VOTER last_known_addr { host: "127.26.224.65" port: 36615 } } peers { permanent_uuid: "2c3b0a90e08e407e928de31dc3258ef7" member_type: VOTER last_known_addr { host: "127.26.224.66" port: 37613 } } peers { permanent_uuid: "2efed235c6d44e2ea8ad66a673dbfc16" member_type: VOTER last_known_addr { host: "127.26.224.67" port: 38257 } }
I20260608 09:54:22.833133 32304 ts_tablet_manager.cc:1434] T 5dcfd6f8a7f8458e8271195bb62cac85 P 80f1749c8dc74ab5aa283da65b5b89ed: Time spent starting tablet: real 0.015s	user 0.010s	sys 0.000s
I20260608 09:54:22.834794 32304 tablet_bootstrap.cc:492] T 9c7257182e454bf2ab2581513bdde04e P 80f1749c8dc74ab5aa283da65b5b89ed: Bootstrap starting.
I20260608 09:54:22.832888 32184 tablet_service.cc:1917] Received RequestConsensusVote() RPC: tablet_id: "cfbaaf82a6f34921ad3b28329117d689" candidate_uuid: "80f1749c8dc74ab5aa283da65b5b89ed" candidate_term: 1 candidate_status { last_received { term: 0 index: 0 } } ignore_live_leader: false dest_uuid: "2c3b0a90e08e407e928de31dc3258ef7"
I20260608 09:54:22.843259 32184 raft_consensus.cc:3060] T cfbaaf82a6f34921ad3b28329117d689 P 2c3b0a90e08e407e928de31dc3258ef7 [term 0 FOLLOWER]: Advancing to term 1
I20260608 09:54:22.847900 32304 tablet_bootstrap.cc:654] T 9c7257182e454bf2ab2581513bdde04e P 80f1749c8dc74ab5aa283da65b5b89ed: Neither blocks nor log segments found. Creating new log.
I20260608 09:54:22.864051 32304 tablet_bootstrap.cc:492] T 9c7257182e454bf2ab2581513bdde04e P 80f1749c8dc74ab5aa283da65b5b89ed: No bootstrap required, opened a new log
I20260608 09:54:22.864981 32304 ts_tablet_manager.cc:1403] T 9c7257182e454bf2ab2581513bdde04e P 80f1749c8dc74ab5aa283da65b5b89ed: Time spent bootstrapping tablet: real 0.031s	user 0.021s	sys 0.004s
I20260608 09:54:22.865480 32318 leader_election.cc:290] T cfbaaf82a6f34921ad3b28329117d689 P 80f1749c8dc74ab5aa283da65b5b89ed [CANDIDATE]: Term 1 election: Requested vote from peers 2c3b0a90e08e407e928de31dc3258ef7 (127.26.224.66:37613), 2efed235c6d44e2ea8ad66a673dbfc16 (127.26.224.67:38257)
I20260608 09:54:22.871158 32304 raft_consensus.cc:359] T 9c7257182e454bf2ab2581513bdde04e P 80f1749c8dc74ab5aa283da65b5b89ed [term 0 FOLLOWER]: Replica starting. Triggering 0 pending ops. Active config: opid_index: -1 OBSOLETE_local: false peers { permanent_uuid: "80f1749c8dc74ab5aa283da65b5b89ed" member_type: VOTER last_known_addr { host: "127.26.224.65" port: 36615 } } peers { permanent_uuid: "2c3b0a90e08e407e928de31dc3258ef7" member_type: VOTER last_known_addr { host: "127.26.224.66" port: 37613 } } peers { permanent_uuid: "2efed235c6d44e2ea8ad66a673dbfc16" member_type: VOTER last_known_addr { host: "127.26.224.67" port: 38257 } }
I20260608 09:54:22.872444 32304 raft_consensus.cc:385] T 9c7257182e454bf2ab2581513bdde04e P 80f1749c8dc74ab5aa283da65b5b89ed [term 0 FOLLOWER]: Consensus starting up: Expiring failure detector timer to make a prompt election more likely
I20260608 09:54:22.872946 32304 raft_consensus.cc:740] T 9c7257182e454bf2ab2581513bdde04e P 80f1749c8dc74ab5aa283da65b5b89ed [term 0 FOLLOWER]: Becoming Follower/Learner. State: Replica: 80f1749c8dc74ab5aa283da65b5b89ed, State: Initialized, Role: FOLLOWER
I20260608 09:54:22.874342 32305 tablet_bootstrap.cc:492] T 274e5ead1c234411b353e2de4d2e6113 P 2efed235c6d44e2ea8ad66a673dbfc16: No bootstrap required, opened a new log
I20260608 09:54:22.874948 32305 ts_tablet_manager.cc:1403] T 274e5ead1c234411b353e2de4d2e6113 P 2efed235c6d44e2ea8ad66a673dbfc16: Time spent bootstrapping tablet: real 0.080s	user 0.031s	sys 0.035s
I20260608 09:54:22.875530 32258 tablet_service.cc:1917] Received RequestConsensusVote() RPC: tablet_id: "cfbaaf82a6f34921ad3b28329117d689" candidate_uuid: "80f1749c8dc74ab5aa283da65b5b89ed" candidate_term: 1 candidate_status { last_received { term: 0 index: 0 } } ignore_live_leader: false dest_uuid: "2efed235c6d44e2ea8ad66a673dbfc16" is_pre_election: true
I20260608 09:54:22.875774 32184 raft_consensus.cc:2468] T cfbaaf82a6f34921ad3b28329117d689 P 2c3b0a90e08e407e928de31dc3258ef7 [term 1 FOLLOWER]: Leader election vote request: Granting yes vote for candidate 80f1749c8dc74ab5aa283da65b5b89ed in term 1.
I20260608 09:54:22.875888 32257 tablet_service.cc:1917] Received RequestConsensusVote() RPC: tablet_id: "274e5ead1c234411b353e2de4d2e6113" candidate_uuid: "80f1749c8dc74ab5aa283da65b5b89ed" candidate_term: 1 candidate_status { last_received { term: 0 index: 0 } } ignore_live_leader: false dest_uuid: "2efed235c6d44e2ea8ad66a673dbfc16" is_pre_election: true
I20260608 09:54:22.876361 32256 tablet_service.cc:1917] Received RequestConsensusVote() RPC: tablet_id: "cfbaaf82a6f34921ad3b28329117d689" candidate_uuid: "80f1749c8dc74ab5aa283da65b5b89ed" candidate_term: 1 candidate_status { last_received { term: 0 index: 0 } } ignore_live_leader: false dest_uuid: "2efed235c6d44e2ea8ad66a673dbfc16"
I20260608 09:54:22.877398 32074 leader_election.cc:304] T cfbaaf82a6f34921ad3b28329117d689 P 80f1749c8dc74ab5aa283da65b5b89ed [CANDIDATE]: Term 1 election: Election decided. Result: candidate won. Election summary: received 2 responses out of 3 voters: 2 yes votes; 0 no votes. yes voters: 2c3b0a90e08e407e928de31dc3258ef7, 80f1749c8dc74ab5aa283da65b5b89ed; no voters: 
W20260608 09:54:22.878523 32072 leader_election.cc:343] T cfbaaf82a6f34921ad3b28329117d689 P 80f1749c8dc74ab5aa283da65b5b89ed [CANDIDATE]: Term 1 pre-election: Tablet error from VoteRequest() call to peer 2efed235c6d44e2ea8ad66a673dbfc16 (127.26.224.67:38257): Illegal state: must be running to vote when last-logged opid is not known
I20260608 09:54:22.878866 32318 raft_consensus.cc:2804] T cfbaaf82a6f34921ad3b28329117d689 P 80f1749c8dc74ab5aa283da65b5b89ed [term 1 FOLLOWER]: Leader election won for term 1
I20260608 09:54:22.879231 32303 tablet_bootstrap.cc:492] T 36ac58b46b49415bb21eb646e5f0a022 P 2c3b0a90e08e407e928de31dc3258ef7: No bootstrap required, opened a new log
I20260608 09:54:22.879954 32303 ts_tablet_manager.cc:1403] T 36ac58b46b49415bb21eb646e5f0a022 P 2c3b0a90e08e407e928de31dc3258ef7: Time spent bootstrapping tablet: real 0.095s	user 0.042s	sys 0.049s
I20260608 09:54:22.879693 32318 raft_consensus.cc:697] T cfbaaf82a6f34921ad3b28329117d689 P 80f1749c8dc74ab5aa283da65b5b89ed [term 1 LEADER]: Becoming Leader. State: Replica: 80f1749c8dc74ab5aa283da65b5b89ed, State: Running, Role: LEADER
W20260608 09:54:22.879751 32072 leader_election.cc:343] T cfbaaf82a6f34921ad3b28329117d689 P 80f1749c8dc74ab5aa283da65b5b89ed [CANDIDATE]: Term 1 election: Tablet error from VoteRequest() call to peer 2efed235c6d44e2ea8ad66a673dbfc16 (127.26.224.67:38257): Illegal state: must be running to vote when last-logged opid is not known
I20260608 09:54:22.881412 32318 consensus_queue.cc:237] T cfbaaf82a6f34921ad3b28329117d689 P 80f1749c8dc74ab5aa283da65b5b89ed [LEADER]: Queue going to LEADER mode. State: All replicated index: 0, Majority replicated index: 0, Committed index: 0, Last appended: 0.0, Last appended by leader: 0, Current term: 1, Majority size: 2, State: 0, Mode: LEADER, active raft config: opid_index: -1 OBSOLETE_local: false peers { permanent_uuid: "80f1749c8dc74ab5aa283da65b5b89ed" member_type: VOTER last_known_addr { host: "127.26.224.65" port: 36615 } } peers { permanent_uuid: "2c3b0a90e08e407e928de31dc3258ef7" member_type: VOTER last_known_addr { host: "127.26.224.66" port: 37613 } } peers { permanent_uuid: "2efed235c6d44e2ea8ad66a673dbfc16" member_type: VOTER last_known_addr { host: "127.26.224.67" port: 38257 } }
I20260608 09:54:22.881917 32304 consensus_queue.cc:260] T 9c7257182e454bf2ab2581513bdde04e P 80f1749c8dc74ab5aa283da65b5b89ed [NON_LEADER]: Queue going to NON_LEADER mode. State: All replicated index: 0, Majority replicated index: 0, Committed index: 0, Last appended: 0.0, Last appended by leader: 0, Current term: 0, Majority size: -1, State: 0, Mode: NON_LEADER, active raft config: opid_index: -1 OBSOLETE_local: false peers { permanent_uuid: "80f1749c8dc74ab5aa283da65b5b89ed" member_type: VOTER last_known_addr { host: "127.26.224.65" port: 36615 } } peers { permanent_uuid: "2c3b0a90e08e407e928de31dc3258ef7" member_type: VOTER last_known_addr { host: "127.26.224.66" port: 37613 } } peers { permanent_uuid: "2efed235c6d44e2ea8ad66a673dbfc16" member_type: VOTER last_known_addr { host: "127.26.224.67" port: 38257 } }
W20260608 09:54:22.882302 32072 leader_election.cc:343] T 274e5ead1c234411b353e2de4d2e6113 P 80f1749c8dc74ab5aa283da65b5b89ed [CANDIDATE]: Term 1 pre-election: Tablet error from VoteRequest() call to peer 2efed235c6d44e2ea8ad66a673dbfc16 (127.26.224.67:38257): Illegal state: must be running to vote when last-logged opid is not known
I20260608 09:54:22.882836 32072 leader_election.cc:304] T 274e5ead1c234411b353e2de4d2e6113 P 80f1749c8dc74ab5aa283da65b5b89ed [CANDIDATE]: Term 1 pre-election: Election decided. Result: candidate lost. Election summary: received 3 responses out of 3 voters: 1 yes votes; 2 no votes. yes voters: 80f1749c8dc74ab5aa283da65b5b89ed; no voters: 2c3b0a90e08e407e928de31dc3258ef7, 2efed235c6d44e2ea8ad66a673dbfc16
I20260608 09:54:22.883821 32310 raft_consensus.cc:2749] T 274e5ead1c234411b353e2de4d2e6113 P 80f1749c8dc74ab5aa283da65b5b89ed [term 0 FOLLOWER]: Leader pre-election lost for term 1. Reason: could not achieve majority
I20260608 09:54:22.883548 32305 raft_consensus.cc:359] T 274e5ead1c234411b353e2de4d2e6113 P 2efed235c6d44e2ea8ad66a673dbfc16 [term 0 FOLLOWER]: Replica starting. Triggering 0 pending ops. Active config: opid_index: -1 OBSOLETE_local: false peers { permanent_uuid: "80f1749c8dc74ab5aa283da65b5b89ed" member_type: VOTER last_known_addr { host: "127.26.224.65" port: 36615 } } peers { permanent_uuid: "2efed235c6d44e2ea8ad66a673dbfc16" member_type: VOTER last_known_addr { host: "127.26.224.67" port: 38257 } } peers { permanent_uuid: "2c3b0a90e08e407e928de31dc3258ef7" member_type: VOTER last_known_addr { host: "127.26.224.66" port: 37613 } }
I20260608 09:54:22.884325 32305 raft_consensus.cc:385] T 274e5ead1c234411b353e2de4d2e6113 P 2efed235c6d44e2ea8ad66a673dbfc16 [term 0 FOLLOWER]: Consensus starting up: Expiring failure detector timer to make a prompt election more likely
I20260608 09:54:22.884673 32305 raft_consensus.cc:740] T 274e5ead1c234411b353e2de4d2e6113 P 2efed235c6d44e2ea8ad66a673dbfc16 [term 0 FOLLOWER]: Becoming Follower/Learner. State: Replica: 2efed235c6d44e2ea8ad66a673dbfc16, State: Initialized, Role: FOLLOWER
I20260608 09:54:22.885587 32304 ts_tablet_manager.cc:1434] T 9c7257182e454bf2ab2581513bdde04e P 80f1749c8dc74ab5aa283da65b5b89ed: Time spent starting tablet: real 0.019s	user 0.009s	sys 0.000s
I20260608 09:54:22.885507 32305 consensus_queue.cc:260] T 274e5ead1c234411b353e2de4d2e6113 P 2efed235c6d44e2ea8ad66a673dbfc16 [NON_LEADER]: Queue going to NON_LEADER mode. State: All replicated index: 0, Majority replicated index: 0, Committed index: 0, Last appended: 0.0, Last appended by leader: 0, Current term: 0, Majority size: -1, State: 0, Mode: NON_LEADER, active raft config: opid_index: -1 OBSOLETE_local: false peers { permanent_uuid: "80f1749c8dc74ab5aa283da65b5b89ed" member_type: VOTER last_known_addr { host: "127.26.224.65" port: 36615 } } peers { permanent_uuid: "2efed235c6d44e2ea8ad66a673dbfc16" member_type: VOTER last_known_addr { host: "127.26.224.67" port: 38257 } } peers { permanent_uuid: "2c3b0a90e08e407e928de31dc3258ef7" member_type: VOTER last_known_addr { host: "127.26.224.66" port: 37613 } }
I20260608 09:54:22.886832 32304 tablet_bootstrap.cc:492] T 45c05787c9fa4bdba7ce280fd774cb9a P 80f1749c8dc74ab5aa283da65b5b89ed: Bootstrap starting.
I20260608 09:54:22.889109 32305 ts_tablet_manager.cc:1434] T 274e5ead1c234411b353e2de4d2e6113 P 2efed235c6d44e2ea8ad66a673dbfc16: Time spent starting tablet: real 0.014s	user 0.009s	sys 0.000s
I20260608 09:54:22.890195 32305 tablet_bootstrap.cc:492] T 20fe9c7404ff45399862317e1a36790c P 2efed235c6d44e2ea8ad66a673dbfc16: Bootstrap starting.
I20260608 09:54:22.890125 32303 raft_consensus.cc:359] T 36ac58b46b49415bb21eb646e5f0a022 P 2c3b0a90e08e407e928de31dc3258ef7 [term 0 FOLLOWER]: Replica starting. Triggering 0 pending ops. Active config: opid_index: -1 OBSOLETE_local: false peers { permanent_uuid: "80f1749c8dc74ab5aa283da65b5b89ed" member_type: VOTER last_known_addr { host: "127.26.224.65" port: 36615 } } peers { permanent_uuid: "2c3b0a90e08e407e928de31dc3258ef7" member_type: VOTER last_known_addr { host: "127.26.224.66" port: 37613 } } peers { permanent_uuid: "2efed235c6d44e2ea8ad66a673dbfc16" member_type: VOTER last_known_addr { host: "127.26.224.67" port: 38257 } }
I20260608 09:54:22.891326 32303 raft_consensus.cc:385] T 36ac58b46b49415bb21eb646e5f0a022 P 2c3b0a90e08e407e928de31dc3258ef7 [term 0 FOLLOWER]: Consensus starting up: Expiring failure detector timer to make a prompt election more likely
I20260608 09:54:22.892063 32303 raft_consensus.cc:740] T 36ac58b46b49415bb21eb646e5f0a022 P 2c3b0a90e08e407e928de31dc3258ef7 [term 0 FOLLOWER]: Becoming Follower/Learner. State: Replica: 2c3b0a90e08e407e928de31dc3258ef7, State: Initialized, Role: FOLLOWER
I20260608 09:54:22.893952 32303 consensus_queue.cc:260] T 36ac58b46b49415bb21eb646e5f0a022 P 2c3b0a90e08e407e928de31dc3258ef7 [NON_LEADER]: Queue going to NON_LEADER mode. State: All replicated index: 0, Majority replicated index: 0, Committed index: 0, Last appended: 0.0, Last appended by leader: 0, Current term: 0, Majority size: -1, State: 0, Mode: NON_LEADER, active raft config: opid_index: -1 OBSOLETE_local: false peers { permanent_uuid: "80f1749c8dc74ab5aa283da65b5b89ed" member_type: VOTER last_known_addr { host: "127.26.224.65" port: 36615 } } peers { permanent_uuid: "2c3b0a90e08e407e928de31dc3258ef7" member_type: VOTER last_known_addr { host: "127.26.224.66" port: 37613 } } peers { permanent_uuid: "2efed235c6d44e2ea8ad66a673dbfc16" member_type: VOTER last_known_addr { host: "127.26.224.67" port: 38257 } }
I20260608 09:54:22.895572 32304 tablet_bootstrap.cc:654] T 45c05787c9fa4bdba7ce280fd774cb9a P 80f1749c8dc74ab5aa283da65b5b89ed: Neither blocks nor log segments found. Creating new log.
I20260608 09:54:22.898168 32305 tablet_bootstrap.cc:654] T 20fe9c7404ff45399862317e1a36790c P 2efed235c6d44e2ea8ad66a673dbfc16: Neither blocks nor log segments found. Creating new log.
I20260608 09:54:22.900084 32303 ts_tablet_manager.cc:1434] T 36ac58b46b49415bb21eb646e5f0a022 P 2c3b0a90e08e407e928de31dc3258ef7: Time spent starting tablet: real 0.014s	user 0.008s	sys 0.000s
I20260608 09:54:22.902081 32303 tablet_bootstrap.cc:492] T 0d303b3261f04781a72955319d20b090 P 2c3b0a90e08e407e928de31dc3258ef7: Bootstrap starting.
I20260608 09:54:22.906031 32305 tablet_bootstrap.cc:492] T 20fe9c7404ff45399862317e1a36790c P 2efed235c6d44e2ea8ad66a673dbfc16: No bootstrap required, opened a new log
I20260608 09:54:22.906569 32305 ts_tablet_manager.cc:1403] T 20fe9c7404ff45399862317e1a36790c P 2efed235c6d44e2ea8ad66a673dbfc16: Time spent bootstrapping tablet: real 0.017s	user 0.012s	sys 0.000s
I20260608 09:54:22.909883 32305 raft_consensus.cc:359] T 20fe9c7404ff45399862317e1a36790c P 2efed235c6d44e2ea8ad66a673dbfc16 [term 0 FOLLOWER]: Replica starting. Triggering 0 pending ops. Active config: opid_index: -1 OBSOLETE_local: false peers { permanent_uuid: "80f1749c8dc74ab5aa283da65b5b89ed" member_type: VOTER last_known_addr { host: "127.26.224.65" port: 36615 } } peers { permanent_uuid: "2c3b0a90e08e407e928de31dc3258ef7" member_type: VOTER last_known_addr { host: "127.26.224.66" port: 37613 } } peers { permanent_uuid: "2efed235c6d44e2ea8ad66a673dbfc16" member_type: VOTER last_known_addr { host: "127.26.224.67" port: 38257 } }
I20260608 09:54:22.910655 32305 raft_consensus.cc:385] T 20fe9c7404ff45399862317e1a36790c P 2efed235c6d44e2ea8ad66a673dbfc16 [term 0 FOLLOWER]: Consensus starting up: Expiring failure detector timer to make a prompt election more likely
I20260608 09:54:22.910668 32303 tablet_bootstrap.cc:654] T 0d303b3261f04781a72955319d20b090 P 2c3b0a90e08e407e928de31dc3258ef7: Neither blocks nor log segments found. Creating new log.
I20260608 09:54:22.911098 32305 raft_consensus.cc:740] T 20fe9c7404ff45399862317e1a36790c P 2efed235c6d44e2ea8ad66a673dbfc16 [term 0 FOLLOWER]: Becoming Follower/Learner. State: Replica: 2efed235c6d44e2ea8ad66a673dbfc16, State: Initialized, Role: FOLLOWER
I20260608 09:54:22.912135 32305 consensus_queue.cc:260] T 20fe9c7404ff45399862317e1a36790c P 2efed235c6d44e2ea8ad66a673dbfc16 [NON_LEADER]: Queue going to NON_LEADER mode. State: All replicated index: 0, Majority replicated index: 0, Committed index: 0, Last appended: 0.0, Last appended by leader: 0, Current term: 0, Majority size: -1, State: 0, Mode: NON_LEADER, active raft config: opid_index: -1 OBSOLETE_local: false peers { permanent_uuid: "80f1749c8dc74ab5aa283da65b5b89ed" member_type: VOTER last_known_addr { host: "127.26.224.65" port: 36615 } } peers { permanent_uuid: "2c3b0a90e08e407e928de31dc3258ef7" member_type: VOTER last_known_addr { host: "127.26.224.66" port: 37613 } } peers { permanent_uuid: "2efed235c6d44e2ea8ad66a673dbfc16" member_type: VOTER last_known_addr { host: "127.26.224.67" port: 38257 } }
I20260608 09:54:22.912950 32005 catalog_manager.cc:5696] T cfbaaf82a6f34921ad3b28329117d689 P 80f1749c8dc74ab5aa283da65b5b89ed reported cstate change: term changed from 0 to 1, leader changed from <none> to 80f1749c8dc74ab5aa283da65b5b89ed (127.26.224.65). New cstate: current_term: 1 leader_uuid: "80f1749c8dc74ab5aa283da65b5b89ed" committed_config { opid_index: -1 OBSOLETE_local: false peers { permanent_uuid: "80f1749c8dc74ab5aa283da65b5b89ed" member_type: VOTER last_known_addr { host: "127.26.224.65" port: 36615 } health_report { overall_health: HEALTHY } } peers { permanent_uuid: "2c3b0a90e08e407e928de31dc3258ef7" member_type: VOTER last_known_addr { host: "127.26.224.66" port: 37613 } health_report { overall_health: UNKNOWN } } peers { permanent_uuid: "2efed235c6d44e2ea8ad66a673dbfc16" member_type: VOTER last_known_addr { host: "127.26.224.67" port: 38257 } health_report { overall_health: UNKNOWN } } }
I20260608 09:54:22.919672 32305 ts_tablet_manager.cc:1434] T 20fe9c7404ff45399862317e1a36790c P 2efed235c6d44e2ea8ad66a673dbfc16: Time spent starting tablet: real 0.013s	user 0.010s	sys 0.000s
I20260608 09:54:22.920889 32305 tablet_bootstrap.cc:492] T 8620013b0e6342a98349a8e28bd3606e P 2efed235c6d44e2ea8ad66a673dbfc16: Bootstrap starting.
I20260608 09:54:22.923153 32308 raft_consensus.cc:493] T 9c7257182e454bf2ab2581513bdde04e P 2c3b0a90e08e407e928de31dc3258ef7 [term 0 FOLLOWER]: Starting pre-election (no leader contacted us within the election timeout)
I20260608 09:54:22.924285 32303 tablet_bootstrap.cc:492] T 0d303b3261f04781a72955319d20b090 P 2c3b0a90e08e407e928de31dc3258ef7: No bootstrap required, opened a new log
I20260608 09:54:22.924428 32304 tablet_bootstrap.cc:492] T 45c05787c9fa4bdba7ce280fd774cb9a P 80f1749c8dc74ab5aa283da65b5b89ed: No bootstrap required, opened a new log
I20260608 09:54:22.925159 32303 ts_tablet_manager.cc:1403] T 0d303b3261f04781a72955319d20b090 P 2c3b0a90e08e407e928de31dc3258ef7: Time spent bootstrapping tablet: real 0.023s	user 0.022s	sys 0.000s
I20260608 09:54:22.925168 32304 ts_tablet_manager.cc:1403] T 45c05787c9fa4bdba7ce280fd774cb9a P 80f1749c8dc74ab5aa283da65b5b89ed: Time spent bootstrapping tablet: real 0.039s	user 0.017s	sys 0.003s
I20260608 09:54:22.923887 32308 raft_consensus.cc:515] T 9c7257182e454bf2ab2581513bdde04e P 2c3b0a90e08e407e928de31dc3258ef7 [term 0 FOLLOWER]: Starting pre-election with config: opid_index: -1 OBSOLETE_local: false peers { permanent_uuid: "80f1749c8dc74ab5aa283da65b5b89ed" member_type: VOTER last_known_addr { host: "127.26.224.65" port: 36615 } } peers { permanent_uuid: "2c3b0a90e08e407e928de31dc3258ef7" member_type: VOTER last_known_addr { host: "127.26.224.66" port: 37613 } } peers { permanent_uuid: "2efed235c6d44e2ea8ad66a673dbfc16" member_type: VOTER last_known_addr { host: "127.26.224.67" port: 38257 } }
I20260608 09:54:22.929418 32308 leader_election.cc:290] T 9c7257182e454bf2ab2581513bdde04e P 2c3b0a90e08e407e928de31dc3258ef7 [CANDIDATE]: Term 1 pre-election: Requested pre-vote from peers 80f1749c8dc74ab5aa283da65b5b89ed (127.26.224.65:36615), 2efed235c6d44e2ea8ad66a673dbfc16 (127.26.224.67:38257)
I20260608 09:54:22.929980 32304 raft_consensus.cc:359] T 45c05787c9fa4bdba7ce280fd774cb9a P 80f1749c8dc74ab5aa283da65b5b89ed [term 0 FOLLOWER]: Replica starting. Triggering 0 pending ops. Active config: opid_index: -1 OBSOLETE_local: false peers { permanent_uuid: "80f1749c8dc74ab5aa283da65b5b89ed" member_type: VOTER last_known_addr { host: "127.26.224.65" port: 36615 } } peers { permanent_uuid: "2c3b0a90e08e407e928de31dc3258ef7" member_type: VOTER last_known_addr { host: "127.26.224.66" port: 37613 } } peers { permanent_uuid: "2efed235c6d44e2ea8ad66a673dbfc16" member_type: VOTER last_known_addr { host: "127.26.224.67" port: 38257 } }
I20260608 09:54:22.931006 32304 raft_consensus.cc:385] T 45c05787c9fa4bdba7ce280fd774cb9a P 80f1749c8dc74ab5aa283da65b5b89ed [term 0 FOLLOWER]: Consensus starting up: Expiring failure detector timer to make a prompt election more likely
I20260608 09:54:22.931457 32304 raft_consensus.cc:740] T 45c05787c9fa4bdba7ce280fd774cb9a P 80f1749c8dc74ab5aa283da65b5b89ed [term 0 FOLLOWER]: Becoming Follower/Learner. State: Replica: 80f1749c8dc74ab5aa283da65b5b89ed, State: Initialized, Role: FOLLOWER
I20260608 09:54:22.933725 32304 consensus_queue.cc:260] T 45c05787c9fa4bdba7ce280fd774cb9a P 80f1749c8dc74ab5aa283da65b5b89ed [NON_LEADER]: Queue going to NON_LEADER mode. State: All replicated index: 0, Majority replicated index: 0, Committed index: 0, Last appended: 0.0, Last appended by leader: 0, Current term: 0, Majority size: -1, State: 0, Mode: NON_LEADER, active raft config: opid_index: -1 OBSOLETE_local: false peers { permanent_uuid: "80f1749c8dc74ab5aa283da65b5b89ed" member_type: VOTER last_known_addr { host: "127.26.224.65" port: 36615 } } peers { permanent_uuid: "2c3b0a90e08e407e928de31dc3258ef7" member_type: VOTER last_known_addr { host: "127.26.224.66" port: 37613 } } peers { permanent_uuid: "2efed235c6d44e2ea8ad66a673dbfc16" member_type: VOTER last_known_addr { host: "127.26.224.67" port: 38257 } }
I20260608 09:54:22.935024 32305 tablet_bootstrap.cc:654] T 8620013b0e6342a98349a8e28bd3606e P 2efed235c6d44e2ea8ad66a673dbfc16: Neither blocks nor log segments found. Creating new log.
I20260608 09:54:22.937575 32304 ts_tablet_manager.cc:1434] T 45c05787c9fa4bdba7ce280fd774cb9a P 80f1749c8dc74ab5aa283da65b5b89ed: Time spent starting tablet: real 0.012s	user 0.006s	sys 0.004s
I20260608 09:54:22.939810 32304 tablet_bootstrap.cc:492] T 7d3974a852ad483ab55f071b770de1fe P 80f1749c8dc74ab5aa283da65b5b89ed: Bootstrap starting.
I20260608 09:54:22.947677 32303 raft_consensus.cc:359] T 0d303b3261f04781a72955319d20b090 P 2c3b0a90e08e407e928de31dc3258ef7 [term 0 FOLLOWER]: Replica starting. Triggering 0 pending ops. Active config: opid_index: -1 OBSOLETE_local: false peers { permanent_uuid: "80f1749c8dc74ab5aa283da65b5b89ed" member_type: VOTER last_known_addr { host: "127.26.224.65" port: 36615 } } peers { permanent_uuid: "2c3b0a90e08e407e928de31dc3258ef7" member_type: VOTER last_known_addr { host: "127.26.224.66" port: 37613 } } peers { permanent_uuid: "2efed235c6d44e2ea8ad66a673dbfc16" member_type: VOTER last_known_addr { host: "127.26.224.67" port: 38257 } }
I20260608 09:54:22.951673 32303 raft_consensus.cc:385] T 0d303b3261f04781a72955319d20b090 P 2c3b0a90e08e407e928de31dc3258ef7 [term 0 FOLLOWER]: Consensus starting up: Expiring failure detector timer to make a prompt election more likely
I20260608 09:54:22.952039 32303 raft_consensus.cc:740] T 0d303b3261f04781a72955319d20b090 P 2c3b0a90e08e407e928de31dc3258ef7 [term 0 FOLLOWER]: Becoming Follower/Learner. State: Replica: 2c3b0a90e08e407e928de31dc3258ef7, State: Initialized, Role: FOLLOWER
I20260608 09:54:22.953531 32313 raft_consensus.cc:493] T 0d303b3261f04781a72955319d20b090 P 2efed235c6d44e2ea8ad66a673dbfc16 [term 0 FOLLOWER]: Starting pre-election (no leader contacted us within the election timeout)
I20260608 09:54:22.954195 32313 raft_consensus.cc:515] T 0d303b3261f04781a72955319d20b090 P 2efed235c6d44e2ea8ad66a673dbfc16 [term 0 FOLLOWER]: Starting pre-election with config: opid_index: -1 OBSOLETE_local: false peers { permanent_uuid: "80f1749c8dc74ab5aa283da65b5b89ed" member_type: VOTER last_known_addr { host: "127.26.224.65" port: 36615 } } peers { permanent_uuid: "2c3b0a90e08e407e928de31dc3258ef7" member_type: VOTER last_known_addr { host: "127.26.224.66" port: 37613 } } peers { permanent_uuid: "2efed235c6d44e2ea8ad66a673dbfc16" member_type: VOTER last_known_addr { host: "127.26.224.67" port: 38257 } }
I20260608 09:54:22.956271 32304 tablet_bootstrap.cc:654] T 7d3974a852ad483ab55f071b770de1fe P 80f1749c8dc74ab5aa283da65b5b89ed: Neither blocks nor log segments found. Creating new log.
I20260608 09:54:22.968362 32313 leader_election.cc:290] T 0d303b3261f04781a72955319d20b090 P 2efed235c6d44e2ea8ad66a673dbfc16 [CANDIDATE]: Term 1 pre-election: Requested pre-vote from peers 80f1749c8dc74ab5aa283da65b5b89ed (127.26.224.65:36615), 2c3b0a90e08e407e928de31dc3258ef7 (127.26.224.66:37613)
I20260608 09:54:22.956178 32303 consensus_queue.cc:260] T 0d303b3261f04781a72955319d20b090 P 2c3b0a90e08e407e928de31dc3258ef7 [NON_LEADER]: Queue going to NON_LEADER mode. State: All replicated index: 0, Majority replicated index: 0, Committed index: 0, Last appended: 0.0, Last appended by leader: 0, Current term: 0, Majority size: -1, State: 0, Mode: NON_LEADER, active raft config: opid_index: -1 OBSOLETE_local: false peers { permanent_uuid: "80f1749c8dc74ab5aa283da65b5b89ed" member_type: VOTER last_known_addr { host: "127.26.224.65" port: 36615 } } peers { permanent_uuid: "2c3b0a90e08e407e928de31dc3258ef7" member_type: VOTER last_known_addr { host: "127.26.224.66" port: 37613 } } peers { permanent_uuid: "2efed235c6d44e2ea8ad66a673dbfc16" member_type: VOTER last_known_addr { host: "127.26.224.67" port: 38257 } }
