I20260608 09:52:17.251953 27726 sys_catalog.cc:455] T 00000000000000000000000000000000 P d4af578d38664744802addb9fc4598f5 [sys.catalog]: SysCatalogTable state changed. Reason: Replicated consensus-only round. Latest consensus state: current_term: 1 leader_uuid: "2dc3af0f4e2d47d182697009198a6afc" committed_config { opid_index: -1 OBSOLETE_local: false peers { permanent_uuid: "d4af578d38664744802addb9fc4598f5" member_type: VOTER last_known_addr { host: "127.26.224.126" port: 38971 } } peers { permanent_uuid: "7680b13ac0d748a8a3e4b75d0523faec" member_type: VOTER last_known_addr { host: "127.26.224.125" port: 39741 } } peers { permanent_uuid: "2dc3af0f4e2d47d182697009198a6afc" member_type: VOTER last_known_addr { host: "127.26.224.124" port: 39263 } } }
I20260608 09:52:17.252811 27726 sys_catalog.cc:458] T 00000000000000000000000000000000 P d4af578d38664744802addb9fc4598f5 [sys.catalog]: This master's current role is: FOLLOWER
I20260608 09:52:17.253841 27728 sys_catalog.cc:455] T 00000000000000000000000000000000 P 2dc3af0f4e2d47d182697009198a6afc [sys.catalog]: SysCatalogTable state changed. Reason: Peer health change. Latest consensus state: current_term: 1 leader_uuid: "2dc3af0f4e2d47d182697009198a6afc" committed_config { opid_index: -1 OBSOLETE_local: false peers { permanent_uuid: "d4af578d38664744802addb9fc4598f5" member_type: VOTER last_known_addr { host: "127.26.224.126" port: 38971 } } peers { permanent_uuid: "7680b13ac0d748a8a3e4b75d0523faec" member_type: VOTER last_known_addr { host: "127.26.224.125" port: 39741 } } peers { permanent_uuid: "2dc3af0f4e2d47d182697009198a6afc" member_type: VOTER last_known_addr { host: "127.26.224.124" port: 39263 } } }
I20260608 09:52:17.254594 27728 sys_catalog.cc:458] T 00000000000000000000000000000000 P 2dc3af0f4e2d47d182697009198a6afc [sys.catalog]: This master's current role is: LEADER
I20260608 09:52:17.256112 27768 sys_catalog.cc:455] T 00000000000000000000000000000000 P 2dc3af0f4e2d47d182697009198a6afc [sys.catalog]: SysCatalogTable state changed. Reason: Peer health change. Latest consensus state: current_term: 1 leader_uuid: "2dc3af0f4e2d47d182697009198a6afc" committed_config { opid_index: -1 OBSOLETE_local: false peers { permanent_uuid: "d4af578d38664744802addb9fc4598f5" member_type: VOTER last_known_addr { host: "127.26.224.126" port: 38971 } } peers { permanent_uuid: "7680b13ac0d748a8a3e4b75d0523faec" member_type: VOTER last_known_addr { host: "127.26.224.125" port: 39741 } } peers { permanent_uuid: "2dc3af0f4e2d47d182697009198a6afc" member_type: VOTER last_known_addr { host: "127.26.224.124" port: 39263 } } }
I20260608 09:52:17.257318 27768 sys_catalog.cc:458] T 00000000000000000000000000000000 P 2dc3af0f4e2d47d182697009198a6afc [sys.catalog]: This master's current role is: LEADER
I20260608 09:52:17.263640 27777 catalog_manager.cc:1382] Generated new cluster ID: 600f9ad9d40041d681cdfe7cbbebb087
I20260608 09:52:17.264354 27777 catalog_manager.cc:1530] Initializing Kudu internal certificate authority...
I20260608 09:52:17.307258 27777 catalog_manager.cc:1405] Generated new certificate authority record
I20260608 09:52:17.309697 27777 catalog_manager.cc:1539] Loading token signing keys...
I20260608 09:52:17.358598 27777 catalog_manager.cc:6069] T 00000000000000000000000000000000 P 2dc3af0f4e2d47d182697009198a6afc: Generated new TSK 0
I20260608 09:52:17.359961 27777 catalog_manager.cc:1549] Initializing in-progress tserver states...
I20260608 09:52:17.410151 27521 rpc_server.cc:307] RPC server started. Bound to: 127.26.224.65:44699
I20260608 09:52:17.410451 27846 acceptor_pool.cc:272] collecting diagnostics on the listening RPC socket 127.26.224.65:44699 every 8 connection(s)
I20260608 09:52:17.437839 27521 file_cache.cc:492] Constructed file cache file cache with capacity 419430
I20260608 09:52:17.448434 27848 heartbeater.cc:344] Connected to a master server at 127.26.224.125:39741
I20260608 09:52:17.449150 27848 heartbeater.cc:461] Registering TS with master...
I20260608 09:52:17.450825 27848 heartbeater.cc:507] Master 127.26.224.125:39741 requested a full tablet report, sending...
I20260608 09:52:17.454834 27847 heartbeater.cc:344] Connected to a master server at 127.26.224.124:39263
I20260608 09:52:17.455490 27847 heartbeater.cc:461] Registering TS with master...
W20260608 09:52:17.455821 27855 instance_detector.cc:116] could not retrieve AWS instance metadata: Network error: curl error: HTTP response code said error: The requested URL returned error: 404
I20260608 09:52:17.456658 27847 heartbeater.cc:507] Master 127.26.224.124:39263 requested a full tablet report, sending...
I20260608 09:52:17.461827 27683 ts_manager.cc:194] Registered new tserver with Master: b0b8b27449314c6ba6a7ef010578d939 (127.26.224.65:44699)
W20260608 09:52:17.465575 27856 instance_detector.cc:116] could not retrieve Azure instance metadata: Network error: curl error: HTTP response code said error: The requested URL returned error: 404
I20260608 09:52:17.468298 27618 ts_manager.cc:194] Registered new tserver with Master: b0b8b27449314c6ba6a7ef010578d939 (127.26.224.65:44699)
I20260608 09:52:17.472661 27683 master_service.cc:502] Signed X509 certificate for tserver {username='slave'} at 127.0.0.1:43912
W20260608 09:52:17.475562 27858 instance_detector.cc:116] could not retrieve OpenStack instance metadata: Network error: curl error: HTTP response code said error: The requested URL returned error: 404
I20260608 09:52:17.479074 27521 server_base.cc:1061] running on GCE node
I20260608 09:52:17.480304 27521 hybrid_clock.cc:584] initializing the hybrid clock with 'system_unsync' time source
W20260608 09:52:17.480681 27521 system_unsync_time.cc:38] NTP support is disabled. Clock error bounds will not be accurate. This configuration is not suitable for distributed clusters.
I20260608 09:52:17.480952 27521 hybrid_clock.cc:648] HybridClock initialized: now 1780912337480925 us; error 0 us; skew 500 ppm
I20260608 09:52:17.481719 27521 server_base.cc:861] Flag tcmalloc_max_total_thread_cache_bytes is not working since tcmalloc is not enabled.
I20260608 09:52:17.486083 27521 webserver.cc:533] Webserver started at http://127.26.224.66:39201/ using document root <none> and password file <none>
I20260608 09:52:17.486860 27521 fs_manager.cc:362] Metadata directory not provided
I20260608 09:52:17.487129 27521 fs_manager.cc:368] Using write-ahead log directory (fs_wal_dir) as metadata directory
I20260608 09:52:17.487514 27521 server_base.cc:909] This appears to be a new deployment of Kudu; creating new FS layout
I20260608 09:52:17.488965 27521 fs_manager.cc:1068] Generated new instance metadata in path /tmp/dist-test-task0YOwTP/test-tmp/auto_rebalancer-test.0.AutoRebalancerTest.OnlyLeaderDoesAutoRebalancing.1780912334941649-27521-0/minicluster-data/ts-1-root/instance:
uuid: "5476b22718164d5fb67b954532acefc2"
format_stamp: "Formatted at 2026-06-08 09:52:17 on dist-test-slave-cjjm"
I20260608 09:52:17.490166 27849 heartbeater.cc:344] Connected to a master server at 127.26.224.126:38971
I20260608 09:52:17.490657 27849 heartbeater.cc:461] Registering TS with master...
I20260608 09:52:17.491451 27849 heartbeater.cc:507] Master 127.26.224.126:38971 requested a full tablet report, sending...
I20260608 09:52:17.495206 27521 fs_manager.cc:696] Time spent creating directory manager: real 0.005s	user 0.005s	sys 0.001s
I20260608 09:52:17.495114 27553 ts_manager.cc:194] Registered new tserver with Master: b0b8b27449314c6ba6a7ef010578d939 (127.26.224.65:44699)
I20260608 09:52:17.499799 27863 log_block_manager.cc:4031] Time spent loading block containers with low live blocks: real 0.000s	user 0.000s	sys 0.000s
I20260608 09:52:17.500856 27521 fs_manager.cc:730] Time spent opening block manager: real 0.003s	user 0.003s	sys 0.000s
I20260608 09:52:17.501168 27521 fs_manager.cc:647] Opened local filesystem: /tmp/dist-test-task0YOwTP/test-tmp/auto_rebalancer-test.0.AutoRebalancerTest.OnlyLeaderDoesAutoRebalancing.1780912334941649-27521-0/minicluster-data/ts-1-root
uuid: "5476b22718164d5fb67b954532acefc2"
format_stamp: "Formatted at 2026-06-08 09:52:17 on dist-test-slave-cjjm"
I20260608 09:52:17.501456 27521 fs_report.cc:389] FS layout report
--------------------
wal directory: /tmp/dist-test-task0YOwTP/test-tmp/auto_rebalancer-test.0.AutoRebalancerTest.OnlyLeaderDoesAutoRebalancing.1780912334941649-27521-0/minicluster-data/ts-1-root
metadata directory: /tmp/dist-test-task0YOwTP/test-tmp/auto_rebalancer-test.0.AutoRebalancerTest.OnlyLeaderDoesAutoRebalancing.1780912334941649-27521-0/minicluster-data/ts-1-root
1 data directories: /tmp/dist-test-task0YOwTP/test-tmp/auto_rebalancer-test.0.AutoRebalancerTest.OnlyLeaderDoesAutoRebalancing.1780912334941649-27521-0/minicluster-data/ts-1-root/data
Total live blocks: 0
Total live bytes: 0
Total live bytes (after alignment): 0
Total number of LBM containers: 0 (0 full)
Did not check for missing blocks
Did not check for orphaned blocks
Total full LBM containers with extra space: 0 (0 repaired)
Total full LBM container extra space in bytes: 0 (0 repaired)
Total incomplete LBM containers: 0 (0 repaired)
Total LBM partial records: 0 (0 repaired)
Total corrupted LBM metadata records in RocksDB: 0 (0 repaired)
I20260608 09:52:17.530887 27521 rpc_server.cc:225] running with OpenSSL 1.1.1  11 Sep 2018
I20260608 09:52:17.532685 27521 kserver.cc:163] Server-wide thread pool size limit: 3276
I20260608 09:52:17.534950 27521 txn_system_client.cc:432] TxnSystemClient initialization is disabled...
I20260608 09:52:17.538794 27521 ts_tablet_manager.cc:585] Loaded tablet metadata (0 total tablets, 0 live tablets)
I20260608 09:52:17.539044 27521 ts_tablet_manager.cc:531] Time spent load tablet metadata: real 0.000s	user 0.000s	sys 0.000s
I20260608 09:52:17.539304 27521 ts_tablet_manager.cc:616] Registered 0 tablets
I20260608 09:52:17.539489 27521 ts_tablet_manager.cc:595] Time spent register tablets: real 0.000s	user 0.000s	sys 0.000s
I20260608 09:52:17.642076 27521 rpc_server.cc:307] RPC server started. Bound to: 127.26.224.66:39605
I20260608 09:52:17.642259 27925 acceptor_pool.cc:272] collecting diagnostics on the listening RPC socket 127.26.224.66:39605 every 8 connection(s)
I20260608 09:52:17.673316 27927 heartbeater.cc:344] Connected to a master server at 127.26.224.125:39741
I20260608 09:52:17.673841 27927 heartbeater.cc:461] Registering TS with master...
I20260608 09:52:17.675137 27927 heartbeater.cc:507] Master 127.26.224.125:39741 requested a full tablet report, sending...
I20260608 09:52:17.679869 27618 ts_manager.cc:194] Registered new tserver with Master: 5476b22718164d5fb67b954532acefc2 (127.26.224.66:39605)
I20260608 09:52:17.680254 27521 file_cache.cc:492] Constructed file cache file cache with capacity 419430
I20260608 09:52:17.687140 27926 heartbeater.cc:344] Connected to a master server at 127.26.224.124:39263
I20260608 09:52:17.688078 27926 heartbeater.cc:461] Registering TS with master...
I20260608 09:52:17.689421 27926 heartbeater.cc:507] Master 127.26.224.124:39263 requested a full tablet report, sending...
I20260608 09:52:17.692521 27683 ts_manager.cc:194] Registered new tserver with Master: 5476b22718164d5fb67b954532acefc2 (127.26.224.66:39605)
I20260608 09:52:17.692922 27928 heartbeater.cc:344] Connected to a master server at 127.26.224.126:38971
I20260608 09:52:17.693351 27928 heartbeater.cc:461] Registering TS with master...
I20260608 09:52:17.694351 27928 heartbeater.cc:507] Master 127.26.224.126:38971 requested a full tablet report, sending...
I20260608 09:52:17.694537 27683 master_service.cc:502] Signed X509 certificate for tserver {username='slave'} at 127.0.0.1:43916
I20260608 09:52:17.697664 27553 ts_manager.cc:194] Registered new tserver with Master: 5476b22718164d5fb67b954532acefc2 (127.26.224.66:39605)
W20260608 09:52:17.703653 27933 instance_detector.cc:116] could not retrieve AWS instance metadata: Network error: curl error: HTTP response code said error: The requested URL returned error: 404
W20260608 09:52:17.704975 27934 instance_detector.cc:116] could not retrieve Azure instance metadata: Network error: curl error: HTTP response code said error: The requested URL returned error: 404
W20260608 09:52:17.709169 27936 instance_detector.cc:116] could not retrieve OpenStack instance metadata: Network error: curl error: HTTP response code said error: The requested URL returned error: 404
I20260608 09:52:17.710315 27521 server_base.cc:1061] running on GCE node
I20260608 09:52:17.711639 27521 hybrid_clock.cc:584] initializing the hybrid clock with 'system_unsync' time source
W20260608 09:52:17.711874 27521 system_unsync_time.cc:38] NTP support is disabled. Clock error bounds will not be accurate. This configuration is not suitable for distributed clusters.
I20260608 09:52:17.712152 27521 hybrid_clock.cc:648] HybridClock initialized: now 1780912337712098 us; error 0 us; skew 500 ppm
I20260608 09:52:17.712842 27521 server_base.cc:861] Flag tcmalloc_max_total_thread_cache_bytes is not working since tcmalloc is not enabled.
I20260608 09:52:17.716243 27521 webserver.cc:533] Webserver started at http://127.26.224.67:36657/ using document root <none> and password file <none>
I20260608 09:52:17.716887 27521 fs_manager.cc:362] Metadata directory not provided
I20260608 09:52:17.717137 27521 fs_manager.cc:368] Using write-ahead log directory (fs_wal_dir) as metadata directory
I20260608 09:52:17.717442 27521 server_base.cc:909] This appears to be a new deployment of Kudu; creating new FS layout
I20260608 09:52:17.718566 27521 fs_manager.cc:1068] Generated new instance metadata in path /tmp/dist-test-task0YOwTP/test-tmp/auto_rebalancer-test.0.AutoRebalancerTest.OnlyLeaderDoesAutoRebalancing.1780912334941649-27521-0/minicluster-data/ts-2-root/instance:
uuid: "9caf2f064cc74a2e985fe98ab5c9d2eb"
format_stamp: "Formatted at 2026-06-08 09:52:17 on dist-test-slave-cjjm"
I20260608 09:52:17.723829 27521 fs_manager.cc:696] Time spent creating directory manager: real 0.005s	user 0.006s	sys 0.000s
I20260608 09:52:17.728324 27941 log_block_manager.cc:4031] Time spent loading block containers with low live blocks: real 0.000s	user 0.000s	sys 0.000s
I20260608 09:52:17.729864 27521 fs_manager.cc:730] Time spent opening block manager: real 0.004s	user 0.003s	sys 0.000s
I20260608 09:52:17.730309 27521 fs_manager.cc:647] Opened local filesystem: /tmp/dist-test-task0YOwTP/test-tmp/auto_rebalancer-test.0.AutoRebalancerTest.OnlyLeaderDoesAutoRebalancing.1780912334941649-27521-0/minicluster-data/ts-2-root
uuid: "9caf2f064cc74a2e985fe98ab5c9d2eb"
format_stamp: "Formatted at 2026-06-08 09:52:17 on dist-test-slave-cjjm"
I20260608 09:52:17.730612 27521 fs_report.cc:389] FS layout report
--------------------
wal directory: /tmp/dist-test-task0YOwTP/test-tmp/auto_rebalancer-test.0.AutoRebalancerTest.OnlyLeaderDoesAutoRebalancing.1780912334941649-27521-0/minicluster-data/ts-2-root
metadata directory: /tmp/dist-test-task0YOwTP/test-tmp/auto_rebalancer-test.0.AutoRebalancerTest.OnlyLeaderDoesAutoRebalancing.1780912334941649-27521-0/minicluster-data/ts-2-root
1 data directories: /tmp/dist-test-task0YOwTP/test-tmp/auto_rebalancer-test.0.AutoRebalancerTest.OnlyLeaderDoesAutoRebalancing.1780912334941649-27521-0/minicluster-data/ts-2-root/data
Total live blocks: 0
Total live bytes: 0
Total live bytes (after alignment): 0
Total number of LBM containers: 0 (0 full)
Did not check for missing blocks
Did not check for orphaned blocks
Total full LBM containers with extra space: 0 (0 repaired)
Total full LBM container extra space in bytes: 0 (0 repaired)
Total incomplete LBM containers: 0 (0 repaired)
Total LBM partial records: 0 (0 repaired)
Total corrupted LBM metadata records in RocksDB: 0 (0 repaired)
I20260608 09:52:17.754873 27521 rpc_server.cc:225] running with OpenSSL 1.1.1  11 Sep 2018
I20260608 09:52:17.756894 27521 kserver.cc:163] Server-wide thread pool size limit: 3276
I20260608 09:52:17.758678 27521 txn_system_client.cc:432] TxnSystemClient initialization is disabled...
I20260608 09:52:17.761516 27521 ts_tablet_manager.cc:585] Loaded tablet metadata (0 total tablets, 0 live tablets)
I20260608 09:52:17.761735 27521 ts_tablet_manager.cc:531] Time spent load tablet metadata: real 0.000s	user 0.000s	sys 0.000s
I20260608 09:52:17.762061 27521 ts_tablet_manager.cc:616] Registered 0 tablets
I20260608 09:52:17.762243 27521 ts_tablet_manager.cc:595] Time spent register tablets: real 0.000s	user 0.000s	sys 0.000s
I20260608 09:52:17.885125 27521 rpc_server.cc:307] RPC server started. Bound to: 127.26.224.67:44047
I20260608 09:52:17.885270 28003 acceptor_pool.cc:272] collecting diagnostics on the listening RPC socket 127.26.224.67:44047 every 8 connection(s)
I20260608 09:52:17.926029 28004 heartbeater.cc:344] Connected to a master server at 127.26.224.124:39263
I20260608 09:52:17.926522 28004 heartbeater.cc:461] Registering TS with master...
I20260608 09:52:17.927873 28004 heartbeater.cc:507] Master 127.26.224.124:39263 requested a full tablet report, sending...
I20260608 09:52:17.930996 27683 ts_manager.cc:194] Registered new tserver with Master: 9caf2f064cc74a2e985fe98ab5c9d2eb (127.26.224.67:44047)
I20260608 09:52:17.932984 27683 master_service.cc:502] Signed X509 certificate for tserver {username='slave'} at 127.0.0.1:43928
I20260608 09:52:17.933846 28006 heartbeater.cc:344] Connected to a master server at 127.26.224.126:38971
I20260608 09:52:17.934305 28006 heartbeater.cc:461] Registering TS with master...
I20260608 09:52:17.935565 28005 heartbeater.cc:344] Connected to a master server at 127.26.224.125:39741
I20260608 09:52:17.935506 28006 heartbeater.cc:507] Master 127.26.224.126:38971 requested a full tablet report, sending...
I20260608 09:52:17.936144 28005 heartbeater.cc:461] Registering TS with master...
I20260608 09:52:17.937516 28005 heartbeater.cc:507] Master 127.26.224.125:39741 requested a full tablet report, sending...
I20260608 09:52:17.939162 27553 ts_manager.cc:194] Registered new tserver with Master: 9caf2f064cc74a2e985fe98ab5c9d2eb (127.26.224.67:44047)
I20260608 09:52:17.940548 27618 ts_manager.cc:194] Registered new tserver with Master: 9caf2f064cc74a2e985fe98ab5c9d2eb (127.26.224.67:44047)
I20260608 09:52:17.941799 27521 internal_mini_cluster.cc:371] 3 TS(s) registered with all masters after 0.015652809s
I20260608 09:52:18.069904 27754 catalog_manager.cc:1294] Loaded cluster ID: 600f9ad9d40041d681cdfe7cbbebb087
I20260608 09:52:18.070240 27754 catalog_manager.cc:1587] T 00000000000000000000000000000000 P d4af578d38664744802addb9fc4598f5: loading cluster ID for follower catalog manager: success
I20260608 09:52:18.076426 27754 catalog_manager.cc:1609] T 00000000000000000000000000000000 P d4af578d38664744802addb9fc4598f5: acquiring CA information for follower catalog manager: success
I20260608 09:52:18.082212 27754 catalog_manager.cc:1637] T 00000000000000000000000000000000 P d4af578d38664744802addb9fc4598f5: importing token verification keys for follower catalog manager: success; most recent TSK sequence number 0
I20260608 09:52:18.094246 27762 catalog_manager.cc:1294] Loaded cluster ID: 600f9ad9d40041d681cdfe7cbbebb087
I20260608 09:52:18.094789 27762 catalog_manager.cc:1587] T 00000000000000000000000000000000 P 7680b13ac0d748a8a3e4b75d0523faec: loading cluster ID for follower catalog manager: success
I20260608 09:52:18.102413 27762 catalog_manager.cc:1609] T 00000000000000000000000000000000 P 7680b13ac0d748a8a3e4b75d0523faec: acquiring CA information for follower catalog manager: success
I20260608 09:52:18.108018 27762 catalog_manager.cc:1637] T 00000000000000000000000000000000 P 7680b13ac0d748a8a3e4b75d0523faec: importing token verification keys for follower catalog manager: success; most recent TSK sequence number 0
I20260608 09:52:18.478050 27847 heartbeater.cc:499] Master 127.26.224.124:39263 was elected leader, sending a full tablet report...
I20260608 09:52:18.698607 27926 heartbeater.cc:499] Master 127.26.224.124:39263 was elected leader, sending a full tablet report...
I20260608 09:52:18.939210 28004 heartbeater.cc:499] Master 127.26.224.124:39263 was elected leader, sending a full tablet report...
I20260608 09:52:19.067562 27758 auto_leader_rebalancer.cc:451] All tables' leader rebalancing finished this round
I20260608 09:52:19.209245 27683 catalog_manager.cc:2282] Servicing CreateTable request from {username='slave'} at 127.0.0.1:43938:
name: "test-workload"
schema {
  columns {
    name: "key"
    type: INT32
    is_key: true
    is_nullable: false
    encoding: AUTO_ENCODING
    compression: DEFAULT_COMPRESSION
    cfile_block_size: 0
    immutable: false
  }
  columns {
    name: "int_val"
    type: INT32
    is_key: false
    is_nullable: false
    encoding: AUTO_ENCODING
    compression: DEFAULT_COMPRESSION
    cfile_block_size: 0
    immutable: false
  }
  columns {
    name: "string_val"
    type: STRING
    is_key: false
    is_nullable: true
    encoding: AUTO_ENCODING
    compression: DEFAULT_COMPRESSION
    cfile_block_size: 0
    immutable: false
  }
}
num_replicas: 1
split_rows_range_bounds {
  rows: "\004\001\000\377\377\377\037\004\001\000\376\377\377?\004\001\000\375\377\377_""\004\001\000\377\377\377\037\004\001\000\376\377\377?\004\001\000\375\377\377_"
  indirect_data: """"
}
partition_schema {
  range_schema {
    columns {
      name: "key"
    }
  }
}
I20260608 09:52:19.321331 27891 tablet_service.cc:1511] Processing CreateTablet for tablet d07b73e6f1aa46fe9331289d8b81e2a4 (DEFAULT_TABLE table=test-workload [id=24e34ff4b5e74895b526d38fb0650c61]), partition=RANGE (key) PARTITION VALUES < 536870911
I20260608 09:52:19.323251 27891 data_dirs.cc:400] Could only allocate 1 dirs of requested 3 for tablet d07b73e6f1aa46fe9331289d8b81e2a4. 1 dirs total, 0 dirs full, 0 dirs failed
I20260608 09:52:19.325078 27969 tablet_service.cc:1511] Processing CreateTablet for tablet 42f82218e3004979bc73c4ec1dd554eb (DEFAULT_TABLE table=test-workload [id=24e34ff4b5e74895b526d38fb0650c61]), partition=RANGE (key) PARTITION 536870911 <= VALUES < 1073741822
I20260608 09:52:19.326740 27969 data_dirs.cc:400] Could only allocate 1 dirs of requested 3 for tablet 42f82218e3004979bc73c4ec1dd554eb. 1 dirs total, 0 dirs full, 0 dirs failed
I20260608 09:52:19.334029 27812 tablet_service.cc:1511] Processing CreateTablet for tablet 7ea2cbe08b8448008ddbfceb4c2a94a7 (DEFAULT_TABLE table=test-workload [id=24e34ff4b5e74895b526d38fb0650c61]), partition=RANGE (key) PARTITION 1073741822 <= VALUES < 1610612733
I20260608 09:52:19.335772 27812 data_dirs.cc:400] Could only allocate 1 dirs of requested 3 for tablet 7ea2cbe08b8448008ddbfceb4c2a94a7. 1 dirs total, 0 dirs full, 0 dirs failed
I20260608 09:52:19.335940 27811 tablet_service.cc:1511] Processing CreateTablet for tablet 1137bd2026f444daaabd210ed25fd65c (DEFAULT_TABLE table=test-workload [id=24e34ff4b5e74895b526d38fb0650c61]), partition=RANGE (key) PARTITION 1610612733 <= VALUES
I20260608 09:52:19.348863 27811 data_dirs.cc:400] Could only allocate 1 dirs of requested 3 for tablet 1137bd2026f444daaabd210ed25fd65c. 1 dirs total, 0 dirs full, 0 dirs failed
I20260608 09:52:19.362377 28039 tablet_bootstrap.cc:492] T 42f82218e3004979bc73c4ec1dd554eb P 9caf2f064cc74a2e985fe98ab5c9d2eb: Bootstrap starting.
I20260608 09:52:19.370432 28040 tablet_bootstrap.cc:492] T d07b73e6f1aa46fe9331289d8b81e2a4 P 5476b22718164d5fb67b954532acefc2: Bootstrap starting.
I20260608 09:52:19.373381 28039 tablet_bootstrap.cc:654] T 42f82218e3004979bc73c4ec1dd554eb P 9caf2f064cc74a2e985fe98ab5c9d2eb: Neither blocks nor log segments found. Creating new log.
I20260608 09:52:19.375065 28041 tablet_bootstrap.cc:492] T 7ea2cbe08b8448008ddbfceb4c2a94a7 P b0b8b27449314c6ba6a7ef010578d939: Bootstrap starting.
I20260608 09:52:19.380365 28040 tablet_bootstrap.cc:654] T d07b73e6f1aa46fe9331289d8b81e2a4 P 5476b22718164d5fb67b954532acefc2: Neither blocks nor log segments found. Creating new log.
I20260608 09:52:19.381668 28041 tablet_bootstrap.cc:654] T 7ea2cbe08b8448008ddbfceb4c2a94a7 P b0b8b27449314c6ba6a7ef010578d939: Neither blocks nor log segments found. Creating new log.
I20260608 09:52:19.383652 28039 tablet_bootstrap.cc:492] T 42f82218e3004979bc73c4ec1dd554eb P 9caf2f064cc74a2e985fe98ab5c9d2eb: No bootstrap required, opened a new log
I20260608 09:52:19.384277 28039 ts_tablet_manager.cc:1403] T 42f82218e3004979bc73c4ec1dd554eb P 9caf2f064cc74a2e985fe98ab5c9d2eb: Time spent bootstrapping tablet: real 0.022s	user 0.005s	sys 0.010s
I20260608 09:52:19.388017 28039 raft_consensus.cc:359] T 42f82218e3004979bc73c4ec1dd554eb P 9caf2f064cc74a2e985fe98ab5c9d2eb [term 0 FOLLOWER]: Replica starting. Triggering 0 pending ops. Active config: opid_index: -1 OBSOLETE_local: true peers { permanent_uuid: "9caf2f064cc74a2e985fe98ab5c9d2eb" member_type: VOTER last_known_addr { host: "127.26.224.67" port: 44047 } }
I20260608 09:52:19.388649 28039 raft_consensus.cc:385] T 42f82218e3004979bc73c4ec1dd554eb P 9caf2f064cc74a2e985fe98ab5c9d2eb [term 0 FOLLOWER]: Consensus starting up: Expiring failure detector timer to make a prompt election more likely
I20260608 09:52:19.389074 28039 raft_consensus.cc:740] T 42f82218e3004979bc73c4ec1dd554eb P 9caf2f064cc74a2e985fe98ab5c9d2eb [term 0 FOLLOWER]: Becoming Follower/Learner. State: Replica: 9caf2f064cc74a2e985fe98ab5c9d2eb, State: Initialized, Role: FOLLOWER
I20260608 09:52:19.389379 28040 tablet_bootstrap.cc:492] T d07b73e6f1aa46fe9331289d8b81e2a4 P 5476b22718164d5fb67b954532acefc2: No bootstrap required, opened a new log
I20260608 09:52:19.389979 28040 ts_tablet_manager.cc:1403] T d07b73e6f1aa46fe9331289d8b81e2a4 P 5476b22718164d5fb67b954532acefc2: Time spent bootstrapping tablet: real 0.020s	user 0.013s	sys 0.004s
I20260608 09:52:19.390024 28039 consensus_queue.cc:260] T 42f82218e3004979bc73c4ec1dd554eb P 9caf2f064cc74a2e985fe98ab5c9d2eb [NON_LEADER]: Queue going to NON_LEADER mode. State: All replicated index: 0, Majority replicated index: 0, Committed index: 0, Last appended: 0.0, Last appended by leader: 0, Current term: 0, Majority size: -1, State: 0, Mode: NON_LEADER, active raft config: opid_index: -1 OBSOLETE_local: true peers { permanent_uuid: "9caf2f064cc74a2e985fe98ab5c9d2eb" member_type: VOTER last_known_addr { host: "127.26.224.67" port: 44047 } }
I20260608 09:52:19.390854 28039 raft_consensus.cc:399] T 42f82218e3004979bc73c4ec1dd554eb P 9caf2f064cc74a2e985fe98ab5c9d2eb [term 0 FOLLOWER]: Only one voter in the Raft config. Triggering election immediately
I20260608 09:52:19.391315 28039 raft_consensus.cc:493] T 42f82218e3004979bc73c4ec1dd554eb P 9caf2f064cc74a2e985fe98ab5c9d2eb [term 0 FOLLOWER]: Starting leader election (initial election of a single-replica configuration)
I20260608 09:52:19.391772 28041 tablet_bootstrap.cc:492] T 7ea2cbe08b8448008ddbfceb4c2a94a7 P b0b8b27449314c6ba6a7ef010578d939: No bootstrap required, opened a new log
I20260608 09:52:19.391721 28039 raft_consensus.cc:3060] T 42f82218e3004979bc73c4ec1dd554eb P 9caf2f064cc74a2e985fe98ab5c9d2eb [term 0 FOLLOWER]: Advancing to term 1
I20260608 09:52:19.392464 28041 ts_tablet_manager.cc:1403] T 7ea2cbe08b8448008ddbfceb4c2a94a7 P b0b8b27449314c6ba6a7ef010578d939: Time spent bootstrapping tablet: real 0.019s	user 0.009s	sys 0.008s
I20260608 09:52:19.393857 28040 raft_consensus.cc:359] T d07b73e6f1aa46fe9331289d8b81e2a4 P 5476b22718164d5fb67b954532acefc2 [term 0 FOLLOWER]: Replica starting. Triggering 0 pending ops. Active config: opid_index: -1 OBSOLETE_local: true peers { permanent_uuid: "5476b22718164d5fb67b954532acefc2" member_type: VOTER last_known_addr { host: "127.26.224.66" port: 39605 } }
I20260608 09:52:19.394486 28040 raft_consensus.cc:385] T d07b73e6f1aa46fe9331289d8b81e2a4 P 5476b22718164d5fb67b954532acefc2 [term 0 FOLLOWER]: Consensus starting up: Expiring failure detector timer to make a prompt election more likely
I20260608 09:52:19.394841 28040 raft_consensus.cc:740] T d07b73e6f1aa46fe9331289d8b81e2a4 P 5476b22718164d5fb67b954532acefc2 [term 0 FOLLOWER]: Becoming Follower/Learner. State: Replica: 5476b22718164d5fb67b954532acefc2, State: Initialized, Role: FOLLOWER
I20260608 09:52:19.395679 28040 consensus_queue.cc:260] T d07b73e6f1aa46fe9331289d8b81e2a4 P 5476b22718164d5fb67b954532acefc2 [NON_LEADER]: Queue going to NON_LEADER mode. State: All replicated index: 0, Majority replicated index: 0, Committed index: 0, Last appended: 0.0, Last appended by leader: 0, Current term: 0, Majority size: -1, State: 0, Mode: NON_LEADER, active raft config: opid_index: -1 OBSOLETE_local: true peers { permanent_uuid: "5476b22718164d5fb67b954532acefc2" member_type: VOTER last_known_addr { host: "127.26.224.66" port: 39605 } }
I20260608 09:52:19.396095 28041 raft_consensus.cc:359] T 7ea2cbe08b8448008ddbfceb4c2a94a7 P b0b8b27449314c6ba6a7ef010578d939 [term 0 FOLLOWER]: Replica starting. Triggering 0 pending ops. Active config: opid_index: -1 OBSOLETE_local: true peers { permanent_uuid: "b0b8b27449314c6ba6a7ef010578d939" member_type: VOTER last_known_addr { host: "127.26.224.65" port: 44699 } }
I20260608 09:52:19.396482 28040 raft_consensus.cc:399] T d07b73e6f1aa46fe9331289d8b81e2a4 P 5476b22718164d5fb67b954532acefc2 [term 0 FOLLOWER]: Only one voter in the Raft config. Triggering election immediately
I20260608 09:52:19.396803 28041 raft_consensus.cc:385] T 7ea2cbe08b8448008ddbfceb4c2a94a7 P b0b8b27449314c6ba6a7ef010578d939 [term 0 FOLLOWER]: Consensus starting up: Expiring failure detector timer to make a prompt election more likely
I20260608 09:52:19.396929 28040 raft_consensus.cc:493] T d07b73e6f1aa46fe9331289d8b81e2a4 P 5476b22718164d5fb67b954532acefc2 [term 0 FOLLOWER]: Starting leader election (initial election of a single-replica configuration)
I20260608 09:52:19.397233 28041 raft_consensus.cc:740] T 7ea2cbe08b8448008ddbfceb4c2a94a7 P b0b8b27449314c6ba6a7ef010578d939 [term 0 FOLLOWER]: Becoming Follower/Learner. State: Replica: b0b8b27449314c6ba6a7ef010578d939, State: Initialized, Role: FOLLOWER
I20260608 09:52:19.397397 28040 raft_consensus.cc:3060] T d07b73e6f1aa46fe9331289d8b81e2a4 P 5476b22718164d5fb67b954532acefc2 [term 0 FOLLOWER]: Advancing to term 1
I20260608 09:52:19.398088 28041 consensus_queue.cc:260] T 7ea2cbe08b8448008ddbfceb4c2a94a7 P b0b8b27449314c6ba6a7ef010578d939 [NON_LEADER]: Queue going to NON_LEADER mode. State: All replicated index: 0, Majority replicated index: 0, Committed index: 0, Last appended: 0.0, Last appended by leader: 0, Current term: 0, Majority size: -1, State: 0, Mode: NON_LEADER, active raft config: opid_index: -1 OBSOLETE_local: true peers { permanent_uuid: "b0b8b27449314c6ba6a7ef010578d939" member_type: VOTER last_known_addr { host: "127.26.224.65" port: 44699 } }
I20260608 09:52:19.398938 28041 raft_consensus.cc:399] T 7ea2cbe08b8448008ddbfceb4c2a94a7 P b0b8b27449314c6ba6a7ef010578d939 [term 0 FOLLOWER]: Only one voter in the Raft config. Triggering election immediately
I20260608 09:52:19.399356 28041 raft_consensus.cc:493] T 7ea2cbe08b8448008ddbfceb4c2a94a7 P b0b8b27449314c6ba6a7ef010578d939 [term 0 FOLLOWER]: Starting leader election (initial election of a single-replica configuration)
I20260608 09:52:19.399734 28041 raft_consensus.cc:3060] T 7ea2cbe08b8448008ddbfceb4c2a94a7 P b0b8b27449314c6ba6a7ef010578d939 [term 0 FOLLOWER]: Advancing to term 1
I20260608 09:52:19.399950 28039 raft_consensus.cc:515] T 42f82218e3004979bc73c4ec1dd554eb P 9caf2f064cc74a2e985fe98ab5c9d2eb [term 1 FOLLOWER]: Starting leader election with config: opid_index: -1 OBSOLETE_local: true peers { permanent_uuid: "9caf2f064cc74a2e985fe98ab5c9d2eb" member_type: VOTER last_known_addr { host: "127.26.224.67" port: 44047 } }
I20260608 09:52:19.400848 28039 leader_election.cc:304] T 42f82218e3004979bc73c4ec1dd554eb P 9caf2f064cc74a2e985fe98ab5c9d2eb [CANDIDATE]: Term 1 election: Election decided. Result: candidate won. Election summary: received 1 responses out of 1 voters: 1 yes votes; 0 no votes. yes voters: 9caf2f064cc74a2e985fe98ab5c9d2eb; no voters: 
I20260608 09:52:19.403280 28039 leader_election.cc:290] T 42f82218e3004979bc73c4ec1dd554eb P 9caf2f064cc74a2e985fe98ab5c9d2eb [CANDIDATE]: Term 1 election: Requested vote from peers 
I20260608 09:52:19.403403 28040 raft_consensus.cc:515] T d07b73e6f1aa46fe9331289d8b81e2a4 P 5476b22718164d5fb67b954532acefc2 [term 1 FOLLOWER]: Starting leader election with config: opid_index: -1 OBSOLETE_local: true peers { permanent_uuid: "5476b22718164d5fb67b954532acefc2" member_type: VOTER last_known_addr { host: "127.26.224.66" port: 39605 } }
I20260608 09:52:19.403939 28045 raft_consensus.cc:2804] T 42f82218e3004979bc73c4ec1dd554eb P 9caf2f064cc74a2e985fe98ab5c9d2eb [term 1 FOLLOWER]: Leader election won for term 1
I20260608 09:52:19.404511 28040 leader_election.cc:304] T d07b73e6f1aa46fe9331289d8b81e2a4 P 5476b22718164d5fb67b954532acefc2 [CANDIDATE]: Term 1 election: Election decided. Result: candidate won. Election summary: received 1 responses out of 1 voters: 1 yes votes; 0 no votes. yes voters: 5476b22718164d5fb67b954532acefc2; no voters: 
I20260608 09:52:19.408217 28041 raft_consensus.cc:515] T 7ea2cbe08b8448008ddbfceb4c2a94a7 P b0b8b27449314c6ba6a7ef010578d939 [term 1 FOLLOWER]: Starting leader election with config: opid_index: -1 OBSOLETE_local: true peers { permanent_uuid: "b0b8b27449314c6ba6a7ef010578d939" member_type: VOTER last_known_addr { host: "127.26.224.65" port: 44699 } }
I20260608 09:52:19.409418 28041 leader_election.cc:304] T 7ea2cbe08b8448008ddbfceb4c2a94a7 P b0b8b27449314c6ba6a7ef010578d939 [CANDIDATE]: Term 1 election: Election decided. Result: candidate won. Election summary: received 1 responses out of 1 voters: 1 yes votes; 0 no votes. yes voters: b0b8b27449314c6ba6a7ef010578d939; no voters: 
I20260608 09:52:19.411339 28048 raft_consensus.cc:2804] T d07b73e6f1aa46fe9331289d8b81e2a4 P 5476b22718164d5fb67b954532acefc2 [term 1 FOLLOWER]: Leader election won for term 1
I20260608 09:52:19.412014 28040 leader_election.cc:290] T d07b73e6f1aa46fe9331289d8b81e2a4 P 5476b22718164d5fb67b954532acefc2 [CANDIDATE]: Term 1 election: Requested vote from peers 
I20260608 09:52:19.414988 28039 ts_tablet_manager.cc:1434] T 42f82218e3004979bc73c4ec1dd554eb P 9caf2f064cc74a2e985fe98ab5c9d2eb: Time spent starting tablet: real 0.030s	user 0.026s	sys 0.001s
I20260608 09:52:19.418843 28045 raft_consensus.cc:697] T 42f82218e3004979bc73c4ec1dd554eb P 9caf2f064cc74a2e985fe98ab5c9d2eb [term 1 LEADER]: Becoming Leader. State: Replica: 9caf2f064cc74a2e985fe98ab5c9d2eb, State: Running, Role: LEADER
I20260608 09:52:19.419406 28041 leader_election.cc:290] T 7ea2cbe08b8448008ddbfceb4c2a94a7 P b0b8b27449314c6ba6a7ef010578d939 [CANDIDATE]: Term 1 election: Requested vote from peers 
I20260608 09:52:19.420235 28049 raft_consensus.cc:2804] T 7ea2cbe08b8448008ddbfceb4c2a94a7 P b0b8b27449314c6ba6a7ef010578d939 [term 1 FOLLOWER]: Leader election won for term 1
I20260608 09:52:19.420035 28045 consensus_queue.cc:237] T 42f82218e3004979bc73c4ec1dd554eb P 9caf2f064cc74a2e985fe98ab5c9d2eb [LEADER]: Queue going to LEADER mode. State: All replicated index: 0, Majority replicated index: 0, Committed index: 0, Last appended: 0.0, Last appended by leader: 0, Current term: 1, Majority size: 1, State: 0, Mode: LEADER, active raft config: opid_index: -1 OBSOLETE_local: true peers { permanent_uuid: "9caf2f064cc74a2e985fe98ab5c9d2eb" member_type: VOTER last_known_addr { host: "127.26.224.67" port: 44047 } }
I20260608 09:52:19.424031 28048 raft_consensus.cc:697] T d07b73e6f1aa46fe9331289d8b81e2a4 P 5476b22718164d5fb67b954532acefc2 [term 1 LEADER]: Becoming Leader. State: Replica: 5476b22718164d5fb67b954532acefc2, State: Running, Role: LEADER
I20260608 09:52:19.428628 28049 raft_consensus.cc:697] T 7ea2cbe08b8448008ddbfceb4c2a94a7 P b0b8b27449314c6ba6a7ef010578d939 [term 1 LEADER]: Becoming Leader. State: Replica: b0b8b27449314c6ba6a7ef010578d939, State: Running, Role: LEADER
I20260608 09:52:19.430178 28048 consensus_queue.cc:237] T d07b73e6f1aa46fe9331289d8b81e2a4 P 5476b22718164d5fb67b954532acefc2 [LEADER]: Queue going to LEADER mode. State: All replicated index: 0, Majority replicated index: 0, Committed index: 0, Last appended: 0.0, Last appended by leader: 0, Current term: 1, Majority size: 1, State: 0, Mode: LEADER, active raft config: opid_index: -1 OBSOLETE_local: true peers { permanent_uuid: "5476b22718164d5fb67b954532acefc2" member_type: VOTER last_known_addr { host: "127.26.224.66" port: 39605 } }
I20260608 09:52:19.430351 28049 consensus_queue.cc:237] T 7ea2cbe08b8448008ddbfceb4c2a94a7 P b0b8b27449314c6ba6a7ef010578d939 [LEADER]: Queue going to LEADER mode. State: All replicated index: 0, Majority replicated index: 0, Committed index: 0, Last appended: 0.0, Last appended by leader: 0, Current term: 1, Majority size: 1, State: 0, Mode: LEADER, active raft config: opid_index: -1 OBSOLETE_local: true peers { permanent_uuid: "b0b8b27449314c6ba6a7ef010578d939" member_type: VOTER last_known_addr { host: "127.26.224.65" port: 44699 } }
I20260608 09:52:19.435262 28041 ts_tablet_manager.cc:1434] T 7ea2cbe08b8448008ddbfceb4c2a94a7 P b0b8b27449314c6ba6a7ef010578d939: Time spent starting tablet: real 0.042s	user 0.021s	sys 0.020s
I20260608 09:52:19.429163 28040 ts_tablet_manager.cc:1434] T d07b73e6f1aa46fe9331289d8b81e2a4 P 5476b22718164d5fb67b954532acefc2: Time spent starting tablet: real 0.039s	user 0.020s	sys 0.008s
I20260608 09:52:19.436524 28041 tablet_bootstrap.cc:492] T 1137bd2026f444daaabd210ed25fd65c P b0b8b27449314c6ba6a7ef010578d939: Bootstrap starting.
I20260608 09:52:19.467756 28041 tablet_bootstrap.cc:654] T 1137bd2026f444daaabd210ed25fd65c P b0b8b27449314c6ba6a7ef010578d939: Neither blocks nor log segments found. Creating new log.
I20260608 09:52:19.471402 27683 catalog_manager.cc:5696] T 7ea2cbe08b8448008ddbfceb4c2a94a7 P b0b8b27449314c6ba6a7ef010578d939 reported cstate change: term changed from 0 to 1, leader changed from <none> to b0b8b27449314c6ba6a7ef010578d939 (127.26.224.65). New cstate: current_term: 1 leader_uuid: "b0b8b27449314c6ba6a7ef010578d939" committed_config { opid_index: -1 OBSOLETE_local: true peers { permanent_uuid: "b0b8b27449314c6ba6a7ef010578d939" member_type: VOTER last_known_addr { host: "127.26.224.65" port: 44699 } health_report { overall_health: HEALTHY } } }
I20260608 09:52:19.480742 27682 catalog_manager.cc:5696] T d07b73e6f1aa46fe9331289d8b81e2a4 P 5476b22718164d5fb67b954532acefc2 reported cstate change: term changed from 0 to 1, leader changed from <none> to 5476b22718164d5fb67b954532acefc2 (127.26.224.66). New cstate: current_term: 1 leader_uuid: "5476b22718164d5fb67b954532acefc2" committed_config { opid_index: -1 OBSOLETE_local: true peers { permanent_uuid: "5476b22718164d5fb67b954532acefc2" member_type: VOTER last_known_addr { host: "127.26.224.66" port: 39605 } health_report { overall_health: HEALTHY } } }
I20260608 09:52:19.483353 27681 catalog_manager.cc:5696] T 42f82218e3004979bc73c4ec1dd554eb P 9caf2f064cc74a2e985fe98ab5c9d2eb reported cstate change: term changed from 0 to 1, leader changed from <none> to 9caf2f064cc74a2e985fe98ab5c9d2eb (127.26.224.67). New cstate: current_term: 1 leader_uuid: "9caf2f064cc74a2e985fe98ab5c9d2eb" committed_config { opid_index: -1 OBSOLETE_local: true peers { permanent_uuid: "9caf2f064cc74a2e985fe98ab5c9d2eb" member_type: VOTER last_known_addr { host: "127.26.224.67" port: 44047 } health_report { overall_health: HEALTHY } } }
I20260608 09:52:19.548635 28041 tablet_bootstrap.cc:492] T 1137bd2026f444daaabd210ed25fd65c P b0b8b27449314c6ba6a7ef010578d939: No bootstrap required, opened a new log
I20260608 09:52:19.549337 28041 ts_tablet_manager.cc:1403] T 1137bd2026f444daaabd210ed25fd65c P b0b8b27449314c6ba6a7ef010578d939: Time spent bootstrapping tablet: real 0.113s	user 0.017s	sys 0.003s
I20260608 09:52:19.556332 28041 raft_consensus.cc:359] T 1137bd2026f444daaabd210ed25fd65c P b0b8b27449314c6ba6a7ef010578d939 [term 0 FOLLOWER]: Replica starting. Triggering 0 pending ops. Active config: opid_index: -1 OBSOLETE_local: true peers { permanent_uuid: "b0b8b27449314c6ba6a7ef010578d939" member_type: VOTER last_known_addr { host: "127.26.224.65" port: 44699 } }
I20260608 09:52:19.557752 28041 raft_consensus.cc:385] T 1137bd2026f444daaabd210ed25fd65c P b0b8b27449314c6ba6a7ef010578d939 [term 0 FOLLOWER]: Consensus starting up: Expiring failure detector timer to make a prompt election more likely
I20260608 09:52:19.558111 28041 raft_consensus.cc:740] T 1137bd2026f444daaabd210ed25fd65c P b0b8b27449314c6ba6a7ef010578d939 [term 0 FOLLOWER]: Becoming Follower/Learner. State: Replica: b0b8b27449314c6ba6a7ef010578d939, State: Initialized, Role: FOLLOWER
I20260608 09:52:19.559182 28041 consensus_queue.cc:260] T 1137bd2026f444daaabd210ed25fd65c P b0b8b27449314c6ba6a7ef010578d939 [NON_LEADER]: Queue going to NON_LEADER mode. State: All replicated index: 0, Majority replicated index: 0, Committed index: 0, Last appended: 0.0, Last appended by leader: 0, Current term: 0, Majority size: -1, State: 0, Mode: NON_LEADER, active raft config: opid_index: -1 OBSOLETE_local: true peers { permanent_uuid: "b0b8b27449314c6ba6a7ef010578d939" member_type: VOTER last_known_addr { host: "127.26.224.65" port: 44699 } }
I20260608 09:52:19.562515 28041 raft_consensus.cc:399] T 1137bd2026f444daaabd210ed25fd65c P b0b8b27449314c6ba6a7ef010578d939 [term 0 FOLLOWER]: Only one voter in the Raft config. Triggering election immediately
I20260608 09:52:19.563320 28041 raft_consensus.cc:493] T 1137bd2026f444daaabd210ed25fd65c P b0b8b27449314c6ba6a7ef010578d939 [term 0 FOLLOWER]: Starting leader election (initial election of a single-replica configuration)
I20260608 09:52:19.563861 28041 raft_consensus.cc:3060] T 1137bd2026f444daaabd210ed25fd65c P b0b8b27449314c6ba6a7ef010578d939 [term 0 FOLLOWER]: Advancing to term 1
I20260608 09:52:19.574510 28041 raft_consensus.cc:515] T 1137bd2026f444daaabd210ed25fd65c P b0b8b27449314c6ba6a7ef010578d939 [term 1 FOLLOWER]: Starting leader election with config: opid_index: -1 OBSOLETE_local: true peers { permanent_uuid: "b0b8b27449314c6ba6a7ef010578d939" member_type: VOTER last_known_addr { host: "127.26.224.65" port: 44699 } }
I20260608 09:52:19.575515 28041 leader_election.cc:304] T 1137bd2026f444daaabd210ed25fd65c P b0b8b27449314c6ba6a7ef010578d939 [CANDIDATE]: Term 1 election: Election decided. Result: candidate won. Election summary: received 1 responses out of 1 voters: 1 yes votes; 0 no votes. yes voters: b0b8b27449314c6ba6a7ef010578d939; no voters: 
I20260608 09:52:19.575544 28049 raft_consensus.cc:493] T 1137bd2026f444daaabd210ed25fd65c P b0b8b27449314c6ba6a7ef010578d939 [term 1 FOLLOWER]: Starting pre-election (no leader contacted us within the election timeout)
I20260608 09:52:19.576471 28049 raft_consensus.cc:515] T 1137bd2026f444daaabd210ed25fd65c P b0b8b27449314c6ba6a7ef010578d939 [term 1 FOLLOWER]: Starting pre-election with config: opid_index: -1 OBSOLETE_local: true peers { permanent_uuid: "b0b8b27449314c6ba6a7ef010578d939" member_type: VOTER last_known_addr { host: "127.26.224.65" port: 44699 } }
I20260608 09:52:19.582939 28041 leader_election.cc:290] T 1137bd2026f444daaabd210ed25fd65c P b0b8b27449314c6ba6a7ef010578d939 [CANDIDATE]: Term 1 election: Requested vote from peers 
I20260608 09:52:19.583309 28052 raft_consensus.cc:2804] T 1137bd2026f444daaabd210ed25fd65c P b0b8b27449314c6ba6a7ef010578d939 [term 1 FOLLOWER]: Leader election won for term 1
I20260608 09:52:19.585139 28041 ts_tablet_manager.cc:1434] T 1137bd2026f444daaabd210ed25fd65c P b0b8b27449314c6ba6a7ef010578d939: Time spent starting tablet: real 0.035s	user 0.017s	sys 0.003s
I20260608 09:52:19.584923 28049 leader_election.cc:304] T 1137bd2026f444daaabd210ed25fd65c P b0b8b27449314c6ba6a7ef010578d939 [CANDIDATE]: Term 2 pre-election: Election decided. Result: candidate won. Election summary: received 1 responses out of 1 voters: 1 yes votes; 0 no votes. yes voters: b0b8b27449314c6ba6a7ef010578d939; no voters: 
I20260608 09:52:19.607820 28052 raft_consensus.cc:697] T 1137bd2026f444daaabd210ed25fd65c P b0b8b27449314c6ba6a7ef010578d939 [term 1 LEADER]: Becoming Leader. State: Replica: b0b8b27449314c6ba6a7ef010578d939, State: Running, Role: LEADER
I20260608 09:52:19.608731 28052 consensus_queue.cc:237] T 1137bd2026f444daaabd210ed25fd65c P b0b8b27449314c6ba6a7ef010578d939 [LEADER]: Queue going to LEADER mode. State: All replicated index: 0, Majority replicated index: 0, Committed index: 0, Last appended: 0.0, Last appended by leader: 0, Current term: 1, Majority size: 1, State: 0, Mode: LEADER, active raft config: opid_index: -1 OBSOLETE_local: true peers { permanent_uuid: "b0b8b27449314c6ba6a7ef010578d939" member_type: VOTER last_known_addr { host: "127.26.224.65" port: 44699 } }
I20260608 09:52:19.615787 28049 leader_election.cc:290] T 1137bd2026f444daaabd210ed25fd65c P b0b8b27449314c6ba6a7ef010578d939 [CANDIDATE]: Term 2 pre-election: Requested pre-vote from peers 
I20260608 09:52:19.621431 27682 catalog_manager.cc:5696] T 1137bd2026f444daaabd210ed25fd65c P b0b8b27449314c6ba6a7ef010578d939 reported cstate change: term changed from 0 to 1, leader changed from <none> to b0b8b27449314c6ba6a7ef010578d939 (127.26.224.65). New cstate: current_term: 1 leader_uuid: "b0b8b27449314c6ba6a7ef010578d939" committed_config { opid_index: -1 OBSOLETE_local: true peers { permanent_uuid: "b0b8b27449314c6ba6a7ef010578d939" member_type: VOTER last_known_addr { host: "127.26.224.65" port: 44699 } health_report { overall_health: HEALTHY } } }
I20260608 09:52:19.666244 27521 tablet_server.cc:179] TabletServer@127.26.224.65:0 shutting down...
I20260608 09:52:19.700726 27521 ts_tablet_manager.cc:1507] Shutting down tablet manager...
I20260608 09:52:19.702445 27521 tablet_replica.cc:333] T 1137bd2026f444daaabd210ed25fd65c P b0b8b27449314c6ba6a7ef010578d939: stopping tablet replica
I20260608 09:52:19.703543 27521 raft_consensus.cc:2243] T 1137bd2026f444daaabd210ed25fd65c P b0b8b27449314c6ba6a7ef010578d939 [term 1 LEADER]: Raft consensus shutting down.
I20260608 09:52:19.704244 27521 raft_consensus.cc:2272] T 1137bd2026f444daaabd210ed25fd65c P b0b8b27449314c6ba6a7ef010578d939 [term 1 FOLLOWER]: Raft consensus is shut down!
I20260608 09:52:19.707654 27521 tablet_replica.cc:333] T 7ea2cbe08b8448008ddbfceb4c2a94a7 P b0b8b27449314c6ba6a7ef010578d939: stopping tablet replica
I20260608 09:52:19.708346 27521 raft_consensus.cc:2243] T 7ea2cbe08b8448008ddbfceb4c2a94a7 P b0b8b27449314c6ba6a7ef010578d939 [term 1 LEADER]: Raft consensus shutting down.
I20260608 09:52:19.708901 27521 raft_consensus.cc:2272] T 7ea2cbe08b8448008ddbfceb4c2a94a7 P b0b8b27449314c6ba6a7ef010578d939 [term 1 FOLLOWER]: Raft consensus is shut down!
I20260608 09:52:19.875054 27521 tablet_server.cc:196] TabletServer@127.26.224.65:0 shutdown complete.
I20260608 09:52:19.886687 27521 tablet_server.cc:179] TabletServer@127.26.224.66:0 shutting down...
I20260608 09:52:19.905409 27521 ts_tablet_manager.cc:1507] Shutting down tablet manager...
I20260608 09:52:19.906252 27521 tablet_replica.cc:333] T d07b73e6f1aa46fe9331289d8b81e2a4 P 5476b22718164d5fb67b954532acefc2: stopping tablet replica
I20260608 09:52:19.906899 27521 raft_consensus.cc:2243] T d07b73e6f1aa46fe9331289d8b81e2a4 P 5476b22718164d5fb67b954532acefc2 [term 1 LEADER]: Raft consensus shutting down.
I20260608 09:52:19.907444 27521 raft_consensus.cc:2272] T d07b73e6f1aa46fe9331289d8b81e2a4 P 5476b22718164d5fb67b954532acefc2 [term 1 FOLLOWER]: Raft consensus is shut down!
I20260608 09:52:19.929769 27521 tablet_server.cc:196] TabletServer@127.26.224.66:0 shutdown complete.
I20260608 09:52:19.939832 27521 tablet_server.cc:179] TabletServer@127.26.224.67:0 shutting down...
I20260608 09:52:19.958853 27521 ts_tablet_manager.cc:1507] Shutting down tablet manager...
I20260608 09:52:19.959542 27521 tablet_replica.cc:333] T 42f82218e3004979bc73c4ec1dd554eb P 9caf2f064cc74a2e985fe98ab5c9d2eb: stopping tablet replica
I20260608 09:52:19.960076 27521 raft_consensus.cc:2243] T 42f82218e3004979bc73c4ec1dd554eb P 9caf2f064cc74a2e985fe98ab5c9d2eb [term 1 LEADER]: Raft consensus shutting down.
I20260608 09:52:19.960662 27521 raft_consensus.cc:2272] T 42f82218e3004979bc73c4ec1dd554eb P 9caf2f064cc74a2e985fe98ab5c9d2eb [term 1 FOLLOWER]: Raft consensus is shut down!
I20260608 09:52:19.981204 27521 tablet_server.cc:196] TabletServer@127.26.224.67:0 shutdown complete.
I20260608 09:52:19.990836 27521 master.cc:562] Master@127.26.224.126:38971 shutting down...
I20260608 09:52:20.084280 27754 catalog_manager.cc:805] Waiting for catalog manager background task thread to start: Service unavailable: Catalog manager is not initialized. State: Closing
I20260608 09:52:20.092087 27521 raft_consensus.cc:2243] T 00000000000000000000000000000000 P d4af578d38664744802addb9fc4598f5 [term 1 FOLLOWER]: Raft consensus shutting down.
I20260608 09:52:20.092844 27521 raft_consensus.cc:2272] T 00000000000000000000000000000000 P d4af578d38664744802addb9fc4598f5 [term 1 FOLLOWER]: Raft consensus is shut down!
I20260608 09:52:20.093228 27521 tablet_replica.cc:333] T 00000000000000000000000000000000 P d4af578d38664744802addb9fc4598f5: stopping tablet replica
I20260608 09:52:20.114064 27521 master.cc:584] Master@127.26.224.126:38971 shutdown complete.
I20260608 09:52:20.126555 27521 master.cc:562] Master@127.26.224.125:39741 shutting down...
I20260608 09:52:20.148277 27521 raft_consensus.cc:2243] T 00000000000000000000000000000000 P 7680b13ac0d748a8a3e4b75d0523faec [term 1 FOLLOWER]: Raft consensus shutting down.
I20260608 09:52:20.148906 27521 raft_consensus.cc:2272] T 00000000000000000000000000000000 P 7680b13ac0d748a8a3e4b75d0523faec [term 1 FOLLOWER]: Raft consensus is shut down!
I20260608 09:52:20.149226 27521 tablet_replica.cc:333] T 00000000000000000000000000000000 P 7680b13ac0d748a8a3e4b75d0523faec: stopping tablet replica
I20260608 09:52:20.199015 27521 master.cc:584] Master@127.26.224.125:39741 shutdown complete.
I20260608 09:52:20.212302 27521 master.cc:562] Master@127.26.224.124:39263 shutting down...
