I20260608 09:48:45.495548 26734 raft_consensus.cc:2468] T 97e18b4281434ce39fab783a2b5c0ccf P 152aab5ee6c84605b14b99369d2b1aaa [term 0 FOLLOWER]: Leader pre-election vote request: Granting yes vote for candidate 1b16ca0805cf49c7b691b48b54e659d4 in term 0.
I20260608 09:48:45.503783 26822 raft_consensus.cc:515] T 97e18b4281434ce39fab783a2b5c0ccf P 1b16ca0805cf49c7b691b48b54e659d4 [term 1 FOLLOWER]: Starting leader election with config: opid_index: -1 OBSOLETE_local: false peers { permanent_uuid: "1b16ca0805cf49c7b691b48b54e659d4" member_type: VOTER last_known_addr { host: "127.23.9.129" port: 33475 } } peers { permanent_uuid: "0eee138bec27437f8d33412229f2a1a0" member_type: VOTER last_known_addr { host: "127.23.9.130" port: 37187 } } peers { permanent_uuid: "152aab5ee6c84605b14b99369d2b1aaa" member_type: VOTER last_known_addr { host: "127.23.9.131" port: 44473 } }
I20260608 09:48:45.505888 26822 leader_election.cc:290] T 97e18b4281434ce39fab783a2b5c0ccf P 1b16ca0805cf49c7b691b48b54e659d4 [CANDIDATE]: Term 1 election: Requested vote from peers 0eee138bec27437f8d33412229f2a1a0 (127.23.9.130:37187), 152aab5ee6c84605b14b99369d2b1aaa (127.23.9.131:44473)
I20260608 09:48:45.506531 26659 tablet_service.cc:1917] Received RequestConsensusVote() RPC: tablet_id: "97e18b4281434ce39fab783a2b5c0ccf" candidate_uuid: "1b16ca0805cf49c7b691b48b54e659d4" candidate_term: 1 candidate_status { last_received { term: 0 index: 0 } } ignore_live_leader: false dest_uuid: "0eee138bec27437f8d33412229f2a1a0"
I20260608 09:48:45.507031 26734 tablet_service.cc:1917] Received RequestConsensusVote() RPC: tablet_id: "97e18b4281434ce39fab783a2b5c0ccf" candidate_uuid: "1b16ca0805cf49c7b691b48b54e659d4" candidate_term: 1 candidate_status { last_received { term: 0 index: 0 } } ignore_live_leader: false dest_uuid: "152aab5ee6c84605b14b99369d2b1aaa"
I20260608 09:48:45.507200 26659 raft_consensus.cc:3060] T 97e18b4281434ce39fab783a2b5c0ccf P 0eee138bec27437f8d33412229f2a1a0 [term 0 FOLLOWER]: Advancing to term 1
I20260608 09:48:45.507633 26734 raft_consensus.cc:3060] T 97e18b4281434ce39fab783a2b5c0ccf P 152aab5ee6c84605b14b99369d2b1aaa [term 0 FOLLOWER]: Advancing to term 1
I20260608 09:48:45.514438 26734 raft_consensus.cc:2468] T 97e18b4281434ce39fab783a2b5c0ccf P 152aab5ee6c84605b14b99369d2b1aaa [term 1 FOLLOWER]: Leader election vote request: Granting yes vote for candidate 1b16ca0805cf49c7b691b48b54e659d4 in term 1.
I20260608 09:48:45.514442 26659 raft_consensus.cc:2468] T 97e18b4281434ce39fab783a2b5c0ccf P 0eee138bec27437f8d33412229f2a1a0 [term 1 FOLLOWER]: Leader election vote request: Granting yes vote for candidate 1b16ca0805cf49c7b691b48b54e659d4 in term 1.
I20260608 09:48:45.515615 26551 leader_election.cc:304] T 97e18b4281434ce39fab783a2b5c0ccf P 1b16ca0805cf49c7b691b48b54e659d4 [CANDIDATE]: Term 1 election: Election decided. Result: candidate won. Election summary: received 2 responses out of 3 voters: 2 yes votes; 0 no votes. yes voters: 152aab5ee6c84605b14b99369d2b1aaa, 1b16ca0805cf49c7b691b48b54e659d4; no voters: 
I20260608 09:48:45.516343 26822 raft_consensus.cc:2804] T 97e18b4281434ce39fab783a2b5c0ccf P 1b16ca0805cf49c7b691b48b54e659d4 [term 1 FOLLOWER]: Leader election won for term 1
I20260608 09:48:45.516832 26822 raft_consensus.cc:697] T 97e18b4281434ce39fab783a2b5c0ccf P 1b16ca0805cf49c7b691b48b54e659d4 [term 1 LEADER]: Becoming Leader. State: Replica: 1b16ca0805cf49c7b691b48b54e659d4, State: Running, Role: LEADER
I20260608 09:48:45.517509 26822 consensus_queue.cc:237] T 97e18b4281434ce39fab783a2b5c0ccf P 1b16ca0805cf49c7b691b48b54e659d4 [LEADER]: Queue going to LEADER mode. State: All replicated index: 0, Majority replicated index: 0, Committed index: 0, Last appended: 0.0, Last appended by leader: 0, Current term: 1, Majority size: 2, State: 0, Mode: LEADER, active raft config: opid_index: -1 OBSOLETE_local: false peers { permanent_uuid: "1b16ca0805cf49c7b691b48b54e659d4" member_type: VOTER last_known_addr { host: "127.23.9.129" port: 33475 } } peers { permanent_uuid: "0eee138bec27437f8d33412229f2a1a0" member_type: VOTER last_known_addr { host: "127.23.9.130" port: 37187 } } peers { permanent_uuid: "152aab5ee6c84605b14b99369d2b1aaa" member_type: VOTER last_known_addr { host: "127.23.9.131" port: 44473 } }
I20260608 09:48:45.525009 26483 catalog_manager.cc:5696] T 97e18b4281434ce39fab783a2b5c0ccf P 1b16ca0805cf49c7b691b48b54e659d4 reported cstate change: term changed from 0 to 1, leader changed from <none> to 1b16ca0805cf49c7b691b48b54e659d4 (127.23.9.129). New cstate: current_term: 1 leader_uuid: "1b16ca0805cf49c7b691b48b54e659d4" committed_config { opid_index: -1 OBSOLETE_local: false peers { permanent_uuid: "1b16ca0805cf49c7b691b48b54e659d4" member_type: VOTER last_known_addr { host: "127.23.9.129" port: 33475 } health_report { overall_health: HEALTHY } } peers { permanent_uuid: "0eee138bec27437f8d33412229f2a1a0" member_type: VOTER last_known_addr { host: "127.23.9.130" port: 37187 } health_report { overall_health: UNKNOWN } } peers { permanent_uuid: "152aab5ee6c84605b14b99369d2b1aaa" member_type: VOTER last_known_addr { host: "127.23.9.131" port: 44473 } health_report { overall_health: UNKNOWN } } }
I20260608 09:48:45.530989 26787 consensus_queue.cc:1048] T f4ef9476c7c34c9bbc9630d95e644047 P 0eee138bec27437f8d33412229f2a1a0 [LEADER]: Connected to new peer: Peer: permanent_uuid: "1b16ca0805cf49c7b691b48b54e659d4" member_type: VOTER last_known_addr { host: "127.23.9.129" port: 33475 }, Status: LMP_MISMATCH, Last received: 0.0, Next index: 1, Last known committed idx: 0, Time since last communication: 0.000s
I20260608 09:48:45.541055 26734 raft_consensus.cc:3060] T f4ef9476c7c34c9bbc9630d95e644047 P 152aab5ee6c84605b14b99369d2b1aaa [term 0 FOLLOWER]: Advancing to term 1
I20260608 09:48:45.550565 26787 consensus_queue.cc:1048] T f4ef9476c7c34c9bbc9630d95e644047 P 0eee138bec27437f8d33412229f2a1a0 [LEADER]: Connected to new peer: Peer: permanent_uuid: "152aab5ee6c84605b14b99369d2b1aaa" member_type: VOTER last_known_addr { host: "127.23.9.131" port: 44473 }, Status: LMP_MISMATCH, Last received: 0.0, Next index: 1, Last known committed idx: 0, Time since last communication: 0.000s
I20260608 09:48:45.605602 26787 consensus_queue.cc:1048] T 50abf92f62ae41668e4dc1a16efcb96e P 0eee138bec27437f8d33412229f2a1a0 [LEADER]: Connected to new peer: Peer: permanent_uuid: "1b16ca0805cf49c7b691b48b54e659d4" member_type: VOTER last_known_addr { host: "127.23.9.129" port: 33475 }, Status: LMP_MISMATCH, Last received: 0.0, Next index: 1, Last known committed idx: 0, Time since last communication: 0.000s
I20260608 09:48:45.618733 26805 consensus_queue.cc:1048] T 50abf92f62ae41668e4dc1a16efcb96e P 0eee138bec27437f8d33412229f2a1a0 [LEADER]: Connected to new peer: Peer: permanent_uuid: "152aab5ee6c84605b14b99369d2b1aaa" member_type: VOTER last_known_addr { host: "127.23.9.131" port: 44473 }, Status: LMP_MISMATCH, Last received: 0.0, Next index: 1, Last known committed idx: 0, Time since last communication: 0.000s
I20260608 09:48:45.623451 23590 file_cache.cc:492] Constructed file cache file cache with capacity 419430
W20260608 09:48:45.635088 26848 instance_detector.cc:116] could not retrieve AWS instance metadata: Network error: curl error: HTTP response code said error: The requested URL returned error: 404
W20260608 09:48:45.637036 26849 instance_detector.cc:116] could not retrieve Azure instance metadata: Network error: curl error: HTTP response code said error: The requested URL returned error: 404
W20260608 09:48:45.644146 26851 instance_detector.cc:116] could not retrieve OpenStack instance metadata: Network error: curl error: HTTP response code said error: The requested URL returned error: 404
I20260608 09:48:45.644544 23590 server_base.cc:1061] running on GCE node
I20260608 09:48:45.645864 23590 hybrid_clock.cc:584] initializing the hybrid clock with 'system_unsync' time source
W20260608 09:48:45.646121 23590 system_unsync_time.cc:38] NTP support is disabled. Clock error bounds will not be accurate. This configuration is not suitable for distributed clusters.
I20260608 09:48:45.646354 23590 hybrid_clock.cc:648] HybridClock initialized: now 1780912125646338 us; error 0 us; skew 500 ppm
I20260608 09:48:45.647110 23590 server_base.cc:861] Flag tcmalloc_max_total_thread_cache_bytes is not working since tcmalloc is not enabled.
I20260608 09:48:45.650092 23590 webserver.cc:533] Webserver started at http://127.23.9.132:38449/ using document root <none> and password file <none>
I20260608 09:48:45.650662 23590 fs_manager.cc:362] Metadata directory not provided
I20260608 09:48:45.650880 23590 fs_manager.cc:368] Using write-ahead log directory (fs_wal_dir) as metadata directory
I20260608 09:48:45.651134 23590 server_base.cc:909] This appears to be a new deployment of Kudu; creating new FS layout
I20260608 09:48:45.652381 23590 fs_manager.cc:1068] Generated new instance metadata in path /tmp/dist-test-taskFkAuiL/test-tmp/auto_rebalancer-test.0.AutoRebalancerTest.RangeAwareRebalancesNewRangeReplicas.1780912033803074-23590-0/minicluster-data/ts-3-root/instance:
uuid: "9d74b37b5a9646baa43ca6c8d8d30936"
format_stamp: "Formatted at 2026-06-08 09:48:45 on dist-test-slave-s5fn"
I20260608 09:48:45.657203 23590 fs_manager.cc:696] Time spent creating directory manager: real 0.004s	user 0.000s	sys 0.006s
I20260608 09:48:45.660822 26856 log_block_manager.cc:4031] Time spent loading block containers with low live blocks: real 0.000s	user 0.000s	sys 0.000s
I20260608 09:48:45.661623 23590 fs_manager.cc:730] Time spent opening block manager: real 0.002s	user 0.002s	sys 0.000s
I20260608 09:48:45.661954 23590 fs_manager.cc:647] Opened local filesystem: /tmp/dist-test-taskFkAuiL/test-tmp/auto_rebalancer-test.0.AutoRebalancerTest.RangeAwareRebalancesNewRangeReplicas.1780912033803074-23590-0/minicluster-data/ts-3-root
uuid: "9d74b37b5a9646baa43ca6c8d8d30936"
format_stamp: "Formatted at 2026-06-08 09:48:45 on dist-test-slave-s5fn"
I20260608 09:48:45.662292 23590 fs_report.cc:389] FS layout report
--------------------
wal directory: /tmp/dist-test-taskFkAuiL/test-tmp/auto_rebalancer-test.0.AutoRebalancerTest.RangeAwareRebalancesNewRangeReplicas.1780912033803074-23590-0/minicluster-data/ts-3-root
metadata directory: /tmp/dist-test-taskFkAuiL/test-tmp/auto_rebalancer-test.0.AutoRebalancerTest.RangeAwareRebalancesNewRangeReplicas.1780912033803074-23590-0/minicluster-data/ts-3-root
1 data directories: /tmp/dist-test-taskFkAuiL/test-tmp/auto_rebalancer-test.0.AutoRebalancerTest.RangeAwareRebalancesNewRangeReplicas.1780912033803074-23590-0/minicluster-data/ts-3-root/data
Total live blocks: 0
Total live bytes: 0
Total live bytes (after alignment): 0
Total number of LBM containers: 0 (0 full)
Did not check for missing blocks
Did not check for orphaned blocks
Total full LBM containers with extra space: 0 (0 repaired)
Total full LBM container extra space in bytes: 0 (0 repaired)
Total incomplete LBM containers: 0 (0 repaired)
Total LBM partial records: 0 (0 repaired)
Total corrupted LBM metadata records in RocksDB: 0 (0 repaired)
I20260608 09:48:45.677829 23590 rpc_server.cc:225] running with OpenSSL 1.1.1  11 Sep 2018
I20260608 09:48:45.679352 23590 kserver.cc:163] Server-wide thread pool size limit: 3276
I20260608 09:48:45.680913 23590 txn_system_client.cc:432] TxnSystemClient initialization is disabled...
I20260608 09:48:45.683439 23590 ts_tablet_manager.cc:585] Loaded tablet metadata (0 total tablets, 0 live tablets)
I20260608 09:48:45.683682 23590 ts_tablet_manager.cc:531] Time spent load tablet metadata: real 0.000s	user 0.000s	sys 0.000s
I20260608 09:48:45.683950 23590 ts_tablet_manager.cc:616] Registered 0 tablets
I20260608 09:48:45.684147 23590 ts_tablet_manager.cc:595] Time spent register tablets: real 0.000s	user 0.000s	sys 0.000s
I20260608 09:48:45.726998 23590 rpc_server.cc:307] RPC server started. Bound to: 127.23.9.132:38553
I20260608 09:48:45.727133 26918 acceptor_pool.cc:272] collecting diagnostics on the listening RPC socket 127.23.9.132:38553 every 8 connection(s)
I20260608 09:48:45.734489 26482 catalog_manager.cc:3569] Servicing AlterTable request from {username='slave'} at 127.0.0.1:48344:
table { table_name: "range_aware_rebalance_new_range" } alter_schema_steps { type: ADD_RANGE_PARTITION add_range_partition { range_bounds { rows: "\006\001\n\000\000\000\007\001\024\000\000\000""\006\001\n\000\000\000\007\001\024\000\000\000" indirect_data: """" } } } schema { columns { name: "key" type: INT32 is_key: true is_nullable: false encoding: AUTO_ENCODING compression: DEFAULT_COMPRESSION cfile_block_size: 0 immutable: false } } modify_external_catalogs: true
I20260608 09:48:45.744107 26919 heartbeater.cc:344] Connected to a master server at 127.23.9.190:34547
I20260608 09:48:45.744581 26919 heartbeater.cc:461] Registering TS with master...
I20260608 09:48:45.745589 26919 heartbeater.cc:507] Master 127.23.9.190:34547 requested a full tablet report, sending...
I20260608 09:48:45.747709 26822 consensus_queue.cc:1048] T 503deef3f0dd47a390272a1eeb6a6b06 P 1b16ca0805cf49c7b691b48b54e659d4 [LEADER]: Connected to new peer: Peer: permanent_uuid: "152aab5ee6c84605b14b99369d2b1aaa" member_type: VOTER last_known_addr { host: "127.23.9.131" port: 44473 }, Status: LMP_MISMATCH, Last received: 0.0, Next index: 1, Last known committed idx: 0, Time since last communication: 0.000s
I20260608 09:48:45.748407 26483 ts_manager.cc:194] Registered new tserver with Master: 9d74b37b5a9646baa43ca6c8d8d30936 (127.23.9.132:38553)
I20260608 09:48:45.750161 26483 master_service.cc:502] Signed X509 certificate for tserver {username='slave'} at 127.0.0.1:48360
I20260608 09:48:45.761201 26820 consensus_queue.cc:1048] T 503deef3f0dd47a390272a1eeb6a6b06 P 1b16ca0805cf49c7b691b48b54e659d4 [LEADER]: Connected to new peer: Peer: permanent_uuid: "0eee138bec27437f8d33412229f2a1a0" member_type: VOTER last_known_addr { host: "127.23.9.130" port: 37187 }, Status: LMP_MISMATCH, Last received: 0.0, Next index: 1, Last known committed idx: 0, Time since last communication: 0.000s
W20260608 09:48:45.762907 26482 catalog_manager.cc:5956] Failed to send alter table request: Not found: failed to reset TS proxy: No leader found: Tablet d7ecf1cda16f498998e6ba0831c04b8c has no consensus state
W20260608 09:48:45.764601 26482 catalog_manager.cc:5956] Failed to send alter table request: Not found: failed to reset TS proxy: No leader found: Tablet 010712799426432e9affadccd45bb6ba has no consensus state
W20260608 09:48:45.766309 26482 catalog_manager.cc:5956] Failed to send alter table request: Not found: failed to reset TS proxy: No leader found: Tablet f8c15bfb6d6c43dea6dd5c824ddeabc4 has no consensus state
W20260608 09:48:45.767905 26482 catalog_manager.cc:5956] Failed to send alter table request: Not found: failed to reset TS proxy: No leader found: Tablet 62559f0ab0b14bc59224f121e0cf2bc5 has no consensus state
W20260608 09:48:45.770730 26482 catalog_manager.cc:5956] Failed to send alter table request: Not found: failed to reset TS proxy: No leader found: Tablet 48394710cd6b41de81918443a7cf0346 has no consensus state
W20260608 09:48:45.772398 26482 catalog_manager.cc:5956] Failed to send alter table request: Not found: failed to reset TS proxy: No leader found: Tablet a745b2af42cf451b9a6c67e5175096ec has no consensus state
W20260608 09:48:45.773980 26482 catalog_manager.cc:5956] Failed to send alter table request: Not found: failed to reset TS proxy: No leader found: Tablet be0cb980b339443680e3e920baef7898 has no consensus state
W20260608 09:48:45.775584 26482 catalog_manager.cc:5956] Failed to send alter table request: Not found: failed to reset TS proxy: No leader found: Tablet 793f6a4a33254bbc87970fcbf11f2d2f has no consensus state
W20260608 09:48:45.787406 26469 catalog_manager.cc:4809] Async tablet task AlterTable RPC for tablet 62559f0ab0b14bc59224f121e0cf2bc5 (table range_aware_rebalance_new_range [id=7c46fd8f45c7448e83ea9471f32524ff], current schema version=0) failed: Not found: failed to reset TS proxy: No leader found: Tablet 62559f0ab0b14bc59224f121e0cf2bc5 has no consensus state
I20260608 09:48:45.805408 26574 tablet_service.cc:1511] Processing CreateTablet for tablet d7ecf1cda16f498998e6ba0831c04b8c (DEFAULT_TABLE table=range_aware_rebalance_new_range [id=7c46fd8f45c7448e83ea9471f32524ff]), partition=HASH (key) PARTITION 0, RANGE (key) PARTITION 10 <= VALUES < 20
I20260608 09:48:45.806804 26574 data_dirs.cc:400] Could only allocate 1 dirs of requested 3 for tablet d7ecf1cda16f498998e6ba0831c04b8c. 1 dirs total, 0 dirs full, 0 dirs failed
I20260608 09:48:45.808212 26718 tablet_service.cc:1511] Processing CreateTablet for tablet 010712799426432e9affadccd45bb6ba (DEFAULT_TABLE table=range_aware_rebalance_new_range [id=7c46fd8f45c7448e83ea9471f32524ff]), partition=HASH (key) PARTITION 1, RANGE (key) PARTITION 10 <= VALUES < 20
I20260608 09:48:45.809687 26718 data_dirs.cc:400] Could only allocate 1 dirs of requested 3 for tablet 010712799426432e9affadccd45bb6ba. 1 dirs total, 0 dirs full, 0 dirs failed
I20260608 09:48:45.812562 26646 tablet_service.cc:1511] Processing CreateTablet for tablet d7ecf1cda16f498998e6ba0831c04b8c (DEFAULT_TABLE table=range_aware_rebalance_new_range [id=7c46fd8f45c7448e83ea9471f32524ff]), partition=HASH (key) PARTITION 0, RANGE (key) PARTITION 10 <= VALUES < 20
I20260608 09:48:45.814041 26646 data_dirs.cc:400] Could only allocate 1 dirs of requested 3 for tablet d7ecf1cda16f498998e6ba0831c04b8c. 1 dirs total, 0 dirs full, 0 dirs failed
I20260608 09:48:45.814472 26568 tablet_service.cc:1511] Processing CreateTablet for tablet 010712799426432e9affadccd45bb6ba (DEFAULT_TABLE table=range_aware_rebalance_new_range [id=7c46fd8f45c7448e83ea9471f32524ff]), partition=HASH (key) PARTITION 1, RANGE (key) PARTITION 10 <= VALUES < 20
I20260608 09:48:45.815363 26723 tablet_service.cc:1511] Processing CreateTablet for tablet f8c15bfb6d6c43dea6dd5c824ddeabc4 (DEFAULT_TABLE table=range_aware_rebalance_new_range [id=7c46fd8f45c7448e83ea9471f32524ff]), partition=HASH (key) PARTITION 2, RANGE (key) PARTITION 10 <= VALUES < 20
I20260608 09:48:45.816443 26568 data_dirs.cc:400] Could only allocate 1 dirs of requested 3 for tablet 010712799426432e9affadccd45bb6ba. 1 dirs total, 0 dirs full, 0 dirs failed
I20260608 09:48:45.816823 26723 data_dirs.cc:400] Could only allocate 1 dirs of requested 3 for tablet f8c15bfb6d6c43dea6dd5c824ddeabc4. 1 dirs total, 0 dirs full, 0 dirs failed
I20260608 09:48:45.819638 26649 tablet_service.cc:1511] Processing CreateTablet for tablet f8c15bfb6d6c43dea6dd5c824ddeabc4 (DEFAULT_TABLE table=range_aware_rebalance_new_range [id=7c46fd8f45c7448e83ea9471f32524ff]), partition=HASH (key) PARTITION 2, RANGE (key) PARTITION 10 <= VALUES < 20
I20260608 09:48:45.821025 26649 data_dirs.cc:400] Could only allocate 1 dirs of requested 3 for tablet f8c15bfb6d6c43dea6dd5c824ddeabc4. 1 dirs total, 0 dirs full, 0 dirs failed
I20260608 09:48:45.831779 26571 tablet_service.cc:1511] Processing CreateTablet for tablet 62559f0ab0b14bc59224f121e0cf2bc5 (DEFAULT_TABLE table=range_aware_rebalance_new_range [id=7c46fd8f45c7448e83ea9471f32524ff]), partition=HASH (key) PARTITION 3, RANGE (key) PARTITION 10 <= VALUES < 20
I20260608 09:48:45.833283 26571 data_dirs.cc:400] Could only allocate 1 dirs of requested 3 for tablet 62559f0ab0b14bc59224f121e0cf2bc5. 1 dirs total, 0 dirs full, 0 dirs failed
I20260608 09:48:45.837054 26881 tablet_service.cc:1511] Processing CreateTablet for tablet 62559f0ab0b14bc59224f121e0cf2bc5 (DEFAULT_TABLE table=range_aware_rebalance_new_range [id=7c46fd8f45c7448e83ea9471f32524ff]), partition=HASH (key) PARTITION 3, RANGE (key) PARTITION 10 <= VALUES < 20
I20260608 09:48:45.837292 26884 tablet_service.cc:1511] Processing CreateTablet for tablet d7ecf1cda16f498998e6ba0831c04b8c (DEFAULT_TABLE table=range_aware_rebalance_new_range [id=7c46fd8f45c7448e83ea9471f32524ff]), partition=HASH (key) PARTITION 0, RANGE (key) PARTITION 10 <= VALUES < 20
I20260608 09:48:45.838819 26881 data_dirs.cc:400] Could only allocate 1 dirs of requested 3 for tablet 62559f0ab0b14bc59224f121e0cf2bc5. 1 dirs total, 0 dirs full, 0 dirs failed
I20260608 09:48:45.838953 26719 tablet_service.cc:1511] Processing CreateTablet for tablet 48394710cd6b41de81918443a7cf0346 (DEFAULT_TABLE table=range_aware_rebalance_new_range [id=7c46fd8f45c7448e83ea9471f32524ff]), partition=HASH (key) PARTITION 4, RANGE (key) PARTITION 10 <= VALUES < 20
I20260608 09:48:45.839398 26883 tablet_service.cc:1511] Processing CreateTablet for tablet 010712799426432e9affadccd45bb6ba (DEFAULT_TABLE table=range_aware_rebalance_new_range [id=7c46fd8f45c7448e83ea9471f32524ff]), partition=HASH (key) PARTITION 1, RANGE (key) PARTITION 10 <= VALUES < 20
I20260608 09:48:45.840386 26719 data_dirs.cc:400] Could only allocate 1 dirs of requested 3 for tablet 48394710cd6b41de81918443a7cf0346. 1 dirs total, 0 dirs full, 0 dirs failed
I20260608 09:48:45.843014 26883 data_dirs.cc:400] Could only allocate 1 dirs of requested 3 for tablet 010712799426432e9affadccd45bb6ba. 1 dirs total, 0 dirs full, 0 dirs failed
I20260608 09:48:45.837175 26882 tablet_service.cc:1511] Processing CreateTablet for tablet f8c15bfb6d6c43dea6dd5c824ddeabc4 (DEFAULT_TABLE table=range_aware_rebalance_new_range [id=7c46fd8f45c7448e83ea9471f32524ff]), partition=HASH (key) PARTITION 2, RANGE (key) PARTITION 10 <= VALUES < 20
I20260608 09:48:45.846187 26783 tablet_bootstrap.cc:492] T d7ecf1cda16f498998e6ba0831c04b8c P 0eee138bec27437f8d33412229f2a1a0: Bootstrap starting.
I20260608 09:48:45.846546 26882 data_dirs.cc:400] Could only allocate 1 dirs of requested 3 for tablet f8c15bfb6d6c43dea6dd5c824ddeabc4. 1 dirs total, 0 dirs full, 0 dirs failed
I20260608 09:48:45.847187 26884 data_dirs.cc:400] Could only allocate 1 dirs of requested 3 for tablet d7ecf1cda16f498998e6ba0831c04b8c. 1 dirs total, 0 dirs full, 0 dirs failed
I20260608 09:48:45.852403 26643 tablet_service.cc:1511] Processing CreateTablet for tablet 62559f0ab0b14bc59224f121e0cf2bc5 (DEFAULT_TABLE table=range_aware_rebalance_new_range [id=7c46fd8f45c7448e83ea9471f32524ff]), partition=HASH (key) PARTITION 3, RANGE (key) PARTITION 10 <= VALUES < 20
I20260608 09:48:45.853801 26643 data_dirs.cc:400] Could only allocate 1 dirs of requested 3 for tablet 62559f0ab0b14bc59224f121e0cf2bc5. 1 dirs total, 0 dirs full, 0 dirs failed
I20260608 09:48:45.855621 26783 tablet_bootstrap.cc:654] T d7ecf1cda16f498998e6ba0831c04b8c P 0eee138bec27437f8d33412229f2a1a0: Neither blocks nor log segments found. Creating new log.
I20260608 09:48:45.856709 26818 consensus_queue.cc:1048] T 6981469b202348599e6370b60fe06fdb P 152aab5ee6c84605b14b99369d2b1aaa [LEADER]: Connected to new peer: Peer: permanent_uuid: "0eee138bec27437f8d33412229f2a1a0" member_type: VOTER last_known_addr { host: "127.23.9.130" port: 37187 }, Status: LMP_MISMATCH, Last received: 0.0, Next index: 1, Last known committed idx: 0, Time since last communication: 0.000s
I20260608 09:48:45.861274 26720 tablet_service.cc:1511] Processing CreateTablet for tablet a745b2af42cf451b9a6c67e5175096ec (DEFAULT_TABLE table=range_aware_rebalance_new_range [id=7c46fd8f45c7448e83ea9471f32524ff]), partition=HASH (key) PARTITION 5, RANGE (key) PARTITION 10 <= VALUES < 20
I20260608 09:48:45.862833 26720 data_dirs.cc:400] Could only allocate 1 dirs of requested 3 for tablet a745b2af42cf451b9a6c67e5175096ec. 1 dirs total, 0 dirs full, 0 dirs failed
I20260608 09:48:45.865085 26880 tablet_service.cc:1511] Processing CreateTablet for tablet 48394710cd6b41de81918443a7cf0346 (DEFAULT_TABLE table=range_aware_rebalance_new_range [id=7c46fd8f45c7448e83ea9471f32524ff]), partition=HASH (key) PARTITION 4, RANGE (key) PARTITION 10 <= VALUES < 20
I20260608 09:48:45.867419 26783 tablet_bootstrap.cc:492] T d7ecf1cda16f498998e6ba0831c04b8c P 0eee138bec27437f8d33412229f2a1a0: No bootstrap required, opened a new log
I20260608 09:48:45.868494 26783 ts_tablet_manager.cc:1403] T d7ecf1cda16f498998e6ba0831c04b8c P 0eee138bec27437f8d33412229f2a1a0: Time spent bootstrapping tablet: real 0.023s	user 0.012s	sys 0.002s
I20260608 09:48:45.868041 26573 tablet_service.cc:1511] Processing CreateTablet for tablet 48394710cd6b41de81918443a7cf0346 (DEFAULT_TABLE table=range_aware_rebalance_new_range [id=7c46fd8f45c7448e83ea9471f32524ff]), partition=HASH (key) PARTITION 4, RANGE (key) PARTITION 10 <= VALUES < 20
I20260608 09:48:45.869539 26573 data_dirs.cc:400] Could only allocate 1 dirs of requested 3 for tablet 48394710cd6b41de81918443a7cf0346. 1 dirs total, 0 dirs full, 0 dirs failed
I20260608 09:48:45.867507 26879 tablet_service.cc:1511] Processing CreateTablet for tablet a745b2af42cf451b9a6c67e5175096ec (DEFAULT_TABLE table=range_aware_rebalance_new_range [id=7c46fd8f45c7448e83ea9471f32524ff]), partition=HASH (key) PARTITION 5, RANGE (key) PARTITION 10 <= VALUES < 20
I20260608 09:48:45.876819 26879 data_dirs.cc:400] Could only allocate 1 dirs of requested 3 for tablet a745b2af42cf451b9a6c67e5175096ec. 1 dirs total, 0 dirs full, 0 dirs failed
I20260608 09:48:45.878779 26880 data_dirs.cc:400] Could only allocate 1 dirs of requested 3 for tablet 48394710cd6b41de81918443a7cf0346. 1 dirs total, 0 dirs full, 0 dirs failed
I20260608 09:48:45.884851 26783 raft_consensus.cc:359] T d7ecf1cda16f498998e6ba0831c04b8c P 0eee138bec27437f8d33412229f2a1a0 [term 0 FOLLOWER]: Replica starting. Triggering 0 pending ops. Active config: opid_index: -1 OBSOLETE_local: false peers { permanent_uuid: "9d74b37b5a9646baa43ca6c8d8d30936" member_type: VOTER last_known_addr { host: "127.23.9.132" port: 38553 } } peers { permanent_uuid: "1b16ca0805cf49c7b691b48b54e659d4" member_type: VOTER last_known_addr { host: "127.23.9.129" port: 33475 } } peers { permanent_uuid: "0eee138bec27437f8d33412229f2a1a0" member_type: VOTER last_known_addr { host: "127.23.9.130" port: 37187 } }
I20260608 09:48:45.885675 26783 raft_consensus.cc:385] T d7ecf1cda16f498998e6ba0831c04b8c P 0eee138bec27437f8d33412229f2a1a0 [term 0 FOLLOWER]: Consensus starting up: Expiring failure detector timer to make a prompt election more likely
I20260608 09:48:45.886016 26783 raft_consensus.cc:740] T d7ecf1cda16f498998e6ba0831c04b8c P 0eee138bec27437f8d33412229f2a1a0 [term 0 FOLLOWER]: Becoming Follower/Learner. State: Replica: 0eee138bec27437f8d33412229f2a1a0, State: Initialized, Role: FOLLOWER
I20260608 09:48:45.890523 26783 consensus_queue.cc:260] T d7ecf1cda16f498998e6ba0831c04b8c P 0eee138bec27437f8d33412229f2a1a0 [NON_LEADER]: Queue going to NON_LEADER mode. State: All replicated index: 0, Majority replicated index: 0, Committed index: 0, Last appended: 0.0, Last appended by leader: 0, Current term: 0, Majority size: -1, State: 0, Mode: NON_LEADER, active raft config: opid_index: -1 OBSOLETE_local: false peers { permanent_uuid: "9d74b37b5a9646baa43ca6c8d8d30936" member_type: VOTER last_known_addr { host: "127.23.9.132" port: 38553 } } peers { permanent_uuid: "1b16ca0805cf49c7b691b48b54e659d4" member_type: VOTER last_known_addr { host: "127.23.9.129" port: 33475 } } peers { permanent_uuid: "0eee138bec27437f8d33412229f2a1a0" member_type: VOTER last_known_addr { host: "127.23.9.130" port: 37187 } }
I20260608 09:48:45.908710 26783 ts_tablet_manager.cc:1434] T d7ecf1cda16f498998e6ba0831c04b8c P 0eee138bec27437f8d33412229f2a1a0: Time spent starting tablet: real 0.029s	user 0.007s	sys 0.000s
I20260608 09:48:45.897164 26818 consensus_queue.cc:1048] T 6981469b202348599e6370b60fe06fdb P 152aab5ee6c84605b14b99369d2b1aaa [LEADER]: Connected to new peer: Peer: permanent_uuid: "1b16ca0805cf49c7b691b48b54e659d4" member_type: VOTER last_known_addr { host: "127.23.9.129" port: 33475 }, Status: LMP_MISMATCH, Last received: 0.0, Next index: 1, Last known committed idx: 0, Time since last communication: 0.015s
I20260608 09:48:45.915820 26820 consensus_queue.cc:1048] T 97e18b4281434ce39fab783a2b5c0ccf P 1b16ca0805cf49c7b691b48b54e659d4 [LEADER]: Connected to new peer: Peer: permanent_uuid: "152aab5ee6c84605b14b99369d2b1aaa" member_type: VOTER last_known_addr { host: "127.23.9.131" port: 44473 }, Status: LMP_MISMATCH, Last received: 0.0, Next index: 1, Last known committed idx: 0, Time since last communication: 0.000s
I20260608 09:48:45.916749 26646 tablet_service.cc:1511] Processing CreateTablet for tablet a745b2af42cf451b9a6c67e5175096ec (DEFAULT_TABLE table=range_aware_rebalance_new_range [id=7c46fd8f45c7448e83ea9471f32524ff]), partition=HASH (key) PARTITION 5, RANGE (key) PARTITION 10 <= VALUES < 20
W20260608 09:48:45.918130 26531 auto_rebalancer.cc:259] Could not retrieve cluster info: Service unavailable: Tablet not running
I20260608 09:48:45.919242 26645 tablet_service.cc:1511] Processing CreateTablet for tablet be0cb980b339443680e3e920baef7898 (DEFAULT_TABLE table=range_aware_rebalance_new_range [id=7c46fd8f45c7448e83ea9471f32524ff]), partition=HASH (key) PARTITION 6, RANGE (key) PARTITION 10 <= VALUES < 20
I20260608 09:48:45.918180 26646 data_dirs.cc:400] Could only allocate 1 dirs of requested 3 for tablet a745b2af42cf451b9a6c67e5175096ec. 1 dirs total, 0 dirs full, 0 dirs failed
I20260608 09:48:45.934171 26645 data_dirs.cc:400] Could only allocate 1 dirs of requested 3 for tablet be0cb980b339443680e3e920baef7898. 1 dirs total, 0 dirs full, 0 dirs failed
I20260608 09:48:45.952467 26783 tablet_bootstrap.cc:492] T f8c15bfb6d6c43dea6dd5c824ddeabc4 P 0eee138bec27437f8d33412229f2a1a0: Bootstrap starting.
I20260608 09:48:45.961604 26877 tablet_service.cc:1511] Processing CreateTablet for tablet 793f6a4a33254bbc87970fcbf11f2d2f (DEFAULT_TABLE table=range_aware_rebalance_new_range [id=7c46fd8f45c7448e83ea9471f32524ff]), partition=HASH (key) PARTITION 7, RANGE (key) PARTITION 10 <= VALUES < 20
I20260608 09:48:45.959198 26719 tablet_service.cc:1511] Processing CreateTablet for tablet 793f6a4a33254bbc87970fcbf11f2d2f (DEFAULT_TABLE table=range_aware_rebalance_new_range [id=7c46fd8f45c7448e83ea9471f32524ff]), partition=HASH (key) PARTITION 7, RANGE (key) PARTITION 10 <= VALUES < 20
I20260608 09:48:45.967245 26719 data_dirs.cc:400] Could only allocate 1 dirs of requested 3 for tablet 793f6a4a33254bbc87970fcbf11f2d2f. 1 dirs total, 0 dirs full, 0 dirs failed
I20260608 09:48:45.965545 26787 raft_consensus.cc:493] T d7ecf1cda16f498998e6ba0831c04b8c P 0eee138bec27437f8d33412229f2a1a0 [term 0 FOLLOWER]: Starting pre-election (no leader contacted us within the election timeout)
I20260608 09:48:45.971886 26878 tablet_service.cc:1511] Processing CreateTablet for tablet be0cb980b339443680e3e920baef7898 (DEFAULT_TABLE table=range_aware_rebalance_new_range [id=7c46fd8f45c7448e83ea9471f32524ff]), partition=HASH (key) PARTITION 6, RANGE (key) PARTITION 10 <= VALUES < 20
I20260608 09:48:45.976143 26877 data_dirs.cc:400] Could only allocate 1 dirs of requested 3 for tablet 793f6a4a33254bbc87970fcbf11f2d2f. 1 dirs total, 0 dirs full, 0 dirs failed
I20260608 09:48:45.970983 26787 raft_consensus.cc:515] T d7ecf1cda16f498998e6ba0831c04b8c P 0eee138bec27437f8d33412229f2a1a0 [term 0 FOLLOWER]: Starting pre-election with config: opid_index: -1 OBSOLETE_local: false peers { permanent_uuid: "9d74b37b5a9646baa43ca6c8d8d30936" member_type: VOTER last_known_addr { host: "127.23.9.132" port: 38553 } } peers { permanent_uuid: "1b16ca0805cf49c7b691b48b54e659d4" member_type: VOTER last_known_addr { host: "127.23.9.129" port: 33475 } } peers { permanent_uuid: "0eee138bec27437f8d33412229f2a1a0" member_type: VOTER last_known_addr { host: "127.23.9.130" port: 37187 } }
I20260608 09:48:45.980396 26878 data_dirs.cc:400] Could only allocate 1 dirs of requested 3 for tablet be0cb980b339443680e3e920baef7898. 1 dirs total, 0 dirs full, 0 dirs failed
I20260608 09:48:45.981642 26933 tablet_bootstrap.cc:492] T 010712799426432e9affadccd45bb6ba P 1b16ca0805cf49c7b691b48b54e659d4: Bootstrap starting.
I20260608 09:48:45.986532 26787 leader_election.cc:290] T d7ecf1cda16f498998e6ba0831c04b8c P 0eee138bec27437f8d33412229f2a1a0 [CANDIDATE]: Term 1 pre-election: Requested pre-vote from peers 9d74b37b5a9646baa43ca6c8d8d30936 (127.23.9.132:38553), 1b16ca0805cf49c7b691b48b54e659d4 (127.23.9.129:33475)
W20260608 09:48:45.988204 26625 leader_election.cc:343] T d7ecf1cda16f498998e6ba0831c04b8c P 0eee138bec27437f8d33412229f2a1a0 [CANDIDATE]: Term 1 pre-election: Tablet error from VoteRequest() call to peer 1b16ca0805cf49c7b691b48b54e659d4 (127.23.9.129:33475): Not found: Tablet not found: d7ecf1cda16f498998e6ba0831c04b8c
I20260608 09:48:45.985750 26928 tablet_bootstrap.cc:492] T f8c15bfb6d6c43dea6dd5c824ddeabc4 P 152aab5ee6c84605b14b99369d2b1aaa: Bootstrap starting.
I20260608 09:48:45.987636 26568 tablet_service.cc:1511] Processing CreateTablet for tablet be0cb980b339443680e3e920baef7898 (DEFAULT_TABLE table=range_aware_rebalance_new_range [id=7c46fd8f45c7448e83ea9471f32524ff]), partition=HASH (key) PARTITION 6, RANGE (key) PARTITION 10 <= VALUES < 20
I20260608 09:48:45.992071 26568 data_dirs.cc:400] Could only allocate 1 dirs of requested 3 for tablet be0cb980b339443680e3e920baef7898. 1 dirs total, 0 dirs full, 0 dirs failed
I20260608 09:48:46.010736 26805 consensus_queue.cc:1048] T 176ec6e88fc049d98c9991df09e8af7c P 0eee138bec27437f8d33412229f2a1a0 [LEADER]: Connected to new peer: Peer: permanent_uuid: "152aab5ee6c84605b14b99369d2b1aaa" member_type: VOTER last_known_addr { host: "127.23.9.131" port: 44473 }, Status: LMP_MISMATCH, Last received: 0.0, Next index: 1, Last known committed idx: 0, Time since last communication: 0.005s
I20260608 09:48:46.015110 26934 tablet_bootstrap.cc:492] T 62559f0ab0b14bc59224f121e0cf2bc5 P 9d74b37b5a9646baa43ca6c8d8d30936: Bootstrap starting.
I20260608 09:48:46.019639 26805 consensus_queue.cc:1048] T bf979fe00112494b93b42184ff49c27f P 0eee138bec27437f8d33412229f2a1a0 [LEADER]: Connected to new peer: Peer: permanent_uuid: "152aab5ee6c84605b14b99369d2b1aaa" member_type: VOTER last_known_addr { host: "127.23.9.131" port: 44473 }, Status: LMP_MISMATCH, Last received: 0.0, Next index: 1, Last known committed idx: 0, Time since last communication: 0.001s
I20260608 09:48:46.024631 26573 tablet_service.cc:1511] Processing CreateTablet for tablet 793f6a4a33254bbc87970fcbf11f2d2f (DEFAULT_TABLE table=range_aware_rebalance_new_range [id=7c46fd8f45c7448e83ea9471f32524ff]), partition=HASH (key) PARTITION 7, RANGE (key) PARTITION 10 <= VALUES < 20
I20260608 09:48:46.028496 26573 data_dirs.cc:400] Could only allocate 1 dirs of requested 3 for tablet 793f6a4a33254bbc87970fcbf11f2d2f. 1 dirs total, 0 dirs full, 0 dirs failed
I20260608 09:48:46.029565 26805 consensus_queue.cc:1048] T 176ec6e88fc049d98c9991df09e8af7c P 0eee138bec27437f8d33412229f2a1a0 [LEADER]: Connected to new peer: Peer: permanent_uuid: "1b16ca0805cf49c7b691b48b54e659d4" member_type: VOTER last_known_addr { host: "127.23.9.129" port: 33475 }, Status: LMP_MISMATCH, Last received: 0.0, Next index: 1, Last known committed idx: 0, Time since last communication: 0.017s
I20260608 09:48:46.066875 26924 consensus_queue.cc:1048] T 97e18b4281434ce39fab783a2b5c0ccf P 1b16ca0805cf49c7b691b48b54e659d4 [LEADER]: Connected to new peer: Peer: permanent_uuid: "0eee138bec27437f8d33412229f2a1a0" member_type: VOTER last_known_addr { host: "127.23.9.130" port: 37187 }, Status: LMP_MISMATCH, Last received: 0.0, Next index: 1, Last known committed idx: 0, Time since last communication: 0.009s
I20260608 09:48:46.096338 26787 consensus_queue.cc:1048] T bf979fe00112494b93b42184ff49c27f P 0eee138bec27437f8d33412229f2a1a0 [LEADER]: Connected to new peer: Peer: permanent_uuid: "1b16ca0805cf49c7b691b48b54e659d4" member_type: VOTER last_known_addr { host: "127.23.9.129" port: 33475 }, Status: LMP_MISMATCH, Last received: 0.0, Next index: 1, Last known committed idx: 0, Time since last communication: 0.005s
I20260608 09:48:46.131455 26783 tablet_bootstrap.cc:654] T f8c15bfb6d6c43dea6dd5c824ddeabc4 P 0eee138bec27437f8d33412229f2a1a0: Neither blocks nor log segments found. Creating new log.
I20260608 09:48:46.141449 26894 tablet_service.cc:1917] Received RequestConsensusVote() RPC: tablet_id: "d7ecf1cda16f498998e6ba0831c04b8c" candidate_uuid: "0eee138bec27437f8d33412229f2a1a0" candidate_term: 1 candidate_status { last_received { term: 0 index: 0 } } ignore_live_leader: false dest_uuid: "9d74b37b5a9646baa43ca6c8d8d30936" is_pre_election: true
W20260608 09:48:46.148411 26623 leader_election.cc:343] T d7ecf1cda16f498998e6ba0831c04b8c P 0eee138bec27437f8d33412229f2a1a0 [CANDIDATE]: Term 1 pre-election: Tablet error from VoteRequest() call to peer 9d74b37b5a9646baa43ca6c8d8d30936 (127.23.9.132:38553): Illegal state: must be running to vote when last-logged opid is not known
I20260608 09:48:46.150179 26623 leader_election.cc:304] T d7ecf1cda16f498998e6ba0831c04b8c P 0eee138bec27437f8d33412229f2a1a0 [CANDIDATE]: Term 1 pre-election: Election decided. Result: candidate lost. Election summary: received 3 responses out of 3 voters: 1 yes votes; 2 no votes. yes voters: 0eee138bec27437f8d33412229f2a1a0; no voters: 1b16ca0805cf49c7b691b48b54e659d4, 9d74b37b5a9646baa43ca6c8d8d30936
I20260608 09:48:46.153458 26806 raft_consensus.cc:2749] T d7ecf1cda16f498998e6ba0831c04b8c P 0eee138bec27437f8d33412229f2a1a0 [term 0 FOLLOWER]: Leader pre-election lost for term 1. Reason: could not achieve majority
I20260608 09:48:46.159065 26934 tablet_bootstrap.cc:654] T 62559f0ab0b14bc59224f121e0cf2bc5 P 9d74b37b5a9646baa43ca6c8d8d30936: Neither blocks nor log segments found. Creating new log.
I20260608 09:48:46.168668 26933 tablet_bootstrap.cc:654] T 010712799426432e9affadccd45bb6ba P 1b16ca0805cf49c7b691b48b54e659d4: Neither blocks nor log segments found. Creating new log.
I20260608 09:48:46.182878 26928 tablet_bootstrap.cc:654] T f8c15bfb6d6c43dea6dd5c824ddeabc4 P 152aab5ee6c84605b14b99369d2b1aaa: Neither blocks nor log segments found. Creating new log.
I20260608 09:48:46.205456 26934 tablet_bootstrap.cc:492] T 62559f0ab0b14bc59224f121e0cf2bc5 P 9d74b37b5a9646baa43ca6c8d8d30936: No bootstrap required, opened a new log
I20260608 09:48:46.206000 26934 ts_tablet_manager.cc:1403] T 62559f0ab0b14bc59224f121e0cf2bc5 P 9d74b37b5a9646baa43ca6c8d8d30936: Time spent bootstrapping tablet: real 0.228s	user 0.018s	sys 0.000s
I20260608 09:48:46.209277 26934 raft_consensus.cc:359] T 62559f0ab0b14bc59224f121e0cf2bc5 P 9d74b37b5a9646baa43ca6c8d8d30936 [term 0 FOLLOWER]: Replica starting. Triggering 0 pending ops. Active config: opid_index: -1 OBSOLETE_local: false peers { permanent_uuid: "1b16ca0805cf49c7b691b48b54e659d4" member_type: VOTER last_known_addr { host: "127.23.9.129" port: 33475 } } peers { permanent_uuid: "9d74b37b5a9646baa43ca6c8d8d30936" member_type: VOTER last_known_addr { host: "127.23.9.132" port: 38553 } } peers { permanent_uuid: "0eee138bec27437f8d33412229f2a1a0" member_type: VOTER last_known_addr { host: "127.23.9.130" port: 37187 } }
I20260608 09:48:46.212007 26934 raft_consensus.cc:385] T 62559f0ab0b14bc59224f121e0cf2bc5 P 9d74b37b5a9646baa43ca6c8d8d30936 [term 0 FOLLOWER]: Consensus starting up: Expiring failure detector timer to make a prompt election more likely
I20260608 09:48:46.212335 26934 raft_consensus.cc:740] T 62559f0ab0b14bc59224f121e0cf2bc5 P 9d74b37b5a9646baa43ca6c8d8d30936 [term 0 FOLLOWER]: Becoming Follower/Learner. State: Replica: 9d74b37b5a9646baa43ca6c8d8d30936, State: Initialized, Role: FOLLOWER
I20260608 09:48:46.212466 26783 tablet_bootstrap.cc:492] T f8c15bfb6d6c43dea6dd5c824ddeabc4 P 0eee138bec27437f8d33412229f2a1a0: No bootstrap required, opened a new log
I20260608 09:48:46.213249 26783 ts_tablet_manager.cc:1403] T f8c15bfb6d6c43dea6dd5c824ddeabc4 P 0eee138bec27437f8d33412229f2a1a0: Time spent bootstrapping tablet: real 0.261s	user 0.018s	sys 0.003s
I20260608 09:48:46.213132 26934 consensus_queue.cc:260] T 62559f0ab0b14bc59224f121e0cf2bc5 P 9d74b37b5a9646baa43ca6c8d8d30936 [NON_LEADER]: Queue going to NON_LEADER mode. State: All replicated index: 0, Majority replicated index: 0, Committed index: 0, Last appended: 0.0, Last appended by leader: 0, Current term: 0, Majority size: -1, State: 0, Mode: NON_LEADER, active raft config: opid_index: -1 OBSOLETE_local: false peers { permanent_uuid: "1b16ca0805cf49c7b691b48b54e659d4" member_type: VOTER last_known_addr { host: "127.23.9.129" port: 33475 } } peers { permanent_uuid: "9d74b37b5a9646baa43ca6c8d8d30936" member_type: VOTER last_known_addr { host: "127.23.9.132" port: 38553 } } peers { permanent_uuid: "0eee138bec27437f8d33412229f2a1a0" member_type: VOTER last_known_addr { host: "127.23.9.130" port: 37187 } }
I20260608 09:48:46.216682 26783 raft_consensus.cc:359] T f8c15bfb6d6c43dea6dd5c824ddeabc4 P 0eee138bec27437f8d33412229f2a1a0 [term 0 FOLLOWER]: Replica starting. Triggering 0 pending ops. Active config: opid_index: -1 OBSOLETE_local: false peers { permanent_uuid: "9d74b37b5a9646baa43ca6c8d8d30936" member_type: VOTER last_known_addr { host: "127.23.9.132" port: 38553 } } peers { permanent_uuid: "0eee138bec27437f8d33412229f2a1a0" member_type: VOTER last_known_addr { host: "127.23.9.130" port: 37187 } } peers { permanent_uuid: "152aab5ee6c84605b14b99369d2b1aaa" member_type: VOTER last_known_addr { host: "127.23.9.131" port: 44473 } }
I20260608 09:48:46.217785 26783 raft_consensus.cc:385] T f8c15bfb6d6c43dea6dd5c824ddeabc4 P 0eee138bec27437f8d33412229f2a1a0 [term 0 FOLLOWER]: Consensus starting up: Expiring failure detector timer to make a prompt election more likely
I20260608 09:48:46.218158 26783 raft_consensus.cc:740] T f8c15bfb6d6c43dea6dd5c824ddeabc4 P 0eee138bec27437f8d33412229f2a1a0 [term 0 FOLLOWER]: Becoming Follower/Learner. State: Replica: 0eee138bec27437f8d33412229f2a1a0, State: Initialized, Role: FOLLOWER
I20260608 09:48:46.219122 26783 consensus_queue.cc:260] T f8c15bfb6d6c43dea6dd5c824ddeabc4 P 0eee138bec27437f8d33412229f2a1a0 [NON_LEADER]: Queue going to NON_LEADER mode. State: All replicated index: 0, Majority replicated index: 0, Committed index: 0, Last appended: 0.0, Last appended by leader: 0, Current term: 0, Majority size: -1, State: 0, Mode: NON_LEADER, active raft config: opid_index: -1 OBSOLETE_local: false peers { permanent_uuid: "9d74b37b5a9646baa43ca6c8d8d30936" member_type: VOTER last_known_addr { host: "127.23.9.132" port: 38553 } } peers { permanent_uuid: "0eee138bec27437f8d33412229f2a1a0" member_type: VOTER last_known_addr { host: "127.23.9.130" port: 37187 } } peers { permanent_uuid: "152aab5ee6c84605b14b99369d2b1aaa" member_type: VOTER last_known_addr { host: "127.23.9.131" port: 44473 } }
I20260608 09:48:46.226945 26919 heartbeater.cc:499] Master 127.23.9.190:34547 was elected leader, sending a full tablet report...
I20260608 09:48:46.227468 26934 ts_tablet_manager.cc:1434] T 62559f0ab0b14bc59224f121e0cf2bc5 P 9d74b37b5a9646baa43ca6c8d8d30936: Time spent starting tablet: real 0.021s	user 0.009s	sys 0.000s
I20260608 09:48:46.228199 26783 ts_tablet_manager.cc:1434] T f8c15bfb6d6c43dea6dd5c824ddeabc4 P 0eee138bec27437f8d33412229f2a1a0: Time spent starting tablet: real 0.014s	user 0.007s	sys 0.000s
I20260608 09:48:46.228487 26934 tablet_bootstrap.cc:492] T f8c15bfb6d6c43dea6dd5c824ddeabc4 P 9d74b37b5a9646baa43ca6c8d8d30936: Bootstrap starting.
I20260608 09:48:46.229915 26783 tablet_bootstrap.cc:492] T 62559f0ab0b14bc59224f121e0cf2bc5 P 0eee138bec27437f8d33412229f2a1a0: Bootstrap starting.
I20260608 09:48:46.241813 26934 tablet_bootstrap.cc:654] T f8c15bfb6d6c43dea6dd5c824ddeabc4 P 9d74b37b5a9646baa43ca6c8d8d30936: Neither blocks nor log segments found. Creating new log.
I20260608 09:48:46.260361 26928 tablet_bootstrap.cc:492] T f8c15bfb6d6c43dea6dd5c824ddeabc4 P 152aab5ee6c84605b14b99369d2b1aaa: No bootstrap required, opened a new log
I20260608 09:48:46.260931 26928 ts_tablet_manager.cc:1403] T f8c15bfb6d6c43dea6dd5c824ddeabc4 P 152aab5ee6c84605b14b99369d2b1aaa: Time spent bootstrapping tablet: real 0.364s	user 0.030s	sys 0.005s
I20260608 09:48:46.261538 26933 tablet_bootstrap.cc:492] T 010712799426432e9affadccd45bb6ba P 1b16ca0805cf49c7b691b48b54e659d4: No bootstrap required, opened a new log
I20260608 09:48:46.262094 26933 ts_tablet_manager.cc:1403] T 010712799426432e9affadccd45bb6ba P 1b16ca0805cf49c7b691b48b54e659d4: Time spent bootstrapping tablet: real 0.318s	user 0.033s	sys 0.023s
I20260608 09:48:46.264812 26928 raft_consensus.cc:359] T f8c15bfb6d6c43dea6dd5c824ddeabc4 P 152aab5ee6c84605b14b99369d2b1aaa [term 0 FOLLOWER]: Replica starting. Triggering 0 pending ops. Active config: opid_index: -1 OBSOLETE_local: false peers { permanent_uuid: "9d74b37b5a9646baa43ca6c8d8d30936" member_type: VOTER last_known_addr { host: "127.23.9.132" port: 38553 } } peers { permanent_uuid: "0eee138bec27437f8d33412229f2a1a0" member_type: VOTER last_known_addr { host: "127.23.9.130" port: 37187 } } peers { permanent_uuid: "152aab5ee6c84605b14b99369d2b1aaa" member_type: VOTER last_known_addr { host: "127.23.9.131" port: 44473 } }
I20260608 09:48:46.265678 26928 raft_consensus.cc:385] T f8c15bfb6d6c43dea6dd5c824ddeabc4 P 152aab5ee6c84605b14b99369d2b1aaa [term 0 FOLLOWER]: Consensus starting up: Expiring failure detector timer to make a prompt election more likely
I20260608 09:48:46.266094 26928 raft_consensus.cc:740] T f8c15bfb6d6c43dea6dd5c824ddeabc4 P 152aab5ee6c84605b14b99369d2b1aaa [term 0 FOLLOWER]: Becoming Follower/Learner. State: Replica: 152aab5ee6c84605b14b99369d2b1aaa, State: Initialized, Role: FOLLOWER
I20260608 09:48:46.265401 26933 raft_consensus.cc:359] T 010712799426432e9affadccd45bb6ba P 1b16ca0805cf49c7b691b48b54e659d4 [term 0 FOLLOWER]: Replica starting. Triggering 0 pending ops. Active config: opid_index: -1 OBSOLETE_local: false peers { permanent_uuid: "152aab5ee6c84605b14b99369d2b1aaa" member_type: VOTER last_known_addr { host: "127.23.9.131" port: 44473 } } peers { permanent_uuid: "9d74b37b5a9646baa43ca6c8d8d30936" member_type: VOTER last_known_addr { host: "127.23.9.132" port: 38553 } } peers { permanent_uuid: "1b16ca0805cf49c7b691b48b54e659d4" member_type: VOTER last_known_addr { host: "127.23.9.129" port: 33475 } }
I20260608 09:48:46.266968 26928 consensus_queue.cc:260] T f8c15bfb6d6c43dea6dd5c824ddeabc4 P 152aab5ee6c84605b14b99369d2b1aaa [NON_LEADER]: Queue going to NON_LEADER mode. State: All replicated index: 0, Majority replicated index: 0, Committed index: 0, Last appended: 0.0, Last appended by leader: 0, Current term: 0, Majority size: -1, State: 0, Mode: NON_LEADER, active raft config: opid_index: -1 OBSOLETE_local: false peers { permanent_uuid: "9d74b37b5a9646baa43ca6c8d8d30936" member_type: VOTER last_known_addr { host: "127.23.9.132" port: 38553 } } peers { permanent_uuid: "0eee138bec27437f8d33412229f2a1a0" member_type: VOTER last_known_addr { host: "127.23.9.130" port: 37187 } } peers { permanent_uuid: "152aab5ee6c84605b14b99369d2b1aaa" member_type: VOTER last_known_addr { host: "127.23.9.131" port: 44473 } }
I20260608 09:48:46.267407 26933 raft_consensus.cc:385] T 010712799426432e9affadccd45bb6ba P 1b16ca0805cf49c7b691b48b54e659d4 [term 0 FOLLOWER]: Consensus starting up: Expiring failure detector timer to make a prompt election more likely
I20260608 09:48:46.267720 26783 tablet_bootstrap.cc:654] T 62559f0ab0b14bc59224f121e0cf2bc5 P 0eee138bec27437f8d33412229f2a1a0: Neither blocks nor log segments found. Creating new log.
I20260608 09:48:46.267887 26933 raft_consensus.cc:740] T 010712799426432e9affadccd45bb6ba P 1b16ca0805cf49c7b691b48b54e659d4 [term 0 FOLLOWER]: Becoming Follower/Learner. State: Replica: 1b16ca0805cf49c7b691b48b54e659d4, State: Initialized, Role: FOLLOWER
I20260608 09:48:46.270465 26933 consensus_queue.cc:260] T 010712799426432e9affadccd45bb6ba P 1b16ca0805cf49c7b691b48b54e659d4 [NON_LEADER]: Queue going to NON_LEADER mode. State: All replicated index: 0, Majority replicated index: 0, Committed index: 0, Last appended: 0.0, Last appended by leader: 0, Current term: 0, Majority size: -1, State: 0, Mode: NON_LEADER, active raft config: opid_index: -1 OBSOLETE_local: false peers { permanent_uuid: "152aab5ee6c84605b14b99369d2b1aaa" member_type: VOTER last_known_addr { host: "127.23.9.131" port: 44473 } } peers { permanent_uuid: "9d74b37b5a9646baa43ca6c8d8d30936" member_type: VOTER last_known_addr { host: "127.23.9.132" port: 38553 } } peers { permanent_uuid: "1b16ca0805cf49c7b691b48b54e659d4" member_type: VOTER last_known_addr { host: "127.23.9.129" port: 33475 } }
I20260608 09:48:46.273200 26933 ts_tablet_manager.cc:1434] T 010712799426432e9affadccd45bb6ba P 1b16ca0805cf49c7b691b48b54e659d4: Time spent starting tablet: real 0.011s	user 0.006s	sys 0.000s
I20260608 09:48:46.274214 26933 tablet_bootstrap.cc:492] T 48394710cd6b41de81918443a7cf0346 P 1b16ca0805cf49c7b691b48b54e659d4: Bootstrap starting.
I20260608 09:48:46.274807 26928 ts_tablet_manager.cc:1434] T f8c15bfb6d6c43dea6dd5c824ddeabc4 P 152aab5ee6c84605b14b99369d2b1aaa: Time spent starting tablet: real 0.014s	user 0.010s	sys 0.000s
I20260608 09:48:46.276198 26928 tablet_bootstrap.cc:492] T 010712799426432e9affadccd45bb6ba P 152aab5ee6c84605b14b99369d2b1aaa: Bootstrap starting.
I20260608 09:48:46.278391 26934 tablet_bootstrap.cc:492] T f8c15bfb6d6c43dea6dd5c824ddeabc4 P 9d74b37b5a9646baa43ca6c8d8d30936: No bootstrap required, opened a new log
I20260608 09:48:46.279034 26934 ts_tablet_manager.cc:1403] T f8c15bfb6d6c43dea6dd5c824ddeabc4 P 9d74b37b5a9646baa43ca6c8d8d30936: Time spent bootstrapping tablet: real 0.051s	user 0.019s	sys 0.000s
I20260608 09:48:46.280966 26933 tablet_bootstrap.cc:654] T 48394710cd6b41de81918443a7cf0346 P 1b16ca0805cf49c7b691b48b54e659d4: Neither blocks nor log segments found. Creating new log.
