I20260608 09:54:10.752065 32717 raft_consensus.cc:697] T 6c79e38065ee42e6a4fb9b1368f42c88 P 192c4b33f1dd47f3ae510eb51c933e32 [term 1 LEADER]: Becoming Leader. State: Replica: 192c4b33f1dd47f3ae510eb51c933e32, State: Running, Role: LEADER
I20260608 09:54:10.752017 32482 leader_election.cc:304] T 895a9a47d5bd458cb6bb6d9168b1392c P 7bd4cd95b13544c2a7075f4ad6d7af24 [CANDIDATE]: Term 1 election: Election decided. Result: candidate won. Election summary: received 2 responses out of 3 voters: 2 yes votes; 0 no votes. yes voters: 192c4b33f1dd47f3ae510eb51c933e32, 7bd4cd95b13544c2a7075f4ad6d7af24; no voters: 
I20260608 09:54:10.746956 32712 tablet_bootstrap.cc:492] T 2e2b429fe3264118b6fc35173b69a5d2 P 7bd4cd95b13544c2a7075f4ad6d7af24: No bootstrap required, opened a new log
I20260608 09:54:10.733383 32711 consensus_queue.cc:260] T b2689afd47c2423f978018563898ca1b P 192c4b33f1dd47f3ae510eb51c933e32 [NON_LEADER]: Queue going to NON_LEADER mode. State: All replicated index: 0, Majority replicated index: 0, Committed index: 0, Last appended: 0.0, Last appended by leader: 0, Current term: 0, Majority size: -1, State: 0, Mode: NON_LEADER, active raft config: opid_index: -1 OBSOLETE_local: false peers { permanent_uuid: "7bd4cd95b13544c2a7075f4ad6d7af24" member_type: VOTER last_known_addr { host: "127.27.102.129" port: 44925 } } peers { permanent_uuid: "192c4b33f1dd47f3ae510eb51c933e32" member_type: VOTER last_known_addr { host: "127.27.102.130" port: 43713 } } peers { permanent_uuid: "9e919c61e22046c78c27c6e968de1ab2" member_type: VOTER last_known_addr { host: "127.27.102.131" port: 46379 } }
I20260608 09:54:10.755934 32717 consensus_queue.cc:237] T 6c79e38065ee42e6a4fb9b1368f42c88 P 192c4b33f1dd47f3ae510eb51c933e32 [LEADER]: Queue going to LEADER mode. State: All replicated index: 0, Majority replicated index: 0, Committed index: 0, Last appended: 0.0, Last appended by leader: 0, Current term: 1, Majority size: 2, State: 0, Mode: LEADER, active raft config: opid_index: -1 OBSOLETE_local: false peers { permanent_uuid: "7bd4cd95b13544c2a7075f4ad6d7af24" member_type: VOTER last_known_addr { host: "127.27.102.129" port: 44925 } } peers { permanent_uuid: "192c4b33f1dd47f3ae510eb51c933e32" member_type: VOTER last_known_addr { host: "127.27.102.130" port: 43713 } } peers { permanent_uuid: "9e919c61e22046c78c27c6e968de1ab2" member_type: VOTER last_known_addr { host: "127.27.102.131" port: 46379 } }
I20260608 09:54:10.757212 32591 raft_consensus.cc:2468] T b2689afd47c2423f978018563898ca1b P 192c4b33f1dd47f3ae510eb51c933e32 [term 0 FOLLOWER]: Leader pre-election vote request: Granting yes vote for candidate 9e919c61e22046c78c27c6e968de1ab2 in term 0.
I20260608 09:54:10.758409 32711 ts_tablet_manager.cc:1434] T b2689afd47c2423f978018563898ca1b P 192c4b33f1dd47f3ae510eb51c933e32: Time spent starting tablet: real 0.079s	user 0.006s	sys 0.000s
I20260608 09:54:10.759493 32711 tablet_bootstrap.cc:492] T 2e2b429fe3264118b6fc35173b69a5d2 P 192c4b33f1dd47f3ae510eb51c933e32: Bootstrap starting.
I20260608 09:54:10.759861 32665 tablet_service.cc:1917] Received RequestConsensusVote() RPC: tablet_id: "895a9a47d5bd458cb6bb6d9168b1392c" candidate_uuid: "7bd4cd95b13544c2a7075f4ad6d7af24" candidate_term: 1 candidate_status { last_received { term: 0 index: 0 } } ignore_live_leader: false dest_uuid: "9e919c61e22046c78c27c6e968de1ab2"
I20260608 09:54:10.760284 32664 raft_consensus.cc:2468] T 6c79e38065ee42e6a4fb9b1368f42c88 P 9e919c61e22046c78c27c6e968de1ab2 [term 1 FOLLOWER]: Leader election vote request: Granting yes vote for candidate 192c4b33f1dd47f3ae510eb51c933e32 in term 1.
I20260608 09:54:10.753304 32713 tablet_bootstrap.cc:492] T 895a9a47d5bd458cb6bb6d9168b1392c P 9e919c61e22046c78c27c6e968de1ab2: Bootstrap starting.
I20260608 09:54:10.758109 32721 raft_consensus.cc:515] T 7ba2823d4e90456d890e811b63c54ab8 P 9e919c61e22046c78c27c6e968de1ab2 [term 1 FOLLOWER]: Starting leader election with config: opid_index: -1 OBSOLETE_local: false peers { permanent_uuid: "7bd4cd95b13544c2a7075f4ad6d7af24" member_type: VOTER last_known_addr { host: "127.27.102.129" port: 44925 } } peers { permanent_uuid: "192c4b33f1dd47f3ae510eb51c933e32" member_type: VOTER last_known_addr { host: "127.27.102.130" port: 43713 } } peers { permanent_uuid: "9e919c61e22046c78c27c6e968de1ab2" member_type: VOTER last_known_addr { host: "127.27.102.131" port: 46379 } }
I20260608 09:54:10.761319 32750 raft_consensus.cc:2804] T 895a9a47d5bd458cb6bb6d9168b1392c P 7bd4cd95b13544c2a7075f4ad6d7af24 [term 1 FOLLOWER]: Leader election won for term 1
I20260608 09:54:10.761937 32750 raft_consensus.cc:697] T 895a9a47d5bd458cb6bb6d9168b1392c P 7bd4cd95b13544c2a7075f4ad6d7af24 [term 1 LEADER]: Becoming Leader. State: Replica: 7bd4cd95b13544c2a7075f4ad6d7af24, State: Running, Role: LEADER
I20260608 09:54:10.755565 32755 leader_election.cc:290] T 895a9a47d5bd458cb6bb6d9168b1392c P 7bd4cd95b13544c2a7075f4ad6d7af24 [CANDIDATE]: Term 1 election: Requested vote from peers 192c4b33f1dd47f3ae510eb51c933e32 (127.27.102.130:43713), 9e919c61e22046c78c27c6e968de1ab2 (127.27.102.131:46379)
I20260608 09:54:10.763859 32712 ts_tablet_manager.cc:1403] T 2e2b429fe3264118b6fc35173b69a5d2 P 7bd4cd95b13544c2a7075f4ad6d7af24: Time spent bootstrapping tablet: real 0.050s	user 0.014s	sys 0.002s
I20260608 09:54:10.764019 32721 leader_election.cc:290] T 7ba2823d4e90456d890e811b63c54ab8 P 9e919c61e22046c78c27c6e968de1ab2 [CANDIDATE]: Term 1 election: Requested vote from peers 7bd4cd95b13544c2a7075f4ad6d7af24 (127.27.102.129:44925), 192c4b33f1dd47f3ae510eb51c933e32 (127.27.102.130:43713)
W20260608 09:54:10.764634 32480 leader_election.cc:343] T 895a9a47d5bd458cb6bb6d9168b1392c P 7bd4cd95b13544c2a7075f4ad6d7af24 [CANDIDATE]: Term 1 election: Tablet error from VoteRequest() call to peer 9e919c61e22046c78c27c6e968de1ab2 (127.27.102.131:46379): Illegal state: must be running to vote when last-logged opid is not known
I20260608 09:54:10.767145 32631 leader_election.cc:304] T b2689afd47c2423f978018563898ca1b P 9e919c61e22046c78c27c6e968de1ab2 [CANDIDATE]: Term 1 pre-election: Election decided. Result: candidate won. Election summary: received 3 responses out of 3 voters: 2 yes votes; 1 no votes. yes voters: 192c4b33f1dd47f3ae510eb51c933e32, 9e919c61e22046c78c27c6e968de1ab2; no voters: 7bd4cd95b13544c2a7075f4ad6d7af24
I20260608 09:54:10.768595 32721 raft_consensus.cc:2764] T b2689afd47c2423f978018563898ca1b P 9e919c61e22046c78c27c6e968de1ab2 [term 1 FOLLOWER]: Leader pre-election decision vote started in defunct term 0: won
I20260608 09:54:10.769122 32591 tablet_service.cc:1917] Received RequestConsensusVote() RPC: tablet_id: "7ba2823d4e90456d890e811b63c54ab8" candidate_uuid: "9e919c61e22046c78c27c6e968de1ab2" candidate_term: 1 candidate_status { last_received { term: 0 index: 0 } } ignore_live_leader: false dest_uuid: "192c4b33f1dd47f3ae510eb51c933e32"
I20260608 09:54:10.769773 32713 tablet_bootstrap.cc:654] T 895a9a47d5bd458cb6bb6d9168b1392c P 9e919c61e22046c78c27c6e968de1ab2: Neither blocks nor log segments found. Creating new log.
I20260608 09:54:10.769909 32591 raft_consensus.cc:3060] T 7ba2823d4e90456d890e811b63c54ab8 P 192c4b33f1dd47f3ae510eb51c933e32 [term 0 FOLLOWER]: Advancing to term 1
I20260608 09:54:10.762970 32750 consensus_queue.cc:237] T 895a9a47d5bd458cb6bb6d9168b1392c P 7bd4cd95b13544c2a7075f4ad6d7af24 [LEADER]: Queue going to LEADER mode. State: All replicated index: 0, Majority replicated index: 0, Committed index: 0, Last appended: 0.0, Last appended by leader: 0, Current term: 1, Majority size: 2, State: 0, Mode: LEADER, active raft config: opid_index: -1 OBSOLETE_local: false peers { permanent_uuid: "7bd4cd95b13544c2a7075f4ad6d7af24" member_type: VOTER last_known_addr { host: "127.27.102.129" port: 44925 } } peers { permanent_uuid: "192c4b33f1dd47f3ae510eb51c933e32" member_type: VOTER last_known_addr { host: "127.27.102.130" port: 43713 } } peers { permanent_uuid: "9e919c61e22046c78c27c6e968de1ab2" member_type: VOTER last_known_addr { host: "127.27.102.131" port: 46379 } }
I20260608 09:54:10.773492 32712 raft_consensus.cc:359] T 2e2b429fe3264118b6fc35173b69a5d2 P 7bd4cd95b13544c2a7075f4ad6d7af24 [term 0 FOLLOWER]: Replica starting. Triggering 0 pending ops. Active config: opid_index: -1 OBSOLETE_local: false peers { permanent_uuid: "7bd4cd95b13544c2a7075f4ad6d7af24" member_type: VOTER last_known_addr { host: "127.27.102.129" port: 44925 } } peers { permanent_uuid: "192c4b33f1dd47f3ae510eb51c933e32" member_type: VOTER last_known_addr { host: "127.27.102.130" port: 43713 } } peers { permanent_uuid: "9e919c61e22046c78c27c6e968de1ab2" member_type: VOTER last_known_addr { host: "127.27.102.131" port: 46379 } }
I20260608 09:54:10.774232 32712 raft_consensus.cc:385] T 2e2b429fe3264118b6fc35173b69a5d2 P 7bd4cd95b13544c2a7075f4ad6d7af24 [term 0 FOLLOWER]: Consensus starting up: Expiring failure detector timer to make a prompt election more likely
I20260608 09:54:10.774709 32712 raft_consensus.cc:740] T 2e2b429fe3264118b6fc35173b69a5d2 P 7bd4cd95b13544c2a7075f4ad6d7af24 [term 0 FOLLOWER]: Becoming Follower/Learner. State: Replica: 7bd4cd95b13544c2a7075f4ad6d7af24, State: Initialized, Role: FOLLOWER
I20260608 09:54:10.762986 32517 tablet_service.cc:1917] Received RequestConsensusVote() RPC: tablet_id: "7ba2823d4e90456d890e811b63c54ab8" candidate_uuid: "9e919c61e22046c78c27c6e968de1ab2" candidate_term: 1 candidate_status { last_received { term: 0 index: 0 } } ignore_live_leader: false dest_uuid: "7bd4cd95b13544c2a7075f4ad6d7af24"
I20260608 09:54:10.786211 32591 raft_consensus.cc:2468] T 7ba2823d4e90456d890e811b63c54ab8 P 192c4b33f1dd47f3ae510eb51c933e32 [term 1 FOLLOWER]: Leader election vote request: Granting yes vote for candidate 9e919c61e22046c78c27c6e968de1ab2 in term 1.
I20260608 09:54:10.786725 32711 tablet_bootstrap.cc:654] T 2e2b429fe3264118b6fc35173b69a5d2 P 192c4b33f1dd47f3ae510eb51c933e32: Neither blocks nor log segments found. Creating new log.
I20260608 09:54:10.787552 32712 consensus_queue.cc:260] T 2e2b429fe3264118b6fc35173b69a5d2 P 7bd4cd95b13544c2a7075f4ad6d7af24 [NON_LEADER]: Queue going to NON_LEADER mode. State: All replicated index: 0, Majority replicated index: 0, Committed index: 0, Last appended: 0.0, Last appended by leader: 0, Current term: 0, Majority size: -1, State: 0, Mode: NON_LEADER, active raft config: opid_index: -1 OBSOLETE_local: false peers { permanent_uuid: "7bd4cd95b13544c2a7075f4ad6d7af24" member_type: VOTER last_known_addr { host: "127.27.102.129" port: 44925 } } peers { permanent_uuid: "192c4b33f1dd47f3ae510eb51c933e32" member_type: VOTER last_known_addr { host: "127.27.102.130" port: 43713 } } peers { permanent_uuid: "9e919c61e22046c78c27c6e968de1ab2" member_type: VOTER last_known_addr { host: "127.27.102.131" port: 46379 } }
W20260608 09:54:10.791317 32630 leader_election.cc:343] T 7ba2823d4e90456d890e811b63c54ab8 P 9e919c61e22046c78c27c6e968de1ab2 [CANDIDATE]: Term 1 election: Tablet error from VoteRequest() call to peer 7bd4cd95b13544c2a7075f4ad6d7af24 (127.27.102.129:44925): Illegal state: must be running to vote when last-logged opid is not known
I20260608 09:54:10.798631 32631 leader_election.cc:304] T 7ba2823d4e90456d890e811b63c54ab8 P 9e919c61e22046c78c27c6e968de1ab2 [CANDIDATE]: Term 1 election: Election decided. Result: candidate won. Election summary: received 3 responses out of 3 voters: 2 yes votes; 1 no votes. yes voters: 192c4b33f1dd47f3ae510eb51c933e32, 9e919c61e22046c78c27c6e968de1ab2; no voters: 7bd4cd95b13544c2a7075f4ad6d7af24
I20260608 09:54:10.802925 32721 raft_consensus.cc:2804] T 7ba2823d4e90456d890e811b63c54ab8 P 9e919c61e22046c78c27c6e968de1ab2 [term 1 FOLLOWER]: Leader election won for term 1
I20260608 09:54:10.803469 32721 raft_consensus.cc:697] T 7ba2823d4e90456d890e811b63c54ab8 P 9e919c61e22046c78c27c6e968de1ab2 [term 1 LEADER]: Becoming Leader. State: Replica: 9e919c61e22046c78c27c6e968de1ab2, State: Running, Role: LEADER
I20260608 09:54:10.805208 32712 ts_tablet_manager.cc:1434] T 2e2b429fe3264118b6fc35173b69a5d2 P 7bd4cd95b13544c2a7075f4ad6d7af24: Time spent starting tablet: real 0.041s	user 0.006s	sys 0.001s
I20260608 09:54:10.808701 32712 tablet_bootstrap.cc:492] T f96004569355429db1c9dcb4693aa0f2 P 7bd4cd95b13544c2a7075f4ad6d7af24: Bootstrap starting.
I20260608 09:54:10.804327 32721 consensus_queue.cc:237] T 7ba2823d4e90456d890e811b63c54ab8 P 9e919c61e22046c78c27c6e968de1ab2 [LEADER]: Queue going to LEADER mode. State: All replicated index: 0, Majority replicated index: 0, Committed index: 0, Last appended: 0.0, Last appended by leader: 0, Current term: 1, Majority size: 2, State: 0, Mode: LEADER, active raft config: opid_index: -1 OBSOLETE_local: false peers { permanent_uuid: "7bd4cd95b13544c2a7075f4ad6d7af24" member_type: VOTER last_known_addr { host: "127.27.102.129" port: 44925 } } peers { permanent_uuid: "192c4b33f1dd47f3ae510eb51c933e32" member_type: VOTER last_known_addr { host: "127.27.102.130" port: 43713 } } peers { permanent_uuid: "9e919c61e22046c78c27c6e968de1ab2" member_type: VOTER last_known_addr { host: "127.27.102.131" port: 46379 } }
I20260608 09:54:10.807265 32751 raft_consensus.cc:493] T 2c72a8c1c2af414d86090abb1dc108c1 P 9e919c61e22046c78c27c6e968de1ab2 [term 0 FOLLOWER]: Starting pre-election (no leader contacted us within the election timeout)
I20260608 09:54:10.810079 32751 raft_consensus.cc:515] T 2c72a8c1c2af414d86090abb1dc108c1 P 9e919c61e22046c78c27c6e968de1ab2 [term 0 FOLLOWER]: Starting pre-election with config: opid_index: -1 OBSOLETE_local: false peers { permanent_uuid: "7bd4cd95b13544c2a7075f4ad6d7af24" member_type: VOTER last_known_addr { host: "127.27.102.129" port: 44925 } } peers { permanent_uuid: "192c4b33f1dd47f3ae510eb51c933e32" member_type: VOTER last_known_addr { host: "127.27.102.130" port: 43713 } } peers { permanent_uuid: "9e919c61e22046c78c27c6e968de1ab2" member_type: VOTER last_known_addr { host: "127.27.102.131" port: 46379 } }
I20260608 09:54:10.814153 32517 tablet_service.cc:1917] Received RequestConsensusVote() RPC: tablet_id: "2c72a8c1c2af414d86090abb1dc108c1" candidate_uuid: "9e919c61e22046c78c27c6e968de1ab2" candidate_term: 1 candidate_status { last_received { term: 0 index: 0 } } ignore_live_leader: false dest_uuid: "7bd4cd95b13544c2a7075f4ad6d7af24" is_pre_election: true
I20260608 09:54:10.814958 32517 raft_consensus.cc:2468] T 2c72a8c1c2af414d86090abb1dc108c1 P 7bd4cd95b13544c2a7075f4ad6d7af24 [term 0 FOLLOWER]: Leader pre-election vote request: Granting yes vote for candidate 9e919c61e22046c78c27c6e968de1ab2 in term 0.
I20260608 09:54:10.816727 32630 leader_election.cc:304] T 2c72a8c1c2af414d86090abb1dc108c1 P 9e919c61e22046c78c27c6e968de1ab2 [CANDIDATE]: Term 1 pre-election: Election decided. Result: candidate won. Election summary: received 2 responses out of 3 voters: 2 yes votes; 0 no votes. yes voters: 7bd4cd95b13544c2a7075f4ad6d7af24, 9e919c61e22046c78c27c6e968de1ab2; no voters: 
I20260608 09:54:10.817911 32749 raft_consensus.cc:2804] T 2c72a8c1c2af414d86090abb1dc108c1 P 9e919c61e22046c78c27c6e968de1ab2 [term 0 FOLLOWER]: Leader pre-election won for term 1
I20260608 09:54:10.818385 32749 raft_consensus.cc:493] T 2c72a8c1c2af414d86090abb1dc108c1 P 9e919c61e22046c78c27c6e968de1ab2 [term 0 FOLLOWER]: Starting leader election (no leader contacted us within the election timeout)
I20260608 09:54:10.818835 32749 raft_consensus.cc:3060] T 2c72a8c1c2af414d86090abb1dc108c1 P 9e919c61e22046c78c27c6e968de1ab2 [term 0 FOLLOWER]: Advancing to term 1
I20260608 09:54:10.825006 32712 tablet_bootstrap.cc:654] T f96004569355429db1c9dcb4693aa0f2 P 7bd4cd95b13544c2a7075f4ad6d7af24: Neither blocks nor log segments found. Creating new log.
I20260608 09:54:10.827134 32751 leader_election.cc:290] T 2c72a8c1c2af414d86090abb1dc108c1 P 9e919c61e22046c78c27c6e968de1ab2 [CANDIDATE]: Term 1 pre-election: Requested pre-vote from peers 7bd4cd95b13544c2a7075f4ad6d7af24 (127.27.102.129:44925), 192c4b33f1dd47f3ae510eb51c933e32 (127.27.102.130:43713)
I20260608 09:54:10.827361 32591 tablet_service.cc:1917] Received RequestConsensusVote() RPC: tablet_id: "2c72a8c1c2af414d86090abb1dc108c1" candidate_uuid: "9e919c61e22046c78c27c6e968de1ab2" candidate_term: 1 candidate_status { last_received { term: 0 index: 0 } } ignore_live_leader: false dest_uuid: "192c4b33f1dd47f3ae510eb51c933e32" is_pre_election: true
I20260608 09:54:10.828060 32591 raft_consensus.cc:2468] T 2c72a8c1c2af414d86090abb1dc108c1 P 192c4b33f1dd47f3ae510eb51c933e32 [term 0 FOLLOWER]: Leader pre-election vote request: Granting yes vote for candidate 9e919c61e22046c78c27c6e968de1ab2 in term 0.
I20260608 09:54:10.828845 32762 raft_consensus.cc:493] T 2e2b429fe3264118b6fc35173b69a5d2 P 7bd4cd95b13544c2a7075f4ad6d7af24 [term 0 FOLLOWER]: Starting pre-election (no leader contacted us within the election timeout)
I20260608 09:54:10.829483 32762 raft_consensus.cc:515] T 2e2b429fe3264118b6fc35173b69a5d2 P 7bd4cd95b13544c2a7075f4ad6d7af24 [term 0 FOLLOWER]: Starting pre-election with config: opid_index: -1 OBSOLETE_local: false peers { permanent_uuid: "7bd4cd95b13544c2a7075f4ad6d7af24" member_type: VOTER last_known_addr { host: "127.27.102.129" port: 44925 } } peers { permanent_uuid: "192c4b33f1dd47f3ae510eb51c933e32" member_type: VOTER last_known_addr { host: "127.27.102.130" port: 43713 } } peers { permanent_uuid: "9e919c61e22046c78c27c6e968de1ab2" member_type: VOTER last_known_addr { host: "127.27.102.131" port: 46379 } }
I20260608 09:54:10.832998 32591 tablet_service.cc:1917] Received RequestConsensusVote() RPC: tablet_id: "2e2b429fe3264118b6fc35173b69a5d2" candidate_uuid: "7bd4cd95b13544c2a7075f4ad6d7af24" candidate_term: 1 candidate_status { last_received { term: 0 index: 0 } } ignore_live_leader: false dest_uuid: "192c4b33f1dd47f3ae510eb51c933e32" is_pre_election: true
I20260608 09:54:10.833052 32762 leader_election.cc:290] T 2e2b429fe3264118b6fc35173b69a5d2 P 7bd4cd95b13544c2a7075f4ad6d7af24 [CANDIDATE]: Term 1 pre-election: Requested pre-vote from peers 192c4b33f1dd47f3ae510eb51c933e32 (127.27.102.130:43713), 9e919c61e22046c78c27c6e968de1ab2 (127.27.102.131:46379)
W20260608 09:54:10.834877 32482 leader_election.cc:343] T 2e2b429fe3264118b6fc35173b69a5d2 P 7bd4cd95b13544c2a7075f4ad6d7af24 [CANDIDATE]: Term 1 pre-election: Tablet error from VoteRequest() call to peer 192c4b33f1dd47f3ae510eb51c933e32 (127.27.102.130:43713): Illegal state: must be running to vote when last-logged opid is not known
I20260608 09:54:10.834990 32664 tablet_service.cc:1917] Received RequestConsensusVote() RPC: tablet_id: "2e2b429fe3264118b6fc35173b69a5d2" candidate_uuid: "7bd4cd95b13544c2a7075f4ad6d7af24" candidate_term: 1 candidate_status { last_received { term: 0 index: 0 } } ignore_live_leader: false dest_uuid: "9e919c61e22046c78c27c6e968de1ab2" is_pre_election: true
I20260608 09:54:10.835705 32664 raft_consensus.cc:2468] T 2e2b429fe3264118b6fc35173b69a5d2 P 9e919c61e22046c78c27c6e968de1ab2 [term 0 FOLLOWER]: Leader pre-election vote request: Granting yes vote for candidate 7bd4cd95b13544c2a7075f4ad6d7af24 in term 0.
I20260608 09:54:10.837299 32480 leader_election.cc:304] T 2e2b429fe3264118b6fc35173b69a5d2 P 7bd4cd95b13544c2a7075f4ad6d7af24 [CANDIDATE]: Term 1 pre-election: Election decided. Result: candidate won. Election summary: received 3 responses out of 3 voters: 2 yes votes; 1 no votes. yes voters: 7bd4cd95b13544c2a7075f4ad6d7af24, 9e919c61e22046c78c27c6e968de1ab2; no voters: 192c4b33f1dd47f3ae510eb51c933e32
I20260608 09:54:10.838675 32762 raft_consensus.cc:2804] T 2e2b429fe3264118b6fc35173b69a5d2 P 7bd4cd95b13544c2a7075f4ad6d7af24 [term 0 FOLLOWER]: Leader pre-election won for term 1
I20260608 09:54:10.839038 32762 raft_consensus.cc:493] T 2e2b429fe3264118b6fc35173b69a5d2 P 7bd4cd95b13544c2a7075f4ad6d7af24 [term 0 FOLLOWER]: Starting leader election (no leader contacted us within the election timeout)
I20260608 09:54:10.839447 32762 raft_consensus.cc:3060] T 2e2b429fe3264118b6fc35173b69a5d2 P 7bd4cd95b13544c2a7075f4ad6d7af24 [term 0 FOLLOWER]: Advancing to term 1
I20260608 09:54:10.833400 32412 catalog_manager.cc:5696] T 7ba2823d4e90456d890e811b63c54ab8 P 9e919c61e22046c78c27c6e968de1ab2 reported cstate change: term changed from 0 to 1, leader changed from <none> to 9e919c61e22046c78c27c6e968de1ab2 (127.27.102.131). New cstate: current_term: 1 leader_uuid: "9e919c61e22046c78c27c6e968de1ab2" committed_config { opid_index: -1 OBSOLETE_local: false peers { permanent_uuid: "7bd4cd95b13544c2a7075f4ad6d7af24" member_type: VOTER last_known_addr { host: "127.27.102.129" port: 44925 } health_report { overall_health: UNKNOWN } } peers { permanent_uuid: "192c4b33f1dd47f3ae510eb51c933e32" member_type: VOTER last_known_addr { host: "127.27.102.130" port: 43713 } health_report { overall_health: UNKNOWN } } peers { permanent_uuid: "9e919c61e22046c78c27c6e968de1ab2" member_type: VOTER last_known_addr { host: "127.27.102.131" port: 46379 } health_report { overall_health: HEALTHY } } }
I20260608 09:54:10.844801 32711 tablet_bootstrap.cc:492] T 2e2b429fe3264118b6fc35173b69a5d2 P 192c4b33f1dd47f3ae510eb51c933e32: No bootstrap required, opened a new log
I20260608 09:54:10.845273 32711 ts_tablet_manager.cc:1403] T 2e2b429fe3264118b6fc35173b69a5d2 P 192c4b33f1dd47f3ae510eb51c933e32: Time spent bootstrapping tablet: real 0.086s	user 0.023s	sys 0.024s
I20260608 09:54:10.845676 32749 raft_consensus.cc:515] T 2c72a8c1c2af414d86090abb1dc108c1 P 9e919c61e22046c78c27c6e968de1ab2 [term 1 FOLLOWER]: Starting leader election with config: opid_index: -1 OBSOLETE_local: false peers { permanent_uuid: "7bd4cd95b13544c2a7075f4ad6d7af24" member_type: VOTER last_known_addr { host: "127.27.102.129" port: 44925 } } peers { permanent_uuid: "192c4b33f1dd47f3ae510eb51c933e32" member_type: VOTER last_known_addr { host: "127.27.102.130" port: 43713 } } peers { permanent_uuid: "9e919c61e22046c78c27c6e968de1ab2" member_type: VOTER last_known_addr { host: "127.27.102.131" port: 46379 } }
I20260608 09:54:10.850872 32762 raft_consensus.cc:515] T 2e2b429fe3264118b6fc35173b69a5d2 P 7bd4cd95b13544c2a7075f4ad6d7af24 [term 1 FOLLOWER]: Starting leader election with config: opid_index: -1 OBSOLETE_local: false peers { permanent_uuid: "7bd4cd95b13544c2a7075f4ad6d7af24" member_type: VOTER last_known_addr { host: "127.27.102.129" port: 44925 } } peers { permanent_uuid: "192c4b33f1dd47f3ae510eb51c933e32" member_type: VOTER last_known_addr { host: "127.27.102.130" port: 43713 } } peers { permanent_uuid: "9e919c61e22046c78c27c6e968de1ab2" member_type: VOTER last_known_addr { host: "127.27.102.131" port: 46379 } }
I20260608 09:54:10.847239 32713 tablet_bootstrap.cc:492] T 895a9a47d5bd458cb6bb6d9168b1392c P 9e919c61e22046c78c27c6e968de1ab2: No bootstrap required, opened a new log
I20260608 09:54:10.848188 32711 raft_consensus.cc:359] T 2e2b429fe3264118b6fc35173b69a5d2 P 192c4b33f1dd47f3ae510eb51c933e32 [term 0 FOLLOWER]: Replica starting. Triggering 0 pending ops. Active config: opid_index: -1 OBSOLETE_local: false peers { permanent_uuid: "7bd4cd95b13544c2a7075f4ad6d7af24" member_type: VOTER last_known_addr { host: "127.27.102.129" port: 44925 } } peers { permanent_uuid: "192c4b33f1dd47f3ae510eb51c933e32" member_type: VOTER last_known_addr { host: "127.27.102.130" port: 43713 } } peers { permanent_uuid: "9e919c61e22046c78c27c6e968de1ab2" member_type: VOTER last_known_addr { host: "127.27.102.131" port: 46379 } }
I20260608 09:54:10.851908 32713 ts_tablet_manager.cc:1403] T 895a9a47d5bd458cb6bb6d9168b1392c P 9e919c61e22046c78c27c6e968de1ab2: Time spent bootstrapping tablet: real 0.099s	user 0.016s	sys 0.020s
I20260608 09:54:10.852169 32711 raft_consensus.cc:385] T 2e2b429fe3264118b6fc35173b69a5d2 P 192c4b33f1dd47f3ae510eb51c933e32 [term 0 FOLLOWER]: Consensus starting up: Expiring failure detector timer to make a prompt election more likely
I20260608 09:54:10.852488 32711 raft_consensus.cc:740] T 2e2b429fe3264118b6fc35173b69a5d2 P 192c4b33f1dd47f3ae510eb51c933e32 [term 0 FOLLOWER]: Becoming Follower/Learner. State: Replica: 192c4b33f1dd47f3ae510eb51c933e32, State: Initialized, Role: FOLLOWER
I20260608 09:54:10.852985 32762 leader_election.cc:290] T 2e2b429fe3264118b6fc35173b69a5d2 P 7bd4cd95b13544c2a7075f4ad6d7af24 [CANDIDATE]: Term 1 election: Requested vote from peers 192c4b33f1dd47f3ae510eb51c933e32 (127.27.102.130:43713), 9e919c61e22046c78c27c6e968de1ab2 (127.27.102.131:46379)
I20260608 09:54:10.854535 32517 tablet_service.cc:1917] Received RequestConsensusVote() RPC: tablet_id: "2c72a8c1c2af414d86090abb1dc108c1" candidate_uuid: "9e919c61e22046c78c27c6e968de1ab2" candidate_term: 1 candidate_status { last_received { term: 0 index: 0 } } ignore_live_leader: false dest_uuid: "7bd4cd95b13544c2a7075f4ad6d7af24"
I20260608 09:54:10.855095 32517 raft_consensus.cc:3060] T 2c72a8c1c2af414d86090abb1dc108c1 P 7bd4cd95b13544c2a7075f4ad6d7af24 [term 0 FOLLOWER]: Advancing to term 1
I20260608 09:54:10.855618 32664 tablet_service.cc:1917] Received RequestConsensusVote() RPC: tablet_id: "2e2b429fe3264118b6fc35173b69a5d2" candidate_uuid: "7bd4cd95b13544c2a7075f4ad6d7af24" candidate_term: 1 candidate_status { last_received { term: 0 index: 0 } } ignore_live_leader: false dest_uuid: "9e919c61e22046c78c27c6e968de1ab2"
I20260608 09:54:10.856210 32664 raft_consensus.cc:3060] T 2e2b429fe3264118b6fc35173b69a5d2 P 9e919c61e22046c78c27c6e968de1ab2 [term 0 FOLLOWER]: Advancing to term 1
I20260608 09:54:10.857730 32413 catalog_manager.cc:5696] T f96004569355429db1c9dcb4693aa0f2 P 192c4b33f1dd47f3ae510eb51c933e32 reported cstate change: term changed from 0 to 1, leader changed from <none> to 192c4b33f1dd47f3ae510eb51c933e32 (127.27.102.130). New cstate: current_term: 1 leader_uuid: "192c4b33f1dd47f3ae510eb51c933e32" committed_config { opid_index: -1 OBSOLETE_local: false peers { permanent_uuid: "7bd4cd95b13544c2a7075f4ad6d7af24" member_type: VOTER last_known_addr { host: "127.27.102.129" port: 44925 } health_report { overall_health: UNKNOWN } } peers { permanent_uuid: "192c4b33f1dd47f3ae510eb51c933e32" member_type: VOTER last_known_addr { host: "127.27.102.130" port: 43713 } health_report { overall_health: HEALTHY } } peers { permanent_uuid: "9e919c61e22046c78c27c6e968de1ab2" member_type: VOTER last_known_addr { host: "127.27.102.131" port: 46379 } health_report { overall_health: UNKNOWN } } }
I20260608 09:54:10.858963 32591 tablet_service.cc:1917] Received RequestConsensusVote() RPC: tablet_id: "2e2b429fe3264118b6fc35173b69a5d2" candidate_uuid: "7bd4cd95b13544c2a7075f4ad6d7af24" candidate_term: 1 candidate_status { last_received { term: 0 index: 0 } } ignore_live_leader: false dest_uuid: "192c4b33f1dd47f3ae510eb51c933e32"
I20260608 09:54:10.860073 32413 catalog_manager.cc:5696] T 6c79e38065ee42e6a4fb9b1368f42c88 P 192c4b33f1dd47f3ae510eb51c933e32 reported cstate change: term changed from 0 to 1, leader changed from <none> to 192c4b33f1dd47f3ae510eb51c933e32 (127.27.102.130). New cstate: current_term: 1 leader_uuid: "192c4b33f1dd47f3ae510eb51c933e32" committed_config { opid_index: -1 OBSOLETE_local: false peers { permanent_uuid: "7bd4cd95b13544c2a7075f4ad6d7af24" member_type: VOTER last_known_addr { host: "127.27.102.129" port: 44925 } health_report { overall_health: UNKNOWN } } peers { permanent_uuid: "192c4b33f1dd47f3ae510eb51c933e32" member_type: VOTER last_known_addr { host: "127.27.102.130" port: 43713 } health_report { overall_health: HEALTHY } } peers { permanent_uuid: "9e919c61e22046c78c27c6e968de1ab2" member_type: VOTER last_known_addr { host: "127.27.102.131" port: 46379 } health_report { overall_health: UNKNOWN } } }
I20260608 09:54:10.862460 32517 raft_consensus.cc:2468] T 2c72a8c1c2af414d86090abb1dc108c1 P 7bd4cd95b13544c2a7075f4ad6d7af24 [term 1 FOLLOWER]: Leader election vote request: Granting yes vote for candidate 9e919c61e22046c78c27c6e968de1ab2 in term 1.
I20260608 09:54:10.863593 32712 tablet_bootstrap.cc:492] T f96004569355429db1c9dcb4693aa0f2 P 7bd4cd95b13544c2a7075f4ad6d7af24: No bootstrap required, opened a new log
I20260608 09:54:10.863734 32630 leader_election.cc:304] T 2c72a8c1c2af414d86090abb1dc108c1 P 9e919c61e22046c78c27c6e968de1ab2 [CANDIDATE]: Term 1 election: Election decided. Result: candidate won. Election summary: received 2 responses out of 3 voters: 2 yes votes; 0 no votes. yes voters: 7bd4cd95b13544c2a7075f4ad6d7af24, 9e919c61e22046c78c27c6e968de1ab2; no voters: 
I20260608 09:54:10.864144 32712 ts_tablet_manager.cc:1403] T f96004569355429db1c9dcb4693aa0f2 P 7bd4cd95b13544c2a7075f4ad6d7af24: Time spent bootstrapping tablet: real 0.056s	user 0.009s	sys 0.004s
I20260608 09:54:10.864596 32721 raft_consensus.cc:2804] T 2c72a8c1c2af414d86090abb1dc108c1 P 9e919c61e22046c78c27c6e968de1ab2 [term 1 FOLLOWER]: Leader election won for term 1
I20260608 09:54:10.865145 32749 leader_election.cc:290] T 2c72a8c1c2af414d86090abb1dc108c1 P 9e919c61e22046c78c27c6e968de1ab2 [CANDIDATE]: Term 1 election: Requested vote from peers 7bd4cd95b13544c2a7075f4ad6d7af24 (127.27.102.129:44925), 192c4b33f1dd47f3ae510eb51c933e32 (127.27.102.130:43713)
I20260608 09:54:10.863593 32711 consensus_queue.cc:260] T 2e2b429fe3264118b6fc35173b69a5d2 P 192c4b33f1dd47f3ae510eb51c933e32 [NON_LEADER]: Queue going to NON_LEADER mode. State: All replicated index: 0, Majority replicated index: 0, Committed index: 0, Last appended: 0.0, Last appended by leader: 0, Current term: 0, Majority size: -1, State: 0, Mode: NON_LEADER, active raft config: opid_index: -1 OBSOLETE_local: false peers { permanent_uuid: "7bd4cd95b13544c2a7075f4ad6d7af24" member_type: VOTER last_known_addr { host: "127.27.102.129" port: 44925 } } peers { permanent_uuid: "192c4b33f1dd47f3ae510eb51c933e32" member_type: VOTER last_known_addr { host: "127.27.102.130" port: 43713 } } peers { permanent_uuid: "9e919c61e22046c78c27c6e968de1ab2" member_type: VOTER last_known_addr { host: "127.27.102.131" port: 46379 } }
I20260608 09:54:10.865849 32721 raft_consensus.cc:697] T 2c72a8c1c2af414d86090abb1dc108c1 P 9e919c61e22046c78c27c6e968de1ab2 [term 1 LEADER]: Becoming Leader. State: Replica: 9e919c61e22046c78c27c6e968de1ab2, State: Running, Role: LEADER
I20260608 09:54:10.866243 32591 raft_consensus.cc:3060] T 2e2b429fe3264118b6fc35173b69a5d2 P 192c4b33f1dd47f3ae510eb51c933e32 [term 0 FOLLOWER]: Advancing to term 1
I20260608 09:54:10.866312 32592 tablet_service.cc:1917] Received RequestConsensusVote() RPC: tablet_id: "2c72a8c1c2af414d86090abb1dc108c1" candidate_uuid: "9e919c61e22046c78c27c6e968de1ab2" candidate_term: 1 candidate_status { last_received { term: 0 index: 0 } } ignore_live_leader: false dest_uuid: "192c4b33f1dd47f3ae510eb51c933e32"
I20260608 09:54:10.866998 32592 raft_consensus.cc:3060] T 2c72a8c1c2af414d86090abb1dc108c1 P 192c4b33f1dd47f3ae510eb51c933e32 [term 0 FOLLOWER]: Advancing to term 1
I20260608 09:54:10.866938 32721 consensus_queue.cc:237] T 2c72a8c1c2af414d86090abb1dc108c1 P 9e919c61e22046c78c27c6e968de1ab2 [LEADER]: Queue going to LEADER mode. State: All replicated index: 0, Majority replicated index: 0, Committed index: 0, Last appended: 0.0, Last appended by leader: 0, Current term: 1, Majority size: 2, State: 0, Mode: LEADER, active raft config: opid_index: -1 OBSOLETE_local: false peers { permanent_uuid: "7bd4cd95b13544c2a7075f4ad6d7af24" member_type: VOTER last_known_addr { host: "127.27.102.129" port: 44925 } } peers { permanent_uuid: "192c4b33f1dd47f3ae510eb51c933e32" member_type: VOTER last_known_addr { host: "127.27.102.130" port: 43713 } } peers { permanent_uuid: "9e919c61e22046c78c27c6e968de1ab2" member_type: VOTER last_known_addr { host: "127.27.102.131" port: 46379 } }
I20260608 09:54:10.867954 32713 raft_consensus.cc:359] T 895a9a47d5bd458cb6bb6d9168b1392c P 9e919c61e22046c78c27c6e968de1ab2 [term 0 FOLLOWER]: Replica starting. Triggering 0 pending ops. Active config: opid_index: -1 OBSOLETE_local: false peers { permanent_uuid: "7bd4cd95b13544c2a7075f4ad6d7af24" member_type: VOTER last_known_addr { host: "127.27.102.129" port: 44925 } } peers { permanent_uuid: "192c4b33f1dd47f3ae510eb51c933e32" member_type: VOTER last_known_addr { host: "127.27.102.130" port: 43713 } } peers { permanent_uuid: "9e919c61e22046c78c27c6e968de1ab2" member_type: VOTER last_known_addr { host: "127.27.102.131" port: 46379 } }
I20260608 09:54:10.868592 32713 raft_consensus.cc:385] T 895a9a47d5bd458cb6bb6d9168b1392c P 9e919c61e22046c78c27c6e968de1ab2 [term 0 FOLLOWER]: Consensus starting up: Expiring failure detector timer to make a prompt election more likely
I20260608 09:54:10.868852 32713 raft_consensus.cc:740] T 895a9a47d5bd458cb6bb6d9168b1392c P 9e919c61e22046c78c27c6e968de1ab2 [term 0 FOLLOWER]: Becoming Follower/Learner. State: Replica: 9e919c61e22046c78c27c6e968de1ab2, State: Initialized, Role: FOLLOWER
I20260608 09:54:10.869570 32713 consensus_queue.cc:260] T 895a9a47d5bd458cb6bb6d9168b1392c P 9e919c61e22046c78c27c6e968de1ab2 [NON_LEADER]: Queue going to NON_LEADER mode. State: All replicated index: 0, Majority replicated index: 0, Committed index: 0, Last appended: 0.0, Last appended by leader: 0, Current term: 0, Majority size: -1, State: 0, Mode: NON_LEADER, active raft config: opid_index: -1 OBSOLETE_local: false peers { permanent_uuid: "7bd4cd95b13544c2a7075f4ad6d7af24" member_type: VOTER last_known_addr { host: "127.27.102.129" port: 44925 } } peers { permanent_uuid: "192c4b33f1dd47f3ae510eb51c933e32" member_type: VOTER last_known_addr { host: "127.27.102.130" port: 43713 } } peers { permanent_uuid: "9e919c61e22046c78c27c6e968de1ab2" member_type: VOTER last_known_addr { host: "127.27.102.131" port: 46379 } }
I20260608 09:54:10.861858 32413 catalog_manager.cc:5696] T ec70b1c6e79543ff90cdb551d941ad06 P 192c4b33f1dd47f3ae510eb51c933e32 reported cstate change: term changed from 0 to 1, leader changed from <none> to 192c4b33f1dd47f3ae510eb51c933e32 (127.27.102.130). New cstate: current_term: 1 leader_uuid: "192c4b33f1dd47f3ae510eb51c933e32" committed_config { opid_index: -1 OBSOLETE_local: false peers { permanent_uuid: "7bd4cd95b13544c2a7075f4ad6d7af24" member_type: VOTER last_known_addr { host: "127.27.102.129" port: 44925 } health_report { overall_health: UNKNOWN } } peers { permanent_uuid: "192c4b33f1dd47f3ae510eb51c933e32" member_type: VOTER last_known_addr { host: "127.27.102.130" port: 43713 } health_report { overall_health: HEALTHY } } peers { permanent_uuid: "9e919c61e22046c78c27c6e968de1ab2" member_type: VOTER last_known_addr { host: "127.27.102.131" port: 46379 } health_report { overall_health: UNKNOWN } } }
I20260608 09:54:10.864423 32664 raft_consensus.cc:2468] T 2e2b429fe3264118b6fc35173b69a5d2 P 9e919c61e22046c78c27c6e968de1ab2 [term 1 FOLLOWER]: Leader election vote request: Granting yes vote for candidate 7bd4cd95b13544c2a7075f4ad6d7af24 in term 1.
I20260608 09:54:10.871762 32480 leader_election.cc:304] T 2e2b429fe3264118b6fc35173b69a5d2 P 7bd4cd95b13544c2a7075f4ad6d7af24 [CANDIDATE]: Term 1 election: Election decided. Result: candidate won. Election summary: received 2 responses out of 3 voters: 2 yes votes; 0 no votes. yes voters: 7bd4cd95b13544c2a7075f4ad6d7af24, 9e919c61e22046c78c27c6e968de1ab2; no voters: 
I20260608 09:54:10.872619 32750 raft_consensus.cc:2804] T 2e2b429fe3264118b6fc35173b69a5d2 P 7bd4cd95b13544c2a7075f4ad6d7af24 [term 1 FOLLOWER]: Leader election won for term 1
I20260608 09:54:10.873113 32750 raft_consensus.cc:697] T 2e2b429fe3264118b6fc35173b69a5d2 P 7bd4cd95b13544c2a7075f4ad6d7af24 [term 1 LEADER]: Becoming Leader. State: Replica: 7bd4cd95b13544c2a7075f4ad6d7af24, State: Running, Role: LEADER
I20260608 09:54:10.873482 32591 raft_consensus.cc:2468] T 2e2b429fe3264118b6fc35173b69a5d2 P 192c4b33f1dd47f3ae510eb51c933e32 [term 1 FOLLOWER]: Leader election vote request: Granting yes vote for candidate 7bd4cd95b13544c2a7075f4ad6d7af24 in term 1.
I20260608 09:54:10.873687 32592 raft_consensus.cc:2468] T 2c72a8c1c2af414d86090abb1dc108c1 P 192c4b33f1dd47f3ae510eb51c933e32 [term 1 FOLLOWER]: Leader election vote request: Granting yes vote for candidate 9e919c61e22046c78c27c6e968de1ab2 in term 1.
I20260608 09:54:10.873929 32750 consensus_queue.cc:237] T 2e2b429fe3264118b6fc35173b69a5d2 P 7bd4cd95b13544c2a7075f4ad6d7af24 [LEADER]: Queue going to LEADER mode. State: All replicated index: 0, Majority replicated index: 0, Committed index: 0, Last appended: 0.0, Last appended by leader: 0, Current term: 1, Majority size: 2, State: 0, Mode: LEADER, active raft config: opid_index: -1 OBSOLETE_local: false peers { permanent_uuid: "7bd4cd95b13544c2a7075f4ad6d7af24" member_type: VOTER last_known_addr { host: "127.27.102.129" port: 44925 } } peers { permanent_uuid: "192c4b33f1dd47f3ae510eb51c933e32" member_type: VOTER last_known_addr { host: "127.27.102.130" port: 43713 } } peers { permanent_uuid: "9e919c61e22046c78c27c6e968de1ab2" member_type: VOTER last_known_addr { host: "127.27.102.131" port: 46379 } }
I20260608 09:54:10.876623 32711 ts_tablet_manager.cc:1434] T 2e2b429fe3264118b6fc35173b69a5d2 P 192c4b33f1dd47f3ae510eb51c933e32: Time spent starting tablet: real 0.031s	user 0.008s	sys 0.000s
I20260608 09:54:10.877893 32713 ts_tablet_manager.cc:1434] T 895a9a47d5bd458cb6bb6d9168b1392c P 9e919c61e22046c78c27c6e968de1ab2: Time spent starting tablet: real 0.026s	user 0.005s	sys 0.000s
I20260608 09:54:10.878839 32713 tablet_bootstrap.cc:492] T deb9563ead7c418dabe6b3a8e24bfa3c P 9e919c61e22046c78c27c6e968de1ab2: Bootstrap starting.
I20260608 09:54:10.879298 32712 raft_consensus.cc:359] T f96004569355429db1c9dcb4693aa0f2 P 7bd4cd95b13544c2a7075f4ad6d7af24 [term 0 FOLLOWER]: Replica starting. Triggering 0 pending ops. Active config: opid_index: -1 OBSOLETE_local: false peers { permanent_uuid: "7bd4cd95b13544c2a7075f4ad6d7af24" member_type: VOTER last_known_addr { host: "127.27.102.129" port: 44925 } } peers { permanent_uuid: "192c4b33f1dd47f3ae510eb51c933e32" member_type: VOTER last_known_addr { host: "127.27.102.130" port: 43713 } } peers { permanent_uuid: "9e919c61e22046c78c27c6e968de1ab2" member_type: VOTER last_known_addr { host: "127.27.102.131" port: 46379 } }
I20260608 09:54:10.880173 32712 raft_consensus.cc:385] T f96004569355429db1c9dcb4693aa0f2 P 7bd4cd95b13544c2a7075f4ad6d7af24 [term 0 FOLLOWER]: Consensus starting up: Expiring failure detector timer to make a prompt election more likely
I20260608 09:54:10.880472 32712 raft_consensus.cc:740] T f96004569355429db1c9dcb4693aa0f2 P 7bd4cd95b13544c2a7075f4ad6d7af24 [term 0 FOLLOWER]: Becoming Follower/Learner. State: Replica: 7bd4cd95b13544c2a7075f4ad6d7af24, State: Initialized, Role: FOLLOWER
I20260608 09:54:10.881346 32712 consensus_queue.cc:260] T f96004569355429db1c9dcb4693aa0f2 P 7bd4cd95b13544c2a7075f4ad6d7af24 [NON_LEADER]: Queue going to NON_LEADER mode. State: All replicated index: 0, Majority replicated index: 0, Committed index: 0, Last appended: 0.0, Last appended by leader: 0, Current term: 0, Majority size: -1, State: 0, Mode: NON_LEADER, active raft config: opid_index: -1 OBSOLETE_local: false peers { permanent_uuid: "7bd4cd95b13544c2a7075f4ad6d7af24" member_type: VOTER last_known_addr { host: "127.27.102.129" port: 44925 } } peers { permanent_uuid: "192c4b33f1dd47f3ae510eb51c933e32" member_type: VOTER last_known_addr { host: "127.27.102.130" port: 43713 } } peers { permanent_uuid: "9e919c61e22046c78c27c6e968de1ab2" member_type: VOTER last_known_addr { host: "127.27.102.131" port: 46379 } }
I20260608 09:54:10.883881 32712 ts_tablet_manager.cc:1434] T f96004569355429db1c9dcb4693aa0f2 P 7bd4cd95b13544c2a7075f4ad6d7af24: Time spent starting tablet: real 0.019s	user 0.005s	sys 0.003s
I20260608 09:54:10.883132 32415 catalog_manager.cc:5696] T e45b7fc524fa47aa9bf32aa5a2ea02b2 P 7bd4cd95b13544c2a7075f4ad6d7af24 reported cstate change: term changed from 0 to 1, leader changed from <none> to 7bd4cd95b13544c2a7075f4ad6d7af24 (127.27.102.129). New cstate: current_term: 1 leader_uuid: "7bd4cd95b13544c2a7075f4ad6d7af24" committed_config { opid_index: -1 OBSOLETE_local: false peers { permanent_uuid: "7bd4cd95b13544c2a7075f4ad6d7af24" member_type: VOTER last_known_addr { host: "127.27.102.129" port: 44925 } health_report { overall_health: HEALTHY } } peers { permanent_uuid: "192c4b33f1dd47f3ae510eb51c933e32" member_type: VOTER last_known_addr { host: "127.27.102.130" port: 43713 } health_report { overall_health: UNKNOWN } } peers { permanent_uuid: "9e919c61e22046c78c27c6e968de1ab2" member_type: VOTER last_known_addr { host: "127.27.102.131" port: 46379 } health_report { overall_health: UNKNOWN } } }
I20260608 09:54:10.885020 32712 tablet_bootstrap.cc:492] T 7ba2823d4e90456d890e811b63c54ab8 P 7bd4cd95b13544c2a7075f4ad6d7af24: Bootstrap starting.
I20260608 09:54:10.885758 32415 catalog_manager.cc:5696] T 895a9a47d5bd458cb6bb6d9168b1392c P 7bd4cd95b13544c2a7075f4ad6d7af24 reported cstate change: term changed from 0 to 1, leader changed from <none> to 7bd4cd95b13544c2a7075f4ad6d7af24 (127.27.102.129). New cstate: current_term: 1 leader_uuid: "7bd4cd95b13544c2a7075f4ad6d7af24" committed_config { opid_index: -1 OBSOLETE_local: false peers { permanent_uuid: "7bd4cd95b13544c2a7075f4ad6d7af24" member_type: VOTER last_known_addr { host: "127.27.102.129" port: 44925 } health_report { overall_health: HEALTHY } } peers { permanent_uuid: "192c4b33f1dd47f3ae510eb51c933e32" member_type: VOTER last_known_addr { host: "127.27.102.130" port: 43713 } health_report { overall_health: UNKNOWN } } peers { permanent_uuid: "9e919c61e22046c78c27c6e968de1ab2" member_type: VOTER last_known_addr { host: "127.27.102.131" port: 46379 } health_report { overall_health: UNKNOWN } } }
I20260608 09:54:10.887143 32713 tablet_bootstrap.cc:654] T deb9563ead7c418dabe6b3a8e24bfa3c P 9e919c61e22046c78c27c6e968de1ab2: Neither blocks nor log segments found. Creating new log.
I20260608 09:54:10.887624 32415 catalog_manager.cc:5696] T b2689afd47c2423f978018563898ca1b P 7bd4cd95b13544c2a7075f4ad6d7af24 reported cstate change: term changed from 0 to 1, leader changed from <none> to 7bd4cd95b13544c2a7075f4ad6d7af24 (127.27.102.129). New cstate: current_term: 1 leader_uuid: "7bd4cd95b13544c2a7075f4ad6d7af24" committed_config { opid_index: -1 OBSOLETE_local: false peers { permanent_uuid: "7bd4cd95b13544c2a7075f4ad6d7af24" member_type: VOTER last_known_addr { host: "127.27.102.129" port: 44925 } health_report { overall_health: HEALTHY } } peers { permanent_uuid: "192c4b33f1dd47f3ae510eb51c933e32" member_type: VOTER last_known_addr { host: "127.27.102.130" port: 43713 } health_report { overall_health: UNKNOWN } } peers { permanent_uuid: "9e919c61e22046c78c27c6e968de1ab2" member_type: VOTER last_known_addr { host: "127.27.102.131" port: 46379 } health_report { overall_health: UNKNOWN } } }
I20260608 09:54:10.891716 32712 tablet_bootstrap.cc:654] T 7ba2823d4e90456d890e811b63c54ab8 P 7bd4cd95b13544c2a7075f4ad6d7af24: Neither blocks nor log segments found. Creating new log.
I20260608 09:54:10.900235 32713 tablet_bootstrap.cc:492] T deb9563ead7c418dabe6b3a8e24bfa3c P 9e919c61e22046c78c27c6e968de1ab2: No bootstrap required, opened a new log
I20260608 09:54:10.900772 32713 ts_tablet_manager.cc:1403] T deb9563ead7c418dabe6b3a8e24bfa3c P 9e919c61e22046c78c27c6e968de1ab2: Time spent bootstrapping tablet: real 0.022s	user 0.017s	sys 0.000s
I20260608 09:54:10.903575 32713 raft_consensus.cc:359] T deb9563ead7c418dabe6b3a8e24bfa3c P 9e919c61e22046c78c27c6e968de1ab2 [term 0 FOLLOWER]: Replica starting. Triggering 0 pending ops. Active config: opid_index: -1 OBSOLETE_local: false peers { permanent_uuid: "7bd4cd95b13544c2a7075f4ad6d7af24" member_type: VOTER last_known_addr { host: "127.27.102.129" port: 44925 } } peers { permanent_uuid: "192c4b33f1dd47f3ae510eb51c933e32" member_type: VOTER last_known_addr { host: "127.27.102.130" port: 43713 } } peers { permanent_uuid: "9e919c61e22046c78c27c6e968de1ab2" member_type: VOTER last_known_addr { host: "127.27.102.131" port: 46379 } }
I20260608 09:54:10.904263 32713 raft_consensus.cc:385] T deb9563ead7c418dabe6b3a8e24bfa3c P 9e919c61e22046c78c27c6e968de1ab2 [term 0 FOLLOWER]: Consensus starting up: Expiring failure detector timer to make a prompt election more likely
I20260608 09:54:10.904565 32713 raft_consensus.cc:740] T deb9563ead7c418dabe6b3a8e24bfa3c P 9e919c61e22046c78c27c6e968de1ab2 [term 0 FOLLOWER]: Becoming Follower/Learner. State: Replica: 9e919c61e22046c78c27c6e968de1ab2, State: Initialized, Role: FOLLOWER
I20260608 09:54:10.905165 32713 consensus_queue.cc:260] T deb9563ead7c418dabe6b3a8e24bfa3c P 9e919c61e22046c78c27c6e968de1ab2 [NON_LEADER]: Queue going to NON_LEADER mode. State: All replicated index: 0, Majority replicated index: 0, Committed index: 0, Last appended: 0.0, Last appended by leader: 0, Current term: 0, Majority size: -1, State: 0, Mode: NON_LEADER, active raft config: opid_index: -1 OBSOLETE_local: false peers { permanent_uuid: "7bd4cd95b13544c2a7075f4ad6d7af24" member_type: VOTER last_known_addr { host: "127.27.102.129" port: 44925 } } peers { permanent_uuid: "192c4b33f1dd47f3ae510eb51c933e32" member_type: VOTER last_known_addr { host: "127.27.102.130" port: 43713 } } peers { permanent_uuid: "9e919c61e22046c78c27c6e968de1ab2" member_type: VOTER last_known_addr { host: "127.27.102.131" port: 46379 } }
I20260608 09:54:10.905210 32412 catalog_manager.cc:5696] T 2c72a8c1c2af414d86090abb1dc108c1 P 9e919c61e22046c78c27c6e968de1ab2 reported cstate change: term changed from 0 to 1, leader changed from <none> to 9e919c61e22046c78c27c6e968de1ab2 (127.27.102.131). New cstate: current_term: 1 leader_uuid: "9e919c61e22046c78c27c6e968de1ab2" committed_config { opid_index: -1 OBSOLETE_local: false peers { permanent_uuid: "7bd4cd95b13544c2a7075f4ad6d7af24" member_type: VOTER last_known_addr { host: "127.27.102.129" port: 44925 } health_report { overall_health: UNKNOWN } } peers { permanent_uuid: "192c4b33f1dd47f3ae510eb51c933e32" member_type: VOTER last_known_addr { host: "127.27.102.130" port: 43713 } health_report { overall_health: UNKNOWN } } peers { permanent_uuid: "9e919c61e22046c78c27c6e968de1ab2" member_type: VOTER last_known_addr { host: "127.27.102.131" port: 46379 } health_report { overall_health: HEALTHY } } }
I20260608 09:54:10.906683 32713 ts_tablet_manager.cc:1434] T deb9563ead7c418dabe6b3a8e24bfa3c P 9e919c61e22046c78c27c6e968de1ab2: Time spent starting tablet: real 0.006s	user 0.003s	sys 0.000s
I20260608 09:54:10.909209 32712 tablet_bootstrap.cc:492] T 7ba2823d4e90456d890e811b63c54ab8 P 7bd4cd95b13544c2a7075f4ad6d7af24: No bootstrap required, opened a new log
I20260608 09:54:10.909684 32712 ts_tablet_manager.cc:1403] T 7ba2823d4e90456d890e811b63c54ab8 P 7bd4cd95b13544c2a7075f4ad6d7af24: Time spent bootstrapping tablet: real 0.025s	user 0.011s	sys 0.007s
I20260608 09:54:10.912611 32712 raft_consensus.cc:359] T 7ba2823d4e90456d890e811b63c54ab8 P 7bd4cd95b13544c2a7075f4ad6d7af24 [term 0 FOLLOWER]: Replica starting. Triggering 0 pending ops. Active config: opid_index: -1 OBSOLETE_local: false peers { permanent_uuid: "7bd4cd95b13544c2a7075f4ad6d7af24" member_type: VOTER last_known_addr { host: "127.27.102.129" port: 44925 } } peers { permanent_uuid: "192c4b33f1dd47f3ae510eb51c933e32" member_type: VOTER last_known_addr { host: "127.27.102.130" port: 43713 } } peers { permanent_uuid: "9e919c61e22046c78c27c6e968de1ab2" member_type: VOTER last_known_addr { host: "127.27.102.131" port: 46379 } }
I20260608 09:54:10.913257 32712 raft_consensus.cc:385] T 7ba2823d4e90456d890e811b63c54ab8 P 7bd4cd95b13544c2a7075f4ad6d7af24 [term 0 FOLLOWER]: Consensus starting up: Expiring failure detector timer to make a prompt election more likely
I20260608 09:54:10.913516 32712 raft_consensus.cc:740] T 7ba2823d4e90456d890e811b63c54ab8 P 7bd4cd95b13544c2a7075f4ad6d7af24 [term 0 FOLLOWER]: Becoming Follower/Learner. State: Replica: 7bd4cd95b13544c2a7075f4ad6d7af24, State: Initialized, Role: FOLLOWER
I20260608 09:54:10.914346 32712 consensus_queue.cc:260] T 7ba2823d4e90456d890e811b63c54ab8 P 7bd4cd95b13544c2a7075f4ad6d7af24 [NON_LEADER]: Queue going to NON_LEADER mode. State: All replicated index: 0, Majority replicated index: 0, Committed index: 0, Last appended: 0.0, Last appended by leader: 0, Current term: 0, Majority size: -1, State: 0, Mode: NON_LEADER, active raft config: opid_index: -1 OBSOLETE_local: false peers { permanent_uuid: "7bd4cd95b13544c2a7075f4ad6d7af24" member_type: VOTER last_known_addr { host: "127.27.102.129" port: 44925 } } peers { permanent_uuid: "192c4b33f1dd47f3ae510eb51c933e32" member_type: VOTER last_known_addr { host: "127.27.102.130" port: 43713 } } peers { permanent_uuid: "9e919c61e22046c78c27c6e968de1ab2" member_type: VOTER last_known_addr { host: "127.27.102.131" port: 46379 } }
I20260608 09:54:10.916455 32712 ts_tablet_manager.cc:1434] T 7ba2823d4e90456d890e811b63c54ab8 P 7bd4cd95b13544c2a7075f4ad6d7af24: Time spent starting tablet: real 0.007s	user 0.007s	sys 0.001s
I20260608 09:54:10.921201 32412 catalog_manager.cc:5696] T 2e2b429fe3264118b6fc35173b69a5d2 P 7bd4cd95b13544c2a7075f4ad6d7af24 reported cstate change: term changed from 0 to 1, leader changed from <none> to 7bd4cd95b13544c2a7075f4ad6d7af24 (127.27.102.129). New cstate: current_term: 1 leader_uuid: "7bd4cd95b13544c2a7075f4ad6d7af24" committed_config { opid_index: -1 OBSOLETE_local: false peers { permanent_uuid: "7bd4cd95b13544c2a7075f4ad6d7af24" member_type: VOTER last_known_addr { host: "127.27.102.129" port: 44925 } health_report { overall_health: HEALTHY } } peers { permanent_uuid: "192c4b33f1dd47f3ae510eb51c933e32" member_type: VOTER last_known_addr { host: "127.27.102.130" port: 43713 } health_report { overall_health: UNKNOWN } } peers { permanent_uuid: "9e919c61e22046c78c27c6e968de1ab2" member_type: VOTER last_known_addr { host: "127.27.102.131" port: 46379 } health_report { overall_health: UNKNOWN } } }
