I20260608 09:53:30.110886 17696 raft_consensus.cc:2955] T 5981c84885f74710bc84d7ed2225b835 P 293a7a214a1842e0a6431ffe5a6d83d3 [term 1 LEADER]: Committing config change with OpId 1.4: config changed from index 3 to 4, VOTER 17c7caa1f04a4020adc48ea84d823f1a (127.13.197.4) evicted. New config: { opid_index: 4 OBSOLETE_local: false peers { permanent_uuid: "293a7a214a1842e0a6431ffe5a6d83d3" member_type: VOTER last_known_addr { host: "127.13.197.3" port: 39935 } } peers { permanent_uuid: "6ef95a83fc6c49eba98387da60d81e5d" member_type: VOTER last_known_addr { host: "127.13.197.1" port: 39771 } } peers { permanent_uuid: "1cb7cc32864e4187be0bfa37c8bafd53" member_type: VOTER last_known_addr { host: "127.13.197.2" port: 39235 } attrs { promote: false } } }
I20260608 09:53:30.121091 17105 raft_consensus.cc:1275] T e52ddbf341744bf198f754ea760959ad P 6ef95a83fc6c49eba98387da60d81e5d [term 1 FOLLOWER]: Refusing update from remote peer 1cb7cc32864e4187be0bfa37c8bafd53: Log matching property violated. Preceding OpId in replica: term: 1 index: 2. Preceding OpId from leader: term: 1 index: 3. (index mismatch)
I20260608 09:53:30.122865 17255 raft_consensus.cc:1275] T e52ddbf341744bf198f754ea760959ad P 293a7a214a1842e0a6431ffe5a6d83d3 [term 1 LEARNER]: Refusing update from remote peer 1cb7cc32864e4187be0bfa37c8bafd53: Log matching property violated. Preceding OpId in replica: term: 1 index: 2. Preceding OpId from leader: term: 1 index: 3. (index mismatch)
I20260608 09:53:30.106350 17714 raft_consensus.cc:2243] T 444c5b78e3b640efa493380d24b871bc P 293a7a214a1842e0a6431ffe5a6d83d3 [term 1 FOLLOWER]: Raft consensus shutting down.
I20260608 09:53:30.126709 17684 consensus_queue.cc:1048] T e52ddbf341744bf198f754ea760959ad P 1cb7cc32864e4187be0bfa37c8bafd53 [LEADER]: Connected to new peer: Peer: permanent_uuid: "293a7a214a1842e0a6431ffe5a6d83d3" member_type: VOTER last_known_addr { host: "127.13.197.3" port: 39935 } attrs { promote: false }, Status: LMP_MISMATCH, Last received: 0.0, Next index: 3, Last known committed idx: 2, Time since last communication: 0.001s
I20260608 09:53:30.128895 17714 raft_consensus.cc:2272] T 444c5b78e3b640efa493380d24b871bc P 293a7a214a1842e0a6431ffe5a6d83d3 [term 1 FOLLOWER]: Raft consensus is shut down!
I20260608 09:53:30.131153 17710 consensus_queue.cc:1048] T e52ddbf341744bf198f754ea760959ad P 1cb7cc32864e4187be0bfa37c8bafd53 [LEADER]: Connected to new peer: Peer: permanent_uuid: "6ef95a83fc6c49eba98387da60d81e5d" member_type: VOTER last_known_addr { host: "127.13.197.1" port: 39771 }, Status: LMP_MISMATCH, Last received: 0.0, Next index: 3, Last known committed idx: 2, Time since last communication: 0.001s
I20260608 09:53:30.134825 17004 catalog_manager.cc:5696] T 5981c84885f74710bc84d7ed2225b835 P 6ef95a83fc6c49eba98387da60d81e5d reported cstate change: config changed from index 3 to 4, VOTER 17c7caa1f04a4020adc48ea84d823f1a (127.13.197.4) evicted. New cstate: current_term: 1 leader_uuid: "293a7a214a1842e0a6431ffe5a6d83d3" committed_config { opid_index: 4 OBSOLETE_local: false peers { permanent_uuid: "293a7a214a1842e0a6431ffe5a6d83d3" member_type: VOTER last_known_addr { host: "127.13.197.3" port: 39935 } } peers { permanent_uuid: "6ef95a83fc6c49eba98387da60d81e5d" member_type: VOTER last_known_addr { host: "127.13.197.1" port: 39771 } } peers { permanent_uuid: "1cb7cc32864e4187be0bfa37c8bafd53" member_type: VOTER last_known_addr { host: "127.13.197.2" port: 39235 } attrs { promote: false } } }
I20260608 09:53:30.134759 17182 raft_consensus.cc:2955] T 5981c84885f74710bc84d7ed2225b835 P 1cb7cc32864e4187be0bfa37c8bafd53 [term 1 FOLLOWER]: Committing config change with OpId 1.4: config changed from index 3 to 4, VOTER 17c7caa1f04a4020adc48ea84d823f1a (127.13.197.4) evicted. New config: { opid_index: 4 OBSOLETE_local: false peers { permanent_uuid: "293a7a214a1842e0a6431ffe5a6d83d3" member_type: VOTER last_known_addr { host: "127.13.197.3" port: 39935 } } peers { permanent_uuid: "6ef95a83fc6c49eba98387da60d81e5d" member_type: VOTER last_known_addr { host: "127.13.197.1" port: 39771 } } peers { permanent_uuid: "1cb7cc32864e4187be0bfa37c8bafd53" member_type: VOTER last_known_addr { host: "127.13.197.2" port: 39235 } attrs { promote: false } } }
I20260608 09:53:30.139910 16990 catalog_manager.cc:5209] ChangeConfig:REMOVE_PEER RPC for tablet 5981c84885f74710bc84d7ed2225b835 with cas_config_opid_index 3: ChangeConfig:REMOVE_PEER succeeded (attempt 1)
I20260608 09:53:30.162211 17395 tablet_service.cc:1558] Processing DeleteTablet for tablet 5981c84885f74710bc84d7ed2225b835 with delete_type TABLET_DATA_TOMBSTONED (TS 17c7caa1f04a4020adc48ea84d823f1a not found in new config with opid_index 4) from {username='slave'} at 127.0.0.1:51660
I20260608 09:53:30.182667 17684 raft_consensus.cc:2955] T e52ddbf341744bf198f754ea760959ad P 1cb7cc32864e4187be0bfa37c8bafd53 [term 1 LEADER]: Committing config change with OpId 1.3: config changed from index 2 to 3, 293a7a214a1842e0a6431ffe5a6d83d3 (127.13.197.3) changed from NON_VOTER to VOTER. New config: { opid_index: 3 OBSOLETE_local: false peers { permanent_uuid: "17c7caa1f04a4020adc48ea84d823f1a" member_type: VOTER last_known_addr { host: "127.13.197.4" port: 33191 } attrs { replace: true } } peers { permanent_uuid: "1cb7cc32864e4187be0bfa37c8bafd53" member_type: VOTER last_known_addr { host: "127.13.197.2" port: 39235 } } peers { permanent_uuid: "6ef95a83fc6c49eba98387da60d81e5d" member_type: VOTER last_known_addr { host: "127.13.197.1" port: 39771 } } peers { permanent_uuid: "293a7a214a1842e0a6431ffe5a6d83d3" member_type: VOTER last_known_addr { host: "127.13.197.3" port: 39935 } attrs { promote: false } } }
I20260608 09:53:30.185912 17252 raft_consensus.cc:2955] T e52ddbf341744bf198f754ea760959ad P 293a7a214a1842e0a6431ffe5a6d83d3 [term 1 FOLLOWER]: Committing config change with OpId 1.3: config changed from index 2 to 3, 293a7a214a1842e0a6431ffe5a6d83d3 (127.13.197.3) changed from NON_VOTER to VOTER. New config: { opid_index: 3 OBSOLETE_local: false peers { permanent_uuid: "17c7caa1f04a4020adc48ea84d823f1a" member_type: VOTER last_known_addr { host: "127.13.197.4" port: 33191 } attrs { replace: true } } peers { permanent_uuid: "1cb7cc32864e4187be0bfa37c8bafd53" member_type: VOTER last_known_addr { host: "127.13.197.2" port: 39235 } } peers { permanent_uuid: "6ef95a83fc6c49eba98387da60d81e5d" member_type: VOTER last_known_addr { host: "127.13.197.1" port: 39771 } } peers { permanent_uuid: "293a7a214a1842e0a6431ffe5a6d83d3" member_type: VOTER last_known_addr { host: "127.13.197.3" port: 39935 } attrs { promote: false } } }
I20260608 09:53:30.195153 17105 raft_consensus.cc:2955] T e52ddbf341744bf198f754ea760959ad P 6ef95a83fc6c49eba98387da60d81e5d [term 1 FOLLOWER]: Committing config change with OpId 1.3: config changed from index 2 to 3, 293a7a214a1842e0a6431ffe5a6d83d3 (127.13.197.3) changed from NON_VOTER to VOTER. New config: { opid_index: 3 OBSOLETE_local: false peers { permanent_uuid: "17c7caa1f04a4020adc48ea84d823f1a" member_type: VOTER last_known_addr { host: "127.13.197.4" port: 33191 } attrs { replace: true } } peers { permanent_uuid: "1cb7cc32864e4187be0bfa37c8bafd53" member_type: VOTER last_known_addr { host: "127.13.197.2" port: 39235 } } peers { permanent_uuid: "6ef95a83fc6c49eba98387da60d81e5d" member_type: VOTER last_known_addr { host: "127.13.197.1" port: 39771 } } peers { permanent_uuid: "293a7a214a1842e0a6431ffe5a6d83d3" member_type: VOTER last_known_addr { host: "127.13.197.3" port: 39935 } attrs { promote: false } } }
I20260608 09:53:30.199645 17718 tablet_replica.cc:333] T 5981c84885f74710bc84d7ed2225b835 P 17c7caa1f04a4020adc48ea84d823f1a: stopping tablet replica
I20260608 09:53:30.200686 17718 raft_consensus.cc:2243] T 5981c84885f74710bc84d7ed2225b835 P 17c7caa1f04a4020adc48ea84d823f1a [term 1 FOLLOWER]: Raft consensus shutting down.
I20260608 09:53:30.201473 17718 raft_consensus.cc:2272] T 5981c84885f74710bc84d7ed2225b835 P 17c7caa1f04a4020adc48ea84d823f1a [term 1 FOLLOWER]: Raft consensus is shut down!
I20260608 09:53:30.203027 17714 ts_tablet_manager.cc:1916] T 444c5b78e3b640efa493380d24b871bc P 293a7a214a1842e0a6431ffe5a6d83d3: Deleting tablet data with delete state TABLET_DATA_TOMBSTONED
I20260608 09:53:30.196918 17408 raft_consensus.cc:2955] T e52ddbf341744bf198f754ea760959ad P 17c7caa1f04a4020adc48ea84d823f1a [term 1 FOLLOWER]: Committing config change with OpId 1.3: config changed from index 2 to 3, 293a7a214a1842e0a6431ffe5a6d83d3 (127.13.197.3) changed from NON_VOTER to VOTER. New config: { opid_index: 3 OBSOLETE_local: false peers { permanent_uuid: "17c7caa1f04a4020adc48ea84d823f1a" member_type: VOTER last_known_addr { host: "127.13.197.4" port: 33191 } attrs { replace: true } } peers { permanent_uuid: "1cb7cc32864e4187be0bfa37c8bafd53" member_type: VOTER last_known_addr { host: "127.13.197.2" port: 39235 } } peers { permanent_uuid: "6ef95a83fc6c49eba98387da60d81e5d" member_type: VOTER last_known_addr { host: "127.13.197.1" port: 39771 } } peers { permanent_uuid: "293a7a214a1842e0a6431ffe5a6d83d3" member_type: VOTER last_known_addr { host: "127.13.197.3" port: 39935 } attrs { promote: false } } }
I20260608 09:53:30.204592 17001 catalog_manager.cc:5696] T e52ddbf341744bf198f754ea760959ad P 1cb7cc32864e4187be0bfa37c8bafd53 reported cstate change: config changed from index 2 to 3, 293a7a214a1842e0a6431ffe5a6d83d3 (127.13.197.3) changed from NON_VOTER to VOTER. New cstate: current_term: 1 leader_uuid: "1cb7cc32864e4187be0bfa37c8bafd53" committed_config { opid_index: 3 OBSOLETE_local: false peers { permanent_uuid: "17c7caa1f04a4020adc48ea84d823f1a" member_type: VOTER last_known_addr { host: "127.13.197.4" port: 33191 } attrs { replace: true } health_report { overall_health: HEALTHY } } peers { permanent_uuid: "1cb7cc32864e4187be0bfa37c8bafd53" member_type: VOTER last_known_addr { host: "127.13.197.2" port: 39235 } health_report { overall_health: HEALTHY } } peers { permanent_uuid: "6ef95a83fc6c49eba98387da60d81e5d" member_type: VOTER last_known_addr { host: "127.13.197.1" port: 39771 } health_report { overall_health: HEALTHY } } peers { permanent_uuid: "293a7a214a1842e0a6431ffe5a6d83d3" member_type: VOTER last_known_addr { host: "127.13.197.3" port: 39935 } attrs { promote: false } health_report { overall_health: HEALTHY } } }
I20260608 09:53:30.209882 17718 ts_tablet_manager.cc:1916] T 5981c84885f74710bc84d7ed2225b835 P 17c7caa1f04a4020adc48ea84d823f1a: Deleting tablet data with delete state TABLET_DATA_TOMBSTONED
I20260608 09:53:30.222951 17182 consensus_queue.cc:237] T e52ddbf341744bf198f754ea760959ad P 1cb7cc32864e4187be0bfa37c8bafd53 [LEADER]: Queue going to LEADER mode. State: All replicated index: 0, Majority replicated index: 3, Committed index: 3, Last appended: 1.3, Last appended by leader: 0, Current term: 1, Majority size: 2, State: 0, Mode: LEADER, active raft config: opid_index: 4 OBSOLETE_local: false peers { permanent_uuid: "1cb7cc32864e4187be0bfa37c8bafd53" member_type: VOTER last_known_addr { host: "127.13.197.2" port: 39235 } } peers { permanent_uuid: "6ef95a83fc6c49eba98387da60d81e5d" member_type: VOTER last_known_addr { host: "127.13.197.1" port: 39771 } } peers { permanent_uuid: "293a7a214a1842e0a6431ffe5a6d83d3" member_type: VOTER last_known_addr { host: "127.13.197.3" port: 39935 } attrs { promote: false } }
I20260608 09:53:30.227841 17714 ts_tablet_manager.cc:1929] T 444c5b78e3b640efa493380d24b871bc P 293a7a214a1842e0a6431ffe5a6d83d3: tablet deleted with delete type TABLET_DATA_TOMBSTONED: last-logged OpId 1.3
I20260608 09:53:30.228380 17714 log.cc:1199] T 444c5b78e3b640efa493380d24b871bc P 293a7a214a1842e0a6431ffe5a6d83d3: Deleting WAL directory at /tmp/dist-test-taskkVSiSM/test-tmp/auto_rebalancer-test.0.AutoRebalancerTest.RangeAwareRebalancesNewRangeReplicas.1780912320616351-14100-0/minicluster-data/ts-2-root/wals/444c5b78e3b640efa493380d24b871bc
I20260608 09:53:30.230535 17252 raft_consensus.cc:1275] T e52ddbf341744bf198f754ea760959ad P 293a7a214a1842e0a6431ffe5a6d83d3 [term 1 FOLLOWER]: Refusing update from remote peer 1cb7cc32864e4187be0bfa37c8bafd53: Log matching property violated. Preceding OpId in replica: term: 1 index: 3. Preceding OpId from leader: term: 1 index: 4. (index mismatch)
I20260608 09:53:30.232980 17710 consensus_queue.cc:1048] T e52ddbf341744bf198f754ea760959ad P 1cb7cc32864e4187be0bfa37c8bafd53 [LEADER]: Connected to new peer: Peer: permanent_uuid: "293a7a214a1842e0a6431ffe5a6d83d3" member_type: VOTER last_known_addr { host: "127.13.197.3" port: 39935 } attrs { promote: false }, Status: LMP_MISMATCH, Last received: 0.0, Next index: 4, Last known committed idx: 3, Time since last communication: 0.000s
I20260608 09:53:30.239236 17105 raft_consensus.cc:1275] T e52ddbf341744bf198f754ea760959ad P 6ef95a83fc6c49eba98387da60d81e5d [term 1 FOLLOWER]: Refusing update from remote peer 1cb7cc32864e4187be0bfa37c8bafd53: Log matching property violated. Preceding OpId in replica: term: 1 index: 3. Preceding OpId from leader: term: 1 index: 4. (index mismatch)
I20260608 09:53:30.243441 16990 catalog_manager.cc:5027] TS 293a7a214a1842e0a6431ffe5a6d83d3 (127.13.197.3:39935): tablet 444c5b78e3b640efa493380d24b871bc (table range_aware_rebalance_new_range [id=33d5dbae0ff54d84afdc0dd291117324]) successfully deleted
I20260608 09:53:30.247174 17710 consensus_queue.cc:1048] T e52ddbf341744bf198f754ea760959ad P 1cb7cc32864e4187be0bfa37c8bafd53 [LEADER]: Connected to new peer: Peer: permanent_uuid: "6ef95a83fc6c49eba98387da60d81e5d" member_type: VOTER last_known_addr { host: "127.13.197.1" port: 39771 }, Status: LMP_MISMATCH, Last received: 0.0, Next index: 4, Last known committed idx: 3, Time since last communication: 0.000s
I20260608 09:53:30.249424 17684 raft_consensus.cc:2955] T e52ddbf341744bf198f754ea760959ad P 1cb7cc32864e4187be0bfa37c8bafd53 [term 1 LEADER]: Committing config change with OpId 1.4: config changed from index 3 to 4, VOTER 17c7caa1f04a4020adc48ea84d823f1a (127.13.197.4) evicted. New config: { opid_index: 4 OBSOLETE_local: false peers { permanent_uuid: "1cb7cc32864e4187be0bfa37c8bafd53" member_type: VOTER last_known_addr { host: "127.13.197.2" port: 39235 } } peers { permanent_uuid: "6ef95a83fc6c49eba98387da60d81e5d" member_type: VOTER last_known_addr { host: "127.13.197.1" port: 39771 } } peers { permanent_uuid: "293a7a214a1842e0a6431ffe5a6d83d3" member_type: VOTER last_known_addr { host: "127.13.197.3" port: 39935 } attrs { promote: false } } }
I20260608 09:53:30.252463 17718 ts_tablet_manager.cc:1929] T 5981c84885f74710bc84d7ed2225b835 P 17c7caa1f04a4020adc48ea84d823f1a: tablet deleted with delete type TABLET_DATA_TOMBSTONED: last-logged OpId 1.3
I20260608 09:53:30.252966 17718 log.cc:1199] T 5981c84885f74710bc84d7ed2225b835 P 17c7caa1f04a4020adc48ea84d823f1a: Deleting WAL directory at /tmp/dist-test-taskkVSiSM/test-tmp/auto_rebalancer-test.0.AutoRebalancerTest.RangeAwareRebalancesNewRangeReplicas.1780912320616351-14100-0/minicluster-data/ts-3-root/wals/5981c84885f74710bc84d7ed2225b835
I20260608 09:53:30.254676 16991 catalog_manager.cc:5027] TS 17c7caa1f04a4020adc48ea84d823f1a (127.13.197.4:33191): tablet 5981c84885f74710bc84d7ed2225b835 (table range_aware_rebalance_new_range [id=33d5dbae0ff54d84afdc0dd291117324]) successfully deleted
I20260608 09:53:30.257687 17252 raft_consensus.cc:2955] T e52ddbf341744bf198f754ea760959ad P 293a7a214a1842e0a6431ffe5a6d83d3 [term 1 FOLLOWER]: Committing config change with OpId 1.4: config changed from index 3 to 4, VOTER 17c7caa1f04a4020adc48ea84d823f1a (127.13.197.4) evicted. New config: { opid_index: 4 OBSOLETE_local: false peers { permanent_uuid: "1cb7cc32864e4187be0bfa37c8bafd53" member_type: VOTER last_known_addr { host: "127.13.197.2" port: 39235 } } peers { permanent_uuid: "6ef95a83fc6c49eba98387da60d81e5d" member_type: VOTER last_known_addr { host: "127.13.197.1" port: 39771 } } peers { permanent_uuid: "293a7a214a1842e0a6431ffe5a6d83d3" member_type: VOTER last_known_addr { host: "127.13.197.3" port: 39935 } attrs { promote: false } } }
I20260608 09:53:30.266048 16992 catalog_manager.cc:5209] ChangeConfig:REMOVE_PEER RPC for tablet e52ddbf341744bf198f754ea760959ad with cas_config_opid_index 3: ChangeConfig:REMOVE_PEER succeeded (attempt 1)
I20260608 09:53:30.269706 17001 catalog_manager.cc:5696] T e52ddbf341744bf198f754ea760959ad P 1cb7cc32864e4187be0bfa37c8bafd53 reported cstate change: config changed from index 3 to 4, VOTER 17c7caa1f04a4020adc48ea84d823f1a (127.13.197.4) evicted. New cstate: current_term: 1 leader_uuid: "1cb7cc32864e4187be0bfa37c8bafd53" committed_config { opid_index: 4 OBSOLETE_local: false peers { permanent_uuid: "1cb7cc32864e4187be0bfa37c8bafd53" member_type: VOTER last_known_addr { host: "127.13.197.2" port: 39235 } health_report { overall_health: HEALTHY } } peers { permanent_uuid: "6ef95a83fc6c49eba98387da60d81e5d" member_type: VOTER last_known_addr { host: "127.13.197.1" port: 39771 } health_report { overall_health: UNKNOWN } } peers { permanent_uuid: "293a7a214a1842e0a6431ffe5a6d83d3" member_type: VOTER last_known_addr { host: "127.13.197.3" port: 39935 } attrs { promote: false } health_report { overall_health: HEALTHY } } }
I20260608 09:53:30.276888 17105 raft_consensus.cc:2955] T e52ddbf341744bf198f754ea760959ad P 6ef95a83fc6c49eba98387da60d81e5d [term 1 FOLLOWER]: Committing config change with OpId 1.4: config changed from index 3 to 4, VOTER 17c7caa1f04a4020adc48ea84d823f1a (127.13.197.4) evicted. New config: { opid_index: 4 OBSOLETE_local: false peers { permanent_uuid: "1cb7cc32864e4187be0bfa37c8bafd53" member_type: VOTER last_known_addr { host: "127.13.197.2" port: 39235 } } peers { permanent_uuid: "6ef95a83fc6c49eba98387da60d81e5d" member_type: VOTER last_known_addr { host: "127.13.197.1" port: 39771 } } peers { permanent_uuid: "293a7a214a1842e0a6431ffe5a6d83d3" member_type: VOTER last_known_addr { host: "127.13.197.3" port: 39935 } attrs { promote: false } } }
I20260608 09:53:30.284881 17395 tablet_service.cc:1558] Processing DeleteTablet for tablet e52ddbf341744bf198f754ea760959ad with delete_type TABLET_DATA_TOMBSTONED (TS 17c7caa1f04a4020adc48ea84d823f1a not found in new config with opid_index 4) from {username='slave'} at 127.0.0.1:51660
I20260608 09:53:30.285879 17718 tablet_replica.cc:333] T e52ddbf341744bf198f754ea760959ad P 17c7caa1f04a4020adc48ea84d823f1a: stopping tablet replica
I20260608 09:53:30.286839 17718 raft_consensus.cc:2243] T e52ddbf341744bf198f754ea760959ad P 17c7caa1f04a4020adc48ea84d823f1a [term 1 FOLLOWER]: Raft consensus shutting down.
I20260608 09:53:30.287492 17718 raft_consensus.cc:2272] T e52ddbf341744bf198f754ea760959ad P 17c7caa1f04a4020adc48ea84d823f1a [term 1 FOLLOWER]: Raft consensus is shut down!
I20260608 09:53:30.290421 17718 ts_tablet_manager.cc:1916] T e52ddbf341744bf198f754ea760959ad P 17c7caa1f04a4020adc48ea84d823f1a: Deleting tablet data with delete state TABLET_DATA_TOMBSTONED
I20260608 09:53:30.308602 17718 ts_tablet_manager.cc:1929] T e52ddbf341744bf198f754ea760959ad P 17c7caa1f04a4020adc48ea84d823f1a: tablet deleted with delete type TABLET_DATA_TOMBSTONED: last-logged OpId 1.3
I20260608 09:53:30.309057 17718 log.cc:1199] T e52ddbf341744bf198f754ea760959ad P 17c7caa1f04a4020adc48ea84d823f1a: Deleting WAL directory at /tmp/dist-test-taskkVSiSM/test-tmp/auto_rebalancer-test.0.AutoRebalancerTest.RangeAwareRebalancesNewRangeReplicas.1780912320616351-14100-0/minicluster-data/ts-3-root/wals/e52ddbf341744bf198f754ea760959ad
I20260608 09:53:30.310729 16991 catalog_manager.cc:5027] TS 17c7caa1f04a4020adc48ea84d823f1a (127.13.197.4:33191): tablet e52ddbf341744bf198f754ea760959ad (table range_aware_rebalance_new_range [id=33d5dbae0ff54d84afdc0dd291117324]) successfully deleted
I20260608 09:53:31.023919 14100 tablet_server.cc:179] TabletServer@127.13.197.1:0 shutting down...
I20260608 09:53:31.070408 14100 ts_tablet_manager.cc:1507] Shutting down tablet manager...
I20260608 09:53:31.071448 14100 tablet_replica.cc:333] T cb1325ca9cbe40e1948dc09d1a1dcd04 P 6ef95a83fc6c49eba98387da60d81e5d: stopping tablet replica
I20260608 09:53:31.072141 14100 raft_consensus.cc:2243] T cb1325ca9cbe40e1948dc09d1a1dcd04 P 6ef95a83fc6c49eba98387da60d81e5d [term 2 FOLLOWER]: Raft consensus shutting down.
I20260608 09:53:31.072641 14100 raft_consensus.cc:2272] T cb1325ca9cbe40e1948dc09d1a1dcd04 P 6ef95a83fc6c49eba98387da60d81e5d [term 2 FOLLOWER]: Raft consensus is shut down!
I20260608 09:53:31.074602 14100 tablet_replica.cc:333] T 5981c84885f74710bc84d7ed2225b835 P 6ef95a83fc6c49eba98387da60d81e5d: stopping tablet replica
I20260608 09:53:31.075368 14100 raft_consensus.cc:2243] T 5981c84885f74710bc84d7ed2225b835 P 6ef95a83fc6c49eba98387da60d81e5d [term 1 FOLLOWER]: Raft consensus shutting down.
I20260608 09:53:31.075948 14100 raft_consensus.cc:2272] T 5981c84885f74710bc84d7ed2225b835 P 6ef95a83fc6c49eba98387da60d81e5d [term 1 FOLLOWER]: Raft consensus is shut down!
I20260608 09:53:31.080526 14100 tablet_replica.cc:333] T b561140906b043dfbf757ea980b126e4 P 6ef95a83fc6c49eba98387da60d81e5d: stopping tablet replica
I20260608 09:53:31.081553 14100 raft_consensus.cc:2243] T b561140906b043dfbf757ea980b126e4 P 6ef95a83fc6c49eba98387da60d81e5d [term 1 LEADER]: Raft consensus shutting down.
I20260608 09:53:31.082597 14100 raft_consensus.cc:2272] T b561140906b043dfbf757ea980b126e4 P 6ef95a83fc6c49eba98387da60d81e5d [term 1 FOLLOWER]: Raft consensus is shut down!
I20260608 09:53:31.085346 14100 tablet_replica.cc:333] T 444c5b78e3b640efa493380d24b871bc P 6ef95a83fc6c49eba98387da60d81e5d: stopping tablet replica
I20260608 09:53:31.086315 14100 raft_consensus.cc:2243] T 444c5b78e3b640efa493380d24b871bc P 6ef95a83fc6c49eba98387da60d81e5d [term 1 LEADER]: Raft consensus shutting down.
I20260608 09:53:31.087370 14100 raft_consensus.cc:2272] T 444c5b78e3b640efa493380d24b871bc P 6ef95a83fc6c49eba98387da60d81e5d [term 1 FOLLOWER]: Raft consensus is shut down!
I20260608 09:53:31.090056 14100 tablet_replica.cc:333] T d471a5c133f14a528bba288cf525852e P 6ef95a83fc6c49eba98387da60d81e5d: stopping tablet replica
I20260608 09:53:31.090978 14100 raft_consensus.cc:2243] T d471a5c133f14a528bba288cf525852e P 6ef95a83fc6c49eba98387da60d81e5d [term 1 FOLLOWER]: Raft consensus shutting down.
I20260608 09:53:31.091817 14100 raft_consensus.cc:2272] T d471a5c133f14a528bba288cf525852e P 6ef95a83fc6c49eba98387da60d81e5d [term 1 FOLLOWER]: Raft consensus is shut down!
I20260608 09:53:31.095026 14100 tablet_replica.cc:333] T 18c85c625fcd44d4a9a90d072875cfd5 P 6ef95a83fc6c49eba98387da60d81e5d: stopping tablet replica
I20260608 09:53:31.096045 14100 raft_consensus.cc:2243] T 18c85c625fcd44d4a9a90d072875cfd5 P 6ef95a83fc6c49eba98387da60d81e5d [term 2 FOLLOWER]: Raft consensus shutting down.
I20260608 09:53:31.096753 14100 raft_consensus.cc:2272] T 18c85c625fcd44d4a9a90d072875cfd5 P 6ef95a83fc6c49eba98387da60d81e5d [term 2 FOLLOWER]: Raft consensus is shut down!
I20260608 09:53:31.099582 14100 tablet_replica.cc:333] T 12de381c69ba4558947f7bf08df4d646 P 6ef95a83fc6c49eba98387da60d81e5d: stopping tablet replica
I20260608 09:53:31.100483 14100 raft_consensus.cc:2243] T 12de381c69ba4558947f7bf08df4d646 P 6ef95a83fc6c49eba98387da60d81e5d [term 2 FOLLOWER]: Raft consensus shutting down.
I20260608 09:53:31.101102 14100 raft_consensus.cc:2272] T 12de381c69ba4558947f7bf08df4d646 P 6ef95a83fc6c49eba98387da60d81e5d [term 2 FOLLOWER]: Raft consensus is shut down!
I20260608 09:53:31.104099 14100 tablet_replica.cc:333] T 9a42d1bdc531490a87a5364cebd1a959 P 6ef95a83fc6c49eba98387da60d81e5d: stopping tablet replica
I20260608 09:53:31.104979 14100 raft_consensus.cc:2243] T 9a42d1bdc531490a87a5364cebd1a959 P 6ef95a83fc6c49eba98387da60d81e5d [term 2 FOLLOWER]: Raft consensus shutting down.
I20260608 09:53:31.105659 14100 raft_consensus.cc:2272] T 9a42d1bdc531490a87a5364cebd1a959 P 6ef95a83fc6c49eba98387da60d81e5d [term 2 FOLLOWER]: Raft consensus is shut down!
I20260608 09:53:31.108511 14100 tablet_replica.cc:333] T 4034d848c54845da8209e593e1d7918a P 6ef95a83fc6c49eba98387da60d81e5d: stopping tablet replica
I20260608 09:53:31.109440 14100 raft_consensus.cc:2243] T 4034d848c54845da8209e593e1d7918a P 6ef95a83fc6c49eba98387da60d81e5d [term 2 FOLLOWER]: Raft consensus shutting down.
I20260608 09:53:31.110124 14100 raft_consensus.cc:2272] T 4034d848c54845da8209e593e1d7918a P 6ef95a83fc6c49eba98387da60d81e5d [term 2 FOLLOWER]: Raft consensus is shut down!
I20260608 09:53:31.112026 14100 tablet_replica.cc:333] T 63237ca1003542c1b80d1aa60f8a025c P 6ef95a83fc6c49eba98387da60d81e5d: stopping tablet replica
I20260608 09:53:31.113212 14100 raft_consensus.cc:2243] T 63237ca1003542c1b80d1aa60f8a025c P 6ef95a83fc6c49eba98387da60d81e5d [term 2 LEADER]: Raft consensus shutting down.
I20260608 09:53:31.114248 14100 raft_consensus.cc:2272] T 63237ca1003542c1b80d1aa60f8a025c P 6ef95a83fc6c49eba98387da60d81e5d [term 2 FOLLOWER]: Raft consensus is shut down!
W20260608 09:53:31.115031 17146 proxy.cc:239] Call had error, refreshing address and retrying: Remote error: Service unavailable: service kudu.consensus.ConsensusService not registered on TabletServer
I20260608 09:53:31.117375 14100 tablet_replica.cc:333] T e52ddbf341744bf198f754ea760959ad P 6ef95a83fc6c49eba98387da60d81e5d: stopping tablet replica
I20260608 09:53:31.118355 14100 raft_consensus.cc:2243] T e52ddbf341744bf198f754ea760959ad P 6ef95a83fc6c49eba98387da60d81e5d [term 1 FOLLOWER]: Raft consensus shutting down.
I20260608 09:53:31.119341 14100 raft_consensus.cc:2272] T e52ddbf341744bf198f754ea760959ad P 6ef95a83fc6c49eba98387da60d81e5d [term 1 FOLLOWER]: Raft consensus is shut down!
W20260608 09:53:31.121498 17146 consensus_peers.cc:597] T 4034d848c54845da8209e593e1d7918a P 1cb7cc32864e4187be0bfa37c8bafd53 -> Peer 6ef95a83fc6c49eba98387da60d81e5d (127.13.197.1:39771): Couldn't send request to peer 6ef95a83fc6c49eba98387da60d81e5d. Status: Remote error: Service unavailable: service kudu.consensus.ConsensusService not registered on TabletServer. This is attempt 1: this message will repeat every 5th retry.
I20260608 09:53:31.122145 14100 tablet_replica.cc:333] T c10f55f739b945f7aed224de74aed4fa P 6ef95a83fc6c49eba98387da60d81e5d: stopping tablet replica
I20260608 09:53:31.122715 14100 raft_consensus.cc:2243] T c10f55f739b945f7aed224de74aed4fa P 6ef95a83fc6c49eba98387da60d81e5d [term 2 LEADER]: Raft consensus shutting down.
I20260608 09:53:31.123834 14100 raft_consensus.cc:2272] T c10f55f739b945f7aed224de74aed4fa P 6ef95a83fc6c49eba98387da60d81e5d [term 2 FOLLOWER]: Raft consensus is shut down!
I20260608 09:53:31.160420 14100 tablet_server.cc:196] TabletServer@127.13.197.1:0 shutdown complete.
W20260608 09:53:31.165156 17375 consensus_peers.cc:597] T cb1325ca9cbe40e1948dc09d1a1dcd04 P 17c7caa1f04a4020adc48ea84d823f1a -> Peer 6ef95a83fc6c49eba98387da60d81e5d (127.13.197.1:39771): Couldn't send request to peer 6ef95a83fc6c49eba98387da60d81e5d. Status: Network error: Client connection negotiation failed: client connection to 127.13.197.1:39771: connect: Connection refused (error 111). This is attempt 1: this message will repeat every 5th retry.
W20260608 09:53:31.234388 17146 consensus_peers.cc:597] T d471a5c133f14a528bba288cf525852e P 1cb7cc32864e4187be0bfa37c8bafd53 -> Peer 6ef95a83fc6c49eba98387da60d81e5d (127.13.197.1:39771): Couldn't send request to peer 6ef95a83fc6c49eba98387da60d81e5d. Status: Network error: Client connection negotiation failed: client connection to 127.13.197.1:39771: connect: Connection refused (error 111). This is attempt 1: this message will repeat every 5th retry.
W20260608 09:53:31.235719 17146 consensus_peers.cc:597] T e52ddbf341744bf198f754ea760959ad P 1cb7cc32864e4187be0bfa37c8bafd53 -> Peer 6ef95a83fc6c49eba98387da60d81e5d (127.13.197.1:39771): Couldn't send request to peer 6ef95a83fc6c49eba98387da60d81e5d. Status: Network error: Client connection negotiation failed: client connection to 127.13.197.1:39771: connect: Connection refused (error 111). This is attempt 1: this message will repeat every 5th retry.
W20260608 09:53:31.264937 17375 consensus_peers.cc:597] T 12de381c69ba4558947f7bf08df4d646 P 17c7caa1f04a4020adc48ea84d823f1a -> Peer 6ef95a83fc6c49eba98387da60d81e5d (127.13.197.1:39771): Couldn't send request to peer 6ef95a83fc6c49eba98387da60d81e5d. Status: Network error: Client connection negotiation failed: client connection to 127.13.197.1:39771: connect: Connection refused (error 111). This is attempt 1: this message will repeat every 5th retry.
W20260608 09:53:31.277103 17375 consensus_peers.cc:597] T 9a42d1bdc531490a87a5364cebd1a959 P 17c7caa1f04a4020adc48ea84d823f1a -> Peer 6ef95a83fc6c49eba98387da60d81e5d (127.13.197.1:39771): Couldn't send request to peer 6ef95a83fc6c49eba98387da60d81e5d. Status: Network error: Client connection negotiation failed: client connection to 127.13.197.1:39771: connect: Connection refused (error 111). This is attempt 1: this message will repeat every 5th retry.
I20260608 09:53:31.287211 14100 tablet_server.cc:179] TabletServer@127.13.197.2:0 shutting down...
W20260608 09:53:31.378341 17222 consensus_peers.cc:597] T 61cd004f27b04414903efdff37672a00 P 293a7a214a1842e0a6431ffe5a6d83d3 -> Peer 1cb7cc32864e4187be0bfa37c8bafd53 (127.13.197.2:39235): Couldn't send request to peer 1cb7cc32864e4187be0bfa37c8bafd53. Status: Remote error: Service unavailable: service kudu.consensus.ConsensusService not registered on TabletServer. This is attempt 1: this message will repeat every 5th retry.
I20260608 09:53:31.391971 14100 ts_tablet_manager.cc:1507] Shutting down tablet manager...
I20260608 09:53:31.393805 14100 tablet_replica.cc:333] T cb1325ca9cbe40e1948dc09d1a1dcd04 P 1cb7cc32864e4187be0bfa37c8bafd53: stopping tablet replica
I20260608 09:53:31.394950 14100 raft_consensus.cc:2243] T cb1325ca9cbe40e1948dc09d1a1dcd04 P 1cb7cc32864e4187be0bfa37c8bafd53 [term 2 FOLLOWER]: Raft consensus shutting down.
I20260608 09:53:31.396153 14100 raft_consensus.cc:2272] T cb1325ca9cbe40e1948dc09d1a1dcd04 P 1cb7cc32864e4187be0bfa37c8bafd53 [term 2 FOLLOWER]: Raft consensus is shut down!
W20260608 09:53:31.399447 17220 consensus_peers.cc:597] T 5981c84885f74710bc84d7ed2225b835 P 293a7a214a1842e0a6431ffe5a6d83d3 -> Peer 6ef95a83fc6c49eba98387da60d81e5d (127.13.197.1:39771): Couldn't send request to peer 6ef95a83fc6c49eba98387da60d81e5d. Status: Network error: Client connection negotiation failed: client connection to 127.13.197.1:39771: connect: Connection refused (error 111). This is attempt 1: this message will repeat every 5th retry.
I20260608 09:53:31.399595 14100 tablet_replica.cc:333] T 5981c84885f74710bc84d7ed2225b835 P 1cb7cc32864e4187be0bfa37c8bafd53: stopping tablet replica
I20260608 09:53:31.400513 14100 raft_consensus.cc:2243] T 5981c84885f74710bc84d7ed2225b835 P 1cb7cc32864e4187be0bfa37c8bafd53 [term 1 FOLLOWER]: Raft consensus shutting down.
I20260608 09:53:31.401463 14100 raft_consensus.cc:2272] T 5981c84885f74710bc84d7ed2225b835 P 1cb7cc32864e4187be0bfa37c8bafd53 [term 1 FOLLOWER]: Raft consensus is shut down!
I20260608 09:53:31.403887 14100 tablet_replica.cc:333] T b561140906b043dfbf757ea980b126e4 P 1cb7cc32864e4187be0bfa37c8bafd53: stopping tablet replica
I20260608 09:53:31.404556 14100 raft_consensus.cc:2243] T b561140906b043dfbf757ea980b126e4 P 1cb7cc32864e4187be0bfa37c8bafd53 [term 1 FOLLOWER]: Raft consensus shutting down.
I20260608 09:53:31.405131 14100 raft_consensus.cc:2272] T b561140906b043dfbf757ea980b126e4 P 1cb7cc32864e4187be0bfa37c8bafd53 [term 1 FOLLOWER]: Raft consensus is shut down!
I20260608 09:53:31.407482 14100 tablet_replica.cc:333] T d471a5c133f14a528bba288cf525852e P 1cb7cc32864e4187be0bfa37c8bafd53: stopping tablet replica
I20260608 09:53:31.408237 14100 raft_consensus.cc:2243] T d471a5c133f14a528bba288cf525852e P 1cb7cc32864e4187be0bfa37c8bafd53 [term 1 LEADER]: Raft consensus shutting down.
I20260608 09:53:31.409471 14100 raft_consensus.cc:2272] T d471a5c133f14a528bba288cf525852e P 1cb7cc32864e4187be0bfa37c8bafd53 [term 1 FOLLOWER]: Raft consensus is shut down!
I20260608 09:53:31.412276 14100 tablet_replica.cc:333] T 444c5b78e3b640efa493380d24b871bc P 1cb7cc32864e4187be0bfa37c8bafd53: stopping tablet replica
I20260608 09:53:31.413401 14100 raft_consensus.cc:2243] T 444c5b78e3b640efa493380d24b871bc P 1cb7cc32864e4187be0bfa37c8bafd53 [term 1 FOLLOWER]: Raft consensus shutting down.
I20260608 09:53:31.414875 14100 raft_consensus.cc:2272] T 444c5b78e3b640efa493380d24b871bc P 1cb7cc32864e4187be0bfa37c8bafd53 [term 1 FOLLOWER]: Raft consensus is shut down!
I20260608 09:53:31.418171 14100 tablet_replica.cc:333] T bd701f82a2db425da1ccd7387668c47a P 1cb7cc32864e4187be0bfa37c8bafd53: stopping tablet replica
I20260608 09:53:31.418742 14100 raft_consensus.cc:2243] T bd701f82a2db425da1ccd7387668c47a P 1cb7cc32864e4187be0bfa37c8bafd53 [term 1 LEADER]: Raft consensus shutting down.
I20260608 09:53:31.419692 14100 raft_consensus.cc:2272] T bd701f82a2db425da1ccd7387668c47a P 1cb7cc32864e4187be0bfa37c8bafd53 [term 1 FOLLOWER]: Raft consensus is shut down!
I20260608 09:53:31.422232 14100 tablet_replica.cc:333] T 4034d848c54845da8209e593e1d7918a P 1cb7cc32864e4187be0bfa37c8bafd53: stopping tablet replica
I20260608 09:53:31.422998 14100 raft_consensus.cc:2243] T 4034d848c54845da8209e593e1d7918a P 1cb7cc32864e4187be0bfa37c8bafd53 [term 2 LEADER]: Raft consensus shutting down.
I20260608 09:53:31.424108 14100 raft_consensus.cc:2272] T 4034d848c54845da8209e593e1d7918a P 1cb7cc32864e4187be0bfa37c8bafd53 [term 2 FOLLOWER]: Raft consensus is shut down!
I20260608 09:53:31.426972 14100 tablet_replica.cc:333] T e52ddbf341744bf198f754ea760959ad P 1cb7cc32864e4187be0bfa37c8bafd53: stopping tablet replica
I20260608 09:53:31.427666 14100 raft_consensus.cc:2243] T e52ddbf341744bf198f754ea760959ad P 1cb7cc32864e4187be0bfa37c8bafd53 [term 1 LEADER]: Raft consensus shutting down.
I20260608 09:53:31.429080 14100 raft_consensus.cc:2272] T e52ddbf341744bf198f754ea760959ad P 1cb7cc32864e4187be0bfa37c8bafd53 [term 1 FOLLOWER]: Raft consensus is shut down!
W20260608 09:53:31.430922 17377 consensus_peers.cc:597] T cb1325ca9cbe40e1948dc09d1a1dcd04 P 17c7caa1f04a4020adc48ea84d823f1a -> Peer 1cb7cc32864e4187be0bfa37c8bafd53 (127.13.197.2:39235): Couldn't send request to peer 1cb7cc32864e4187be0bfa37c8bafd53. Status: Remote error: Service unavailable: service kudu.consensus.ConsensusService not registered on TabletServer. This is attempt 1: this message will repeat every 5th retry.
I20260608 09:53:31.432090 14100 tablet_replica.cc:333] T a123b84b05484007a0237b64f37f1550 P 1cb7cc32864e4187be0bfa37c8bafd53: stopping tablet replica
I20260608 09:53:31.432807 14100 raft_consensus.cc:2243] T a123b84b05484007a0237b64f37f1550 P 1cb7cc32864e4187be0bfa37c8bafd53 [term 1 FOLLOWER]: Raft consensus shutting down.
I20260608 09:53:31.433382 14100 raft_consensus.cc:2272] T a123b84b05484007a0237b64f37f1550 P 1cb7cc32864e4187be0bfa37c8bafd53 [term 1 FOLLOWER]: Raft consensus is shut down!
I20260608 09:53:31.435632 14100 tablet_replica.cc:333] T 63237ca1003542c1b80d1aa60f8a025c P 1cb7cc32864e4187be0bfa37c8bafd53: stopping tablet replica
I20260608 09:53:31.436203 14100 raft_consensus.cc:2243] T 63237ca1003542c1b80d1aa60f8a025c P 1cb7cc32864e4187be0bfa37c8bafd53 [term 2 FOLLOWER]: Raft consensus shutting down.
I20260608 09:53:31.436770 14100 raft_consensus.cc:2272] T 63237ca1003542c1b80d1aa60f8a025c P 1cb7cc32864e4187be0bfa37c8bafd53 [term 2 FOLLOWER]: Raft consensus is shut down!
I20260608 09:53:31.439064 14100 tablet_replica.cc:333] T 61cd004f27b04414903efdff37672a00 P 1cb7cc32864e4187be0bfa37c8bafd53: stopping tablet replica
I20260608 09:53:31.439647 14100 raft_consensus.cc:2243] T 61cd004f27b04414903efdff37672a00 P 1cb7cc32864e4187be0bfa37c8bafd53 [term 1 FOLLOWER]: Raft consensus shutting down.
I20260608 09:53:31.440699 14100 raft_consensus.cc:2272] T 61cd004f27b04414903efdff37672a00 P 1cb7cc32864e4187be0bfa37c8bafd53 [term 1 FOLLOWER]: Raft consensus is shut down!
I20260608 09:53:31.443111 14100 tablet_replica.cc:333] T f60d04e73f0a44279933c6d55f5cceb4 P 1cb7cc32864e4187be0bfa37c8bafd53: stopping tablet replica
I20260608 09:53:31.443684 14100 raft_consensus.cc:2243] T f60d04e73f0a44279933c6d55f5cceb4 P 1cb7cc32864e4187be0bfa37c8bafd53 [term 3 FOLLOWER]: Raft consensus shutting down.
I20260608 09:53:31.444394 14100 raft_consensus.cc:2272] T f60d04e73f0a44279933c6d55f5cceb4 P 1cb7cc32864e4187be0bfa37c8bafd53 [term 3 FOLLOWER]: Raft consensus is shut down!
I20260608 09:53:31.493134 14100 tablet_server.cc:196] TabletServer@127.13.197.2:0 shutdown complete.
W20260608 09:53:31.528339 17222 consensus_peers.cc:597] T a123b84b05484007a0237b64f37f1550 P 293a7a214a1842e0a6431ffe5a6d83d3 -> Peer 1cb7cc32864e4187be0bfa37c8bafd53 (127.13.197.2:39235): Couldn't send request to peer 1cb7cc32864e4187be0bfa37c8bafd53. Status: Network error: Client connection negotiation failed: client connection to 127.13.197.2:39235: connect: Connection refused (error 111). This is attempt 1: this message will repeat every 5th retry.
I20260608 09:53:31.547206 14100 tablet_server.cc:179] TabletServer@127.13.197.3:0 shutting down...
W20260608 09:53:31.552767 17375 consensus_peers.cc:597] T 18c85c625fcd44d4a9a90d072875cfd5 P 17c7caa1f04a4020adc48ea84d823f1a -> Peer 6ef95a83fc6c49eba98387da60d81e5d (127.13.197.1:39771): Couldn't send request to peer 6ef95a83fc6c49eba98387da60d81e5d. Status: Network error: Client connection negotiation failed: client connection to 127.13.197.1:39771: connect: Connection refused (error 111). This is attempt 1: this message will repeat every 5th retry.
I20260608 09:53:31.600261 14100 ts_tablet_manager.cc:1507] Shutting down tablet manager...
I20260608 09:53:31.601540 14100 tablet_replica.cc:333] T 5981c84885f74710bc84d7ed2225b835 P 293a7a214a1842e0a6431ffe5a6d83d3: stopping tablet replica
W20260608 09:53:31.601682 17222 consensus_peers.cc:597] T f60d04e73f0a44279933c6d55f5cceb4 P 293a7a214a1842e0a6431ffe5a6d83d3 -> Peer 1cb7cc32864e4187be0bfa37c8bafd53 (127.13.197.2:39235): Couldn't send request to peer 1cb7cc32864e4187be0bfa37c8bafd53. Status: Network error: Client connection negotiation failed: client connection to 127.13.197.2:39235: connect: Connection refused (error 111). This is attempt 1: this message will repeat every 5th retry.
I20260608 09:53:31.602680 14100 raft_consensus.cc:2243] T 5981c84885f74710bc84d7ed2225b835 P 293a7a214a1842e0a6431ffe5a6d83d3 [term 1 LEADER]: Raft consensus shutting down.
I20260608 09:53:31.603698 14100 raft_consensus.cc:2272] T 5981c84885f74710bc84d7ed2225b835 P 293a7a214a1842e0a6431ffe5a6d83d3 [term 1 FOLLOWER]: Raft consensus is shut down!
I20260608 09:53:31.606580 14100 tablet_replica.cc:333] T f60d04e73f0a44279933c6d55f5cceb4 P 293a7a214a1842e0a6431ffe5a6d83d3: stopping tablet replica
I20260608 09:53:31.607443 14100 raft_consensus.cc:2243] T f60d04e73f0a44279933c6d55f5cceb4 P 293a7a214a1842e0a6431ffe5a6d83d3 [term 3 LEADER]: Raft consensus shutting down.
I20260608 09:53:31.608659 14100 raft_consensus.cc:2272] T f60d04e73f0a44279933c6d55f5cceb4 P 293a7a214a1842e0a6431ffe5a6d83d3 [term 3 FOLLOWER]: Raft consensus is shut down!
I20260608 09:53:31.611089 14100 tablet_replica.cc:333] T 61cd004f27b04414903efdff37672a00 P 293a7a214a1842e0a6431ffe5a6d83d3: stopping tablet replica
I20260608 09:53:31.611855 14100 raft_consensus.cc:2243] T 61cd004f27b04414903efdff37672a00 P 293a7a214a1842e0a6431ffe5a6d83d3 [term 1 LEADER]: Raft consensus shutting down.
I20260608 09:53:31.613004 14100 raft_consensus.cc:2272] T 61cd004f27b04414903efdff37672a00 P 293a7a214a1842e0a6431ffe5a6d83d3 [term 1 FOLLOWER]: Raft consensus is shut down!
I20260608 09:53:31.615869 14100 tablet_replica.cc:333] T 18c85c625fcd44d4a9a90d072875cfd5 P 293a7a214a1842e0a6431ffe5a6d83d3: stopping tablet replica
I20260608 09:53:31.616568 14100 raft_consensus.cc:2243] T 18c85c625fcd44d4a9a90d072875cfd5 P 293a7a214a1842e0a6431ffe5a6d83d3 [term 2 FOLLOWER]: Raft consensus shutting down.
I20260608 09:53:31.617130 14100 raft_consensus.cc:2272] T 18c85c625fcd44d4a9a90d072875cfd5 P 293a7a214a1842e0a6431ffe5a6d83d3 [term 2 FOLLOWER]: Raft consensus is shut down!
I20260608 09:53:31.619879 14100 tablet_replica.cc:333] T bd701f82a2db425da1ccd7387668c47a P 293a7a214a1842e0a6431ffe5a6d83d3: stopping tablet replica
I20260608 09:53:31.620672 14100 raft_consensus.cc:2243] T bd701f82a2db425da1ccd7387668c47a P 293a7a214a1842e0a6431ffe5a6d83d3 [term 1 FOLLOWER]: Raft consensus shutting down.
I20260608 09:53:31.621423 14100 raft_consensus.cc:2272] T bd701f82a2db425da1ccd7387668c47a P 293a7a214a1842e0a6431ffe5a6d83d3 [term 1 FOLLOWER]: Raft consensus is shut down!
I20260608 09:53:31.624399 14100 tablet_replica.cc:333] T 12de381c69ba4558947f7bf08df4d646 P 293a7a214a1842e0a6431ffe5a6d83d3: stopping tablet replica
I20260608 09:53:31.625200 14100 raft_consensus.cc:2243] T 12de381c69ba4558947f7bf08df4d646 P 293a7a214a1842e0a6431ffe5a6d83d3 [term 2 FOLLOWER]: Raft consensus shutting down.
I20260608 09:53:31.625927 14100 raft_consensus.cc:2272] T 12de381c69ba4558947f7bf08df4d646 P 293a7a214a1842e0a6431ffe5a6d83d3 [term 2 FOLLOWER]: Raft consensus is shut down!
I20260608 09:53:31.629105 14100 tablet_replica.cc:333] T e52ddbf341744bf198f754ea760959ad P 293a7a214a1842e0a6431ffe5a6d83d3: stopping tablet replica
I20260608 09:53:31.630007 14100 raft_consensus.cc:2243] T e52ddbf341744bf198f754ea760959ad P 293a7a214a1842e0a6431ffe5a6d83d3 [term 1 FOLLOWER]: Raft consensus shutting down.
I20260608 09:53:31.631079 14100 raft_consensus.cc:2272] T e52ddbf341744bf198f754ea760959ad P 293a7a214a1842e0a6431ffe5a6d83d3 [term 1 FOLLOWER]: Raft consensus is shut down!
I20260608 09:53:31.634285 14100 tablet_replica.cc:333] T a123b84b05484007a0237b64f37f1550 P 293a7a214a1842e0a6431ffe5a6d83d3: stopping tablet replica
I20260608 09:53:31.635175 14100 raft_consensus.cc:2243] T a123b84b05484007a0237b64f37f1550 P 293a7a214a1842e0a6431ffe5a6d83d3 [term 1 LEADER]: Raft consensus shutting down.
I20260608 09:53:31.636397 14100 raft_consensus.cc:2272] T a123b84b05484007a0237b64f37f1550 P 293a7a214a1842e0a6431ffe5a6d83d3 [term 1 FOLLOWER]: Raft consensus is shut down!
I20260608 09:53:31.639747 14100 tablet_replica.cc:333] T 63237ca1003542c1b80d1aa60f8a025c P 293a7a214a1842e0a6431ffe5a6d83d3: stopping tablet replica
I20260608 09:53:31.640630 14100 raft_consensus.cc:2243] T 63237ca1003542c1b80d1aa60f8a025c P 293a7a214a1842e0a6431ffe5a6d83d3 [term 2 FOLLOWER]: Raft consensus shutting down.
I20260608 09:53:31.641381 14100 raft_consensus.cc:2272] T 63237ca1003542c1b80d1aa60f8a025c P 293a7a214a1842e0a6431ffe5a6d83d3 [term 2 FOLLOWER]: Raft consensus is shut down!
I20260608 09:53:31.645131 14100 tablet_replica.cc:333] T 9a42d1bdc531490a87a5364cebd1a959 P 293a7a214a1842e0a6431ffe5a6d83d3: stopping tablet replica
I20260608 09:53:31.645937 14100 raft_consensus.cc:2243] T 9a42d1bdc531490a87a5364cebd1a959 P 293a7a214a1842e0a6431ffe5a6d83d3 [term 2 FOLLOWER]: Raft consensus shutting down.
I20260608 09:53:31.646561 14100 raft_consensus.cc:2272] T 9a42d1bdc531490a87a5364cebd1a959 P 293a7a214a1842e0a6431ffe5a6d83d3 [term 2 FOLLOWER]: Raft consensus is shut down!
I20260608 09:53:31.650902 14100 tablet_replica.cc:333] T 4034d848c54845da8209e593e1d7918a P 293a7a214a1842e0a6431ffe5a6d83d3: stopping tablet replica
I20260608 09:53:31.652141 14100 raft_consensus.cc:2243] T 4034d848c54845da8209e593e1d7918a P 293a7a214a1842e0a6431ffe5a6d83d3 [term 2 FOLLOWER]: Raft consensus shutting down.
I20260608 09:53:31.653152 14100 raft_consensus.cc:2272] T 4034d848c54845da8209e593e1d7918a P 293a7a214a1842e0a6431ffe5a6d83d3 [term 2 FOLLOWER]: Raft consensus is shut down!
I20260608 09:53:31.656438 14100 tablet_replica.cc:333] T c10f55f739b945f7aed224de74aed4fa P 293a7a214a1842e0a6431ffe5a6d83d3: stopping tablet replica
I20260608 09:53:31.657230 14100 raft_consensus.cc:2243] T c10f55f739b945f7aed224de74aed4fa P 293a7a214a1842e0a6431ffe5a6d83d3 [term 2 FOLLOWER]: Raft consensus shutting down.
I20260608 09:53:31.658356 14100 raft_consensus.cc:2272] T c10f55f739b945f7aed224de74aed4fa P 293a7a214a1842e0a6431ffe5a6d83d3 [term 2 FOLLOWER]: Raft consensus is shut down!
W20260608 09:53:31.678108 17375 consensus_peers.cc:597] T 12de381c69ba4558947f7bf08df4d646 P 17c7caa1f04a4020adc48ea84d823f1a -> Peer 293a7a214a1842e0a6431ffe5a6d83d3 (127.13.197.3:39935): Couldn't send request to peer 293a7a214a1842e0a6431ffe5a6d83d3. Status: Remote error: Service unavailable: service kudu.consensus.ConsensusService not registered on TabletServer. This is attempt 1: this message will repeat every 5th retry.
W20260608 09:53:31.942484 17375 consensus_peers.cc:597] T 9a42d1bdc531490a87a5364cebd1a959 P 17c7caa1f04a4020adc48ea84d823f1a -> Peer 293a7a214a1842e0a6431ffe5a6d83d3 (127.13.197.3:39935): Couldn't send request to peer 293a7a214a1842e0a6431ffe5a6d83d3. Status: Network error: Client connection negotiation failed: client connection to 127.13.197.3:39935: connect: Connection refused (error 111). This is attempt 1: this message will repeat every 5th retry.
W20260608 09:53:32.043632 17375 consensus_peers.cc:597] T 18c85c625fcd44d4a9a90d072875cfd5 P 17c7caa1f04a4020adc48ea84d823f1a -> Peer 293a7a214a1842e0a6431ffe5a6d83d3 (127.13.197.3:39935): Couldn't send request to peer 293a7a214a1842e0a6431ffe5a6d83d3. Status: Network error: Client connection negotiation failed: client connection to 127.13.197.3:39935: connect: Connection refused (error 111). This is attempt 1: this message will repeat every 5th retry.
I20260608 09:53:32.064098 17058 auto_leader_rebalancer.cc:140] leader rebalance for table range_aware_rebalance_new_range
I20260608 09:53:32.076490 17058 auto_leader_rebalancer.cc:388] table: range_aware_rebalance_new_range, leader rebalance finish, leader transfer count: 0
I20260608 09:53:32.077111 17058 auto_leader_rebalancer.cc:451] All tables' leader rebalancing finished this round
I20260608 09:53:32.085446 14100 tablet_server.cc:196] TabletServer@127.13.197.3:0 shutdown complete.
I20260608 09:53:32.122948 14100 tablet_server.cc:179] TabletServer@127.13.197.4:0 shutting down...
I20260608 09:53:32.159248 14100 ts_tablet_manager.cc:1507] Shutting down tablet manager...
I20260608 09:53:32.160080 14100 tablet_replica.cc:333] T c10f55f739b945f7aed224de74aed4fa P 17c7caa1f04a4020adc48ea84d823f1a: stopping tablet replica
I20260608 09:53:32.161085 14100 raft_consensus.cc:2243] T c10f55f739b945f7aed224de74aed4fa P 17c7caa1f04a4020adc48ea84d823f1a [term 2 FOLLOWER]: Raft consensus shutting down.
I20260608 09:53:32.161753 14100 raft_consensus.cc:2272] T c10f55f739b945f7aed224de74aed4fa P 17c7caa1f04a4020adc48ea84d823f1a [term 2 FOLLOWER]: Raft consensus is shut down!
I20260608 09:53:32.163770 14100 tablet_replica.cc:333] T f60d04e73f0a44279933c6d55f5cceb4 P 17c7caa1f04a4020adc48ea84d823f1a: stopping tablet replica
I20260608 09:53:32.164301 14100 raft_consensus.cc:2243] T f60d04e73f0a44279933c6d55f5cceb4 P 17c7caa1f04a4020adc48ea84d823f1a [term 3 FOLLOWER]: Raft consensus shutting down.
I20260608 09:53:32.164951 14100 raft_consensus.cc:2272] T f60d04e73f0a44279933c6d55f5cceb4 P 17c7caa1f04a4020adc48ea84d823f1a [term 3 FOLLOWER]: Raft consensus is shut down!
I20260608 09:53:32.166954 14100 tablet_replica.cc:333] T 61cd004f27b04414903efdff37672a00 P 17c7caa1f04a4020adc48ea84d823f1a: stopping tablet replica
I20260608 09:53:32.167495 14100 raft_consensus.cc:2243] T 61cd004f27b04414903efdff37672a00 P 17c7caa1f04a4020adc48ea84d823f1a [term 1 FOLLOWER]: Raft consensus shutting down.
I20260608 09:53:32.168021 14100 raft_consensus.cc:2272] T 61cd004f27b04414903efdff37672a00 P 17c7caa1f04a4020adc48ea84d823f1a [term 1 FOLLOWER]: Raft consensus is shut down!
I20260608 09:53:32.170678 14100 tablet_replica.cc:333] T cb1325ca9cbe40e1948dc09d1a1dcd04 P 17c7caa1f04a4020adc48ea84d823f1a: stopping tablet replica
I20260608 09:53:32.171254 14100 raft_consensus.cc:2243] T cb1325ca9cbe40e1948dc09d1a1dcd04 P 17c7caa1f04a4020adc48ea84d823f1a [term 2 LEADER]: Raft consensus shutting down.
I20260608 09:53:32.172073 14100 raft_consensus.cc:2272] T cb1325ca9cbe40e1948dc09d1a1dcd04 P 17c7caa1f04a4020adc48ea84d823f1a [term 2 FOLLOWER]: Raft consensus is shut down!
I20260608 09:53:32.174479 14100 tablet_replica.cc:333] T b561140906b043dfbf757ea980b126e4 P 17c7caa1f04a4020adc48ea84d823f1a: stopping tablet replica
I20260608 09:53:32.175163 14100 raft_consensus.cc:2243] T b561140906b043dfbf757ea980b126e4 P 17c7caa1f04a4020adc48ea84d823f1a [term 1 FOLLOWER]: Raft consensus shutting down.
I20260608 09:53:32.175760 14100 raft_consensus.cc:2272] T b561140906b043dfbf757ea980b126e4 P 17c7caa1f04a4020adc48ea84d823f1a [term 1 FOLLOWER]: Raft consensus is shut down!
I20260608 09:53:32.178318 14100 tablet_replica.cc:333] T 9a42d1bdc531490a87a5364cebd1a959 P 17c7caa1f04a4020adc48ea84d823f1a: stopping tablet replica
I20260608 09:53:32.178853 14100 raft_consensus.cc:2243] T 9a42d1bdc531490a87a5364cebd1a959 P 17c7caa1f04a4020adc48ea84d823f1a [term 2 LEADER]: Raft consensus shutting down.
I20260608 09:53:32.179580 14100 raft_consensus.cc:2272] T 9a42d1bdc531490a87a5364cebd1a959 P 17c7caa1f04a4020adc48ea84d823f1a [term 2 FOLLOWER]: Raft consensus is shut down!
I20260608 09:53:32.181492 14100 tablet_replica.cc:333] T bd701f82a2db425da1ccd7387668c47a P 17c7caa1f04a4020adc48ea84d823f1a: stopping tablet replica
I20260608 09:53:32.182296 14100 raft_consensus.cc:2243] T bd701f82a2db425da1ccd7387668c47a P 17c7caa1f04a4020adc48ea84d823f1a [term 1 FOLLOWER]: Raft consensus shutting down.
I20260608 09:53:32.182706 14100 raft_consensus.cc:2272] T bd701f82a2db425da1ccd7387668c47a P 17c7caa1f04a4020adc48ea84d823f1a [term 1 FOLLOWER]: Raft consensus is shut down!
I20260608 09:53:32.184590 14100 tablet_replica.cc:333] T 18c85c625fcd44d4a9a90d072875cfd5 P 17c7caa1f04a4020adc48ea84d823f1a: stopping tablet replica
I20260608 09:53:32.185066 14100 raft_consensus.cc:2243] T 18c85c625fcd44d4a9a90d072875cfd5 P 17c7caa1f04a4020adc48ea84d823f1a [term 2 LEADER]: Raft consensus shutting down.
I20260608 09:53:32.185868 14100 raft_consensus.cc:2272] T 18c85c625fcd44d4a9a90d072875cfd5 P 17c7caa1f04a4020adc48ea84d823f1a [term 2 FOLLOWER]: Raft consensus is shut down!
