I20260608 09:52:09.143981  7939 leader_election.cc:290] T a40b80fc65f64e5d950b05dc7ef70b80 P 855a273283be406e8c20038ab76eba5b [CANDIDATE]: Term 2 election: Requested vote from peers 6593d4184585427a9e83ac392f23a791 (127.6.215.130:39433), 9011ac9ad91e4b79abca79d805cca529 (127.6.215.131:46711)
I20260608 09:52:09.150157  7752 raft_consensus.cc:2468] T a40b80fc65f64e5d950b05dc7ef70b80 P 6593d4184585427a9e83ac392f23a791 [term 2 FOLLOWER]: Leader election vote request: Granting yes vote for candidate 855a273283be406e8c20038ab76eba5b in term 2.
I20260608 09:52:09.151949  7645 leader_election.cc:304] T a40b80fc65f64e5d950b05dc7ef70b80 P 855a273283be406e8c20038ab76eba5b [CANDIDATE]: Term 2 election: Election decided. Result: candidate won. Election summary: received 3 responses out of 3 voters: 2 yes votes; 1 no votes. yes voters: 6593d4184585427a9e83ac392f23a791, 855a273283be406e8c20038ab76eba5b; no voters: 9011ac9ad91e4b79abca79d805cca529
I20260608 09:52:09.160009  7939 raft_consensus.cc:2804] T a40b80fc65f64e5d950b05dc7ef70b80 P 855a273283be406e8c20038ab76eba5b [term 2 FOLLOWER]: Leader election won for term 2
I20260608 09:52:09.160609  7939 raft_consensus.cc:697] T a40b80fc65f64e5d950b05dc7ef70b80 P 855a273283be406e8c20038ab76eba5b [term 2 LEADER]: Becoming Leader. State: Replica: 855a273283be406e8c20038ab76eba5b, State: Running, Role: LEADER
I20260608 09:52:09.163105  7939 consensus_queue.cc:237] T a40b80fc65f64e5d950b05dc7ef70b80 P 855a273283be406e8c20038ab76eba5b [LEADER]: Queue going to LEADER mode. State: All replicated index: 0, Majority replicated index: 1, Committed index: 1, Last appended: 1.1, Last appended by leader: 1, Current term: 2, Majority size: 2, State: 0, Mode: LEADER, active raft config: opid_index: -1 OBSOLETE_local: false peers { permanent_uuid: "855a273283be406e8c20038ab76eba5b" member_type: VOTER last_known_addr { host: "127.6.215.129" port: 40079 } } peers { permanent_uuid: "6593d4184585427a9e83ac392f23a791" member_type: VOTER last_known_addr { host: "127.6.215.130" port: 39433 } } peers { permanent_uuid: "9011ac9ad91e4b79abca79d805cca529" member_type: VOTER last_known_addr { host: "127.6.215.131" port: 46711 } }
I20260608 09:52:09.176033  7579 catalog_manager.cc:5696] T a40b80fc65f64e5d950b05dc7ef70b80 P 855a273283be406e8c20038ab76eba5b reported cstate change: term changed from 1 to 2, leader changed from 6593d4184585427a9e83ac392f23a791 (127.6.215.130) to 855a273283be406e8c20038ab76eba5b (127.6.215.129). New cstate: current_term: 2 leader_uuid: "855a273283be406e8c20038ab76eba5b" committed_config { opid_index: -1 OBSOLETE_local: false peers { permanent_uuid: "855a273283be406e8c20038ab76eba5b" member_type: VOTER last_known_addr { host: "127.6.215.129" port: 40079 } health_report { overall_health: HEALTHY } } peers { permanent_uuid: "6593d4184585427a9e83ac392f23a791" member_type: VOTER last_known_addr { host: "127.6.215.130" port: 39433 } health_report { overall_health: UNKNOWN } } peers { permanent_uuid: "9011ac9ad91e4b79abca79d805cca529" member_type: VOTER last_known_addr { host: "127.6.215.131" port: 46711 } health_report { overall_health: UNKNOWN } } }
I20260608 09:52:09.271605  7939 raft_consensus.cc:493] T 9d1cc7a490e44c3b88863534e36e83c3 P 855a273283be406e8c20038ab76eba5b [term 1 FOLLOWER]: Starting pre-election (detected failure of leader 9011ac9ad91e4b79abca79d805cca529)
I20260608 09:52:09.272338  7939 raft_consensus.cc:515] T 9d1cc7a490e44c3b88863534e36e83c3 P 855a273283be406e8c20038ab76eba5b [term 1 FOLLOWER]: Starting pre-election with config: opid_index: -1 OBSOLETE_local: false peers { permanent_uuid: "855a273283be406e8c20038ab76eba5b" member_type: VOTER last_known_addr { host: "127.6.215.129" port: 40079 } } peers { permanent_uuid: "6593d4184585427a9e83ac392f23a791" member_type: VOTER last_known_addr { host: "127.6.215.130" port: 39433 } } peers { permanent_uuid: "9011ac9ad91e4b79abca79d805cca529" member_type: VOTER last_known_addr { host: "127.6.215.131" port: 46711 } }
I20260608 09:52:09.275069  7939 leader_election.cc:290] T 9d1cc7a490e44c3b88863534e36e83c3 P 855a273283be406e8c20038ab76eba5b [CANDIDATE]: Term 2 pre-election: Requested pre-vote from peers 6593d4184585427a9e83ac392f23a791 (127.6.215.130:39433), 9011ac9ad91e4b79abca79d805cca529 (127.6.215.131:46711)
I20260608 09:52:09.276643  7752 tablet_service.cc:1917] Received RequestConsensusVote() RPC: tablet_id: "9d1cc7a490e44c3b88863534e36e83c3" candidate_uuid: "855a273283be406e8c20038ab76eba5b" candidate_term: 2 candidate_status { last_received { term: 1 index: 1 } } ignore_live_leader: false dest_uuid: "6593d4184585427a9e83ac392f23a791" is_pre_election: true
I20260608 09:52:09.276651  7829 tablet_service.cc:1917] Received RequestConsensusVote() RPC: tablet_id: "9d1cc7a490e44c3b88863534e36e83c3" candidate_uuid: "855a273283be406e8c20038ab76eba5b" candidate_term: 2 candidate_status { last_received { term: 1 index: 1 } } ignore_live_leader: false dest_uuid: "9011ac9ad91e4b79abca79d805cca529" is_pre_election: true
I20260608 09:52:09.277767  7752 raft_consensus.cc:2393] T 9d1cc7a490e44c3b88863534e36e83c3 P 6593d4184585427a9e83ac392f23a791 [term 2 FOLLOWER]: Leader pre-election vote request: Denying vote to candidate 855a273283be406e8c20038ab76eba5b in current term 2: Already voted for candidate 6593d4184585427a9e83ac392f23a791 in this term.
I20260608 09:52:09.277704  7829 raft_consensus.cc:2468] T 9d1cc7a490e44c3b88863534e36e83c3 P 9011ac9ad91e4b79abca79d805cca529 [term 2 FOLLOWER]: Leader pre-election vote request: Granting yes vote for candidate 855a273283be406e8c20038ab76eba5b in term 2.
I20260608 09:52:09.279484  7647 leader_election.cc:304] T 9d1cc7a490e44c3b88863534e36e83c3 P 855a273283be406e8c20038ab76eba5b [CANDIDATE]: Term 2 pre-election: Election decided. Result: candidate won. Election summary: received 2 responses out of 3 voters: 2 yes votes; 0 no votes. yes voters: 855a273283be406e8c20038ab76eba5b, 9011ac9ad91e4b79abca79d805cca529; no voters: 
I20260608 09:52:09.280526  7939 raft_consensus.cc:2804] T 9d1cc7a490e44c3b88863534e36e83c3 P 855a273283be406e8c20038ab76eba5b [term 1 FOLLOWER]: Leader pre-election won for term 2
I20260608 09:52:09.280946  7939 raft_consensus.cc:493] T 9d1cc7a490e44c3b88863534e36e83c3 P 855a273283be406e8c20038ab76eba5b [term 1 FOLLOWER]: Starting leader election (detected failure of leader 9011ac9ad91e4b79abca79d805cca529)
I20260608 09:52:09.281404  7939 raft_consensus.cc:3060] T 9d1cc7a490e44c3b88863534e36e83c3 P 855a273283be406e8c20038ab76eba5b [term 1 FOLLOWER]: Advancing to term 2
I20260608 09:52:09.289628  7939 raft_consensus.cc:515] T 9d1cc7a490e44c3b88863534e36e83c3 P 855a273283be406e8c20038ab76eba5b [term 2 FOLLOWER]: Starting leader election with config: opid_index: -1 OBSOLETE_local: false peers { permanent_uuid: "855a273283be406e8c20038ab76eba5b" member_type: VOTER last_known_addr { host: "127.6.215.129" port: 40079 } } peers { permanent_uuid: "6593d4184585427a9e83ac392f23a791" member_type: VOTER last_known_addr { host: "127.6.215.130" port: 39433 } } peers { permanent_uuid: "9011ac9ad91e4b79abca79d805cca529" member_type: VOTER last_known_addr { host: "127.6.215.131" port: 46711 } }
I20260608 09:52:09.293486  7829 tablet_service.cc:1917] Received RequestConsensusVote() RPC: tablet_id: "9d1cc7a490e44c3b88863534e36e83c3" candidate_uuid: "855a273283be406e8c20038ab76eba5b" candidate_term: 2 candidate_status { last_received { term: 1 index: 1 } } ignore_live_leader: false dest_uuid: "9011ac9ad91e4b79abca79d805cca529"
I20260608 09:52:09.295226  7752 tablet_service.cc:1917] Received RequestConsensusVote() RPC: tablet_id: "9d1cc7a490e44c3b88863534e36e83c3" candidate_uuid: "855a273283be406e8c20038ab76eba5b" candidate_term: 2 candidate_status { last_received { term: 1 index: 1 } } ignore_live_leader: false dest_uuid: "6593d4184585427a9e83ac392f23a791"
I20260608 09:52:09.296087  7752 raft_consensus.cc:2393] T 9d1cc7a490e44c3b88863534e36e83c3 P 6593d4184585427a9e83ac392f23a791 [term 2 FOLLOWER]: Leader election vote request: Denying vote to candidate 855a273283be406e8c20038ab76eba5b in current term 2: Already voted for candidate 6593d4184585427a9e83ac392f23a791 in this term.
I20260608 09:52:09.300889  7939 leader_election.cc:290] T 9d1cc7a490e44c3b88863534e36e83c3 P 855a273283be406e8c20038ab76eba5b [CANDIDATE]: Term 2 election: Requested vote from peers 6593d4184585427a9e83ac392f23a791 (127.6.215.130:39433), 9011ac9ad91e4b79abca79d805cca529 (127.6.215.131:46711)
I20260608 09:52:09.302237  7829 raft_consensus.cc:2468] T 9d1cc7a490e44c3b88863534e36e83c3 P 9011ac9ad91e4b79abca79d805cca529 [term 2 FOLLOWER]: Leader election vote request: Granting yes vote for candidate 855a273283be406e8c20038ab76eba5b in term 2.
I20260608 09:52:09.303755  7647 leader_election.cc:304] T 9d1cc7a490e44c3b88863534e36e83c3 P 855a273283be406e8c20038ab76eba5b [CANDIDATE]: Term 2 election: Election decided. Result: candidate won. Election summary: received 3 responses out of 3 voters: 2 yes votes; 1 no votes. yes voters: 855a273283be406e8c20038ab76eba5b, 9011ac9ad91e4b79abca79d805cca529; no voters: 6593d4184585427a9e83ac392f23a791
I20260608 09:52:09.304772  7939 raft_consensus.cc:2804] T 9d1cc7a490e44c3b88863534e36e83c3 P 855a273283be406e8c20038ab76eba5b [term 2 FOLLOWER]: Leader election won for term 2
I20260608 09:52:09.305366  7939 raft_consensus.cc:697] T 9d1cc7a490e44c3b88863534e36e83c3 P 855a273283be406e8c20038ab76eba5b [term 2 LEADER]: Becoming Leader. State: Replica: 855a273283be406e8c20038ab76eba5b, State: Running, Role: LEADER
I20260608 09:52:09.306357  7939 consensus_queue.cc:237] T 9d1cc7a490e44c3b88863534e36e83c3 P 855a273283be406e8c20038ab76eba5b [LEADER]: Queue going to LEADER mode. State: All replicated index: 0, Majority replicated index: 0, Committed index: 0, Last appended: 1.1, Last appended by leader: 1, Current term: 2, Majority size: 2, State: 0, Mode: LEADER, active raft config: opid_index: -1 OBSOLETE_local: false peers { permanent_uuid: "855a273283be406e8c20038ab76eba5b" member_type: VOTER last_known_addr { host: "127.6.215.129" port: 40079 } } peers { permanent_uuid: "6593d4184585427a9e83ac392f23a791" member_type: VOTER last_known_addr { host: "127.6.215.130" port: 39433 } } peers { permanent_uuid: "9011ac9ad91e4b79abca79d805cca529" member_type: VOTER last_known_addr { host: "127.6.215.131" port: 46711 } }
I20260608 09:52:09.319582  7579 catalog_manager.cc:5696] T 9d1cc7a490e44c3b88863534e36e83c3 P 855a273283be406e8c20038ab76eba5b reported cstate change: term changed from 1 to 2, leader changed from 9011ac9ad91e4b79abca79d805cca529 (127.6.215.131) to 855a273283be406e8c20038ab76eba5b (127.6.215.129). New cstate: current_term: 2 leader_uuid: "855a273283be406e8c20038ab76eba5b" committed_config { opid_index: -1 OBSOLETE_local: false peers { permanent_uuid: "855a273283be406e8c20038ab76eba5b" member_type: VOTER last_known_addr { host: "127.6.215.129" port: 40079 } health_report { overall_health: HEALTHY } } peers { permanent_uuid: "6593d4184585427a9e83ac392f23a791" member_type: VOTER last_known_addr { host: "127.6.215.130" port: 39433 } health_report { overall_health: UNKNOWN } } peers { permanent_uuid: "9011ac9ad91e4b79abca79d805cca529" member_type: VOTER last_known_addr { host: "127.6.215.131" port: 46711 } health_report { overall_health: UNKNOWN } } }
I20260608 09:52:09.370272  7632 auto_leader_rebalancer.cc:140] leader rebalance for table test-workload
I20260608 09:52:09.410389  7681 tablet_service.cc:2072] Received LeaderStepDown RPC: tablet_id: "60cdf82edbaf480f8ffdde075d16a64d"
dest_uuid: "855a273283be406e8c20038ab76eba5b"
mode: GRACEFUL
new_leader_uuid: "9011ac9ad91e4b79abca79d805cca529"
 from {username='slave'} at 127.0.0.1:50570
I20260608 09:52:09.411291  7681 raft_consensus.cc:606] T 60cdf82edbaf480f8ffdde075d16a64d P 855a273283be406e8c20038ab76eba5b [term 1 LEADER]: Received request to transfer leadership to TS 9011ac9ad91e4b79abca79d805cca529
I20260608 09:52:09.415092  7681 tablet_service.cc:2072] Received LeaderStepDown RPC: tablet_id: "a40b80fc65f64e5d950b05dc7ef70b80"
dest_uuid: "855a273283be406e8c20038ab76eba5b"
mode: GRACEFUL
new_leader_uuid: "6593d4184585427a9e83ac392f23a791"
 from {username='slave'} at 127.0.0.1:50570
I20260608 09:52:09.415879  7681 raft_consensus.cc:606] T a40b80fc65f64e5d950b05dc7ef70b80 P 855a273283be406e8c20038ab76eba5b [term 2 LEADER]: Received request to transfer leadership to TS 6593d4184585427a9e83ac392f23a791
I20260608 09:52:09.417709  7632 auto_leader_rebalancer.cc:388] table: test-workload, leader rebalance finish, leader transfer count: 2
I20260608 09:52:09.418473  7632 auto_leader_rebalancer.cc:451] All tables' leader rebalancing finished this round
I20260608 09:52:09.511468  8074 raft_consensus.cc:993] T 60cdf82edbaf480f8ffdde075d16a64d P 855a273283be406e8c20038ab76eba5b: : Instructing follower 9011ac9ad91e4b79abca79d805cca529 to start an election
I20260608 09:52:09.512521  7939 raft_consensus.cc:1081] T 60cdf82edbaf480f8ffdde075d16a64d P 855a273283be406e8c20038ab76eba5b [term 1 LEADER]: Signalling peer 9011ac9ad91e4b79abca79d805cca529 to start an election
I20260608 09:52:09.514812  7829 tablet_service.cc:2044] Received Run Leader Election RPC: tablet_id: "60cdf82edbaf480f8ffdde075d16a64d"
dest_uuid: "9011ac9ad91e4b79abca79d805cca529"
 from {username='slave'} at 127.0.0.1:40936
I20260608 09:52:09.515501  7829 raft_consensus.cc:493] T 60cdf82edbaf480f8ffdde075d16a64d P 9011ac9ad91e4b79abca79d805cca529 [term 1 FOLLOWER]: Starting forced leader election (received explicit request)
I20260608 09:52:09.515947  7829 raft_consensus.cc:3060] T 60cdf82edbaf480f8ffdde075d16a64d P 9011ac9ad91e4b79abca79d805cca529 [term 1 FOLLOWER]: Advancing to term 2
I20260608 09:52:09.524196  7829 raft_consensus.cc:515] T 60cdf82edbaf480f8ffdde075d16a64d P 9011ac9ad91e4b79abca79d805cca529 [term 2 FOLLOWER]: Starting forced leader election with config: opid_index: -1 OBSOLETE_local: false peers { permanent_uuid: "855a273283be406e8c20038ab76eba5b" member_type: VOTER last_known_addr { host: "127.6.215.129" port: 40079 } } peers { permanent_uuid: "6593d4184585427a9e83ac392f23a791" member_type: VOTER last_known_addr { host: "127.6.215.130" port: 39433 } } peers { permanent_uuid: "9011ac9ad91e4b79abca79d805cca529" member_type: VOTER last_known_addr { host: "127.6.215.131" port: 46711 } }
I20260608 09:52:09.526808  7829 leader_election.cc:290] T 60cdf82edbaf480f8ffdde075d16a64d P 9011ac9ad91e4b79abca79d805cca529 [CANDIDATE]: Term 2 election: Requested vote from peers 855a273283be406e8c20038ab76eba5b (127.6.215.129:40079), 6593d4184585427a9e83ac392f23a791 (127.6.215.130:39433)
I20260608 09:52:09.528652  7752 tablet_service.cc:1917] Received RequestConsensusVote() RPC: tablet_id: "60cdf82edbaf480f8ffdde075d16a64d" candidate_uuid: "9011ac9ad91e4b79abca79d805cca529" candidate_term: 2 candidate_status { last_received { term: 1 index: 1 } } ignore_live_leader: true dest_uuid: "6593d4184585427a9e83ac392f23a791"
I20260608 09:52:09.528818  7681 tablet_service.cc:1917] Received RequestConsensusVote() RPC: tablet_id: "60cdf82edbaf480f8ffdde075d16a64d" candidate_uuid: "9011ac9ad91e4b79abca79d805cca529" candidate_term: 2 candidate_status { last_received { term: 1 index: 1 } } ignore_live_leader: true dest_uuid: "855a273283be406e8c20038ab76eba5b"
I20260608 09:52:09.529500  7752 raft_consensus.cc:3060] T 60cdf82edbaf480f8ffdde075d16a64d P 6593d4184585427a9e83ac392f23a791 [term 1 FOLLOWER]: Advancing to term 2
I20260608 09:52:09.529578  7681 raft_consensus.cc:3055] T 60cdf82edbaf480f8ffdde075d16a64d P 855a273283be406e8c20038ab76eba5b [term 1 LEADER]: Stepping down as leader of term 1
I20260608 09:52:09.530349  7681 raft_consensus.cc:740] T 60cdf82edbaf480f8ffdde075d16a64d P 855a273283be406e8c20038ab76eba5b [term 1 LEADER]: Becoming Follower/Learner. State: Replica: 855a273283be406e8c20038ab76eba5b, State: Running, Role: LEADER
I20260608 09:52:09.531388  7681 consensus_queue.cc:260] T 60cdf82edbaf480f8ffdde075d16a64d P 855a273283be406e8c20038ab76eba5b [NON_LEADER]: Queue going to NON_LEADER mode. State: All replicated index: 0, Majority replicated index: 1, Committed index: 1, Last appended: 1.1, Last appended by leader: 1, Current term: 1, Majority size: -1, State: 0, Mode: NON_LEADER, active raft config: opid_index: -1 OBSOLETE_local: false peers { permanent_uuid: "855a273283be406e8c20038ab76eba5b" member_type: VOTER last_known_addr { host: "127.6.215.129" port: 40079 } } peers { permanent_uuid: "6593d4184585427a9e83ac392f23a791" member_type: VOTER last_known_addr { host: "127.6.215.130" port: 39433 } } peers { permanent_uuid: "9011ac9ad91e4b79abca79d805cca529" member_type: VOTER last_known_addr { host: "127.6.215.131" port: 46711 } }
I20260608 09:52:09.532703  7681 raft_consensus.cc:3060] T 60cdf82edbaf480f8ffdde075d16a64d P 855a273283be406e8c20038ab76eba5b [term 1 FOLLOWER]: Advancing to term 2
I20260608 09:52:09.541635  7681 raft_consensus.cc:2468] T 60cdf82edbaf480f8ffdde075d16a64d P 855a273283be406e8c20038ab76eba5b [term 2 FOLLOWER]: Leader election vote request: Granting yes vote for candidate 9011ac9ad91e4b79abca79d805cca529 in term 2.
I20260608 09:52:09.543373  7797 leader_election.cc:304] T 60cdf82edbaf480f8ffdde075d16a64d P 9011ac9ad91e4b79abca79d805cca529 [CANDIDATE]: Term 2 election: Election decided. Result: candidate won. Election summary: received 2 responses out of 3 voters: 2 yes votes; 0 no votes. yes voters: 855a273283be406e8c20038ab76eba5b, 9011ac9ad91e4b79abca79d805cca529; no voters: 
I20260608 09:52:09.544494  7950 raft_consensus.cc:2804] T 60cdf82edbaf480f8ffdde075d16a64d P 9011ac9ad91e4b79abca79d805cca529 [term 2 FOLLOWER]: Leader election won for term 2
I20260608 09:52:09.544910  7752 raft_consensus.cc:2468] T 60cdf82edbaf480f8ffdde075d16a64d P 6593d4184585427a9e83ac392f23a791 [term 2 FOLLOWER]: Leader election vote request: Granting yes vote for candidate 9011ac9ad91e4b79abca79d805cca529 in term 2.
I20260608 09:52:09.551082  7950 raft_consensus.cc:697] T 60cdf82edbaf480f8ffdde075d16a64d P 9011ac9ad91e4b79abca79d805cca529 [term 2 LEADER]: Becoming Leader. State: Replica: 9011ac9ad91e4b79abca79d805cca529, State: Running, Role: LEADER
I20260608 09:52:09.552225  7950 consensus_queue.cc:237] T 60cdf82edbaf480f8ffdde075d16a64d P 9011ac9ad91e4b79abca79d805cca529 [LEADER]: Queue going to LEADER mode. State: All replicated index: 0, Majority replicated index: 1, Committed index: 1, Last appended: 1.1, Last appended by leader: 1, Current term: 2, Majority size: 2, State: 0, Mode: LEADER, active raft config: opid_index: -1 OBSOLETE_local: false peers { permanent_uuid: "855a273283be406e8c20038ab76eba5b" member_type: VOTER last_known_addr { host: "127.6.215.129" port: 40079 } } peers { permanent_uuid: "6593d4184585427a9e83ac392f23a791" member_type: VOTER last_known_addr { host: "127.6.215.130" port: 39433 } } peers { permanent_uuid: "9011ac9ad91e4b79abca79d805cca529" member_type: VOTER last_known_addr { host: "127.6.215.131" port: 46711 } }
I20260608 09:52:09.570447  7579 catalog_manager.cc:5696] T 60cdf82edbaf480f8ffdde075d16a64d P 9011ac9ad91e4b79abca79d805cca529 reported cstate change: term changed from 1 to 2, leader changed from 855a273283be406e8c20038ab76eba5b (127.6.215.129) to 9011ac9ad91e4b79abca79d805cca529 (127.6.215.131). New cstate: current_term: 2 leader_uuid: "9011ac9ad91e4b79abca79d805cca529" committed_config { opid_index: -1 OBSOLETE_local: false peers { permanent_uuid: "855a273283be406e8c20038ab76eba5b" member_type: VOTER last_known_addr { host: "127.6.215.129" port: 40079 } health_report { overall_health: UNKNOWN } } peers { permanent_uuid: "6593d4184585427a9e83ac392f23a791" member_type: VOTER last_known_addr { host: "127.6.215.130" port: 39433 } health_report { overall_health: UNKNOWN } } peers { permanent_uuid: "9011ac9ad91e4b79abca79d805cca529" member_type: VOTER last_known_addr { host: "127.6.215.131" port: 46711 } health_report { overall_health: HEALTHY } } }
I20260608 09:52:09.620716  8070 heartbeater.cc:499] Master 127.6.215.190:35111 was elected leader, sending a full tablet report...
I20260608 09:52:09.642385  7957 raft_consensus.cc:493] T 9d1cc7a490e44c3b88863534e36e83c3 P 6593d4184585427a9e83ac392f23a791 [term 2 FOLLOWER]: Starting pre-election (no leader contacted us within the election timeout)
I20260608 09:52:09.643064  7957 raft_consensus.cc:515] T 9d1cc7a490e44c3b88863534e36e83c3 P 6593d4184585427a9e83ac392f23a791 [term 2 FOLLOWER]: Starting pre-election with config: opid_index: -1 OBSOLETE_local: false peers { permanent_uuid: "855a273283be406e8c20038ab76eba5b" member_type: VOTER last_known_addr { host: "127.6.215.129" port: 40079 } } peers { permanent_uuid: "6593d4184585427a9e83ac392f23a791" member_type: VOTER last_known_addr { host: "127.6.215.130" port: 39433 } } peers { permanent_uuid: "9011ac9ad91e4b79abca79d805cca529" member_type: VOTER last_known_addr { host: "127.6.215.131" port: 46711 } }
I20260608 09:52:09.645663  7957 leader_election.cc:290] T 9d1cc7a490e44c3b88863534e36e83c3 P 6593d4184585427a9e83ac392f23a791 [CANDIDATE]: Term 3 pre-election: Requested pre-vote from peers 855a273283be406e8c20038ab76eba5b (127.6.215.129:40079), 9011ac9ad91e4b79abca79d805cca529 (127.6.215.131:46711)
I20260608 09:52:09.647109  7829 tablet_service.cc:1917] Received RequestConsensusVote() RPC: tablet_id: "9d1cc7a490e44c3b88863534e36e83c3" candidate_uuid: "6593d4184585427a9e83ac392f23a791" candidate_term: 3 candidate_status { last_received { term: 1 index: 1 } } ignore_live_leader: false dest_uuid: "9011ac9ad91e4b79abca79d805cca529" is_pre_election: true
I20260608 09:52:09.647184  7681 tablet_service.cc:1917] Received RequestConsensusVote() RPC: tablet_id: "9d1cc7a490e44c3b88863534e36e83c3" candidate_uuid: "6593d4184585427a9e83ac392f23a791" candidate_term: 3 candidate_status { last_received { term: 1 index: 1 } } ignore_live_leader: false dest_uuid: "855a273283be406e8c20038ab76eba5b" is_pre_election: true
I20260608 09:52:09.647893  7829 raft_consensus.cc:2468] T 9d1cc7a490e44c3b88863534e36e83c3 P 9011ac9ad91e4b79abca79d805cca529 [term 2 FOLLOWER]: Leader pre-election vote request: Granting yes vote for candidate 6593d4184585427a9e83ac392f23a791 in term 2.
I20260608 09:52:09.649681  7722 leader_election.cc:304] T 9d1cc7a490e44c3b88863534e36e83c3 P 6593d4184585427a9e83ac392f23a791 [CANDIDATE]: Term 3 pre-election: Election decided. Result: candidate won. Election summary: received 3 responses out of 3 voters: 2 yes votes; 1 no votes. yes voters: 6593d4184585427a9e83ac392f23a791, 9011ac9ad91e4b79abca79d805cca529; no voters: 855a273283be406e8c20038ab76eba5b
I20260608 09:52:09.650941  7957 raft_consensus.cc:2804] T 9d1cc7a490e44c3b88863534e36e83c3 P 6593d4184585427a9e83ac392f23a791 [term 2 FOLLOWER]: Leader pre-election won for term 3
I20260608 09:52:09.651343  7957 raft_consensus.cc:493] T 9d1cc7a490e44c3b88863534e36e83c3 P 6593d4184585427a9e83ac392f23a791 [term 2 FOLLOWER]: Starting leader election (no leader contacted us within the election timeout)
I20260608 09:52:09.651698  7957 raft_consensus.cc:3060] T 9d1cc7a490e44c3b88863534e36e83c3 P 6593d4184585427a9e83ac392f23a791 [term 2 FOLLOWER]: Advancing to term 3
I20260608 09:52:09.657202  7957 raft_consensus.cc:515] T 9d1cc7a490e44c3b88863534e36e83c3 P 6593d4184585427a9e83ac392f23a791 [term 3 FOLLOWER]: Starting leader election with config: opid_index: -1 OBSOLETE_local: false peers { permanent_uuid: "855a273283be406e8c20038ab76eba5b" member_type: VOTER last_known_addr { host: "127.6.215.129" port: 40079 } } peers { permanent_uuid: "6593d4184585427a9e83ac392f23a791" member_type: VOTER last_known_addr { host: "127.6.215.130" port: 39433 } } peers { permanent_uuid: "9011ac9ad91e4b79abca79d805cca529" member_type: VOTER last_known_addr { host: "127.6.215.131" port: 46711 } }
I20260608 09:52:09.659276  7957 leader_election.cc:290] T 9d1cc7a490e44c3b88863534e36e83c3 P 6593d4184585427a9e83ac392f23a791 [CANDIDATE]: Term 3 election: Requested vote from peers 855a273283be406e8c20038ab76eba5b (127.6.215.129:40079), 9011ac9ad91e4b79abca79d805cca529 (127.6.215.131:46711)
I20260608 09:52:09.660511  7681 tablet_service.cc:1917] Received RequestConsensusVote() RPC: tablet_id: "9d1cc7a490e44c3b88863534e36e83c3" candidate_uuid: "6593d4184585427a9e83ac392f23a791" candidate_term: 3 candidate_status { last_received { term: 1 index: 1 } } ignore_live_leader: false dest_uuid: "855a273283be406e8c20038ab76eba5b"
I20260608 09:52:09.660741  7829 tablet_service.cc:1917] Received RequestConsensusVote() RPC: tablet_id: "9d1cc7a490e44c3b88863534e36e83c3" candidate_uuid: "6593d4184585427a9e83ac392f23a791" candidate_term: 3 candidate_status { last_received { term: 1 index: 1 } } ignore_live_leader: false dest_uuid: "9011ac9ad91e4b79abca79d805cca529"
I20260608 09:52:09.661278  7829 raft_consensus.cc:3060] T 9d1cc7a490e44c3b88863534e36e83c3 P 9011ac9ad91e4b79abca79d805cca529 [term 2 FOLLOWER]: Advancing to term 3
I20260608 09:52:09.666620  7829 raft_consensus.cc:2468] T 9d1cc7a490e44c3b88863534e36e83c3 P 9011ac9ad91e4b79abca79d805cca529 [term 3 FOLLOWER]: Leader election vote request: Granting yes vote for candidate 6593d4184585427a9e83ac392f23a791 in term 3.
I20260608 09:52:09.667835  7722 leader_election.cc:304] T 9d1cc7a490e44c3b88863534e36e83c3 P 6593d4184585427a9e83ac392f23a791 [CANDIDATE]: Term 3 election: Election decided. Result: candidate won. Election summary: received 3 responses out of 3 voters: 2 yes votes; 1 no votes. yes voters: 6593d4184585427a9e83ac392f23a791, 9011ac9ad91e4b79abca79d805cca529; no voters: 855a273283be406e8c20038ab76eba5b
I20260608 09:52:09.668620  7957 raft_consensus.cc:2804] T 9d1cc7a490e44c3b88863534e36e83c3 P 6593d4184585427a9e83ac392f23a791 [term 3 FOLLOWER]: Leader election won for term 3
I20260608 09:52:09.670156  7957 raft_consensus.cc:697] T 9d1cc7a490e44c3b88863534e36e83c3 P 6593d4184585427a9e83ac392f23a791 [term 3 LEADER]: Becoming Leader. State: Replica: 6593d4184585427a9e83ac392f23a791, State: Running, Role: LEADER
I20260608 09:52:09.671177  7957 consensus_queue.cc:237] T 9d1cc7a490e44c3b88863534e36e83c3 P 6593d4184585427a9e83ac392f23a791 [LEADER]: Queue going to LEADER mode. State: All replicated index: 0, Majority replicated index: 0, Committed index: 0, Last appended: 1.1, Last appended by leader: 1, Current term: 3, Majority size: 2, State: 0, Mode: LEADER, active raft config: opid_index: -1 OBSOLETE_local: false peers { permanent_uuid: "855a273283be406e8c20038ab76eba5b" member_type: VOTER last_known_addr { host: "127.6.215.129" port: 40079 } } peers { permanent_uuid: "6593d4184585427a9e83ac392f23a791" member_type: VOTER last_known_addr { host: "127.6.215.130" port: 39433 } } peers { permanent_uuid: "9011ac9ad91e4b79abca79d805cca529" member_type: VOTER last_known_addr { host: "127.6.215.131" port: 46711 } }
I20260608 09:52:09.680475  7579 catalog_manager.cc:5696] T 9d1cc7a490e44c3b88863534e36e83c3 P 6593d4184585427a9e83ac392f23a791 reported cstate change: term changed from 2 to 3, leader changed from 855a273283be406e8c20038ab76eba5b (127.6.215.129) to 6593d4184585427a9e83ac392f23a791 (127.6.215.130). New cstate: current_term: 3 leader_uuid: "6593d4184585427a9e83ac392f23a791" committed_config { opid_index: -1 OBSOLETE_local: false peers { permanent_uuid: "855a273283be406e8c20038ab76eba5b" member_type: VOTER last_known_addr { host: "127.6.215.129" port: 40079 } health_report { overall_health: UNKNOWN } } peers { permanent_uuid: "6593d4184585427a9e83ac392f23a791" member_type: VOTER last_known_addr { host: "127.6.215.130" port: 39433 } health_report { overall_health: HEALTHY } } peers { permanent_uuid: "9011ac9ad91e4b79abca79d805cca529" member_type: VOTER last_known_addr { host: "127.6.215.131" port: 46711 } health_report { overall_health: UNKNOWN } } }
I20260608 09:52:09.719795  7829 raft_consensus.cc:1275] T a40b80fc65f64e5d950b05dc7ef70b80 P 9011ac9ad91e4b79abca79d805cca529 [term 2 FOLLOWER]: Refusing update from remote peer 855a273283be406e8c20038ab76eba5b: Log matching property violated. Preceding OpId in replica: term: 1 index: 1. Preceding OpId from leader: term: 2 index: 2. (index mismatch)
I20260608 09:52:09.721223  8074 consensus_queue.cc:1048] T a40b80fc65f64e5d950b05dc7ef70b80 P 855a273283be406e8c20038ab76eba5b [LEADER]: Connected to new peer: Peer: permanent_uuid: "9011ac9ad91e4b79abca79d805cca529" member_type: VOTER last_known_addr { host: "127.6.215.131" port: 46711 }, Status: LMP_MISMATCH, Last received: 0.0, Next index: 2, Last known committed idx: 1, Time since last communication: 0.000s
I20260608 09:52:09.748191  7752 raft_consensus.cc:1275] T a40b80fc65f64e5d950b05dc7ef70b80 P 6593d4184585427a9e83ac392f23a791 [term 2 FOLLOWER]: Refusing update from remote peer 855a273283be406e8c20038ab76eba5b: Log matching property violated. Preceding OpId in replica: term: 1 index: 1. Preceding OpId from leader: term: 2 index: 2. (index mismatch)
I20260608 09:52:09.749917  8074 consensus_queue.cc:1048] T a40b80fc65f64e5d950b05dc7ef70b80 P 855a273283be406e8c20038ab76eba5b [LEADER]: Connected to new peer: Peer: permanent_uuid: "6593d4184585427a9e83ac392f23a791" member_type: VOTER last_known_addr { host: "127.6.215.130" port: 39433 }, Status: LMP_MISMATCH, Last received: 0.0, Next index: 2, Last known committed idx: 1, Time since last communication: 0.000s
I20260608 09:52:09.761909  7939 raft_consensus.cc:993] T a40b80fc65f64e5d950b05dc7ef70b80 P 855a273283be406e8c20038ab76eba5b: : Instructing follower 6593d4184585427a9e83ac392f23a791 to start an election
I20260608 09:52:09.767068  8074 raft_consensus.cc:1081] T a40b80fc65f64e5d950b05dc7ef70b80 P 855a273283be406e8c20038ab76eba5b [term 2 LEADER]: Signalling peer 6593d4184585427a9e83ac392f23a791 to start an election
I20260608 09:52:09.770179  7752 tablet_service.cc:2044] Received Run Leader Election RPC: tablet_id: "a40b80fc65f64e5d950b05dc7ef70b80"
dest_uuid: "6593d4184585427a9e83ac392f23a791"
 from {username='slave'} at 127.0.0.1:39642
I20260608 09:52:09.777745  7752 raft_consensus.cc:493] T a40b80fc65f64e5d950b05dc7ef70b80 P 6593d4184585427a9e83ac392f23a791 [term 2 FOLLOWER]: Starting forced leader election (received explicit request)
I20260608 09:52:09.778352  7752 raft_consensus.cc:3060] T a40b80fc65f64e5d950b05dc7ef70b80 P 6593d4184585427a9e83ac392f23a791 [term 2 FOLLOWER]: Advancing to term 3
I20260608 09:52:09.787549  7752 raft_consensus.cc:515] T a40b80fc65f64e5d950b05dc7ef70b80 P 6593d4184585427a9e83ac392f23a791 [term 3 FOLLOWER]: Starting forced leader election with config: opid_index: -1 OBSOLETE_local: false peers { permanent_uuid: "855a273283be406e8c20038ab76eba5b" member_type: VOTER last_known_addr { host: "127.6.215.129" port: 40079 } } peers { permanent_uuid: "6593d4184585427a9e83ac392f23a791" member_type: VOTER last_known_addr { host: "127.6.215.130" port: 39433 } } peers { permanent_uuid: "9011ac9ad91e4b79abca79d805cca529" member_type: VOTER last_known_addr { host: "127.6.215.131" port: 46711 } }
I20260608 09:52:09.788477  7829 raft_consensus.cc:1240] T 9d1cc7a490e44c3b88863534e36e83c3 P 9011ac9ad91e4b79abca79d805cca529 [term 3 FOLLOWER]: Rejecting Update request from peer 855a273283be406e8c20038ab76eba5b for earlier term 2. Current term is 3. Ops: []
I20260608 09:52:09.790967  7681 tablet_service.cc:1917] Received RequestConsensusVote() RPC: tablet_id: "a40b80fc65f64e5d950b05dc7ef70b80" candidate_uuid: "6593d4184585427a9e83ac392f23a791" candidate_term: 3 candidate_status { last_received { term: 2 index: 2 } } ignore_live_leader: true dest_uuid: "855a273283be406e8c20038ab76eba5b"
I20260608 09:52:09.790838  8096 consensus_queue.cc:1059] T 9d1cc7a490e44c3b88863534e36e83c3 P 855a273283be406e8c20038ab76eba5b [LEADER]: Peer responded invalid term: Peer: permanent_uuid: "9011ac9ad91e4b79abca79d805cca529" member_type: VOTER last_known_addr { host: "127.6.215.131" port: 46711 }, Status: INVALID_TERM, Last received: 0.0, Next index: 2, Last known committed idx: 1, Time since last communication: 0.001s
I20260608 09:52:09.791785  7681 raft_consensus.cc:3055] T a40b80fc65f64e5d950b05dc7ef70b80 P 855a273283be406e8c20038ab76eba5b [term 2 LEADER]: Stepping down as leader of term 2
I20260608 09:52:09.792078  8096 raft_consensus.cc:3055] T 9d1cc7a490e44c3b88863534e36e83c3 P 855a273283be406e8c20038ab76eba5b [term 2 LEADER]: Stepping down as leader of term 2
I20260608 09:52:09.792215  7681 raft_consensus.cc:740] T a40b80fc65f64e5d950b05dc7ef70b80 P 855a273283be406e8c20038ab76eba5b [term 2 LEADER]: Becoming Follower/Learner. State: Replica: 855a273283be406e8c20038ab76eba5b, State: Running, Role: LEADER
I20260608 09:52:09.792579  8096 raft_consensus.cc:740] T 9d1cc7a490e44c3b88863534e36e83c3 P 855a273283be406e8c20038ab76eba5b [term 2 LEADER]: Becoming Follower/Learner. State: Replica: 855a273283be406e8c20038ab76eba5b, State: Running, Role: LEADER
I20260608 09:52:09.793354  7681 consensus_queue.cc:260] T a40b80fc65f64e5d950b05dc7ef70b80 P 855a273283be406e8c20038ab76eba5b [NON_LEADER]: Queue going to NON_LEADER mode. State: All replicated index: 0, Majority replicated index: 2, Committed index: 2, Last appended: 2.2, Last appended by leader: 2, Current term: 2, Majority size: -1, State: 0, Mode: NON_LEADER, active raft config: opid_index: -1 OBSOLETE_local: false peers { permanent_uuid: "855a273283be406e8c20038ab76eba5b" member_type: VOTER last_known_addr { host: "127.6.215.129" port: 40079 } } peers { permanent_uuid: "6593d4184585427a9e83ac392f23a791" member_type: VOTER last_known_addr { host: "127.6.215.130" port: 39433 } } peers { permanent_uuid: "9011ac9ad91e4b79abca79d805cca529" member_type: VOTER last_known_addr { host: "127.6.215.131" port: 46711 } }
I20260608 09:52:09.793705  8096 consensus_queue.cc:260] T 9d1cc7a490e44c3b88863534e36e83c3 P 855a273283be406e8c20038ab76eba5b [NON_LEADER]: Queue going to NON_LEADER mode. State: All replicated index: 0, Majority replicated index: 0, Committed index: 0, Last appended: 2.2, Last appended by leader: 2, Current term: 2, Majority size: -1, State: 0, Mode: NON_LEADER, active raft config: opid_index: -1 OBSOLETE_local: false peers { permanent_uuid: "855a273283be406e8c20038ab76eba5b" member_type: VOTER last_known_addr { host: "127.6.215.129" port: 40079 } } peers { permanent_uuid: "6593d4184585427a9e83ac392f23a791" member_type: VOTER last_known_addr { host: "127.6.215.130" port: 39433 } } peers { permanent_uuid: "9011ac9ad91e4b79abca79d805cca529" member_type: VOTER last_known_addr { host: "127.6.215.131" port: 46711 } }
I20260608 09:52:09.794798  7681 raft_consensus.cc:3060] T a40b80fc65f64e5d950b05dc7ef70b80 P 855a273283be406e8c20038ab76eba5b [term 2 FOLLOWER]: Advancing to term 3
I20260608 09:52:09.795084  8096 raft_consensus.cc:3060] T 9d1cc7a490e44c3b88863534e36e83c3 P 855a273283be406e8c20038ab76eba5b [term 2 FOLLOWER]: Advancing to term 3
I20260608 09:52:09.802970  7829 tablet_service.cc:1917] Received RequestConsensusVote() RPC: tablet_id: "a40b80fc65f64e5d950b05dc7ef70b80" candidate_uuid: "6593d4184585427a9e83ac392f23a791" candidate_term: 3 candidate_status { last_received { term: 2 index: 2 } } ignore_live_leader: true dest_uuid: "9011ac9ad91e4b79abca79d805cca529"
I20260608 09:52:09.804034  7829 raft_consensus.cc:3060] T a40b80fc65f64e5d950b05dc7ef70b80 P 9011ac9ad91e4b79abca79d805cca529 [term 2 FOLLOWER]: Advancing to term 3
I20260608 09:52:09.806424  7681 raft_consensus.cc:2468] T a40b80fc65f64e5d950b05dc7ef70b80 P 855a273283be406e8c20038ab76eba5b [term 3 FOLLOWER]: Leader election vote request: Granting yes vote for candidate 6593d4184585427a9e83ac392f23a791 in term 3.
I20260608 09:52:09.808072  7722 leader_election.cc:304] T a40b80fc65f64e5d950b05dc7ef70b80 P 6593d4184585427a9e83ac392f23a791 [CANDIDATE]: Term 3 election: Election decided. Result: candidate won. Election summary: received 2 responses out of 3 voters: 2 yes votes; 0 no votes. yes voters: 6593d4184585427a9e83ac392f23a791, 855a273283be406e8c20038ab76eba5b; no voters: 
I20260608 09:52:09.809592  7957 raft_consensus.cc:2804] T a40b80fc65f64e5d950b05dc7ef70b80 P 6593d4184585427a9e83ac392f23a791 [term 3 FOLLOWER]: Leader election won for term 3
I20260608 09:52:09.810251  7957 raft_consensus.cc:697] T a40b80fc65f64e5d950b05dc7ef70b80 P 6593d4184585427a9e83ac392f23a791 [term 3 LEADER]: Becoming Leader. State: Replica: 6593d4184585427a9e83ac392f23a791, State: Running, Role: LEADER
I20260608 09:52:09.811264  7957 consensus_queue.cc:237] T a40b80fc65f64e5d950b05dc7ef70b80 P 6593d4184585427a9e83ac392f23a791 [LEADER]: Queue going to LEADER mode. State: All replicated index: 0, Majority replicated index: 2, Committed index: 2, Last appended: 2.2, Last appended by leader: 2, Current term: 3, Majority size: 2, State: 0, Mode: LEADER, active raft config: opid_index: -1 OBSOLETE_local: false peers { permanent_uuid: "855a273283be406e8c20038ab76eba5b" member_type: VOTER last_known_addr { host: "127.6.215.129" port: 40079 } } peers { permanent_uuid: "6593d4184585427a9e83ac392f23a791" member_type: VOTER last_known_addr { host: "127.6.215.130" port: 39433 } } peers { permanent_uuid: "9011ac9ad91e4b79abca79d805cca529" member_type: VOTER last_known_addr { host: "127.6.215.131" port: 46711 } }
I20260608 09:52:09.804039  7752 leader_election.cc:290] T a40b80fc65f64e5d950b05dc7ef70b80 P 6593d4184585427a9e83ac392f23a791 [CANDIDATE]: Term 3 election: Requested vote from peers 855a273283be406e8c20038ab76eba5b (127.6.215.129:40079), 9011ac9ad91e4b79abca79d805cca529 (127.6.215.131:46711)
I20260608 09:52:09.822614  7829 raft_consensus.cc:2468] T a40b80fc65f64e5d950b05dc7ef70b80 P 9011ac9ad91e4b79abca79d805cca529 [term 3 FOLLOWER]: Leader election vote request: Granting yes vote for candidate 6593d4184585427a9e83ac392f23a791 in term 3.
I20260608 09:52:09.823282  7579 catalog_manager.cc:5696] T a40b80fc65f64e5d950b05dc7ef70b80 P 6593d4184585427a9e83ac392f23a791 reported cstate change: term changed from 2 to 3, leader changed from 855a273283be406e8c20038ab76eba5b (127.6.215.129) to 6593d4184585427a9e83ac392f23a791 (127.6.215.130). New cstate: current_term: 3 leader_uuid: "6593d4184585427a9e83ac392f23a791" committed_config { opid_index: -1 OBSOLETE_local: false peers { permanent_uuid: "855a273283be406e8c20038ab76eba5b" member_type: VOTER last_known_addr { host: "127.6.215.129" port: 40079 } health_report { overall_health: UNKNOWN } } peers { permanent_uuid: "6593d4184585427a9e83ac392f23a791" member_type: VOTER last_known_addr { host: "127.6.215.130" port: 39433 } health_report { overall_health: HEALTHY } } peers { permanent_uuid: "9011ac9ad91e4b79abca79d805cca529" member_type: VOTER last_known_addr { host: "127.6.215.131" port: 46711 } health_report { overall_health: UNKNOWN } } }
I20260608 09:52:10.043242  7681 raft_consensus.cc:1275] T 60cdf82edbaf480f8ffdde075d16a64d P 855a273283be406e8c20038ab76eba5b [term 2 FOLLOWER]: Refusing update from remote peer 9011ac9ad91e4b79abca79d805cca529: Log matching property violated. Preceding OpId in replica: term: 1 index: 1. Preceding OpId from leader: term: 2 index: 2. (index mismatch)
I20260608 09:52:10.045620  8084 consensus_queue.cc:1048] T 60cdf82edbaf480f8ffdde075d16a64d P 9011ac9ad91e4b79abca79d805cca529 [LEADER]: Connected to new peer: Peer: permanent_uuid: "855a273283be406e8c20038ab76eba5b" member_type: VOTER last_known_addr { host: "127.6.215.129" port: 40079 }, Status: LMP_MISMATCH, Last received: 0.0, Next index: 2, Last known committed idx: 1, Time since last communication: 0.000s
I20260608 09:52:10.063032  7752 raft_consensus.cc:1275] T 60cdf82edbaf480f8ffdde075d16a64d P 6593d4184585427a9e83ac392f23a791 [term 2 FOLLOWER]: Refusing update from remote peer 9011ac9ad91e4b79abca79d805cca529: Log matching property violated. Preceding OpId in replica: term: 1 index: 1. Preceding OpId from leader: term: 2 index: 2. (index mismatch)
I20260608 09:52:10.065006  8084 consensus_queue.cc:1048] T 60cdf82edbaf480f8ffdde075d16a64d P 9011ac9ad91e4b79abca79d805cca529 [LEADER]: Connected to new peer: Peer: permanent_uuid: "6593d4184585427a9e83ac392f23a791" member_type: VOTER last_known_addr { host: "127.6.215.130" port: 39433 }, Status: LMP_MISMATCH, Last received: 0.0, Next index: 2, Last known committed idx: 1, Time since last communication: 0.001s
I20260608 09:52:10.135049  7829 raft_consensus.cc:1275] T 9d1cc7a490e44c3b88863534e36e83c3 P 9011ac9ad91e4b79abca79d805cca529 [term 3 FOLLOWER]: Refusing update from remote peer 6593d4184585427a9e83ac392f23a791: Log matching property violated. Preceding OpId in replica: term: 1 index: 1. Preceding OpId from leader: term: 3 index: 2. (index mismatch)
I20260608 09:52:10.136811  7957 consensus_queue.cc:1048] T 9d1cc7a490e44c3b88863534e36e83c3 P 6593d4184585427a9e83ac392f23a791 [LEADER]: Connected to new peer: Peer: permanent_uuid: "9011ac9ad91e4b79abca79d805cca529" member_type: VOTER last_known_addr { host: "127.6.215.131" port: 46711 }, Status: LMP_MISMATCH, Last received: 0.0, Next index: 2, Last known committed idx: 1, Time since last communication: 0.000s
I20260608 09:52:10.170822  7681 raft_consensus.cc:1275] T 9d1cc7a490e44c3b88863534e36e83c3 P 855a273283be406e8c20038ab76eba5b [term 3 FOLLOWER]: Refusing update from remote peer 6593d4184585427a9e83ac392f23a791: Log matching property violated. Preceding OpId in replica: term: 2 index: 2. Preceding OpId from leader: term: 3 index: 2. (term mismatch)
I20260608 09:52:10.171272  7681 pending_rounds.cc:85] T 9d1cc7a490e44c3b88863534e36e83c3 P 855a273283be406e8c20038ab76eba5b: Aborting all ops after (but not including) 1
I20260608 09:52:10.171535  7681 pending_rounds.cc:107] T 9d1cc7a490e44c3b88863534e36e83c3 P 855a273283be406e8c20038ab76eba5b: Aborting uncommitted NO_OP operation due to leader change: 2.2
I20260608 09:52:10.171821  7681 raft_consensus.cc:2889] T 9d1cc7a490e44c3b88863534e36e83c3 P 855a273283be406e8c20038ab76eba5b [term 3 FOLLOWER]: NO_OP replication failed: Aborted: Op aborted by new leader
I20260608 09:52:10.174438  7957 consensus_queue.cc:1048] T 9d1cc7a490e44c3b88863534e36e83c3 P 6593d4184585427a9e83ac392f23a791 [LEADER]: Connected to new peer: Peer: permanent_uuid: "855a273283be406e8c20038ab76eba5b" member_type: VOTER last_known_addr { host: "127.6.215.129" port: 40079 }, Status: LMP_MISMATCH, Last received: 0.0, Next index: 2, Last known committed idx: 0, Time since last communication: 0.001s
I20260608 09:52:10.280480  7829 raft_consensus.cc:1275] T a40b80fc65f64e5d950b05dc7ef70b80 P 9011ac9ad91e4b79abca79d805cca529 [term 3 FOLLOWER]: Refusing update from remote peer 6593d4184585427a9e83ac392f23a791: Log matching property violated. Preceding OpId in replica: term: 2 index: 2. Preceding OpId from leader: term: 3 index: 3. (index mismatch)
I20260608 09:52:10.282238  8100 consensus_queue.cc:1048] T a40b80fc65f64e5d950b05dc7ef70b80 P 6593d4184585427a9e83ac392f23a791 [LEADER]: Connected to new peer: Peer: permanent_uuid: "9011ac9ad91e4b79abca79d805cca529" member_type: VOTER last_known_addr { host: "127.6.215.131" port: 46711 }, Status: LMP_MISMATCH, Last received: 0.0, Next index: 3, Last known committed idx: 2, Time since last communication: 0.000s
I20260608 09:52:10.296799  7681 raft_consensus.cc:1275] T a40b80fc65f64e5d950b05dc7ef70b80 P 855a273283be406e8c20038ab76eba5b [term 3 FOLLOWER]: Refusing update from remote peer 6593d4184585427a9e83ac392f23a791: Log matching property violated. Preceding OpId in replica: term: 2 index: 2. Preceding OpId from leader: term: 3 index: 3. (index mismatch)
I20260608 09:52:10.310369  8100 consensus_queue.cc:1048] T a40b80fc65f64e5d950b05dc7ef70b80 P 6593d4184585427a9e83ac392f23a791 [LEADER]: Connected to new peer: Peer: permanent_uuid: "855a273283be406e8c20038ab76eba5b" member_type: VOTER last_known_addr { host: "127.6.215.129" port: 40079 }, Status: LMP_MISMATCH, Last received: 0.0, Next index: 3, Last known committed idx: 2, Time since last communication: 0.001s
I20260608 09:52:11.419811  7632 auto_leader_rebalancer.cc:140] leader rebalance for table test-workload
I20260608 09:52:11.458819  7753 tablet_service.cc:2072] Received LeaderStepDown RPC: tablet_id: "9d1cc7a490e44c3b88863534e36e83c3"
dest_uuid: "6593d4184585427a9e83ac392f23a791"
mode: GRACEFUL
new_leader_uuid: "855a273283be406e8c20038ab76eba5b"
 from {username='slave'} at 127.0.0.1:45020
I20260608 09:52:11.459582  7753 raft_consensus.cc:606] T 9d1cc7a490e44c3b88863534e36e83c3 P 6593d4184585427a9e83ac392f23a791 [term 3 LEADER]: Received request to transfer leadership to TS 855a273283be406e8c20038ab76eba5b
I20260608 09:52:11.461822  7632 auto_leader_rebalancer.cc:388] table: test-workload, leader rebalance finish, leader transfer count: 1
I20260608 09:52:11.462478  7632 auto_leader_rebalancer.cc:451] All tables' leader rebalancing finished this round
I20260608 09:52:11.993575  8107 raft_consensus.cc:993] T 9d1cc7a490e44c3b88863534e36e83c3 P 6593d4184585427a9e83ac392f23a791: : Instructing follower 855a273283be406e8c20038ab76eba5b to start an election
I20260608 09:52:11.994239  7957 raft_consensus.cc:1081] T 9d1cc7a490e44c3b88863534e36e83c3 P 6593d4184585427a9e83ac392f23a791 [term 3 LEADER]: Signalling peer 855a273283be406e8c20038ab76eba5b to start an election
I20260608 09:52:11.996289  7680 tablet_service.cc:2044] Received Run Leader Election RPC: tablet_id: "9d1cc7a490e44c3b88863534e36e83c3"
dest_uuid: "855a273283be406e8c20038ab76eba5b"
 from {username='slave'} at 127.0.0.1:60854
I20260608 09:52:11.996950  7680 raft_consensus.cc:493] T 9d1cc7a490e44c3b88863534e36e83c3 P 855a273283be406e8c20038ab76eba5b [term 3 FOLLOWER]: Starting forced leader election (received explicit request)
I20260608 09:52:11.997375  7680 raft_consensus.cc:3060] T 9d1cc7a490e44c3b88863534e36e83c3 P 855a273283be406e8c20038ab76eba5b [term 3 FOLLOWER]: Advancing to term 4
I20260608 09:52:12.006389  7680 raft_consensus.cc:515] T 9d1cc7a490e44c3b88863534e36e83c3 P 855a273283be406e8c20038ab76eba5b [term 4 FOLLOWER]: Starting forced leader election with config: opid_index: -1 OBSOLETE_local: false peers { permanent_uuid: "855a273283be406e8c20038ab76eba5b" member_type: VOTER last_known_addr { host: "127.6.215.129" port: 40079 } } peers { permanent_uuid: "6593d4184585427a9e83ac392f23a791" member_type: VOTER last_known_addr { host: "127.6.215.130" port: 39433 } } peers { permanent_uuid: "9011ac9ad91e4b79abca79d805cca529" member_type: VOTER last_known_addr { host: "127.6.215.131" port: 46711 } }
I20260608 09:52:12.009117  7680 leader_election.cc:290] T 9d1cc7a490e44c3b88863534e36e83c3 P 855a273283be406e8c20038ab76eba5b [CANDIDATE]: Term 4 election: Requested vote from peers 6593d4184585427a9e83ac392f23a791 (127.6.215.130:39433), 9011ac9ad91e4b79abca79d805cca529 (127.6.215.131:46711)
I20260608 09:52:12.010545  7753 tablet_service.cc:1917] Received RequestConsensusVote() RPC: tablet_id: "9d1cc7a490e44c3b88863534e36e83c3" candidate_uuid: "855a273283be406e8c20038ab76eba5b" candidate_term: 4 candidate_status { last_received { term: 3 index: 2 } } ignore_live_leader: true dest_uuid: "6593d4184585427a9e83ac392f23a791"
I20260608 09:52:12.011245  7753 raft_consensus.cc:3055] T 9d1cc7a490e44c3b88863534e36e83c3 P 6593d4184585427a9e83ac392f23a791 [term 3 LEADER]: Stepping down as leader of term 3
I20260608 09:52:12.011598  7753 raft_consensus.cc:740] T 9d1cc7a490e44c3b88863534e36e83c3 P 6593d4184585427a9e83ac392f23a791 [term 3 LEADER]: Becoming Follower/Learner. State: Replica: 6593d4184585427a9e83ac392f23a791, State: Running, Role: LEADER
I20260608 09:52:12.012683  7753 consensus_queue.cc:260] T 9d1cc7a490e44c3b88863534e36e83c3 P 6593d4184585427a9e83ac392f23a791 [NON_LEADER]: Queue going to NON_LEADER mode. State: All replicated index: 0, Majority replicated index: 2, Committed index: 2, Last appended: 3.2, Last appended by leader: 2, Current term: 3, Majority size: -1, State: 0, Mode: NON_LEADER, active raft config: opid_index: -1 OBSOLETE_local: false peers { permanent_uuid: "855a273283be406e8c20038ab76eba5b" member_type: VOTER last_known_addr { host: "127.6.215.129" port: 40079 } } peers { permanent_uuid: "6593d4184585427a9e83ac392f23a791" member_type: VOTER last_known_addr { host: "127.6.215.130" port: 39433 } } peers { permanent_uuid: "9011ac9ad91e4b79abca79d805cca529" member_type: VOTER last_known_addr { host: "127.6.215.131" port: 46711 } }
I20260608 09:52:12.013392  7829 tablet_service.cc:1917] Received RequestConsensusVote() RPC: tablet_id: "9d1cc7a490e44c3b88863534e36e83c3" candidate_uuid: "855a273283be406e8c20038ab76eba5b" candidate_term: 4 candidate_status { last_received { term: 3 index: 2 } } ignore_live_leader: true dest_uuid: "9011ac9ad91e4b79abca79d805cca529"
I20260608 09:52:12.014307  7829 raft_consensus.cc:3060] T 9d1cc7a490e44c3b88863534e36e83c3 P 9011ac9ad91e4b79abca79d805cca529 [term 3 FOLLOWER]: Advancing to term 4
I20260608 09:52:12.014788  7753 raft_consensus.cc:3060] T 9d1cc7a490e44c3b88863534e36e83c3 P 6593d4184585427a9e83ac392f23a791 [term 3 FOLLOWER]: Advancing to term 4
I20260608 09:52:12.023500  7753 raft_consensus.cc:2468] T 9d1cc7a490e44c3b88863534e36e83c3 P 6593d4184585427a9e83ac392f23a791 [term 4 FOLLOWER]: Leader election vote request: Granting yes vote for candidate 855a273283be406e8c20038ab76eba5b in term 4.
I20260608 09:52:12.025352  7645 leader_election.cc:304] T 9d1cc7a490e44c3b88863534e36e83c3 P 855a273283be406e8c20038ab76eba5b [CANDIDATE]: Term 4 election: Election decided. Result: candidate won. Election summary: received 2 responses out of 3 voters: 2 yes votes; 0 no votes. yes voters: 6593d4184585427a9e83ac392f23a791, 855a273283be406e8c20038ab76eba5b; no voters: 
I20260608 09:52:12.026425  8096 raft_consensus.cc:2804] T 9d1cc7a490e44c3b88863534e36e83c3 P 855a273283be406e8c20038ab76eba5b [term 4 FOLLOWER]: Leader election won for term 4
I20260608 09:52:12.023517  7829 raft_consensus.cc:2468] T 9d1cc7a490e44c3b88863534e36e83c3 P 9011ac9ad91e4b79abca79d805cca529 [term 4 FOLLOWER]: Leader election vote request: Granting yes vote for candidate 855a273283be406e8c20038ab76eba5b in term 4.
