I20260608 09:49:09.233294 30641 consensus_queue.cc:260] T e510a2d90e36441da6f0e093a52349af P d3afbc0e7ad840a89c483a2e8485b0d4 [NON_LEADER]: Queue going to NON_LEADER mode. State: All replicated index: 0, Majority replicated index: 0, Committed index: 0, Last appended: 0.0, Last appended by leader: 0, Current term: 0, Majority size: -1, State: 0, Mode: NON_LEADER, active raft config: opid_index: -1 OBSOLETE_local: false peers { permanent_uuid: "3bde324c5dc14de6bcbb23466656525a" member_type: VOTER last_known_addr { host: "127.25.91.193" port: 37505 } } peers { permanent_uuid: "8fa7cd16df884e9ab84833719541544b" member_type: VOTER last_known_addr { host: "127.25.91.194" port: 37453 } } peers { permanent_uuid: "d3afbc0e7ad840a89c483a2e8485b0d4" member_type: VOTER last_known_addr { host: "127.25.91.195" port: 43101 } }
I20260608 09:49:09.235543 30444 raft_consensus.cc:2468] T cd3b62d63be04fe0877bbb4aa99a140a P 3bde324c5dc14de6bcbb23466656525a [term 1 FOLLOWER]: Leader election vote request: Granting yes vote for candidate 8fa7cd16df884e9ab84833719541544b in term 1.
I20260608 09:49:09.235843 30641 ts_tablet_manager.cc:1434] T e510a2d90e36441da6f0e093a52349af P d3afbc0e7ad840a89c483a2e8485b0d4: Time spent starting tablet: real 0.018s	user 0.005s	sys 0.004s
I20260608 09:49:09.236919 30641 tablet_bootstrap.cc:492] T 511ff3470c994638820819fbf06f8304 P d3afbc0e7ad840a89c483a2e8485b0d4: Bootstrap starting.
I20260608 09:49:09.243538 30641 tablet_bootstrap.cc:654] T 511ff3470c994638820819fbf06f8304 P d3afbc0e7ad840a89c483a2e8485b0d4: Neither blocks nor log segments found. Creating new log.
I20260608 09:49:09.244138 30642 tablet_bootstrap.cc:492] T 4a9e42ea3dd743a0b9f1b3a7a72a4add P 3bde324c5dc14de6bcbb23466656525a: Bootstrap starting.
I20260608 09:49:09.245751 30594 raft_consensus.cc:2468] T cd3b62d63be04fe0877bbb4aa99a140a P d3afbc0e7ad840a89c483a2e8485b0d4 [term 1 FOLLOWER]: Leader election vote request: Granting yes vote for candidate 8fa7cd16df884e9ab84833719541544b in term 1.
I20260608 09:49:09.247126 30486 leader_election.cc:304] T cd3b62d63be04fe0877bbb4aa99a140a P 8fa7cd16df884e9ab84833719541544b [CANDIDATE]: Term 1 election: Election decided. Result: candidate won. Election summary: received 2 responses out of 3 voters: 2 yes votes; 0 no votes. yes voters: 3bde324c5dc14de6bcbb23466656525a, 8fa7cd16df884e9ab84833719541544b; no voters: 
I20260608 09:49:09.248035 30670 raft_consensus.cc:2804] T cd3b62d63be04fe0877bbb4aa99a140a P 8fa7cd16df884e9ab84833719541544b [term 1 FOLLOWER]: Leader election won for term 1
I20260608 09:49:09.248652 30670 raft_consensus.cc:697] T cd3b62d63be04fe0877bbb4aa99a140a P 8fa7cd16df884e9ab84833719541544b [term 1 LEADER]: Becoming Leader. State: Replica: 8fa7cd16df884e9ab84833719541544b, State: Running, Role: LEADER
I20260608 09:49:09.248096 30343 catalog_manager.cc:5696] T 0afae2d2ff814f26a04d8914686f1303 P d3afbc0e7ad840a89c483a2e8485b0d4 reported cstate change: term changed from 0 to 1, leader changed from <none> to d3afbc0e7ad840a89c483a2e8485b0d4 (127.25.91.195). New cstate: current_term: 1 leader_uuid: "d3afbc0e7ad840a89c483a2e8485b0d4" committed_config { opid_index: -1 OBSOLETE_local: false peers { permanent_uuid: "3bde324c5dc14de6bcbb23466656525a" member_type: VOTER last_known_addr { host: "127.25.91.193" port: 37505 } health_report { overall_health: UNKNOWN } } peers { permanent_uuid: "8fa7cd16df884e9ab84833719541544b" member_type: VOTER last_known_addr { host: "127.25.91.194" port: 37453 } health_report { overall_health: UNKNOWN } } peers { permanent_uuid: "d3afbc0e7ad840a89c483a2e8485b0d4" member_type: VOTER last_known_addr { host: "127.25.91.195" port: 43101 } health_report { overall_health: HEALTHY } } }
I20260608 09:49:09.249562 30670 consensus_queue.cc:237] T cd3b62d63be04fe0877bbb4aa99a140a P 8fa7cd16df884e9ab84833719541544b [LEADER]: Queue going to LEADER mode. State: All replicated index: 0, Majority replicated index: 0, Committed index: 0, Last appended: 0.0, Last appended by leader: 0, Current term: 1, Majority size: 2, State: 0, Mode: LEADER, active raft config: opid_index: -1 OBSOLETE_local: false peers { permanent_uuid: "3bde324c5dc14de6bcbb23466656525a" member_type: VOTER last_known_addr { host: "127.25.91.193" port: 37505 } } peers { permanent_uuid: "8fa7cd16df884e9ab84833719541544b" member_type: VOTER last_known_addr { host: "127.25.91.194" port: 37453 } } peers { permanent_uuid: "d3afbc0e7ad840a89c483a2e8485b0d4" member_type: VOTER last_known_addr { host: "127.25.91.195" port: 43101 } }
I20260608 09:49:09.259578 30646 raft_consensus.cc:493] T fe31e636b4c048a7bd6f0778e62b821b P 3bde324c5dc14de6bcbb23466656525a [term 0 FOLLOWER]: Starting pre-election (no leader contacted us within the election timeout)
I20260608 09:49:09.260196 30646 raft_consensus.cc:515] T fe31e636b4c048a7bd6f0778e62b821b P 3bde324c5dc14de6bcbb23466656525a [term 0 FOLLOWER]: Starting pre-election with config: opid_index: -1 OBSOLETE_local: false peers { permanent_uuid: "3bde324c5dc14de6bcbb23466656525a" member_type: VOTER last_known_addr { host: "127.25.91.193" port: 37505 } } peers { permanent_uuid: "8fa7cd16df884e9ab84833719541544b" member_type: VOTER last_known_addr { host: "127.25.91.194" port: 37453 } } peers { permanent_uuid: "d3afbc0e7ad840a89c483a2e8485b0d4" member_type: VOTER last_known_addr { host: "127.25.91.195" port: 43101 } }
I20260608 09:49:09.261425 30642 tablet_bootstrap.cc:654] T 4a9e42ea3dd743a0b9f1b3a7a72a4add P 3bde324c5dc14de6bcbb23466656525a: Neither blocks nor log segments found. Creating new log.
I20260608 09:49:09.264315 30594 tablet_service.cc:1917] Received RequestConsensusVote() RPC: tablet_id: "fe31e636b4c048a7bd6f0778e62b821b" candidate_uuid: "3bde324c5dc14de6bcbb23466656525a" candidate_term: 1 candidate_status { last_received { term: 0 index: 0 } } ignore_live_leader: false dest_uuid: "d3afbc0e7ad840a89c483a2e8485b0d4" is_pre_election: true
I20260608 09:49:09.265089 30594 raft_consensus.cc:2468] T fe31e636b4c048a7bd6f0778e62b821b P d3afbc0e7ad840a89c483a2e8485b0d4 [term 0 FOLLOWER]: Leader pre-election vote request: Granting yes vote for candidate 3bde324c5dc14de6bcbb23466656525a in term 0.
I20260608 09:49:09.266722 30520 tablet_service.cc:1917] Received RequestConsensusVote() RPC: tablet_id: "fe31e636b4c048a7bd6f0778e62b821b" candidate_uuid: "3bde324c5dc14de6bcbb23466656525a" candidate_term: 1 candidate_status { last_received { term: 0 index: 0 } } ignore_live_leader: false dest_uuid: "8fa7cd16df884e9ab84833719541544b" is_pre_election: true
I20260608 09:49:09.268383 30679 raft_consensus.cc:493] T c19131c99b344929ae837449d6d067ab P d3afbc0e7ad840a89c483a2e8485b0d4 [term 0 FOLLOWER]: Starting pre-election (no leader contacted us within the election timeout)
I20260608 09:49:09.268656 30409 leader_election.cc:304] T fe31e636b4c048a7bd6f0778e62b821b P 3bde324c5dc14de6bcbb23466656525a [CANDIDATE]: Term 1 pre-election: Election decided. Result: candidate won. Election summary: received 2 responses out of 3 voters: 2 yes votes; 0 no votes. yes voters: 3bde324c5dc14de6bcbb23466656525a, d3afbc0e7ad840a89c483a2e8485b0d4; no voters: 
I20260608 09:49:09.268931 30679 raft_consensus.cc:515] T c19131c99b344929ae837449d6d067ab P d3afbc0e7ad840a89c483a2e8485b0d4 [term 0 FOLLOWER]: Starting pre-election with config: opid_index: -1 OBSOLETE_local: false peers { permanent_uuid: "3bde324c5dc14de6bcbb23466656525a" member_type: VOTER last_known_addr { host: "127.25.91.193" port: 37505 } } peers { permanent_uuid: "8fa7cd16df884e9ab84833719541544b" member_type: VOTER last_known_addr { host: "127.25.91.194" port: 37453 } } peers { permanent_uuid: "d3afbc0e7ad840a89c483a2e8485b0d4" member_type: VOTER last_known_addr { host: "127.25.91.195" port: 43101 } }
I20260608 09:49:09.269737 30675 raft_consensus.cc:2804] T fe31e636b4c048a7bd6f0778e62b821b P 3bde324c5dc14de6bcbb23466656525a [term 0 FOLLOWER]: Leader pre-election won for term 1
I20260608 09:49:09.270133 30675 raft_consensus.cc:493] T fe31e636b4c048a7bd6f0778e62b821b P 3bde324c5dc14de6bcbb23466656525a [term 0 FOLLOWER]: Starting leader election (no leader contacted us within the election timeout)
W20260608 09:49:09.271191 30410 leader_election.cc:343] T fe31e636b4c048a7bd6f0778e62b821b P 3bde324c5dc14de6bcbb23466656525a [CANDIDATE]: Term 1 pre-election: Tablet error from VoteRequest() call to peer 8fa7cd16df884e9ab84833719541544b (127.25.91.194:37453): Illegal state: must be running to vote when last-logged opid is not known
I20260608 09:49:09.271839 30646 leader_election.cc:290] T fe31e636b4c048a7bd6f0778e62b821b P 3bde324c5dc14de6bcbb23466656525a [CANDIDATE]: Term 1 pre-election: Requested pre-vote from peers 8fa7cd16df884e9ab84833719541544b (127.25.91.194:37453), d3afbc0e7ad840a89c483a2e8485b0d4 (127.25.91.195:43101)
I20260608 09:49:09.271273 30679 leader_election.cc:290] T c19131c99b344929ae837449d6d067ab P d3afbc0e7ad840a89c483a2e8485b0d4 [CANDIDATE]: Term 1 pre-election: Requested pre-vote from peers 3bde324c5dc14de6bcbb23466656525a (127.25.91.193:37505), 8fa7cd16df884e9ab84833719541544b (127.25.91.194:37453)
I20260608 09:49:09.272631 30444 tablet_service.cc:1917] Received RequestConsensusVote() RPC: tablet_id: "c19131c99b344929ae837449d6d067ab" candidate_uuid: "d3afbc0e7ad840a89c483a2e8485b0d4" candidate_term: 1 candidate_status { last_received { term: 0 index: 0 } } ignore_live_leader: false dest_uuid: "3bde324c5dc14de6bcbb23466656525a" is_pre_election: true
I20260608 09:49:09.272781 30520 tablet_service.cc:1917] Received RequestConsensusVote() RPC: tablet_id: "c19131c99b344929ae837449d6d067ab" candidate_uuid: "d3afbc0e7ad840a89c483a2e8485b0d4" candidate_term: 1 candidate_status { last_received { term: 0 index: 0 } } ignore_live_leader: false dest_uuid: "8fa7cd16df884e9ab84833719541544b" is_pre_election: true
W20260608 09:49:09.274380 30560 leader_election.cc:343] T c19131c99b344929ae837449d6d067ab P d3afbc0e7ad840a89c483a2e8485b0d4 [CANDIDATE]: Term 1 pre-election: Tablet error from VoteRequest() call to peer 3bde324c5dc14de6bcbb23466656525a (127.25.91.193:37505): Illegal state: must be running to vote when last-logged opid is not known
I20260608 09:49:09.276005 30639 tablet_bootstrap.cc:492] T fe31e636b4c048a7bd6f0778e62b821b P 8fa7cd16df884e9ab84833719541544b: No bootstrap required, opened a new log
I20260608 09:49:09.276463 30639 ts_tablet_manager.cc:1403] T fe31e636b4c048a7bd6f0778e62b821b P 8fa7cd16df884e9ab84833719541544b: Time spent bootstrapping tablet: real 0.067s	user 0.018s	sys 0.018s
I20260608 09:49:09.270486 30343 catalog_manager.cc:5696] T cd3b62d63be04fe0877bbb4aa99a140a P 8fa7cd16df884e9ab84833719541544b reported cstate change: term changed from 0 to 1, leader changed from <none> to 8fa7cd16df884e9ab84833719541544b (127.25.91.194). New cstate: current_term: 1 leader_uuid: "8fa7cd16df884e9ab84833719541544b" committed_config { opid_index: -1 OBSOLETE_local: false peers { permanent_uuid: "3bde324c5dc14de6bcbb23466656525a" member_type: VOTER last_known_addr { host: "127.25.91.193" port: 37505 } health_report { overall_health: UNKNOWN } } peers { permanent_uuid: "8fa7cd16df884e9ab84833719541544b" member_type: VOTER last_known_addr { host: "127.25.91.194" port: 37453 } health_report { overall_health: HEALTHY } } peers { permanent_uuid: "d3afbc0e7ad840a89c483a2e8485b0d4" member_type: VOTER last_known_addr { host: "127.25.91.195" port: 43101 } health_report { overall_health: UNKNOWN } } }
W20260608 09:49:09.278775 30559 leader_election.cc:343] T c19131c99b344929ae837449d6d067ab P d3afbc0e7ad840a89c483a2e8485b0d4 [CANDIDATE]: Term 1 pre-election: Tablet error from VoteRequest() call to peer 8fa7cd16df884e9ab84833719541544b (127.25.91.194:37453): Illegal state: must be running to vote when last-logged opid is not known
I20260608 09:49:09.279424 30559 leader_election.cc:304] T c19131c99b344929ae837449d6d067ab P d3afbc0e7ad840a89c483a2e8485b0d4 [CANDIDATE]: Term 1 pre-election: Election decided. Result: candidate lost. Election summary: received 3 responses out of 3 voters: 1 yes votes; 2 no votes. yes voters: d3afbc0e7ad840a89c483a2e8485b0d4; no voters: 3bde324c5dc14de6bcbb23466656525a, 8fa7cd16df884e9ab84833719541544b
I20260608 09:49:09.280550 30679 raft_consensus.cc:2749] T c19131c99b344929ae837449d6d067ab P d3afbc0e7ad840a89c483a2e8485b0d4 [term 0 FOLLOWER]: Leader pre-election lost for term 1. Reason: could not achieve majority
I20260608 09:49:09.281785 30639 raft_consensus.cc:359] T fe31e636b4c048a7bd6f0778e62b821b P 8fa7cd16df884e9ab84833719541544b [term 0 FOLLOWER]: Replica starting. Triggering 0 pending ops. Active config: opid_index: -1 OBSOLETE_local: false peers { permanent_uuid: "3bde324c5dc14de6bcbb23466656525a" member_type: VOTER last_known_addr { host: "127.25.91.193" port: 37505 } } peers { permanent_uuid: "8fa7cd16df884e9ab84833719541544b" member_type: VOTER last_known_addr { host: "127.25.91.194" port: 37453 } } peers { permanent_uuid: "d3afbc0e7ad840a89c483a2e8485b0d4" member_type: VOTER last_known_addr { host: "127.25.91.195" port: 43101 } }
I20260608 09:49:09.270506 30675 raft_consensus.cc:3060] T fe31e636b4c048a7bd6f0778e62b821b P 3bde324c5dc14de6bcbb23466656525a [term 0 FOLLOWER]: Advancing to term 1
I20260608 09:49:09.282424 30639 raft_consensus.cc:385] T fe31e636b4c048a7bd6f0778e62b821b P 8fa7cd16df884e9ab84833719541544b [term 0 FOLLOWER]: Consensus starting up: Expiring failure detector timer to make a prompt election more likely
I20260608 09:49:09.282783 30639 raft_consensus.cc:740] T fe31e636b4c048a7bd6f0778e62b821b P 8fa7cd16df884e9ab84833719541544b [term 0 FOLLOWER]: Becoming Follower/Learner. State: Replica: 8fa7cd16df884e9ab84833719541544b, State: Initialized, Role: FOLLOWER
I20260608 09:49:09.283658 30639 consensus_queue.cc:260] T fe31e636b4c048a7bd6f0778e62b821b P 8fa7cd16df884e9ab84833719541544b [NON_LEADER]: Queue going to NON_LEADER mode. State: All replicated index: 0, Majority replicated index: 0, Committed index: 0, Last appended: 0.0, Last appended by leader: 0, Current term: 0, Majority size: -1, State: 0, Mode: NON_LEADER, active raft config: opid_index: -1 OBSOLETE_local: false peers { permanent_uuid: "3bde324c5dc14de6bcbb23466656525a" member_type: VOTER last_known_addr { host: "127.25.91.193" port: 37505 } } peers { permanent_uuid: "8fa7cd16df884e9ab84833719541544b" member_type: VOTER last_known_addr { host: "127.25.91.194" port: 37453 } } peers { permanent_uuid: "d3afbc0e7ad840a89c483a2e8485b0d4" member_type: VOTER last_known_addr { host: "127.25.91.195" port: 43101 } }
I20260608 09:49:09.285849 30639 ts_tablet_manager.cc:1434] T fe31e636b4c048a7bd6f0778e62b821b P 8fa7cd16df884e9ab84833719541544b: Time spent starting tablet: real 0.009s	user 0.007s	sys 0.000s
I20260608 09:49:09.286851 30639 tablet_bootstrap.cc:492] T 8b7c2c37260f485086354cbc9460e18d P 8fa7cd16df884e9ab84833719541544b: Bootstrap starting.
I20260608 09:49:09.290642 30675 raft_consensus.cc:515] T fe31e636b4c048a7bd6f0778e62b821b P 3bde324c5dc14de6bcbb23466656525a [term 1 FOLLOWER]: Starting leader election with config: opid_index: -1 OBSOLETE_local: false peers { permanent_uuid: "3bde324c5dc14de6bcbb23466656525a" member_type: VOTER last_known_addr { host: "127.25.91.193" port: 37505 } } peers { permanent_uuid: "8fa7cd16df884e9ab84833719541544b" member_type: VOTER last_known_addr { host: "127.25.91.194" port: 37453 } } peers { permanent_uuid: "d3afbc0e7ad840a89c483a2e8485b0d4" member_type: VOTER last_known_addr { host: "127.25.91.195" port: 43101 } }
I20260608 09:49:09.292685 30639 tablet_bootstrap.cc:654] T 8b7c2c37260f485086354cbc9460e18d P 8fa7cd16df884e9ab84833719541544b: Neither blocks nor log segments found. Creating new log.
I20260608 09:49:09.295622 30641 tablet_bootstrap.cc:492] T 511ff3470c994638820819fbf06f8304 P d3afbc0e7ad840a89c483a2e8485b0d4: No bootstrap required, opened a new log
I20260608 09:49:09.296217 30641 ts_tablet_manager.cc:1403] T 511ff3470c994638820819fbf06f8304 P d3afbc0e7ad840a89c483a2e8485b0d4: Time spent bootstrapping tablet: real 0.060s	user 0.022s	sys 0.015s
I20260608 09:49:09.296506 30520 tablet_service.cc:1917] Received RequestConsensusVote() RPC: tablet_id: "fe31e636b4c048a7bd6f0778e62b821b" candidate_uuid: "3bde324c5dc14de6bcbb23466656525a" candidate_term: 1 candidate_status { last_received { term: 0 index: 0 } } ignore_live_leader: false dest_uuid: "8fa7cd16df884e9ab84833719541544b"
I20260608 09:49:09.297148 30520 raft_consensus.cc:3060] T fe31e636b4c048a7bd6f0778e62b821b P 8fa7cd16df884e9ab84833719541544b [term 0 FOLLOWER]: Advancing to term 1
I20260608 09:49:09.299302 30641 raft_consensus.cc:359] T 511ff3470c994638820819fbf06f8304 P d3afbc0e7ad840a89c483a2e8485b0d4 [term 0 FOLLOWER]: Replica starting. Triggering 0 pending ops. Active config: opid_index: -1 OBSOLETE_local: false peers { permanent_uuid: "3bde324c5dc14de6bcbb23466656525a" member_type: VOTER last_known_addr { host: "127.25.91.193" port: 37505 } } peers { permanent_uuid: "8fa7cd16df884e9ab84833719541544b" member_type: VOTER last_known_addr { host: "127.25.91.194" port: 37453 } } peers { permanent_uuid: "d3afbc0e7ad840a89c483a2e8485b0d4" member_type: VOTER last_known_addr { host: "127.25.91.195" port: 43101 } }
I20260608 09:49:09.300084 30641 raft_consensus.cc:385] T 511ff3470c994638820819fbf06f8304 P d3afbc0e7ad840a89c483a2e8485b0d4 [term 0 FOLLOWER]: Consensus starting up: Expiring failure detector timer to make a prompt election more likely
I20260608 09:49:09.300372 30641 raft_consensus.cc:740] T 511ff3470c994638820819fbf06f8304 P d3afbc0e7ad840a89c483a2e8485b0d4 [term 0 FOLLOWER]: Becoming Follower/Learner. State: Replica: d3afbc0e7ad840a89c483a2e8485b0d4, State: Initialized, Role: FOLLOWER
I20260608 09:49:09.301374 30641 consensus_queue.cc:260] T 511ff3470c994638820819fbf06f8304 P d3afbc0e7ad840a89c483a2e8485b0d4 [NON_LEADER]: Queue going to NON_LEADER mode. State: All replicated index: 0, Majority replicated index: 0, Committed index: 0, Last appended: 0.0, Last appended by leader: 0, Current term: 0, Majority size: -1, State: 0, Mode: NON_LEADER, active raft config: opid_index: -1 OBSOLETE_local: false peers { permanent_uuid: "3bde324c5dc14de6bcbb23466656525a" member_type: VOTER last_known_addr { host: "127.25.91.193" port: 37505 } } peers { permanent_uuid: "8fa7cd16df884e9ab84833719541544b" member_type: VOTER last_known_addr { host: "127.25.91.194" port: 37453 } } peers { permanent_uuid: "d3afbc0e7ad840a89c483a2e8485b0d4" member_type: VOTER last_known_addr { host: "127.25.91.195" port: 43101 } }
I20260608 09:49:09.301566 30594 tablet_service.cc:1917] Received RequestConsensusVote() RPC: tablet_id: "fe31e636b4c048a7bd6f0778e62b821b" candidate_uuid: "3bde324c5dc14de6bcbb23466656525a" candidate_term: 1 candidate_status { last_received { term: 0 index: 0 } } ignore_live_leader: false dest_uuid: "d3afbc0e7ad840a89c483a2e8485b0d4"
I20260608 09:49:09.302212 30594 raft_consensus.cc:3060] T fe31e636b4c048a7bd6f0778e62b821b P d3afbc0e7ad840a89c483a2e8485b0d4 [term 0 FOLLOWER]: Advancing to term 1
I20260608 09:49:09.303736 30641 ts_tablet_manager.cc:1434] T 511ff3470c994638820819fbf06f8304 P d3afbc0e7ad840a89c483a2e8485b0d4: Time spent starting tablet: real 0.007s	user 0.008s	sys 0.000s
I20260608 09:49:09.304596 30639 tablet_bootstrap.cc:492] T 8b7c2c37260f485086354cbc9460e18d P 8fa7cd16df884e9ab84833719541544b: No bootstrap required, opened a new log
I20260608 09:49:09.304499 30520 raft_consensus.cc:2468] T fe31e636b4c048a7bd6f0778e62b821b P 8fa7cd16df884e9ab84833719541544b [term 1 FOLLOWER]: Leader election vote request: Granting yes vote for candidate 3bde324c5dc14de6bcbb23466656525a in term 1.
I20260608 09:49:09.305184 30639 ts_tablet_manager.cc:1403] T 8b7c2c37260f485086354cbc9460e18d P 8fa7cd16df884e9ab84833719541544b: Time spent bootstrapping tablet: real 0.019s	user 0.002s	sys 0.012s
I20260608 09:49:09.304737 30641 tablet_bootstrap.cc:492] T 4a9e42ea3dd743a0b9f1b3a7a72a4add P d3afbc0e7ad840a89c483a2e8485b0d4: Bootstrap starting.
I20260608 09:49:09.306010 30410 leader_election.cc:304] T fe31e636b4c048a7bd6f0778e62b821b P 3bde324c5dc14de6bcbb23466656525a [CANDIDATE]: Term 1 election: Election decided. Result: candidate won. Election summary: received 2 responses out of 3 voters: 2 yes votes; 0 no votes. yes voters: 3bde324c5dc14de6bcbb23466656525a, 8fa7cd16df884e9ab84833719541544b; no voters: 
I20260608 09:49:09.306967 30646 raft_consensus.cc:2804] T fe31e636b4c048a7bd6f0778e62b821b P 3bde324c5dc14de6bcbb23466656525a [term 1 FOLLOWER]: Leader election won for term 1
I20260608 09:49:09.309408 30639 raft_consensus.cc:359] T 8b7c2c37260f485086354cbc9460e18d P 8fa7cd16df884e9ab84833719541544b [term 0 FOLLOWER]: Replica starting. Triggering 0 pending ops. Active config: opid_index: -1 OBSOLETE_local: false peers { permanent_uuid: "3bde324c5dc14de6bcbb23466656525a" member_type: VOTER last_known_addr { host: "127.25.91.193" port: 37505 } } peers { permanent_uuid: "8fa7cd16df884e9ab84833719541544b" member_type: VOTER last_known_addr { host: "127.25.91.194" port: 37453 } } peers { permanent_uuid: "d3afbc0e7ad840a89c483a2e8485b0d4" member_type: VOTER last_known_addr { host: "127.25.91.195" port: 43101 } }
I20260608 09:49:09.310271 30639 raft_consensus.cc:385] T 8b7c2c37260f485086354cbc9460e18d P 8fa7cd16df884e9ab84833719541544b [term 0 FOLLOWER]: Consensus starting up: Expiring failure detector timer to make a prompt election more likely
I20260608 09:49:09.310637 30639 raft_consensus.cc:740] T 8b7c2c37260f485086354cbc9460e18d P 8fa7cd16df884e9ab84833719541544b [term 0 FOLLOWER]: Becoming Follower/Learner. State: Replica: 8fa7cd16df884e9ab84833719541544b, State: Initialized, Role: FOLLOWER
I20260608 09:49:09.311754 30641 tablet_bootstrap.cc:654] T 4a9e42ea3dd743a0b9f1b3a7a72a4add P d3afbc0e7ad840a89c483a2e8485b0d4: Neither blocks nor log segments found. Creating new log.
I20260608 09:49:09.311640 30639 consensus_queue.cc:260] T 8b7c2c37260f485086354cbc9460e18d P 8fa7cd16df884e9ab84833719541544b [NON_LEADER]: Queue going to NON_LEADER mode. State: All replicated index: 0, Majority replicated index: 0, Committed index: 0, Last appended: 0.0, Last appended by leader: 0, Current term: 0, Majority size: -1, State: 0, Mode: NON_LEADER, active raft config: opid_index: -1 OBSOLETE_local: false peers { permanent_uuid: "3bde324c5dc14de6bcbb23466656525a" member_type: VOTER last_known_addr { host: "127.25.91.193" port: 37505 } } peers { permanent_uuid: "8fa7cd16df884e9ab84833719541544b" member_type: VOTER last_known_addr { host: "127.25.91.194" port: 37453 } } peers { permanent_uuid: "d3afbc0e7ad840a89c483a2e8485b0d4" member_type: VOTER last_known_addr { host: "127.25.91.195" port: 43101 } }
I20260608 09:49:09.314662 30639 ts_tablet_manager.cc:1434] T 8b7c2c37260f485086354cbc9460e18d P 8fa7cd16df884e9ab84833719541544b: Time spent starting tablet: real 0.009s	user 0.007s	sys 0.001s
I20260608 09:49:09.315539 30679 raft_consensus.cc:493] T 511ff3470c994638820819fbf06f8304 P d3afbc0e7ad840a89c483a2e8485b0d4 [term 0 FOLLOWER]: Starting pre-election (no leader contacted us within the election timeout)
I20260608 09:49:09.316089 30679 raft_consensus.cc:515] T 511ff3470c994638820819fbf06f8304 P d3afbc0e7ad840a89c483a2e8485b0d4 [term 0 FOLLOWER]: Starting pre-election with config: opid_index: -1 OBSOLETE_local: false peers { permanent_uuid: "3bde324c5dc14de6bcbb23466656525a" member_type: VOTER last_known_addr { host: "127.25.91.193" port: 37505 } } peers { permanent_uuid: "8fa7cd16df884e9ab84833719541544b" member_type: VOTER last_known_addr { host: "127.25.91.194" port: 37453 } } peers { permanent_uuid: "d3afbc0e7ad840a89c483a2e8485b0d4" member_type: VOTER last_known_addr { host: "127.25.91.195" port: 43101 } }
I20260608 09:49:09.318638 30679 leader_election.cc:290] T 511ff3470c994638820819fbf06f8304 P d3afbc0e7ad840a89c483a2e8485b0d4 [CANDIDATE]: Term 1 pre-election: Requested pre-vote from peers 3bde324c5dc14de6bcbb23466656525a (127.25.91.193:37505), 8fa7cd16df884e9ab84833719541544b (127.25.91.194:37453)
I20260608 09:49:09.320741 30646 raft_consensus.cc:697] T fe31e636b4c048a7bd6f0778e62b821b P 3bde324c5dc14de6bcbb23466656525a [term 1 LEADER]: Becoming Leader. State: Replica: 3bde324c5dc14de6bcbb23466656525a, State: Running, Role: LEADER
I20260608 09:49:09.322139 30520 tablet_service.cc:1917] Received RequestConsensusVote() RPC: tablet_id: "511ff3470c994638820819fbf06f8304" candidate_uuid: "d3afbc0e7ad840a89c483a2e8485b0d4" candidate_term: 1 candidate_status { last_received { term: 0 index: 0 } } ignore_live_leader: false dest_uuid: "8fa7cd16df884e9ab84833719541544b" is_pre_election: true
I20260608 09:49:09.322281 30701 raft_consensus.cc:493] T 511ff3470c994638820819fbf06f8304 P 3bde324c5dc14de6bcbb23466656525a [term 0 FOLLOWER]: Starting pre-election (no leader contacted us within the election timeout)
I20260608 09:49:09.321750 30646 consensus_queue.cc:237] T fe31e636b4c048a7bd6f0778e62b821b P 3bde324c5dc14de6bcbb23466656525a [LEADER]: Queue going to LEADER mode. State: All replicated index: 0, Majority replicated index: 0, Committed index: 0, Last appended: 0.0, Last appended by leader: 0, Current term: 1, Majority size: 2, State: 0, Mode: LEADER, active raft config: opid_index: -1 OBSOLETE_local: false peers { permanent_uuid: "3bde324c5dc14de6bcbb23466656525a" member_type: VOTER last_known_addr { host: "127.25.91.193" port: 37505 } } peers { permanent_uuid: "8fa7cd16df884e9ab84833719541544b" member_type: VOTER last_known_addr { host: "127.25.91.194" port: 37453 } } peers { permanent_uuid: "d3afbc0e7ad840a89c483a2e8485b0d4" member_type: VOTER last_known_addr { host: "127.25.91.195" port: 43101 } }
I20260608 09:49:09.323012 30701 raft_consensus.cc:515] T 511ff3470c994638820819fbf06f8304 P 3bde324c5dc14de6bcbb23466656525a [term 0 FOLLOWER]: Starting pre-election with config: opid_index: -1 OBSOLETE_local: false peers { permanent_uuid: "3bde324c5dc14de6bcbb23466656525a" member_type: VOTER last_known_addr { host: "127.25.91.193" port: 37505 } } peers { permanent_uuid: "8fa7cd16df884e9ab84833719541544b" member_type: VOTER last_known_addr { host: "127.25.91.194" port: 37453 } } peers { permanent_uuid: "d3afbc0e7ad840a89c483a2e8485b0d4" member_type: VOTER last_known_addr { host: "127.25.91.195" port: 43101 } }
I20260608 09:49:09.323015 30520 raft_consensus.cc:2468] T 511ff3470c994638820819fbf06f8304 P 8fa7cd16df884e9ab84833719541544b [term 0 FOLLOWER]: Leader pre-election vote request: Granting yes vote for candidate d3afbc0e7ad840a89c483a2e8485b0d4 in term 0.
I20260608 09:49:09.326453 30519 tablet_service.cc:1917] Received RequestConsensusVote() RPC: tablet_id: "511ff3470c994638820819fbf06f8304" candidate_uuid: "3bde324c5dc14de6bcbb23466656525a" candidate_term: 1 candidate_status { last_received { term: 0 index: 0 } } ignore_live_leader: false dest_uuid: "8fa7cd16df884e9ab84833719541544b" is_pre_election: true
I20260608 09:49:09.327217 30519 raft_consensus.cc:2468] T 511ff3470c994638820819fbf06f8304 P 8fa7cd16df884e9ab84833719541544b [term 0 FOLLOWER]: Leader pre-election vote request: Granting yes vote for candidate 3bde324c5dc14de6bcbb23466656525a in term 0.
I20260608 09:49:09.327404 30559 leader_election.cc:304] T 511ff3470c994638820819fbf06f8304 P d3afbc0e7ad840a89c483a2e8485b0d4 [CANDIDATE]: Term 1 pre-election: Election decided. Result: candidate won. Election summary: received 2 responses out of 3 voters: 2 yes votes; 0 no votes. yes voters: 8fa7cd16df884e9ab84833719541544b, d3afbc0e7ad840a89c483a2e8485b0d4; no voters: 
I20260608 09:49:09.328358 30679 raft_consensus.cc:2804] T 511ff3470c994638820819fbf06f8304 P d3afbc0e7ad840a89c483a2e8485b0d4 [term 0 FOLLOWER]: Leader pre-election won for term 1
I20260608 09:49:09.328778 30679 raft_consensus.cc:493] T 511ff3470c994638820819fbf06f8304 P d3afbc0e7ad840a89c483a2e8485b0d4 [term 0 FOLLOWER]: Starting leader election (no leader contacted us within the election timeout)
I20260608 09:49:09.328595 30410 leader_election.cc:304] T 511ff3470c994638820819fbf06f8304 P 3bde324c5dc14de6bcbb23466656525a [CANDIDATE]: Term 1 pre-election: Election decided. Result: candidate won. Election summary: received 2 responses out of 3 voters: 2 yes votes; 0 no votes. yes voters: 3bde324c5dc14de6bcbb23466656525a, 8fa7cd16df884e9ab84833719541544b; no voters: 
I20260608 09:49:09.329155 30679 raft_consensus.cc:3060] T 511ff3470c994638820819fbf06f8304 P d3afbc0e7ad840a89c483a2e8485b0d4 [term 0 FOLLOWER]: Advancing to term 1
I20260608 09:49:09.336635 30639 tablet_bootstrap.cc:492] T c19131c99b344929ae837449d6d067ab P 8fa7cd16df884e9ab84833719541544b: Bootstrap starting.
I20260608 09:49:09.336460 30593 tablet_service.cc:1917] Received RequestConsensusVote() RPC: tablet_id: "511ff3470c994638820819fbf06f8304" candidate_uuid: "3bde324c5dc14de6bcbb23466656525a" candidate_term: 1 candidate_status { last_received { term: 0 index: 0 } } ignore_live_leader: false dest_uuid: "d3afbc0e7ad840a89c483a2e8485b0d4" is_pre_election: true
I20260608 09:49:09.337492 30701 leader_election.cc:290] T 511ff3470c994638820819fbf06f8304 P 3bde324c5dc14de6bcbb23466656525a [CANDIDATE]: Term 1 pre-election: Requested pre-vote from peers 8fa7cd16df884e9ab84833719541544b (127.25.91.194:37453), d3afbc0e7ad840a89c483a2e8485b0d4 (127.25.91.195:43101)
I20260608 09:49:09.339751 30701 raft_consensus.cc:2804] T 511ff3470c994638820819fbf06f8304 P 3bde324c5dc14de6bcbb23466656525a [term 0 FOLLOWER]: Leader pre-election won for term 1
I20260608 09:49:09.341969 30642 tablet_bootstrap.cc:492] T 4a9e42ea3dd743a0b9f1b3a7a72a4add P 3bde324c5dc14de6bcbb23466656525a: No bootstrap required, opened a new log
I20260608 09:49:09.320973 30444 tablet_service.cc:1917] Received RequestConsensusVote() RPC: tablet_id: "511ff3470c994638820819fbf06f8304" candidate_uuid: "d3afbc0e7ad840a89c483a2e8485b0d4" candidate_term: 1 candidate_status { last_received { term: 0 index: 0 } } ignore_live_leader: false dest_uuid: "3bde324c5dc14de6bcbb23466656525a" is_pre_election: true
I20260608 09:49:09.342576 30642 ts_tablet_manager.cc:1403] T 4a9e42ea3dd743a0b9f1b3a7a72a4add P 3bde324c5dc14de6bcbb23466656525a: Time spent bootstrapping tablet: real 0.099s	user 0.022s	sys 0.017s
I20260608 09:49:09.339434 30594 raft_consensus.cc:2468] T fe31e636b4c048a7bd6f0778e62b821b P d3afbc0e7ad840a89c483a2e8485b0d4 [term 1 FOLLOWER]: Leader election vote request: Granting yes vote for candidate 3bde324c5dc14de6bcbb23466656525a in term 1.
I20260608 09:49:09.338730 30675 leader_election.cc:290] T fe31e636b4c048a7bd6f0778e62b821b P 3bde324c5dc14de6bcbb23466656525a [CANDIDATE]: Term 1 election: Requested vote from peers 8fa7cd16df884e9ab84833719541544b (127.25.91.194:37453), d3afbc0e7ad840a89c483a2e8485b0d4 (127.25.91.195:43101)
I20260608 09:49:09.345536 30642 raft_consensus.cc:359] T 4a9e42ea3dd743a0b9f1b3a7a72a4add P 3bde324c5dc14de6bcbb23466656525a [term 0 FOLLOWER]: Replica starting. Triggering 0 pending ops. Active config: opid_index: -1 OBSOLETE_local: false peers { permanent_uuid: "3bde324c5dc14de6bcbb23466656525a" member_type: VOTER last_known_addr { host: "127.25.91.193" port: 37505 } } peers { permanent_uuid: "8fa7cd16df884e9ab84833719541544b" member_type: VOTER last_known_addr { host: "127.25.91.194" port: 37453 } } peers { permanent_uuid: "d3afbc0e7ad840a89c483a2e8485b0d4" member_type: VOTER last_known_addr { host: "127.25.91.195" port: 43101 } }
I20260608 09:49:09.348789 30642 raft_consensus.cc:385] T 4a9e42ea3dd743a0b9f1b3a7a72a4add P 3bde324c5dc14de6bcbb23466656525a [term 0 FOLLOWER]: Consensus starting up: Expiring failure detector timer to make a prompt election more likely
I20260608 09:49:09.350167 30642 raft_consensus.cc:740] T 4a9e42ea3dd743a0b9f1b3a7a72a4add P 3bde324c5dc14de6bcbb23466656525a [term 0 FOLLOWER]: Becoming Follower/Learner. State: Replica: 3bde324c5dc14de6bcbb23466656525a, State: Initialized, Role: FOLLOWER
I20260608 09:49:09.351022 30642 consensus_queue.cc:260] T 4a9e42ea3dd743a0b9f1b3a7a72a4add P 3bde324c5dc14de6bcbb23466656525a [NON_LEADER]: Queue going to NON_LEADER mode. State: All replicated index: 0, Majority replicated index: 0, Committed index: 0, Last appended: 0.0, Last appended by leader: 0, Current term: 0, Majority size: -1, State: 0, Mode: NON_LEADER, active raft config: opid_index: -1 OBSOLETE_local: false peers { permanent_uuid: "3bde324c5dc14de6bcbb23466656525a" member_type: VOTER last_known_addr { host: "127.25.91.193" port: 37505 } } peers { permanent_uuid: "8fa7cd16df884e9ab84833719541544b" member_type: VOTER last_known_addr { host: "127.25.91.194" port: 37453 } } peers { permanent_uuid: "d3afbc0e7ad840a89c483a2e8485b0d4" member_type: VOTER last_known_addr { host: "127.25.91.195" port: 43101 } }
I20260608 09:49:09.340157 30701 raft_consensus.cc:493] T 511ff3470c994638820819fbf06f8304 P 3bde324c5dc14de6bcbb23466656525a [term 0 FOLLOWER]: Starting leader election (no leader contacted us within the election timeout)
I20260608 09:49:09.353406 30642 ts_tablet_manager.cc:1434] T 4a9e42ea3dd743a0b9f1b3a7a72a4add P 3bde324c5dc14de6bcbb23466656525a: Time spent starting tablet: real 0.011s	user 0.006s	sys 0.000s
I20260608 09:49:09.355156 30642 tablet_bootstrap.cc:492] T 8b7c2c37260f485086354cbc9460e18d P 3bde324c5dc14de6bcbb23466656525a: Bootstrap starting.
I20260608 09:49:09.353385 30679 raft_consensus.cc:515] T 511ff3470c994638820819fbf06f8304 P d3afbc0e7ad840a89c483a2e8485b0d4 [term 1 FOLLOWER]: Starting leader election with config: opid_index: -1 OBSOLETE_local: false peers { permanent_uuid: "3bde324c5dc14de6bcbb23466656525a" member_type: VOTER last_known_addr { host: "127.25.91.193" port: 37505 } } peers { permanent_uuid: "8fa7cd16df884e9ab84833719541544b" member_type: VOTER last_known_addr { host: "127.25.91.194" port: 37453 } } peers { permanent_uuid: "d3afbc0e7ad840a89c483a2e8485b0d4" member_type: VOTER last_known_addr { host: "127.25.91.195" port: 43101 } }
I20260608 09:49:09.356645 30593 raft_consensus.cc:2393] T 511ff3470c994638820819fbf06f8304 P d3afbc0e7ad840a89c483a2e8485b0d4 [term 1 FOLLOWER]: Leader pre-election vote request: Denying vote to candidate 3bde324c5dc14de6bcbb23466656525a in current term 1: Already voted for candidate d3afbc0e7ad840a89c483a2e8485b0d4 in this term.
I20260608 09:49:09.348127 30639 tablet_bootstrap.cc:654] T c19131c99b344929ae837449d6d067ab P 8fa7cd16df884e9ab84833719541544b: Neither blocks nor log segments found. Creating new log.
I20260608 09:49:09.358106 30641 tablet_bootstrap.cc:492] T 4a9e42ea3dd743a0b9f1b3a7a72a4add P d3afbc0e7ad840a89c483a2e8485b0d4: No bootstrap required, opened a new log
I20260608 09:49:09.358698 30641 ts_tablet_manager.cc:1403] T 4a9e42ea3dd743a0b9f1b3a7a72a4add P d3afbc0e7ad840a89c483a2e8485b0d4: Time spent bootstrapping tablet: real 0.054s	user 0.027s	sys 0.017s
I20260608 09:49:09.360906 30701 raft_consensus.cc:3060] T 511ff3470c994638820819fbf06f8304 P 3bde324c5dc14de6bcbb23466656525a [term 0 FOLLOWER]: Advancing to term 1
I20260608 09:49:09.362396 30641 raft_consensus.cc:359] T 4a9e42ea3dd743a0b9f1b3a7a72a4add P d3afbc0e7ad840a89c483a2e8485b0d4 [term 0 FOLLOWER]: Replica starting. Triggering 0 pending ops. Active config: opid_index: -1 OBSOLETE_local: false peers { permanent_uuid: "3bde324c5dc14de6bcbb23466656525a" member_type: VOTER last_known_addr { host: "127.25.91.193" port: 37505 } } peers { permanent_uuid: "8fa7cd16df884e9ab84833719541544b" member_type: VOTER last_known_addr { host: "127.25.91.194" port: 37453 } } peers { permanent_uuid: "d3afbc0e7ad840a89c483a2e8485b0d4" member_type: VOTER last_known_addr { host: "127.25.91.195" port: 43101 } }
I20260608 09:49:09.363186 30641 raft_consensus.cc:385] T 4a9e42ea3dd743a0b9f1b3a7a72a4add P d3afbc0e7ad840a89c483a2e8485b0d4 [term 0 FOLLOWER]: Consensus starting up: Expiring failure detector timer to make a prompt election more likely
I20260608 09:49:09.363464 30641 raft_consensus.cc:740] T 4a9e42ea3dd743a0b9f1b3a7a72a4add P d3afbc0e7ad840a89c483a2e8485b0d4 [term 0 FOLLOWER]: Becoming Follower/Learner. State: Replica: d3afbc0e7ad840a89c483a2e8485b0d4, State: Initialized, Role: FOLLOWER
I20260608 09:49:09.364387 30445 tablet_service.cc:1917] Received RequestConsensusVote() RPC: tablet_id: "511ff3470c994638820819fbf06f8304" candidate_uuid: "d3afbc0e7ad840a89c483a2e8485b0d4" candidate_term: 1 candidate_status { last_received { term: 0 index: 0 } } ignore_live_leader: false dest_uuid: "3bde324c5dc14de6bcbb23466656525a"
I20260608 09:49:09.364454 30641 consensus_queue.cc:260] T 4a9e42ea3dd743a0b9f1b3a7a72a4add P d3afbc0e7ad840a89c483a2e8485b0d4 [NON_LEADER]: Queue going to NON_LEADER mode. State: All replicated index: 0, Majority replicated index: 0, Committed index: 0, Last appended: 0.0, Last appended by leader: 0, Current term: 0, Majority size: -1, State: 0, Mode: NON_LEADER, active raft config: opid_index: -1 OBSOLETE_local: false peers { permanent_uuid: "3bde324c5dc14de6bcbb23466656525a" member_type: VOTER last_known_addr { host: "127.25.91.193" port: 37505 } } peers { permanent_uuid: "8fa7cd16df884e9ab84833719541544b" member_type: VOTER last_known_addr { host: "127.25.91.194" port: 37453 } } peers { permanent_uuid: "d3afbc0e7ad840a89c483a2e8485b0d4" member_type: VOTER last_known_addr { host: "127.25.91.195" port: 43101 } }
I20260608 09:49:09.368549 30519 tablet_service.cc:1917] Received RequestConsensusVote() RPC: tablet_id: "511ff3470c994638820819fbf06f8304" candidate_uuid: "d3afbc0e7ad840a89c483a2e8485b0d4" candidate_term: 1 candidate_status { last_received { term: 0 index: 0 } } ignore_live_leader: false dest_uuid: "8fa7cd16df884e9ab84833719541544b"
I20260608 09:49:09.369163 30519 raft_consensus.cc:3060] T 511ff3470c994638820819fbf06f8304 P 8fa7cd16df884e9ab84833719541544b [term 0 FOLLOWER]: Advancing to term 1
I20260608 09:49:09.369910 30641 ts_tablet_manager.cc:1434] T 4a9e42ea3dd743a0b9f1b3a7a72a4add P d3afbc0e7ad840a89c483a2e8485b0d4: Time spent starting tablet: real 0.011s	user 0.006s	sys 0.001s
I20260608 09:49:09.372529 30701 raft_consensus.cc:515] T 511ff3470c994638820819fbf06f8304 P 3bde324c5dc14de6bcbb23466656525a [term 1 FOLLOWER]: Starting leader election with config: opid_index: -1 OBSOLETE_local: false peers { permanent_uuid: "3bde324c5dc14de6bcbb23466656525a" member_type: VOTER last_known_addr { host: "127.25.91.193" port: 37505 } } peers { permanent_uuid: "8fa7cd16df884e9ab84833719541544b" member_type: VOTER last_known_addr { host: "127.25.91.194" port: 37453 } } peers { permanent_uuid: "d3afbc0e7ad840a89c483a2e8485b0d4" member_type: VOTER last_known_addr { host: "127.25.91.195" port: 43101 } }
I20260608 09:49:09.373760 30444 raft_consensus.cc:2393] T 511ff3470c994638820819fbf06f8304 P 3bde324c5dc14de6bcbb23466656525a [term 1 FOLLOWER]: Leader pre-election vote request: Denying vote to candidate d3afbc0e7ad840a89c483a2e8485b0d4 in current term 1: Already voted for candidate 3bde324c5dc14de6bcbb23466656525a in this term.
I20260608 09:49:09.374496 30642 tablet_bootstrap.cc:654] T 8b7c2c37260f485086354cbc9460e18d P 3bde324c5dc14de6bcbb23466656525a: Neither blocks nor log segments found. Creating new log.
I20260608 09:49:09.375571 30520 tablet_service.cc:1917] Received RequestConsensusVote() RPC: tablet_id: "511ff3470c994638820819fbf06f8304" candidate_uuid: "3bde324c5dc14de6bcbb23466656525a" candidate_term: 1 candidate_status { last_received { term: 0 index: 0 } } ignore_live_leader: false dest_uuid: "8fa7cd16df884e9ab84833719541544b"
I20260608 09:49:09.376941 30593 tablet_service.cc:1917] Received RequestConsensusVote() RPC: tablet_id: "511ff3470c994638820819fbf06f8304" candidate_uuid: "3bde324c5dc14de6bcbb23466656525a" candidate_term: 1 candidate_status { last_received { term: 0 index: 0 } } ignore_live_leader: false dest_uuid: "d3afbc0e7ad840a89c483a2e8485b0d4"
I20260608 09:49:09.377712 30593 raft_consensus.cc:2393] T 511ff3470c994638820819fbf06f8304 P d3afbc0e7ad840a89c483a2e8485b0d4 [term 1 FOLLOWER]: Leader election vote request: Denying vote to candidate 3bde324c5dc14de6bcbb23466656525a in current term 1: Already voted for candidate d3afbc0e7ad840a89c483a2e8485b0d4 in this term.
I20260608 09:49:09.379884 30409 leader_election.cc:304] T 511ff3470c994638820819fbf06f8304 P 3bde324c5dc14de6bcbb23466656525a [CANDIDATE]: Term 1 election: Election decided. Result: candidate lost. Election summary: received 3 responses out of 3 voters: 1 yes votes; 2 no votes. yes voters: 3bde324c5dc14de6bcbb23466656525a; no voters: 8fa7cd16df884e9ab84833719541544b, d3afbc0e7ad840a89c483a2e8485b0d4
I20260608 09:49:09.380780 30675 raft_consensus.cc:2749] T 511ff3470c994638820819fbf06f8304 P 3bde324c5dc14de6bcbb23466656525a [term 1 FOLLOWER]: Leader election lost for term 1. Reason: could not achieve majority
I20260608 09:49:09.382334 30701 leader_election.cc:290] T 511ff3470c994638820819fbf06f8304 P 3bde324c5dc14de6bcbb23466656525a [CANDIDATE]: Term 1 election: Requested vote from peers 8fa7cd16df884e9ab84833719541544b (127.25.91.194:37453), d3afbc0e7ad840a89c483a2e8485b0d4 (127.25.91.195:43101)
I20260608 09:49:09.388162 30519 raft_consensus.cc:2468] T 511ff3470c994638820819fbf06f8304 P 8fa7cd16df884e9ab84833719541544b [term 1 FOLLOWER]: Leader election vote request: Granting yes vote for candidate d3afbc0e7ad840a89c483a2e8485b0d4 in term 1.
I20260608 09:49:09.389467 30670 raft_consensus.cc:493] T 8b7c2c37260f485086354cbc9460e18d P 8fa7cd16df884e9ab84833719541544b [term 0 FOLLOWER]: Starting pre-election (no leader contacted us within the election timeout)
I20260608 09:49:09.389885 30670 raft_consensus.cc:515] T 8b7c2c37260f485086354cbc9460e18d P 8fa7cd16df884e9ab84833719541544b [term 0 FOLLOWER]: Starting pre-election with config: opid_index: -1 OBSOLETE_local: false peers { permanent_uuid: "3bde324c5dc14de6bcbb23466656525a" member_type: VOTER last_known_addr { host: "127.25.91.193" port: 37505 } } peers { permanent_uuid: "8fa7cd16df884e9ab84833719541544b" member_type: VOTER last_known_addr { host: "127.25.91.194" port: 37453 } } peers { permanent_uuid: "d3afbc0e7ad840a89c483a2e8485b0d4" member_type: VOTER last_known_addr { host: "127.25.91.195" port: 43101 } }
I20260608 09:49:09.390722 30559 leader_election.cc:304] T 511ff3470c994638820819fbf06f8304 P d3afbc0e7ad840a89c483a2e8485b0d4 [CANDIDATE]: Term 1 election: Election decided. Result: candidate won. Election summary: received 3 responses out of 3 voters: 2 yes votes; 1 no votes. yes voters: 8fa7cd16df884e9ab84833719541544b, d3afbc0e7ad840a89c483a2e8485b0d4; no voters: 3bde324c5dc14de6bcbb23466656525a
I20260608 09:49:09.391671 30674 raft_consensus.cc:2804] T 511ff3470c994638820819fbf06f8304 P d3afbc0e7ad840a89c483a2e8485b0d4 [term 1 FOLLOWER]: Leader election won for term 1
I20260608 09:49:09.392204 30674 raft_consensus.cc:697] T 511ff3470c994638820819fbf06f8304 P d3afbc0e7ad840a89c483a2e8485b0d4 [term 1 LEADER]: Becoming Leader. State: Replica: d3afbc0e7ad840a89c483a2e8485b0d4, State: Running, Role: LEADER
I20260608 09:49:09.393127 30674 consensus_queue.cc:237] T 511ff3470c994638820819fbf06f8304 P d3afbc0e7ad840a89c483a2e8485b0d4 [LEADER]: Queue going to LEADER mode. State: All replicated index: 0, Majority replicated index: 0, Committed index: 0, Last appended: 0.0, Last appended by leader: 0, Current term: 1, Majority size: 2, State: 0, Mode: LEADER, active raft config: opid_index: -1 OBSOLETE_local: false peers { permanent_uuid: "3bde324c5dc14de6bcbb23466656525a" member_type: VOTER last_known_addr { host: "127.25.91.193" port: 37505 } } peers { permanent_uuid: "8fa7cd16df884e9ab84833719541544b" member_type: VOTER last_known_addr { host: "127.25.91.194" port: 37453 } } peers { permanent_uuid: "d3afbc0e7ad840a89c483a2e8485b0d4" member_type: VOTER last_known_addr { host: "127.25.91.195" port: 43101 } }
I20260608 09:49:09.394985 30593 tablet_service.cc:1917] Received RequestConsensusVote() RPC: tablet_id: "8b7c2c37260f485086354cbc9460e18d" candidate_uuid: "8fa7cd16df884e9ab84833719541544b" candidate_term: 1 candidate_status { last_received { term: 0 index: 0 } } ignore_live_leader: false dest_uuid: "d3afbc0e7ad840a89c483a2e8485b0d4" is_pre_election: true
I20260608 09:49:09.395632 30593 raft_consensus.cc:2468] T 8b7c2c37260f485086354cbc9460e18d P d3afbc0e7ad840a89c483a2e8485b0d4 [term 0 FOLLOWER]: Leader pre-election vote request: Granting yes vote for candidate 8fa7cd16df884e9ab84833719541544b in term 0.
I20260608 09:49:09.396814 30484 leader_election.cc:304] T 8b7c2c37260f485086354cbc9460e18d P 8fa7cd16df884e9ab84833719541544b [CANDIDATE]: Term 1 pre-election: Election decided. Result: candidate won. Election summary: received 2 responses out of 3 voters: 2 yes votes; 0 no votes. yes voters: 8fa7cd16df884e9ab84833719541544b, d3afbc0e7ad840a89c483a2e8485b0d4; no voters: 
I20260608 09:49:09.397822 30671 raft_consensus.cc:2804] T 8b7c2c37260f485086354cbc9460e18d P 8fa7cd16df884e9ab84833719541544b [term 0 FOLLOWER]: Leader pre-election won for term 1
I20260608 09:49:09.398238 30671 raft_consensus.cc:493] T 8b7c2c37260f485086354cbc9460e18d P 8fa7cd16df884e9ab84833719541544b [term 0 FOLLOWER]: Starting leader election (no leader contacted us within the election timeout)
I20260608 09:49:09.398622 30671 raft_consensus.cc:3060] T 8b7c2c37260f485086354cbc9460e18d P 8fa7cd16df884e9ab84833719541544b [term 0 FOLLOWER]: Advancing to term 1
I20260608 09:49:09.398989 30679 leader_election.cc:290] T 511ff3470c994638820819fbf06f8304 P d3afbc0e7ad840a89c483a2e8485b0d4 [CANDIDATE]: Term 1 election: Requested vote from peers 3bde324c5dc14de6bcbb23466656525a (127.25.91.193:37505), 8fa7cd16df884e9ab84833719541544b (127.25.91.194:37453)
I20260608 09:49:09.402486 30444 tablet_service.cc:1917] Received RequestConsensusVote() RPC: tablet_id: "8b7c2c37260f485086354cbc9460e18d" candidate_uuid: "8fa7cd16df884e9ab84833719541544b" candidate_term: 1 candidate_status { last_received { term: 0 index: 0 } } ignore_live_leader: false dest_uuid: "3bde324c5dc14de6bcbb23466656525a" is_pre_election: true
W20260608 09:49:09.404374 30486 leader_election.cc:343] T 8b7c2c37260f485086354cbc9460e18d P 8fa7cd16df884e9ab84833719541544b [CANDIDATE]: Term 1 pre-election: Tablet error from VoteRequest() call to peer 3bde324c5dc14de6bcbb23466656525a (127.25.91.193:37505): Illegal state: must be running to vote when last-logged opid is not known
I20260608 09:49:09.405264 30639 tablet_bootstrap.cc:492] T c19131c99b344929ae837449d6d067ab P 8fa7cd16df884e9ab84833719541544b: No bootstrap required, opened a new log
I20260608 09:49:09.405836 30639 ts_tablet_manager.cc:1403] T c19131c99b344929ae837449d6d067ab P 8fa7cd16df884e9ab84833719541544b: Time spent bootstrapping tablet: real 0.069s	user 0.011s	sys 0.015s
I20260608 09:49:09.392143 30670 leader_election.cc:290] T 8b7c2c37260f485086354cbc9460e18d P 8fa7cd16df884e9ab84833719541544b [CANDIDATE]: Term 1 pre-election: Requested pre-vote from peers 3bde324c5dc14de6bcbb23466656525a (127.25.91.193:37505), d3afbc0e7ad840a89c483a2e8485b0d4 (127.25.91.195:43101)
I20260608 09:49:09.409004 30639 raft_consensus.cc:359] T c19131c99b344929ae837449d6d067ab P 8fa7cd16df884e9ab84833719541544b [term 0 FOLLOWER]: Replica starting. Triggering 0 pending ops. Active config: opid_index: -1 OBSOLETE_local: false peers { permanent_uuid: "3bde324c5dc14de6bcbb23466656525a" member_type: VOTER last_known_addr { host: "127.25.91.193" port: 37505 } } peers { permanent_uuid: "8fa7cd16df884e9ab84833719541544b" member_type: VOTER last_known_addr { host: "127.25.91.194" port: 37453 } } peers { permanent_uuid: "d3afbc0e7ad840a89c483a2e8485b0d4" member_type: VOTER last_known_addr { host: "127.25.91.195" port: 43101 } }
I20260608 09:49:09.409730 30639 raft_consensus.cc:385] T c19131c99b344929ae837449d6d067ab P 8fa7cd16df884e9ab84833719541544b [term 0 FOLLOWER]: Consensus starting up: Expiring failure detector timer to make a prompt election more likely
I20260608 09:49:09.410653 30639 raft_consensus.cc:740] T c19131c99b344929ae837449d6d067ab P 8fa7cd16df884e9ab84833719541544b [term 0 FOLLOWER]: Becoming Follower/Learner. State: Replica: 8fa7cd16df884e9ab84833719541544b, State: Initialized, Role: FOLLOWER
I20260608 09:49:09.411020 30671 raft_consensus.cc:515] T 8b7c2c37260f485086354cbc9460e18d P 8fa7cd16df884e9ab84833719541544b [term 1 FOLLOWER]: Starting leader election with config: opid_index: -1 OBSOLETE_local: false peers { permanent_uuid: "3bde324c5dc14de6bcbb23466656525a" member_type: VOTER last_known_addr { host: "127.25.91.193" port: 37505 } } peers { permanent_uuid: "8fa7cd16df884e9ab84833719541544b" member_type: VOTER last_known_addr { host: "127.25.91.194" port: 37453 } } peers { permanent_uuid: "d3afbc0e7ad840a89c483a2e8485b0d4" member_type: VOTER last_known_addr { host: "127.25.91.195" port: 43101 } }
I20260608 09:49:09.412235 30639 consensus_queue.cc:260] T c19131c99b344929ae837449d6d067ab P 8fa7cd16df884e9ab84833719541544b [NON_LEADER]: Queue going to NON_LEADER mode. State: All replicated index: 0, Majority replicated index: 0, Committed index: 0, Last appended: 0.0, Last appended by leader: 0, Current term: 0, Majority size: -1, State: 0, Mode: NON_LEADER, active raft config: opid_index: -1 OBSOLETE_local: false peers { permanent_uuid: "3bde324c5dc14de6bcbb23466656525a" member_type: VOTER last_known_addr { host: "127.25.91.193" port: 37505 } } peers { permanent_uuid: "8fa7cd16df884e9ab84833719541544b" member_type: VOTER last_known_addr { host: "127.25.91.194" port: 37453 } } peers { permanent_uuid: "d3afbc0e7ad840a89c483a2e8485b0d4" member_type: VOTER last_known_addr { host: "127.25.91.195" port: 43101 } }
I20260608 09:49:09.414477 30444 tablet_service.cc:1917] Received RequestConsensusVote() RPC: tablet_id: "8b7c2c37260f485086354cbc9460e18d" candidate_uuid: "8fa7cd16df884e9ab84833719541544b" candidate_term: 1 candidate_status { last_received { term: 0 index: 0 } } ignore_live_leader: false dest_uuid: "3bde324c5dc14de6bcbb23466656525a"
