I20260608 09:53:17.223603 31736 ts_tablet_manager.cc:1403] T 3930854ffd9847efbb9cb1ef99ebd04e P b802d4f54fbf40be9ec5e14573be60c6: Time spent bootstrapping tablet: real 0.049s	user 0.021s	sys 0.004s
I20260608 09:53:17.227142 31736 raft_consensus.cc:359] T 3930854ffd9847efbb9cb1ef99ebd04e P b802d4f54fbf40be9ec5e14573be60c6 [term 0 FOLLOWER]: Replica starting. Triggering 0 pending ops. Active config: opid_index: -1 OBSOLETE_local: false peers { permanent_uuid: "b802d4f54fbf40be9ec5e14573be60c6" member_type: VOTER last_known_addr { host: "127.27.199.68" port: 40229 } } peers { permanent_uuid: "1e4b56ba2b244e34a5089f53eb83abbf" member_type: VOTER last_known_addr { host: "127.27.199.65" port: 46521 } } peers { permanent_uuid: "93c45c95ac1a452c91197ac2d64322d5" member_type: VOTER last_known_addr { host: "127.27.199.66" port: 44351 } }
I20260608 09:53:17.228206 31736 raft_consensus.cc:385] T 3930854ffd9847efbb9cb1ef99ebd04e P b802d4f54fbf40be9ec5e14573be60c6 [term 0 FOLLOWER]: Consensus starting up: Expiring failure detector timer to make a prompt election more likely
I20260608 09:53:17.228662 31736 raft_consensus.cc:740] T 3930854ffd9847efbb9cb1ef99ebd04e P b802d4f54fbf40be9ec5e14573be60c6 [term 0 FOLLOWER]: Becoming Follower/Learner. State: Replica: b802d4f54fbf40be9ec5e14573be60c6, State: Initialized, Role: FOLLOWER
I20260608 09:53:17.229364 31639 consensus_queue.cc:1048] T f834bfa51fac42edb84f79ee4ab7ddc8 P 93c45c95ac1a452c91197ac2d64322d5 [LEADER]: Connected to new peer: Peer: permanent_uuid: "b802d4f54fbf40be9ec5e14573be60c6" member_type: VOTER last_known_addr { host: "127.27.199.68" port: 40229 }, Status: LMP_MISMATCH, Last received: 0.0, Next index: 1, Last known committed idx: 0, Time since last communication: 0.001s
I20260608 09:53:17.234177 31800 raft_consensus.cc:2749] T ba110d0f2d804de1b2671140684b1c4d P b802d4f54fbf40be9ec5e14573be60c6 [term 1 FOLLOWER]: Leader pre-election lost for term 1. Reason: could not achieve majority
I20260608 09:53:17.250653 31736 consensus_queue.cc:260] T 3930854ffd9847efbb9cb1ef99ebd04e P b802d4f54fbf40be9ec5e14573be60c6 [NON_LEADER]: Queue going to NON_LEADER mode. State: All replicated index: 0, Majority replicated index: 0, Committed index: 0, Last appended: 0.0, Last appended by leader: 0, Current term: 0, Majority size: -1, State: 0, Mode: NON_LEADER, active raft config: opid_index: -1 OBSOLETE_local: false peers { permanent_uuid: "b802d4f54fbf40be9ec5e14573be60c6" member_type: VOTER last_known_addr { host: "127.27.199.68" port: 40229 } } peers { permanent_uuid: "1e4b56ba2b244e34a5089f53eb83abbf" member_type: VOTER last_known_addr { host: "127.27.199.65" port: 46521 } } peers { permanent_uuid: "93c45c95ac1a452c91197ac2d64322d5" member_type: VOTER last_known_addr { host: "127.27.199.66" port: 44351 } }
I20260608 09:53:17.253005 31736 ts_tablet_manager.cc:1434] T 3930854ffd9847efbb9cb1ef99ebd04e P b802d4f54fbf40be9ec5e14573be60c6: Time spent starting tablet: real 0.029s	user 0.007s	sys 0.000s
I20260608 09:53:17.298290 31347 auto_leader_rebalancer.cc:140] leader rebalance for table range_aware_rebalance_new_range
I20260608 09:53:17.301427 31616 consensus_queue.cc:1048] T 3930854ffd9847efbb9cb1ef99ebd04e P 1e4b56ba2b244e34a5089f53eb83abbf [LEADER]: Connected to new peer: Peer: permanent_uuid: "93c45c95ac1a452c91197ac2d64322d5" member_type: VOTER last_known_addr { host: "127.27.199.66" port: 44351 }, Status: LMP_MISMATCH, Last received: 0.0, Next index: 1, Last known committed idx: 0, Time since last communication: 0.000s
I20260608 09:53:17.321568 31694 raft_consensus.cc:3060] T 3930854ffd9847efbb9cb1ef99ebd04e P b802d4f54fbf40be9ec5e14573be60c6 [term 0 FOLLOWER]: Advancing to term 1
I20260608 09:53:17.333899 31800 raft_consensus.cc:493] T 4349ed39a15a40aaa9d428e7c6f4d02c P b802d4f54fbf40be9ec5e14573be60c6 [term 0 FOLLOWER]: Starting pre-election (no leader contacted us within the election timeout)
I20260608 09:53:17.334501 31800 raft_consensus.cc:515] T 4349ed39a15a40aaa9d428e7c6f4d02c P b802d4f54fbf40be9ec5e14573be60c6 [term 0 FOLLOWER]: Starting pre-election with config: opid_index: -1 OBSOLETE_local: false peers { permanent_uuid: "93c45c95ac1a452c91197ac2d64322d5" member_type: VOTER last_known_addr { host: "127.27.199.66" port: 44351 } } peers { permanent_uuid: "68acf74fc31144ce905fc8548bb5b83f" member_type: VOTER last_known_addr { host: "127.27.199.67" port: 41373 } } peers { permanent_uuid: "b802d4f54fbf40be9ec5e14573be60c6" member_type: VOTER last_known_addr { host: "127.27.199.68" port: 40229 } }
I20260608 09:53:17.336855 31800 leader_election.cc:290] T 4349ed39a15a40aaa9d428e7c6f4d02c P b802d4f54fbf40be9ec5e14573be60c6 [CANDIDATE]: Term 1 pre-election: Requested pre-vote from peers 93c45c95ac1a452c91197ac2d64322d5 (127.27.199.66:44351), 68acf74fc31144ce905fc8548bb5b83f (127.27.199.67:41373)
I20260608 09:53:17.337903 31470 tablet_service.cc:1917] Received RequestConsensusVote() RPC: tablet_id: "4349ed39a15a40aaa9d428e7c6f4d02c" candidate_uuid: "b802d4f54fbf40be9ec5e14573be60c6" candidate_term: 1 candidate_status { last_received { term: 0 index: 0 } } ignore_live_leader: false dest_uuid: "93c45c95ac1a452c91197ac2d64322d5" is_pre_election: true
I20260608 09:53:17.338543 31542 tablet_service.cc:1917] Received RequestConsensusVote() RPC: tablet_id: "4349ed39a15a40aaa9d428e7c6f4d02c" candidate_uuid: "b802d4f54fbf40be9ec5e14573be60c6" candidate_term: 1 candidate_status { last_received { term: 0 index: 0 } } ignore_live_leader: false dest_uuid: "68acf74fc31144ce905fc8548bb5b83f" is_pre_election: true
I20260608 09:53:17.338995 31470 raft_consensus.cc:2393] T 4349ed39a15a40aaa9d428e7c6f4d02c P 93c45c95ac1a452c91197ac2d64322d5 [term 1 FOLLOWER]: Leader pre-election vote request: Denying vote to candidate b802d4f54fbf40be9ec5e14573be60c6 in current term 1: Already voted for candidate 68acf74fc31144ce905fc8548bb5b83f in this term.
I20260608 09:53:17.340679 31809 consensus_queue.cc:1048] T c806e749b71040e3ad1d63e8b0f05abe P 93c45c95ac1a452c91197ac2d64322d5 [LEADER]: Connected to new peer: Peer: permanent_uuid: "68acf74fc31144ce905fc8548bb5b83f" member_type: VOTER last_known_addr { host: "127.27.199.67" port: 41373 }, Status: LMP_MISMATCH, Last received: 0.0, Next index: 1, Last known committed idx: 0, Time since last communication: 0.000s
I20260608 09:53:17.341114 31660 leader_election.cc:304] T 4349ed39a15a40aaa9d428e7c6f4d02c P b802d4f54fbf40be9ec5e14573be60c6 [CANDIDATE]: Term 1 pre-election: Election decided. Result: candidate lost. Election summary: received 3 responses out of 3 voters: 1 yes votes; 2 no votes. yes voters: b802d4f54fbf40be9ec5e14573be60c6; no voters: 68acf74fc31144ce905fc8548bb5b83f, 93c45c95ac1a452c91197ac2d64322d5
I20260608 09:53:17.343739 31800 raft_consensus.cc:3060] T 4349ed39a15a40aaa9d428e7c6f4d02c P b802d4f54fbf40be9ec5e14573be60c6 [term 0 FOLLOWER]: Advancing to term 1
I20260608 09:53:17.344311 31779 consensus_queue.cc:1048] T 3930854ffd9847efbb9cb1ef99ebd04e P 1e4b56ba2b244e34a5089f53eb83abbf [LEADER]: Connected to new peer: Peer: permanent_uuid: "b802d4f54fbf40be9ec5e14573be60c6" member_type: VOTER last_known_addr { host: "127.27.199.68" port: 40229 }, Status: LMP_MISMATCH, Last received: 0.0, Next index: 1, Last known committed idx: 0, Time since last communication: 0.001s
I20260608 09:53:17.346284 31797 raft_consensus.cc:493] T 3930854ffd9847efbb9cb1ef99ebd04e P b802d4f54fbf40be9ec5e14573be60c6 [term 1 FOLLOWER]: Starting pre-election (no leader contacted us within the election timeout)
I20260608 09:53:17.346812 31797 raft_consensus.cc:515] T 3930854ffd9847efbb9cb1ef99ebd04e P b802d4f54fbf40be9ec5e14573be60c6 [term 1 FOLLOWER]: Starting pre-election with config: opid_index: -1 OBSOLETE_local: false peers { permanent_uuid: "b802d4f54fbf40be9ec5e14573be60c6" member_type: VOTER last_known_addr { host: "127.27.199.68" port: 40229 } } peers { permanent_uuid: "1e4b56ba2b244e34a5089f53eb83abbf" member_type: VOTER last_known_addr { host: "127.27.199.65" port: 46521 } } peers { permanent_uuid: "93c45c95ac1a452c91197ac2d64322d5" member_type: VOTER last_known_addr { host: "127.27.199.66" port: 44351 } }
I20260608 09:53:17.349074 31797 leader_election.cc:290] T 3930854ffd9847efbb9cb1ef99ebd04e P b802d4f54fbf40be9ec5e14573be60c6 [CANDIDATE]: Term 2 pre-election: Requested pre-vote from peers 1e4b56ba2b244e34a5089f53eb83abbf (127.27.199.65:46521), 93c45c95ac1a452c91197ac2d64322d5 (127.27.199.66:44351)
I20260608 09:53:17.351024 31800 raft_consensus.cc:2749] T 4349ed39a15a40aaa9d428e7c6f4d02c P b802d4f54fbf40be9ec5e14573be60c6 [term 1 FOLLOWER]: Leader pre-election lost for term 1. Reason: could not achieve majority
I20260608 09:53:17.352028 31471 tablet_service.cc:1917] Received RequestConsensusVote() RPC: tablet_id: "3930854ffd9847efbb9cb1ef99ebd04e" candidate_uuid: "b802d4f54fbf40be9ec5e14573be60c6" candidate_term: 2 candidate_status { last_received { term: 0 index: 0 } } ignore_live_leader: false dest_uuid: "93c45c95ac1a452c91197ac2d64322d5" is_pre_election: true
I20260608 09:53:17.352289 31394 tablet_service.cc:1917] Received RequestConsensusVote() RPC: tablet_id: "3930854ffd9847efbb9cb1ef99ebd04e" candidate_uuid: "b802d4f54fbf40be9ec5e14573be60c6" candidate_term: 2 candidate_status { last_received { term: 0 index: 0 } } ignore_live_leader: false dest_uuid: "1e4b56ba2b244e34a5089f53eb83abbf" is_pre_election: true
I20260608 09:53:17.355150 31660 leader_election.cc:304] T 3930854ffd9847efbb9cb1ef99ebd04e P b802d4f54fbf40be9ec5e14573be60c6 [CANDIDATE]: Term 2 pre-election: Election decided. Result: candidate lost. Election summary: received 3 responses out of 3 voters: 1 yes votes; 2 no votes. yes voters: b802d4f54fbf40be9ec5e14573be60c6; no voters: 1e4b56ba2b244e34a5089f53eb83abbf, 93c45c95ac1a452c91197ac2d64322d5
I20260608 09:53:17.373198 31809 consensus_queue.cc:1048] T c806e749b71040e3ad1d63e8b0f05abe P 93c45c95ac1a452c91197ac2d64322d5 [LEADER]: Connected to new peer: Peer: permanent_uuid: "b802d4f54fbf40be9ec5e14573be60c6" member_type: VOTER last_known_addr { host: "127.27.199.68" port: 40229 }, Status: LMP_MISMATCH, Last received: 0.0, Next index: 1, Last known committed idx: 0, Time since last communication: 0.000s
I20260608 09:53:17.373482 31797 raft_consensus.cc:2749] T 3930854ffd9847efbb9cb1ef99ebd04e P b802d4f54fbf40be9ec5e14573be60c6 [term 1 FOLLOWER]: Leader pre-election lost for term 2. Reason: could not achieve majority
I20260608 09:53:17.398871 31394 tablet_service.cc:2072] Received LeaderStepDown RPC: tablet_id: "09fa7e58c6d54b35a5ec2f8df7837eb1"
dest_uuid: "1e4b56ba2b244e34a5089f53eb83abbf"
mode: GRACEFUL
new_leader_uuid: "b802d4f54fbf40be9ec5e14573be60c6"
 from {username='slave'} at 127.0.0.1:47746
I20260608 09:53:17.399828 31394 raft_consensus.cc:606] T 09fa7e58c6d54b35a5ec2f8df7837eb1 P 1e4b56ba2b244e34a5089f53eb83abbf [term 1 LEADER]: Received request to transfer leadership to TS b802d4f54fbf40be9ec5e14573be60c6
I20260608 09:53:17.403064 31394 tablet_service.cc:2072] Received LeaderStepDown RPC: tablet_id: "33c23a6fd7704aa1a80ab8af9daae45f"
dest_uuid: "1e4b56ba2b244e34a5089f53eb83abbf"
mode: GRACEFUL
new_leader_uuid: "b802d4f54fbf40be9ec5e14573be60c6"
 from {username='slave'} at 127.0.0.1:47746
I20260608 09:53:17.403668 31394 raft_consensus.cc:606] T 33c23a6fd7704aa1a80ab8af9daae45f P 1e4b56ba2b244e34a5089f53eb83abbf [term 1 LEADER]: Received request to transfer leadership to TS b802d4f54fbf40be9ec5e14573be60c6
I20260608 09:53:17.406466 31394 tablet_service.cc:2072] Received LeaderStepDown RPC: tablet_id: "6c9e0181fd894293a96ea4370bb2e8e6"
dest_uuid: "1e4b56ba2b244e34a5089f53eb83abbf"
mode: GRACEFUL
new_leader_uuid: "b802d4f54fbf40be9ec5e14573be60c6"
 from {username='slave'} at 127.0.0.1:47746
I20260608 09:53:17.406958 31394 raft_consensus.cc:606] T 6c9e0181fd894293a96ea4370bb2e8e6 P 1e4b56ba2b244e34a5089f53eb83abbf [term 1 LEADER]: Received request to transfer leadership to TS b802d4f54fbf40be9ec5e14573be60c6
I20260608 09:53:17.411315 31394 tablet_service.cc:2072] Received LeaderStepDown RPC: tablet_id: "a62c750907fd4a2698770d8f213d5721"
dest_uuid: "1e4b56ba2b244e34a5089f53eb83abbf"
mode: GRACEFUL
new_leader_uuid: "68acf74fc31144ce905fc8548bb5b83f"
 from {username='slave'} at 127.0.0.1:47746
I20260608 09:53:17.411882 31394 raft_consensus.cc:606] T a62c750907fd4a2698770d8f213d5721 P 1e4b56ba2b244e34a5089f53eb83abbf [term 1 LEADER]: Received request to transfer leadership to TS 68acf74fc31144ce905fc8548bb5b83f
I20260608 09:53:17.426661 31471 consensus_queue.cc:237] T 04a3d6cceb014a38b090a3451fc2d9ba P 93c45c95ac1a452c91197ac2d64322d5 [LEADER]: Queue going to LEADER mode. State: All replicated index: 0, Majority replicated index: 1, Committed index: 1, Last appended: 1.1, Last appended by leader: 0, Current term: 1, Majority size: 2, State: 0, Mode: LEADER, active raft config: opid_index: 2 OBSOLETE_local: false peers { permanent_uuid: "93c45c95ac1a452c91197ac2d64322d5" member_type: VOTER last_known_addr { host: "127.27.199.66" port: 44351 } } peers { permanent_uuid: "1e4b56ba2b244e34a5089f53eb83abbf" member_type: VOTER last_known_addr { host: "127.27.199.65" port: 46521 } attrs { replace: true } } peers { permanent_uuid: "68acf74fc31144ce905fc8548bb5b83f" member_type: VOTER last_known_addr { host: "127.27.199.67" port: 41373 } } peers { permanent_uuid: "b802d4f54fbf40be9ec5e14573be60c6" member_type: NON_VOTER last_known_addr { host: "127.27.199.68" port: 40229 } attrs { promote: true } }
I20260608 09:53:17.431012 31470 tablet_service.cc:2072] Received LeaderStepDown RPC: tablet_id: "cf723eccc4e8404aa4f18ea6208778de"
dest_uuid: "93c45c95ac1a452c91197ac2d64322d5"
mode: GRACEFUL
new_leader_uuid: "1e4b56ba2b244e34a5089f53eb83abbf"
 from {username='slave'} at 127.0.0.1:57134
I20260608 09:53:17.431509 31470 raft_consensus.cc:606] T cf723eccc4e8404aa4f18ea6208778de P 93c45c95ac1a452c91197ac2d64322d5 [term 1 LEADER]: Received request to transfer leadership to TS 1e4b56ba2b244e34a5089f53eb83abbf
I20260608 09:53:17.433219 31347 auto_leader_rebalancer.cc:388] table: range_aware_rebalance_new_range, leader rebalance finish, leader transfer count: 5
I20260608 09:53:17.434196 31347 auto_leader_rebalancer.cc:451] All tables' leader rebalancing finished this round
W20260608 09:53:17.435839 31436 consensus_peers.cc:597] T 04a3d6cceb014a38b090a3451fc2d9ba P 93c45c95ac1a452c91197ac2d64322d5 -> Peer b802d4f54fbf40be9ec5e14573be60c6 (127.27.199.68:40229): Couldn't send request to peer b802d4f54fbf40be9ec5e14573be60c6. Error code: TABLET_NOT_FOUND (6). Status: Not found: Tablet not found: 04a3d6cceb014a38b090a3451fc2d9ba. This is attempt 1: this message will repeat every 5th retry.
I20260608 09:53:17.437438 31542 raft_consensus.cc:1275] T 04a3d6cceb014a38b090a3451fc2d9ba P 68acf74fc31144ce905fc8548bb5b83f [term 1 FOLLOWER]: Refusing update from remote peer 93c45c95ac1a452c91197ac2d64322d5: Log matching property violated. Preceding OpId in replica: term: 1 index: 1. Preceding OpId from leader: term: 1 index: 2. (index mismatch)
I20260608 09:53:17.437647 31394 raft_consensus.cc:1275] T 04a3d6cceb014a38b090a3451fc2d9ba P 1e4b56ba2b244e34a5089f53eb83abbf [term 1 FOLLOWER]: Refusing update from remote peer 93c45c95ac1a452c91197ac2d64322d5: Log matching property violated. Preceding OpId in replica: term: 1 index: 1. Preceding OpId from leader: term: 1 index: 2. (index mismatch)
I20260608 09:53:17.438966 31635 consensus_queue.cc:1048] T 04a3d6cceb014a38b090a3451fc2d9ba P 93c45c95ac1a452c91197ac2d64322d5 [LEADER]: Connected to new peer: Peer: permanent_uuid: "68acf74fc31144ce905fc8548bb5b83f" member_type: VOTER last_known_addr { host: "127.27.199.67" port: 41373 }, Status: LMP_MISMATCH, Last received: 0.0, Next index: 2, Last known committed idx: 1, Time since last communication: 0.001s
I20260608 09:53:17.439815 31809 consensus_queue.cc:1048] T 04a3d6cceb014a38b090a3451fc2d9ba P 93c45c95ac1a452c91197ac2d64322d5 [LEADER]: Connected to new peer: Peer: permanent_uuid: "1e4b56ba2b244e34a5089f53eb83abbf" member_type: VOTER last_known_addr { host: "127.27.199.65" port: 46521 } attrs { replace: true }, Status: LMP_MISMATCH, Last received: 0.0, Next index: 2, Last known committed idx: 1, Time since last communication: 0.000s
I20260608 09:53:17.442037 31782 consensus_queue.cc:1048] T 4349ed39a15a40aaa9d428e7c6f4d02c P 68acf74fc31144ce905fc8548bb5b83f [LEADER]: Connected to new peer: Peer: permanent_uuid: "b802d4f54fbf40be9ec5e14573be60c6" member_type: VOTER last_known_addr { host: "127.27.199.68" port: 40229 }, Status: LMP_MISMATCH, Last received: 0.0, Next index: 1, Last known committed idx: 0, Time since last communication: 0.000s
I20260608 09:53:17.454722 31782 consensus_queue.cc:1048] T ba110d0f2d804de1b2671140684b1c4d P 68acf74fc31144ce905fc8548bb5b83f [LEADER]: Connected to new peer: Peer: permanent_uuid: "1e4b56ba2b244e34a5089f53eb83abbf" member_type: VOTER last_known_addr { host: "127.27.199.65" port: 46521 }, Status: LMP_MISMATCH, Last received: 0.0, Next index: 1, Last known committed idx: 0, Time since last communication: 0.000s
I20260608 09:53:17.459287 31635 raft_consensus.cc:2955] T 04a3d6cceb014a38b090a3451fc2d9ba P 93c45c95ac1a452c91197ac2d64322d5 [term 1 LEADER]: Committing config change with OpId 1.2: config changed from index -1 to 2, NON_VOTER b802d4f54fbf40be9ec5e14573be60c6 (127.27.199.68) added. New config: { opid_index: 2 OBSOLETE_local: false peers { permanent_uuid: "93c45c95ac1a452c91197ac2d64322d5" member_type: VOTER last_known_addr { host: "127.27.199.66" port: 44351 } } peers { permanent_uuid: "1e4b56ba2b244e34a5089f53eb83abbf" member_type: VOTER last_known_addr { host: "127.27.199.65" port: 46521 } attrs { replace: true } } peers { permanent_uuid: "68acf74fc31144ce905fc8548bb5b83f" member_type: VOTER last_known_addr { host: "127.27.199.67" port: 41373 } } peers { permanent_uuid: "b802d4f54fbf40be9ec5e14573be60c6" member_type: NON_VOTER last_known_addr { host: "127.27.199.68" port: 40229 } attrs { promote: true } } }
I20260608 09:53:17.464564 31394 raft_consensus.cc:2955] T 04a3d6cceb014a38b090a3451fc2d9ba P 1e4b56ba2b244e34a5089f53eb83abbf [term 1 FOLLOWER]: Committing config change with OpId 1.2: config changed from index -1 to 2, NON_VOTER b802d4f54fbf40be9ec5e14573be60c6 (127.27.199.68) added. New config: { opid_index: 2 OBSOLETE_local: false peers { permanent_uuid: "93c45c95ac1a452c91197ac2d64322d5" member_type: VOTER last_known_addr { host: "127.27.199.66" port: 44351 } } peers { permanent_uuid: "1e4b56ba2b244e34a5089f53eb83abbf" member_type: VOTER last_known_addr { host: "127.27.199.65" port: 46521 } attrs { replace: true } } peers { permanent_uuid: "68acf74fc31144ce905fc8548bb5b83f" member_type: VOTER last_known_addr { host: "127.27.199.67" port: 41373 } } peers { permanent_uuid: "b802d4f54fbf40be9ec5e14573be60c6" member_type: NON_VOTER last_known_addr { host: "127.27.199.68" port: 40229 } attrs { promote: true } } }
I20260608 09:53:17.468071 31782 consensus_queue.cc:1048] T ba110d0f2d804de1b2671140684b1c4d P 68acf74fc31144ce905fc8548bb5b83f [LEADER]: Connected to new peer: Peer: permanent_uuid: "b802d4f54fbf40be9ec5e14573be60c6" member_type: VOTER last_known_addr { host: "127.27.199.68" port: 40229 }, Status: LMP_MISMATCH, Last received: 0.0, Next index: 1, Last known committed idx: 0, Time since last communication: 0.000s
I20260608 09:53:17.479715 31545 raft_consensus.cc:2955] T 04a3d6cceb014a38b090a3451fc2d9ba P 68acf74fc31144ce905fc8548bb5b83f [term 1 FOLLOWER]: Committing config change with OpId 1.2: config changed from index -1 to 2, NON_VOTER b802d4f54fbf40be9ec5e14573be60c6 (127.27.199.68) added. New config: { opid_index: 2 OBSOLETE_local: false peers { permanent_uuid: "93c45c95ac1a452c91197ac2d64322d5" member_type: VOTER last_known_addr { host: "127.27.199.66" port: 44351 } } peers { permanent_uuid: "1e4b56ba2b244e34a5089f53eb83abbf" member_type: VOTER last_known_addr { host: "127.27.199.65" port: 46521 } attrs { replace: true } } peers { permanent_uuid: "68acf74fc31144ce905fc8548bb5b83f" member_type: VOTER last_known_addr { host: "127.27.199.67" port: 41373 } } peers { permanent_uuid: "b802d4f54fbf40be9ec5e14573be60c6" member_type: NON_VOTER last_known_addr { host: "127.27.199.68" port: 40229 } attrs { promote: true } } }
I20260608 09:53:17.480743 31293 catalog_manager.cc:5696] T 04a3d6cceb014a38b090a3451fc2d9ba P 1e4b56ba2b244e34a5089f53eb83abbf reported cstate change: config changed from index -1 to 2, NON_VOTER b802d4f54fbf40be9ec5e14573be60c6 (127.27.199.68) added. New cstate: current_term: 1 leader_uuid: "93c45c95ac1a452c91197ac2d64322d5" committed_config { opid_index: 2 OBSOLETE_local: false peers { permanent_uuid: "93c45c95ac1a452c91197ac2d64322d5" member_type: VOTER last_known_addr { host: "127.27.199.66" port: 44351 } } peers { permanent_uuid: "1e4b56ba2b244e34a5089f53eb83abbf" member_type: VOTER last_known_addr { host: "127.27.199.65" port: 46521 } attrs { replace: true } } peers { permanent_uuid: "68acf74fc31144ce905fc8548bb5b83f" member_type: VOTER last_known_addr { host: "127.27.199.67" port: 41373 } } peers { permanent_uuid: "b802d4f54fbf40be9ec5e14573be60c6" member_type: NON_VOTER last_known_addr { host: "127.27.199.68" port: 40229 } attrs { promote: true } } }
I20260608 09:53:17.482450 31800 raft_consensus.cc:493] T 33c23a6fd7704aa1a80ab8af9daae45f P b802d4f54fbf40be9ec5e14573be60c6 [term 0 FOLLOWER]: Starting pre-election (no leader contacted us within the election timeout)
I20260608 09:53:17.482949 31800 raft_consensus.cc:515] T 33c23a6fd7704aa1a80ab8af9daae45f P b802d4f54fbf40be9ec5e14573be60c6 [term 0 FOLLOWER]: Starting pre-election with config: opid_index: -1 OBSOLETE_local: false peers { permanent_uuid: "b802d4f54fbf40be9ec5e14573be60c6" member_type: VOTER last_known_addr { host: "127.27.199.68" port: 40229 } } peers { permanent_uuid: "68acf74fc31144ce905fc8548bb5b83f" member_type: VOTER last_known_addr { host: "127.27.199.67" port: 41373 } } peers { permanent_uuid: "1e4b56ba2b244e34a5089f53eb83abbf" member_type: VOTER last_known_addr { host: "127.27.199.65" port: 46521 } }
I20260608 09:53:17.485306 31800 leader_election.cc:290] T 33c23a6fd7704aa1a80ab8af9daae45f P b802d4f54fbf40be9ec5e14573be60c6 [CANDIDATE]: Term 1 pre-election: Requested pre-vote from peers 68acf74fc31144ce905fc8548bb5b83f (127.27.199.67:41373), 1e4b56ba2b244e34a5089f53eb83abbf (127.27.199.65:46521)
I20260608 09:53:17.489017 31394 tablet_service.cc:1917] Received RequestConsensusVote() RPC: tablet_id: "33c23a6fd7704aa1a80ab8af9daae45f" candidate_uuid: "b802d4f54fbf40be9ec5e14573be60c6" candidate_term: 1 candidate_status { last_received { term: 0 index: 0 } } ignore_live_leader: false dest_uuid: "1e4b56ba2b244e34a5089f53eb83abbf" is_pre_election: true
I20260608 09:53:17.494481 31542 tablet_service.cc:1917] Received RequestConsensusVote() RPC: tablet_id: "33c23a6fd7704aa1a80ab8af9daae45f" candidate_uuid: "b802d4f54fbf40be9ec5e14573be60c6" candidate_term: 1 candidate_status { last_received { term: 0 index: 0 } } ignore_live_leader: false dest_uuid: "68acf74fc31144ce905fc8548bb5b83f" is_pre_election: true
I20260608 09:53:17.495734 31542 raft_consensus.cc:2393] T 33c23a6fd7704aa1a80ab8af9daae45f P 68acf74fc31144ce905fc8548bb5b83f [term 1 FOLLOWER]: Leader pre-election vote request: Denying vote to candidate b802d4f54fbf40be9ec5e14573be60c6 in current term 1: Already voted for candidate 1e4b56ba2b244e34a5089f53eb83abbf in this term.
I20260608 09:53:17.498835 31660 leader_election.cc:304] T 33c23a6fd7704aa1a80ab8af9daae45f P b802d4f54fbf40be9ec5e14573be60c6 [CANDIDATE]: Term 1 pre-election: Election decided. Result: candidate lost. Election summary: received 3 responses out of 3 voters: 1 yes votes; 2 no votes. yes voters: b802d4f54fbf40be9ec5e14573be60c6; no voters: 1e4b56ba2b244e34a5089f53eb83abbf, 68acf74fc31144ce905fc8548bb5b83f
I20260608 09:53:17.499691 31800 raft_consensus.cc:3060] T 33c23a6fd7704aa1a80ab8af9daae45f P b802d4f54fbf40be9ec5e14573be60c6 [term 0 FOLLOWER]: Advancing to term 1
I20260608 09:53:17.512357 31800 raft_consensus.cc:2749] T 33c23a6fd7704aa1a80ab8af9daae45f P b802d4f54fbf40be9ec5e14573be60c6 [term 1 FOLLOWER]: Leader pre-election lost for term 1. Reason: could not achieve majority
I20260608 09:53:17.527587 31396 consensus_queue.cc:237] T ac895ec442a54ee6b4f2763660b0cbfa P 1e4b56ba2b244e34a5089f53eb83abbf [LEADER]: Queue going to LEADER mode. State: All replicated index: 0, Majority replicated index: 1, Committed index: 1, Last appended: 1.1, Last appended by leader: 0, Current term: 1, Majority size: 2, State: 0, Mode: LEADER, active raft config: opid_index: 2 OBSOLETE_local: false peers { permanent_uuid: "1e4b56ba2b244e34a5089f53eb83abbf" member_type: VOTER last_known_addr { host: "127.27.199.65" port: 46521 } } peers { permanent_uuid: "93c45c95ac1a452c91197ac2d64322d5" member_type: VOTER last_known_addr { host: "127.27.199.66" port: 44351 } } peers { permanent_uuid: "68acf74fc31144ce905fc8548bb5b83f" member_type: VOTER last_known_addr { host: "127.27.199.67" port: 41373 } attrs { replace: true } } peers { permanent_uuid: "b802d4f54fbf40be9ec5e14573be60c6" member_type: NON_VOTER last_known_addr { host: "127.27.199.68" port: 40229 } attrs { promote: true } }
I20260608 09:53:17.532348 31779 consensus_queue.cc:1048] T 33c23a6fd7704aa1a80ab8af9daae45f P 1e4b56ba2b244e34a5089f53eb83abbf [LEADER]: Connected to new peer: Peer: permanent_uuid: "b802d4f54fbf40be9ec5e14573be60c6" member_type: VOTER last_known_addr { host: "127.27.199.68" port: 40229 }, Status: LMP_MISMATCH, Last received: 0.0, Next index: 1, Last known committed idx: 0, Time since last communication: 0.001s
I20260608 09:53:17.537477 31782 consensus_queue.cc:1048] T 4349ed39a15a40aaa9d428e7c6f4d02c P 68acf74fc31144ce905fc8548bb5b83f [LEADER]: Connected to new peer: Peer: permanent_uuid: "93c45c95ac1a452c91197ac2d64322d5" member_type: VOTER last_known_addr { host: "127.27.199.66" port: 44351 }, Status: LMP_MISMATCH, Last received: 0.0, Next index: 1, Last known committed idx: 0, Time since last communication: 0.001s
I20260608 09:53:17.552191 31635 raft_consensus.cc:993] T cf723eccc4e8404aa4f18ea6208778de P 93c45c95ac1a452c91197ac2d64322d5: : Instructing follower 1e4b56ba2b244e34a5089f53eb83abbf to start an election
I20260608 09:53:17.552703 31635 raft_consensus.cc:1081] T cf723eccc4e8404aa4f18ea6208778de P 93c45c95ac1a452c91197ac2d64322d5 [term 1 LEADER]: Signalling peer 1e4b56ba2b244e34a5089f53eb83abbf to start an election
W20260608 09:53:17.554026 31361 consensus_peers.cc:597] T ac895ec442a54ee6b4f2763660b0cbfa P 1e4b56ba2b244e34a5089f53eb83abbf -> Peer b802d4f54fbf40be9ec5e14573be60c6 (127.27.199.68:40229): Couldn't send request to peer b802d4f54fbf40be9ec5e14573be60c6. Error code: TABLET_NOT_FOUND (6). Status: Not found: Tablet not found: ac895ec442a54ee6b4f2763660b0cbfa. This is attempt 1: this message will repeat every 5th retry.
I20260608 09:53:17.554741 31394 tablet_service.cc:2044] Received Run Leader Election RPC: tablet_id: "cf723eccc4e8404aa4f18ea6208778de"
dest_uuid: "1e4b56ba2b244e34a5089f53eb83abbf"
 from {username='slave'} at 127.0.0.1:47720
I20260608 09:53:17.555428 31394 raft_consensus.cc:493] T cf723eccc4e8404aa4f18ea6208778de P 1e4b56ba2b244e34a5089f53eb83abbf [term 1 FOLLOWER]: Starting forced leader election (received explicit request)
I20260608 09:53:17.555825 31394 raft_consensus.cc:3060] T cf723eccc4e8404aa4f18ea6208778de P 1e4b56ba2b244e34a5089f53eb83abbf [term 1 FOLLOWER]: Advancing to term 2
I20260608 09:53:17.559828 31545 raft_consensus.cc:1275] T ac895ec442a54ee6b4f2763660b0cbfa P 68acf74fc31144ce905fc8548bb5b83f [term 1 FOLLOWER]: Refusing update from remote peer 1e4b56ba2b244e34a5089f53eb83abbf: Log matching property violated. Preceding OpId in replica: term: 1 index: 1. Preceding OpId from leader: term: 1 index: 2. (index mismatch)
I20260608 09:53:17.561638 31470 raft_consensus.cc:1275] T ac895ec442a54ee6b4f2763660b0cbfa P 93c45c95ac1a452c91197ac2d64322d5 [term 1 FOLLOWER]: Refusing update from remote peer 1e4b56ba2b244e34a5089f53eb83abbf: Log matching property violated. Preceding OpId in replica: term: 1 index: 1. Preceding OpId from leader: term: 1 index: 2. (index mismatch)
I20260608 09:53:17.561697 31779 consensus_queue.cc:1048] T ac895ec442a54ee6b4f2763660b0cbfa P 1e4b56ba2b244e34a5089f53eb83abbf [LEADER]: Connected to new peer: Peer: permanent_uuid: "68acf74fc31144ce905fc8548bb5b83f" member_type: VOTER last_known_addr { host: "127.27.199.67" port: 41373 } attrs { replace: true }, Status: LMP_MISMATCH, Last received: 0.0, Next index: 2, Last known committed idx: 1, Time since last communication: 0.001s
I20260608 09:53:17.563390 31633 consensus_queue.cc:1048] T ac895ec442a54ee6b4f2763660b0cbfa P 1e4b56ba2b244e34a5089f53eb83abbf [LEADER]: Connected to new peer: Peer: permanent_uuid: "93c45c95ac1a452c91197ac2d64322d5" member_type: VOTER last_known_addr { host: "127.27.199.66" port: 44351 }, Status: LMP_MISMATCH, Last received: 0.0, Next index: 2, Last known committed idx: 1, Time since last communication: 0.000s
I20260608 09:53:17.593730 31394 raft_consensus.cc:515] T cf723eccc4e8404aa4f18ea6208778de P 1e4b56ba2b244e34a5089f53eb83abbf [term 2 FOLLOWER]: Starting forced leader election with config: opid_index: -1 OBSOLETE_local: false peers { permanent_uuid: "1e4b56ba2b244e34a5089f53eb83abbf" member_type: VOTER last_known_addr { host: "127.27.199.65" port: 46521 } } peers { permanent_uuid: "93c45c95ac1a452c91197ac2d64322d5" member_type: VOTER last_known_addr { host: "127.27.199.66" port: 44351 } } peers { permanent_uuid: "68acf74fc31144ce905fc8548bb5b83f" member_type: VOTER last_known_addr { host: "127.27.199.67" port: 41373 } }
I20260608 09:53:17.596112 31394 leader_election.cc:290] T cf723eccc4e8404aa4f18ea6208778de P 1e4b56ba2b244e34a5089f53eb83abbf [CANDIDATE]: Term 2 election: Requested vote from peers 93c45c95ac1a452c91197ac2d64322d5 (127.27.199.66:44351), 68acf74fc31144ce905fc8548bb5b83f (127.27.199.67:41373)
I20260608 09:53:17.597671 31471 tablet_service.cc:1917] Received RequestConsensusVote() RPC: tablet_id: "cf723eccc4e8404aa4f18ea6208778de" candidate_uuid: "1e4b56ba2b244e34a5089f53eb83abbf" candidate_term: 2 candidate_status { last_received { term: 1 index: 1 } } ignore_live_leader: true dest_uuid: "93c45c95ac1a452c91197ac2d64322d5"
I20260608 09:53:17.597836 31542 tablet_service.cc:1917] Received RequestConsensusVote() RPC: tablet_id: "cf723eccc4e8404aa4f18ea6208778de" candidate_uuid: "1e4b56ba2b244e34a5089f53eb83abbf" candidate_term: 2 candidate_status { last_received { term: 1 index: 1 } } ignore_live_leader: true dest_uuid: "68acf74fc31144ce905fc8548bb5b83f"
I20260608 09:53:17.598290 31471 raft_consensus.cc:3055] T cf723eccc4e8404aa4f18ea6208778de P 93c45c95ac1a452c91197ac2d64322d5 [term 1 LEADER]: Stepping down as leader of term 1
I20260608 09:53:17.598323 31542 raft_consensus.cc:3060] T cf723eccc4e8404aa4f18ea6208778de P 68acf74fc31144ce905fc8548bb5b83f [term 1 FOLLOWER]: Advancing to term 2
I20260608 09:53:17.598925 31471 raft_consensus.cc:740] T cf723eccc4e8404aa4f18ea6208778de P 93c45c95ac1a452c91197ac2d64322d5 [term 1 LEADER]: Becoming Follower/Learner. State: Replica: 93c45c95ac1a452c91197ac2d64322d5, State: Running, Role: LEADER
I20260608 09:53:17.599889 31779 raft_consensus.cc:993] T 33c23a6fd7704aa1a80ab8af9daae45f P 1e4b56ba2b244e34a5089f53eb83abbf: : Instructing follower b802d4f54fbf40be9ec5e14573be60c6 to start an election
I20260608 09:53:17.600345 31779 raft_consensus.cc:1081] T 33c23a6fd7704aa1a80ab8af9daae45f P 1e4b56ba2b244e34a5089f53eb83abbf [term 1 LEADER]: Signalling peer b802d4f54fbf40be9ec5e14573be60c6 to start an election
I20260608 09:53:17.600014 31471 consensus_queue.cc:260] T cf723eccc4e8404aa4f18ea6208778de P 93c45c95ac1a452c91197ac2d64322d5 [NON_LEADER]: Queue going to NON_LEADER mode. State: All replicated index: 0, Majority replicated index: 1, Committed index: 1, Last appended: 1.1, Last appended by leader: 1, Current term: 1, Majority size: -1, State: 0, Mode: NON_LEADER, active raft config: opid_index: -1 OBSOLETE_local: false peers { permanent_uuid: "1e4b56ba2b244e34a5089f53eb83abbf" member_type: VOTER last_known_addr { host: "127.27.199.65" port: 46521 } } peers { permanent_uuid: "93c45c95ac1a452c91197ac2d64322d5" member_type: VOTER last_known_addr { host: "127.27.199.66" port: 44351 } } peers { permanent_uuid: "68acf74fc31144ce905fc8548bb5b83f" member_type: VOTER last_known_addr { host: "127.27.199.67" port: 41373 } }
I20260608 09:53:17.601694 31471 raft_consensus.cc:3060] T cf723eccc4e8404aa4f18ea6208778de P 93c45c95ac1a452c91197ac2d64322d5 [term 1 FOLLOWER]: Advancing to term 2
I20260608 09:53:17.603603 31633 raft_consensus.cc:2955] T ac895ec442a54ee6b4f2763660b0cbfa P 1e4b56ba2b244e34a5089f53eb83abbf [term 1 LEADER]: Committing config change with OpId 1.2: config changed from index -1 to 2, NON_VOTER b802d4f54fbf40be9ec5e14573be60c6 (127.27.199.68) added. New config: { opid_index: 2 OBSOLETE_local: false peers { permanent_uuid: "1e4b56ba2b244e34a5089f53eb83abbf" member_type: VOTER last_known_addr { host: "127.27.199.65" port: 46521 } } peers { permanent_uuid: "93c45c95ac1a452c91197ac2d64322d5" member_type: VOTER last_known_addr { host: "127.27.199.66" port: 44351 } } peers { permanent_uuid: "68acf74fc31144ce905fc8548bb5b83f" member_type: VOTER last_known_addr { host: "127.27.199.67" port: 41373 } attrs { replace: true } } peers { permanent_uuid: "b802d4f54fbf40be9ec5e14573be60c6" member_type: NON_VOTER last_known_addr { host: "127.27.199.68" port: 40229 } attrs { promote: true } } }
I20260608 09:53:17.606226 31542 raft_consensus.cc:2468] T cf723eccc4e8404aa4f18ea6208778de P 68acf74fc31144ce905fc8548bb5b83f [term 2 FOLLOWER]: Leader election vote request: Granting yes vote for candidate 1e4b56ba2b244e34a5089f53eb83abbf in term 2.
I20260608 09:53:17.605895 31470 raft_consensus.cc:2955] T ac895ec442a54ee6b4f2763660b0cbfa P 93c45c95ac1a452c91197ac2d64322d5 [term 1 FOLLOWER]: Committing config change with OpId 1.2: config changed from index -1 to 2, NON_VOTER b802d4f54fbf40be9ec5e14573be60c6 (127.27.199.68) added. New config: { opid_index: 2 OBSOLETE_local: false peers { permanent_uuid: "1e4b56ba2b244e34a5089f53eb83abbf" member_type: VOTER last_known_addr { host: "127.27.199.65" port: 46521 } } peers { permanent_uuid: "93c45c95ac1a452c91197ac2d64322d5" member_type: VOTER last_known_addr { host: "127.27.199.66" port: 44351 } } peers { permanent_uuid: "68acf74fc31144ce905fc8548bb5b83f" member_type: VOTER last_known_addr { host: "127.27.199.67" port: 41373 } attrs { replace: true } } peers { permanent_uuid: "b802d4f54fbf40be9ec5e14573be60c6" member_type: NON_VOTER last_known_addr { host: "127.27.199.68" port: 40229 } attrs { promote: true } } }
I20260608 09:53:17.608326 31471 raft_consensus.cc:2468] T cf723eccc4e8404aa4f18ea6208778de P 93c45c95ac1a452c91197ac2d64322d5 [term 2 FOLLOWER]: Leader election vote request: Granting yes vote for candidate 1e4b56ba2b244e34a5089f53eb83abbf in term 2.
I20260608 09:53:17.609476 31360 leader_election.cc:304] T cf723eccc4e8404aa4f18ea6208778de P 1e4b56ba2b244e34a5089f53eb83abbf [CANDIDATE]: Term 2 election: Election decided. Result: candidate won. Election summary: received 2 responses out of 3 voters: 2 yes votes; 0 no votes. yes voters: 1e4b56ba2b244e34a5089f53eb83abbf, 93c45c95ac1a452c91197ac2d64322d5; no voters: 
I20260608 09:53:17.610466 31780 raft_consensus.cc:2804] T cf723eccc4e8404aa4f18ea6208778de P 1e4b56ba2b244e34a5089f53eb83abbf [term 2 FOLLOWER]: Leader election won for term 2
I20260608 09:53:17.611003 31780 raft_consensus.cc:697] T cf723eccc4e8404aa4f18ea6208778de P 1e4b56ba2b244e34a5089f53eb83abbf [term 2 LEADER]: Becoming Leader. State: Replica: 1e4b56ba2b244e34a5089f53eb83abbf, State: Running, Role: LEADER
I20260608 09:53:17.611701 31694 tablet_service.cc:2044] Received Run Leader Election RPC: tablet_id: "33c23a6fd7704aa1a80ab8af9daae45f"
dest_uuid: "b802d4f54fbf40be9ec5e14573be60c6"
 from {username='slave'} at 127.0.0.1:47554
I20260608 09:53:17.611935 31780 consensus_queue.cc:237] T cf723eccc4e8404aa4f18ea6208778de P 1e4b56ba2b244e34a5089f53eb83abbf [LEADER]: Queue going to LEADER mode. State: All replicated index: 0, Majority replicated index: 1, Committed index: 1, Last appended: 1.1, Last appended by leader: 1, Current term: 2, Majority size: 2, State: 0, Mode: LEADER, active raft config: opid_index: -1 OBSOLETE_local: false peers { permanent_uuid: "1e4b56ba2b244e34a5089f53eb83abbf" member_type: VOTER last_known_addr { host: "127.27.199.65" port: 46521 } } peers { permanent_uuid: "93c45c95ac1a452c91197ac2d64322d5" member_type: VOTER last_known_addr { host: "127.27.199.66" port: 44351 } } peers { permanent_uuid: "68acf74fc31144ce905fc8548bb5b83f" member_type: VOTER last_known_addr { host: "127.27.199.67" port: 41373 } }
I20260608 09:53:17.612879 31694 raft_consensus.cc:493] T 33c23a6fd7704aa1a80ab8af9daae45f P b802d4f54fbf40be9ec5e14573be60c6 [term 1 FOLLOWER]: Starting forced leader election (received explicit request)
I20260608 09:53:17.613270 31694 raft_consensus.cc:3060] T 33c23a6fd7704aa1a80ab8af9daae45f P b802d4f54fbf40be9ec5e14573be60c6 [term 1 FOLLOWER]: Advancing to term 2
I20260608 09:53:17.620632 31694 raft_consensus.cc:515] T 33c23a6fd7704aa1a80ab8af9daae45f P b802d4f54fbf40be9ec5e14573be60c6 [term 2 FOLLOWER]: Starting forced leader election with config: opid_index: -1 OBSOLETE_local: false peers { permanent_uuid: "b802d4f54fbf40be9ec5e14573be60c6" member_type: VOTER last_known_addr { host: "127.27.199.68" port: 40229 } } peers { permanent_uuid: "68acf74fc31144ce905fc8548bb5b83f" member_type: VOTER last_known_addr { host: "127.27.199.67" port: 41373 } } peers { permanent_uuid: "1e4b56ba2b244e34a5089f53eb83abbf" member_type: VOTER last_known_addr { host: "127.27.199.65" port: 46521 } }
I20260608 09:53:17.621728 31779 consensus_queue.cc:1048] T 33c23a6fd7704aa1a80ab8af9daae45f P 1e4b56ba2b244e34a5089f53eb83abbf [LEADER]: Connected to new peer: Peer: permanent_uuid: "68acf74fc31144ce905fc8548bb5b83f" member_type: VOTER last_known_addr { host: "127.27.199.67" port: 41373 }, Status: LMP_MISMATCH, Last received: 0.0, Next index: 1, Last known committed idx: 0, Time since last communication: 0.000s
I20260608 09:53:17.630860 31292 catalog_manager.cc:5696] T cf723eccc4e8404aa4f18ea6208778de P 1e4b56ba2b244e34a5089f53eb83abbf reported cstate change: term changed from 1 to 2, leader changed from 93c45c95ac1a452c91197ac2d64322d5 (127.27.199.66) to 1e4b56ba2b244e34a5089f53eb83abbf (127.27.199.65). New cstate: current_term: 2 leader_uuid: "1e4b56ba2b244e34a5089f53eb83abbf" committed_config { opid_index: -1 OBSOLETE_local: false peers { permanent_uuid: "1e4b56ba2b244e34a5089f53eb83abbf" member_type: VOTER last_known_addr { host: "127.27.199.65" port: 46521 } health_report { overall_health: HEALTHY } } peers { permanent_uuid: "93c45c95ac1a452c91197ac2d64322d5" member_type: VOTER last_known_addr { host: "127.27.199.66" port: 44351 } health_report { overall_health: UNKNOWN } } peers { permanent_uuid: "68acf74fc31144ce905fc8548bb5b83f" member_type: VOTER last_known_addr { host: "127.27.199.67" port: 41373 } health_report { overall_health: UNKNOWN } } }
I20260608 09:53:17.631042 31545 raft_consensus.cc:2955] T ac895ec442a54ee6b4f2763660b0cbfa P 68acf74fc31144ce905fc8548bb5b83f [term 1 FOLLOWER]: Committing config change with OpId 1.2: config changed from index -1 to 2, NON_VOTER b802d4f54fbf40be9ec5e14573be60c6 (127.27.199.68) added. New config: { opid_index: 2 OBSOLETE_local: false peers { permanent_uuid: "1e4b56ba2b244e34a5089f53eb83abbf" member_type: VOTER last_known_addr { host: "127.27.199.65" port: 46521 } } peers { permanent_uuid: "93c45c95ac1a452c91197ac2d64322d5" member_type: VOTER last_known_addr { host: "127.27.199.66" port: 44351 } } peers { permanent_uuid: "68acf74fc31144ce905fc8548bb5b83f" member_type: VOTER last_known_addr { host: "127.27.199.67" port: 41373 } attrs { replace: true } } peers { permanent_uuid: "b802d4f54fbf40be9ec5e14573be60c6" member_type: NON_VOTER last_known_addr { host: "127.27.199.68" port: 40229 } attrs { promote: true } } }
I20260608 09:53:17.632798 31292 catalog_manager.cc:5696] T ac895ec442a54ee6b4f2763660b0cbfa P 1e4b56ba2b244e34a5089f53eb83abbf reported cstate change: config changed from index -1 to 2, NON_VOTER b802d4f54fbf40be9ec5e14573be60c6 (127.27.199.68) added. New cstate: current_term: 1 leader_uuid: "1e4b56ba2b244e34a5089f53eb83abbf" committed_config { opid_index: 2 OBSOLETE_local: false peers { permanent_uuid: "1e4b56ba2b244e34a5089f53eb83abbf" member_type: VOTER last_known_addr { host: "127.27.199.65" port: 46521 } health_report { overall_health: HEALTHY } } peers { permanent_uuid: "93c45c95ac1a452c91197ac2d64322d5" member_type: VOTER last_known_addr { host: "127.27.199.66" port: 44351 } health_report { overall_health: HEALTHY } } peers { permanent_uuid: "68acf74fc31144ce905fc8548bb5b83f" member_type: VOTER last_known_addr { host: "127.27.199.67" port: 41373 } attrs { replace: true } health_report { overall_health: HEALTHY } } peers { permanent_uuid: "b802d4f54fbf40be9ec5e14573be60c6" member_type: NON_VOTER last_known_addr { host: "127.27.199.68" port: 40229 } attrs { promote: true } health_report { overall_health: UNKNOWN } } }
I20260608 09:53:17.636359 31543 tablet_service.cc:1917] Received RequestConsensusVote() RPC: tablet_id: "33c23a6fd7704aa1a80ab8af9daae45f" candidate_uuid: "b802d4f54fbf40be9ec5e14573be60c6" candidate_term: 2 candidate_status { last_received { term: 1 index: 1 } } ignore_live_leader: true dest_uuid: "68acf74fc31144ce905fc8548bb5b83f"
I20260608 09:53:17.637590 31396 tablet_service.cc:1917] Received RequestConsensusVote() RPC: tablet_id: "33c23a6fd7704aa1a80ab8af9daae45f" candidate_uuid: "b802d4f54fbf40be9ec5e14573be60c6" candidate_term: 2 candidate_status { last_received { term: 1 index: 1 } } ignore_live_leader: true dest_uuid: "1e4b56ba2b244e34a5089f53eb83abbf"
I20260608 09:53:17.638203 31396 raft_consensus.cc:3055] T 33c23a6fd7704aa1a80ab8af9daae45f P 1e4b56ba2b244e34a5089f53eb83abbf [term 1 LEADER]: Stepping down as leader of term 1
I20260608 09:53:17.638523 31396 raft_consensus.cc:740] T 33c23a6fd7704aa1a80ab8af9daae45f P 1e4b56ba2b244e34a5089f53eb83abbf [term 1 LEADER]: Becoming Follower/Learner. State: Replica: 1e4b56ba2b244e34a5089f53eb83abbf, State: Running, Role: LEADER
I20260608 09:53:17.639457 31396 consensus_queue.cc:260] T 33c23a6fd7704aa1a80ab8af9daae45f P 1e4b56ba2b244e34a5089f53eb83abbf [NON_LEADER]: Queue going to NON_LEADER mode. State: All replicated index: 0, Majority replicated index: 1, Committed index: 1, Last appended: 1.1, Last appended by leader: 1, Current term: 1, Majority size: -1, State: 0, Mode: NON_LEADER, active raft config: opid_index: -1 OBSOLETE_local: false peers { permanent_uuid: "b802d4f54fbf40be9ec5e14573be60c6" member_type: VOTER last_known_addr { host: "127.27.199.68" port: 40229 } } peers { permanent_uuid: "68acf74fc31144ce905fc8548bb5b83f" member_type: VOTER last_known_addr { host: "127.27.199.67" port: 41373 } } peers { permanent_uuid: "1e4b56ba2b244e34a5089f53eb83abbf" member_type: VOTER last_known_addr { host: "127.27.199.65" port: 46521 } }
I20260608 09:53:17.640386 31396 raft_consensus.cc:3060] T 33c23a6fd7704aa1a80ab8af9daae45f P 1e4b56ba2b244e34a5089f53eb83abbf [term 1 FOLLOWER]: Advancing to term 2
I20260608 09:53:17.651522 31396 raft_consensus.cc:2468] T 33c23a6fd7704aa1a80ab8af9daae45f P 1e4b56ba2b244e34a5089f53eb83abbf [term 2 FOLLOWER]: Leader election vote request: Granting yes vote for candidate b802d4f54fbf40be9ec5e14573be60c6 in term 2.
I20260608 09:53:17.637614 31694 leader_election.cc:290] T 33c23a6fd7704aa1a80ab8af9daae45f P b802d4f54fbf40be9ec5e14573be60c6 [CANDIDATE]: Term 2 election: Requested vote from peers 68acf74fc31144ce905fc8548bb5b83f (127.27.199.67:41373), 1e4b56ba2b244e34a5089f53eb83abbf (127.27.199.65:46521)
I20260608 09:53:17.652823 31660 leader_election.cc:304] T 33c23a6fd7704aa1a80ab8af9daae45f P b802d4f54fbf40be9ec5e14573be60c6 [CANDIDATE]: Term 2 election: Election decided. Result: candidate won. Election summary: received 3 responses out of 3 voters: 2 yes votes; 1 no votes. yes voters: 1e4b56ba2b244e34a5089f53eb83abbf, b802d4f54fbf40be9ec5e14573be60c6; no voters: 68acf74fc31144ce905fc8548bb5b83f
I20260608 09:53:17.653971 31800 raft_consensus.cc:2804] T 33c23a6fd7704aa1a80ab8af9daae45f P b802d4f54fbf40be9ec5e14573be60c6 [term 2 FOLLOWER]: Leader election won for term 2
I20260608 09:53:17.654474 31800 raft_consensus.cc:697] T 33c23a6fd7704aa1a80ab8af9daae45f P b802d4f54fbf40be9ec5e14573be60c6 [term 2 LEADER]: Becoming Leader. State: Replica: b802d4f54fbf40be9ec5e14573be60c6, State: Running, Role: LEADER
I20260608 09:53:17.655154 31394 consensus_queue.cc:237] T 0ab0cfe7f9a6459887d6febd00ab7d37 P 1e4b56ba2b244e34a5089f53eb83abbf [LEADER]: Queue going to LEADER mode. State: All replicated index: 0, Majority replicated index: 1, Committed index: 1, Last appended: 1.1, Last appended by leader: 0, Current term: 1, Majority size: 2, State: 0, Mode: LEADER, active raft config: opid_index: 2 OBSOLETE_local: false peers { permanent_uuid: "1e4b56ba2b244e34a5089f53eb83abbf" member_type: VOTER last_known_addr { host: "127.27.199.65" port: 46521 } } peers { permanent_uuid: "93c45c95ac1a452c91197ac2d64322d5" member_type: VOTER last_known_addr { host: "127.27.199.66" port: 44351 } attrs { replace: true } } peers { permanent_uuid: "68acf74fc31144ce905fc8548bb5b83f" member_type: VOTER last_known_addr { host: "127.27.199.67" port: 41373 } } peers { permanent_uuid: "b802d4f54fbf40be9ec5e14573be60c6" member_type: NON_VOTER last_known_addr { host: "127.27.199.68" port: 40229 } attrs { promote: true } }
I20260608 09:53:17.656141 31800 consensus_queue.cc:237] T 33c23a6fd7704aa1a80ab8af9daae45f P b802d4f54fbf40be9ec5e14573be60c6 [LEADER]: Queue going to LEADER mode. State: All replicated index: 0, Majority replicated index: 1, Committed index: 1, Last appended: 1.1, Last appended by leader: 1, Current term: 2, Majority size: 2, State: 0, Mode: LEADER, active raft config: opid_index: -1 OBSOLETE_local: false peers { permanent_uuid: "b802d4f54fbf40be9ec5e14573be60c6" member_type: VOTER last_known_addr { host: "127.27.199.68" port: 40229 } } peers { permanent_uuid: "68acf74fc31144ce905fc8548bb5b83f" member_type: VOTER last_known_addr { host: "127.27.199.67" port: 41373 } } peers { permanent_uuid: "1e4b56ba2b244e34a5089f53eb83abbf" member_type: VOTER last_known_addr { host: "127.27.199.65" port: 46521 } }
W20260608 09:53:17.664994 31361 consensus_peers.cc:597] T 0ab0cfe7f9a6459887d6febd00ab7d37 P 1e4b56ba2b244e34a5089f53eb83abbf -> Peer b802d4f54fbf40be9ec5e14573be60c6 (127.27.199.68:40229): Couldn't send request to peer b802d4f54fbf40be9ec5e14573be60c6. Error code: TABLET_NOT_FOUND (6). Status: Not found: Tablet not found: 0ab0cfe7f9a6459887d6febd00ab7d37. This is attempt 1: this message will repeat every 5th retry.
I20260608 09:53:17.668673 31471 raft_consensus.cc:1275] T 0ab0cfe7f9a6459887d6febd00ab7d37 P 93c45c95ac1a452c91197ac2d64322d5 [term 1 FOLLOWER]: Refusing update from remote peer 1e4b56ba2b244e34a5089f53eb83abbf: Log matching property violated. Preceding OpId in replica: term: 1 index: 1. Preceding OpId from leader: term: 1 index: 2. (index mismatch)
I20260608 09:53:17.669224 31542 raft_consensus.cc:1275] T 0ab0cfe7f9a6459887d6febd00ab7d37 P 68acf74fc31144ce905fc8548bb5b83f [term 1 FOLLOWER]: Refusing update from remote peer 1e4b56ba2b244e34a5089f53eb83abbf: Log matching property violated. Preceding OpId in replica: term: 1 index: 1. Preceding OpId from leader: term: 1 index: 2. (index mismatch)
I20260608 09:53:17.671018 31832 consensus_queue.cc:1048] T 0ab0cfe7f9a6459887d6febd00ab7d37 P 1e4b56ba2b244e34a5089f53eb83abbf [LEADER]: Connected to new peer: Peer: permanent_uuid: "93c45c95ac1a452c91197ac2d64322d5" member_type: VOTER last_known_addr { host: "127.27.199.66" port: 44351 } attrs { replace: true }, Status: LMP_MISMATCH, Last received: 0.0, Next index: 2, Last known committed idx: 1, Time since last communication: 0.001s
I20260608 09:53:17.672995 31616 consensus_queue.cc:1048] T 0ab0cfe7f9a6459887d6febd00ab7d37 P 1e4b56ba2b244e34a5089f53eb83abbf [LEADER]: Connected to new peer: Peer: permanent_uuid: "68acf74fc31144ce905fc8548bb5b83f" member_type: VOTER last_known_addr { host: "127.27.199.67" port: 41373 }, Status: LMP_MISMATCH, Last received: 0.0, Next index: 2, Last known committed idx: 1, Time since last communication: 0.000s
I20260608 09:53:17.676039 31291 catalog_manager.cc:5696] T 33c23a6fd7704aa1a80ab8af9daae45f P b802d4f54fbf40be9ec5e14573be60c6 reported cstate change: term changed from 1 to 2, leader changed from 1e4b56ba2b244e34a5089f53eb83abbf (127.27.199.65) to b802d4f54fbf40be9ec5e14573be60c6 (127.27.199.68). New cstate: current_term: 2 leader_uuid: "b802d4f54fbf40be9ec5e14573be60c6" committed_config { opid_index: -1 OBSOLETE_local: false peers { permanent_uuid: "b802d4f54fbf40be9ec5e14573be60c6" member_type: VOTER last_known_addr { host: "127.27.199.68" port: 40229 } health_report { overall_health: HEALTHY } } peers { permanent_uuid: "68acf74fc31144ce905fc8548bb5b83f" member_type: VOTER last_known_addr { host: "127.27.199.67" port: 41373 } health_report { overall_health: UNKNOWN } } peers { permanent_uuid: "1e4b56ba2b244e34a5089f53eb83abbf" member_type: VOTER last_known_addr { host: "127.27.199.65" port: 46521 } health_report { overall_health: UNKNOWN } } }
I20260608 09:53:17.677870 31764 raft_consensus.cc:993] T 6c9e0181fd894293a96ea4370bb2e8e6 P 1e4b56ba2b244e34a5089f53eb83abbf: : Instructing follower b802d4f54fbf40be9ec5e14573be60c6 to start an election
I20260608 09:53:17.678382 31764 raft_consensus.cc:1081] T 6c9e0181fd894293a96ea4370bb2e8e6 P 1e4b56ba2b244e34a5089f53eb83abbf [term 1 LEADER]: Signalling peer b802d4f54fbf40be9ec5e14573be60c6 to start an election
I20260608 09:53:17.681532 31694 tablet_service.cc:2044] Received Run Leader Election RPC: tablet_id: "6c9e0181fd894293a96ea4370bb2e8e6"
dest_uuid: "b802d4f54fbf40be9ec5e14573be60c6"
 from {username='slave'} at 127.0.0.1:47554
