I20260608 09:53:19.701977  3549 consensus_queue.cc:1048] T 7ae649ab105440f1a2f91925fae60b79 P 59687ff996e140f2ac9061b30802c6ce [LEADER]: Connected to new peer: Peer: permanent_uuid: "6e32b95e398c42328e818383b18c5a04" member_type: VOTER last_known_addr { host: "127.0.82.196" port: 40597 } attrs { promote: false }, Status: LMP_MISMATCH, Last received: 0.0, Next index: 4, Last known committed idx: 3, Time since last communication: 0.000s
I20260608 09:53:19.706668  3772 raft_consensus.cc:2955] T 631957fdb1094a59bf0a4f8831cd372a P 59687ff996e140f2ac9061b30802c6ce [term 1 LEADER]: Committing config change with OpId 1.3: config changed from index 2 to 3, 6e32b95e398c42328e818383b18c5a04 (127.0.82.196) changed from NON_VOTER to VOTER. New config: { opid_index: 3 OBSOLETE_local: false peers { permanent_uuid: "ba7974f678d34e0d949ce092223d0035" member_type: VOTER last_known_addr { host: "127.0.82.193" port: 34879 } } peers { permanent_uuid: "59687ff996e140f2ac9061b30802c6ce" member_type: VOTER last_known_addr { host: "127.0.82.194" port: 33027 } } peers { permanent_uuid: "f350cf25ea4141d8ab7184d1d8a0a6fd" member_type: VOTER last_known_addr { host: "127.0.82.195" port: 33361 } attrs { replace: true } } peers { permanent_uuid: "6e32b95e398c42328e818383b18c5a04" member_type: VOTER last_known_addr { host: "127.0.82.196" port: 40597 } attrs { promote: false } } }
I20260608 09:53:19.710523  3322 raft_consensus.cc:2955] T 631957fdb1094a59bf0a4f8831cd372a P ba7974f678d34e0d949ce092223d0035 [term 1 FOLLOWER]: Committing config change with OpId 1.3: config changed from index 2 to 3, 6e32b95e398c42328e818383b18c5a04 (127.0.82.196) changed from NON_VOTER to VOTER. New config: { opid_index: 3 OBSOLETE_local: false peers { permanent_uuid: "ba7974f678d34e0d949ce092223d0035" member_type: VOTER last_known_addr { host: "127.0.82.193" port: 34879 } } peers { permanent_uuid: "59687ff996e140f2ac9061b30802c6ce" member_type: VOTER last_known_addr { host: "127.0.82.194" port: 33027 } } peers { permanent_uuid: "f350cf25ea4141d8ab7184d1d8a0a6fd" member_type: VOTER last_known_addr { host: "127.0.82.195" port: 33361 } attrs { replace: true } } peers { permanent_uuid: "6e32b95e398c42328e818383b18c5a04" member_type: VOTER last_known_addr { host: "127.0.82.196" port: 40597 } attrs { promote: false } } }
I20260608 09:53:19.721841  3745 raft_consensus.cc:2955] T 7ae649ab105440f1a2f91925fae60b79 P 59687ff996e140f2ac9061b30802c6ce [term 1 LEADER]: Committing config change with OpId 1.4: config changed from index 3 to 4, VOTER ba7974f678d34e0d949ce092223d0035 (127.0.82.193) evicted. New config: { opid_index: 4 OBSOLETE_local: false peers { permanent_uuid: "59687ff996e140f2ac9061b30802c6ce" member_type: VOTER last_known_addr { host: "127.0.82.194" port: 33027 } } peers { permanent_uuid: "f350cf25ea4141d8ab7184d1d8a0a6fd" member_type: VOTER last_known_addr { host: "127.0.82.195" port: 33361 } } peers { permanent_uuid: "6e32b95e398c42328e818383b18c5a04" member_type: VOTER last_known_addr { host: "127.0.82.196" port: 40597 } attrs { promote: false } } }
I20260608 09:53:19.729504  3219 catalog_manager.cc:5696] T 631957fdb1094a59bf0a4f8831cd372a P ba7974f678d34e0d949ce092223d0035 reported cstate change: config changed from index 2 to 3, 6e32b95e398c42328e818383b18c5a04 (127.0.82.196) changed from NON_VOTER to VOTER. New cstate: current_term: 1 leader_uuid: "59687ff996e140f2ac9061b30802c6ce" committed_config { opid_index: 3 OBSOLETE_local: false peers { permanent_uuid: "ba7974f678d34e0d949ce092223d0035" member_type: VOTER last_known_addr { host: "127.0.82.193" port: 34879 } } peers { permanent_uuid: "59687ff996e140f2ac9061b30802c6ce" member_type: VOTER last_known_addr { host: "127.0.82.194" port: 33027 } } peers { permanent_uuid: "f350cf25ea4141d8ab7184d1d8a0a6fd" member_type: VOTER last_known_addr { host: "127.0.82.195" port: 33361 } attrs { replace: true } } peers { permanent_uuid: "6e32b95e398c42328e818383b18c5a04" member_type: VOTER last_known_addr { host: "127.0.82.196" port: 40597 } attrs { promote: false } } }
I20260608 09:53:19.736157  3524 raft_consensus.cc:1064] T e5349e714e474ed185accf786dd03a8b P f350cf25ea4141d8ab7184d1d8a0a6fd: attempting to promote NON_VOTER 6e32b95e398c42328e818383b18c5a04 to VOTER
I20260608 09:53:19.737751  3624 raft_consensus.cc:2955] T 7ae649ab105440f1a2f91925fae60b79 P 6e32b95e398c42328e818383b18c5a04 [term 1 FOLLOWER]: Committing config change with OpId 1.4: config changed from index 3 to 4, VOTER ba7974f678d34e0d949ce092223d0035 (127.0.82.193) evicted. New config: { opid_index: 4 OBSOLETE_local: false peers { permanent_uuid: "59687ff996e140f2ac9061b30802c6ce" member_type: VOTER last_known_addr { host: "127.0.82.194" port: 33027 } } peers { permanent_uuid: "f350cf25ea4141d8ab7184d1d8a0a6fd" member_type: VOTER last_known_addr { host: "127.0.82.195" port: 33361 } } peers { permanent_uuid: "6e32b95e398c42328e818383b18c5a04" member_type: VOTER last_known_addr { host: "127.0.82.196" port: 40597 } attrs { promote: false } } }
I20260608 09:53:19.738719  3524 consensus_queue.cc:237] T e5349e714e474ed185accf786dd03a8b P f350cf25ea4141d8ab7184d1d8a0a6fd [LEADER]: Queue going to LEADER mode. State: All replicated index: 0, Majority replicated index: 2, Committed index: 2, Last appended: 1.2, Last appended by leader: 0, Current term: 1, Majority size: 3, State: 0, Mode: LEADER, active raft config: opid_index: 3 OBSOLETE_local: false peers { permanent_uuid: "59687ff996e140f2ac9061b30802c6ce" member_type: VOTER last_known_addr { host: "127.0.82.194" port: 33027 } attrs { replace: true } } peers { permanent_uuid: "ba7974f678d34e0d949ce092223d0035" member_type: VOTER last_known_addr { host: "127.0.82.193" port: 34879 } } peers { permanent_uuid: "f350cf25ea4141d8ab7184d1d8a0a6fd" member_type: VOTER last_known_addr { host: "127.0.82.195" port: 33361 } } peers { permanent_uuid: "6e32b95e398c42328e818383b18c5a04" member_type: VOTER last_known_addr { host: "127.0.82.196" port: 40597 } attrs { promote: false } }
I20260608 09:53:19.747675  3473 raft_consensus.cc:2955] T 631957fdb1094a59bf0a4f8831cd372a P f350cf25ea4141d8ab7184d1d8a0a6fd [term 1 FOLLOWER]: Committing config change with OpId 1.3: config changed from index 2 to 3, 6e32b95e398c42328e818383b18c5a04 (127.0.82.196) changed from NON_VOTER to VOTER. New config: { opid_index: 3 OBSOLETE_local: false peers { permanent_uuid: "ba7974f678d34e0d949ce092223d0035" member_type: VOTER last_known_addr { host: "127.0.82.193" port: 34879 } } peers { permanent_uuid: "59687ff996e140f2ac9061b30802c6ce" member_type: VOTER last_known_addr { host: "127.0.82.194" port: 33027 } } peers { permanent_uuid: "f350cf25ea4141d8ab7184d1d8a0a6fd" member_type: VOTER last_known_addr { host: "127.0.82.195" port: 33361 } attrs { replace: true } } peers { permanent_uuid: "6e32b95e398c42328e818383b18c5a04" member_type: VOTER last_known_addr { host: "127.0.82.196" port: 40597 } attrs { promote: false } } }
I20260608 09:53:19.750591  3471 raft_consensus.cc:2955] T 7ae649ab105440f1a2f91925fae60b79 P f350cf25ea4141d8ab7184d1d8a0a6fd [term 1 FOLLOWER]: Committing config change with OpId 1.4: config changed from index 3 to 4, VOTER ba7974f678d34e0d949ce092223d0035 (127.0.82.193) evicted. New config: { opid_index: 4 OBSOLETE_local: false peers { permanent_uuid: "59687ff996e140f2ac9061b30802c6ce" member_type: VOTER last_known_addr { host: "127.0.82.194" port: 33027 } } peers { permanent_uuid: "f350cf25ea4141d8ab7184d1d8a0a6fd" member_type: VOTER last_known_addr { host: "127.0.82.195" port: 33361 } } peers { permanent_uuid: "6e32b95e398c42328e818383b18c5a04" member_type: VOTER last_known_addr { host: "127.0.82.196" port: 40597 } attrs { promote: false } } }
I20260608 09:53:19.754703  3785 raft_consensus.cc:1064] T e1be1bfe170449d88530070db4a3ae1c P 59687ff996e140f2ac9061b30802c6ce: attempting to promote NON_VOTER 6e32b95e398c42328e818383b18c5a04 to VOTER
I20260608 09:53:19.756251  3205 catalog_manager.cc:5209] ChangeConfig:REMOVE_PEER RPC for tablet 7ae649ab105440f1a2f91925fae60b79 with cas_config_opid_index 3: ChangeConfig:REMOVE_PEER succeeded (attempt 1)
I20260608 09:53:19.758680  3625 raft_consensus.cc:2955] T 631957fdb1094a59bf0a4f8831cd372a P 6e32b95e398c42328e818383b18c5a04 [term 1 FOLLOWER]: Committing config change with OpId 1.3: config changed from index 2 to 3, 6e32b95e398c42328e818383b18c5a04 (127.0.82.196) changed from NON_VOTER to VOTER. New config: { opid_index: 3 OBSOLETE_local: false peers { permanent_uuid: "ba7974f678d34e0d949ce092223d0035" member_type: VOTER last_known_addr { host: "127.0.82.193" port: 34879 } } peers { permanent_uuid: "59687ff996e140f2ac9061b30802c6ce" member_type: VOTER last_known_addr { host: "127.0.82.194" port: 33027 } } peers { permanent_uuid: "f350cf25ea4141d8ab7184d1d8a0a6fd" member_type: VOTER last_known_addr { host: "127.0.82.195" port: 33361 } attrs { replace: true } } peers { permanent_uuid: "6e32b95e398c42328e818383b18c5a04" member_type: VOTER last_known_addr { host: "127.0.82.196" port: 40597 } attrs { promote: false } } }
I20260608 09:53:19.758677  3218 catalog_manager.cc:5696] T 7ae649ab105440f1a2f91925fae60b79 P 6e32b95e398c42328e818383b18c5a04 reported cstate change: config changed from index 3 to 4, VOTER ba7974f678d34e0d949ce092223d0035 (127.0.82.193) evicted. New cstate: current_term: 1 leader_uuid: "59687ff996e140f2ac9061b30802c6ce" committed_config { opid_index: 4 OBSOLETE_local: false peers { permanent_uuid: "59687ff996e140f2ac9061b30802c6ce" member_type: VOTER last_known_addr { host: "127.0.82.194" port: 33027 } } peers { permanent_uuid: "f350cf25ea4141d8ab7184d1d8a0a6fd" member_type: VOTER last_known_addr { host: "127.0.82.195" port: 33361 } } peers { permanent_uuid: "6e32b95e398c42328e818383b18c5a04" member_type: VOTER last_known_addr { host: "127.0.82.196" port: 40597 } attrs { promote: false } } }
I20260608 09:53:19.765776  3785 consensus_queue.cc:237] T e1be1bfe170449d88530070db4a3ae1c P 59687ff996e140f2ac9061b30802c6ce [LEADER]: Queue going to LEADER mode. State: All replicated index: 0, Majority replicated index: 2, Committed index: 2, Last appended: 1.2, Last appended by leader: 0, Current term: 1, Majority size: 3, State: 0, Mode: LEADER, active raft config: opid_index: 3 OBSOLETE_local: false peers { permanent_uuid: "ba7974f678d34e0d949ce092223d0035" member_type: VOTER last_known_addr { host: "127.0.82.193" port: 34879 } attrs { replace: true } } peers { permanent_uuid: "59687ff996e140f2ac9061b30802c6ce" member_type: VOTER last_known_addr { host: "127.0.82.194" port: 33027 } } peers { permanent_uuid: "f350cf25ea4141d8ab7184d1d8a0a6fd" member_type: VOTER last_known_addr { host: "127.0.82.195" port: 33361 } } peers { permanent_uuid: "6e32b95e398c42328e818383b18c5a04" member_type: VOTER last_known_addr { host: "127.0.82.196" port: 40597 } attrs { promote: false } }
I20260608 09:53:19.780278  3306 tablet_service.cc:1558] Processing DeleteTablet for tablet 7ae649ab105440f1a2f91925fae60b79 with delete_type TABLET_DATA_TOMBSTONED (TS ba7974f678d34e0d949ce092223d0035 not found in new config with opid_index 4) from {username='slave'} at 127.0.0.1:52700
I20260608 09:53:19.783250  3625 raft_consensus.cc:1275] T e1be1bfe170449d88530070db4a3ae1c P 6e32b95e398c42328e818383b18c5a04 [term 1 LEARNER]: Refusing update from remote peer 59687ff996e140f2ac9061b30802c6ce: Log matching property violated. Preceding OpId in replica: term: 1 index: 2. Preceding OpId from leader: term: 1 index: 3. (index mismatch)
I20260608 09:53:19.789090  3473 raft_consensus.cc:1275] T e1be1bfe170449d88530070db4a3ae1c P f350cf25ea4141d8ab7184d1d8a0a6fd [term 1 FOLLOWER]: Refusing update from remote peer 59687ff996e140f2ac9061b30802c6ce: Log matching property violated. Preceding OpId in replica: term: 1 index: 2. Preceding OpId from leader: term: 1 index: 3. (index mismatch)
I20260608 09:53:19.790354  3785 consensus_queue.cc:1048] T e1be1bfe170449d88530070db4a3ae1c P 59687ff996e140f2ac9061b30802c6ce [LEADER]: Connected to new peer: Peer: permanent_uuid: "6e32b95e398c42328e818383b18c5a04" member_type: VOTER last_known_addr { host: "127.0.82.196" port: 40597 } attrs { promote: false }, Status: LMP_MISMATCH, Last received: 0.0, Next index: 3, Last known committed idx: 2, Time since last communication: 0.001s
I20260608 09:53:19.791002  3322 raft_consensus.cc:1275] T e1be1bfe170449d88530070db4a3ae1c P ba7974f678d34e0d949ce092223d0035 [term 1 FOLLOWER]: Refusing update from remote peer 59687ff996e140f2ac9061b30802c6ce: Log matching property violated. Preceding OpId in replica: term: 1 index: 2. Preceding OpId from leader: term: 1 index: 3. (index mismatch)
I20260608 09:53:19.805701  3789 tablet_replica.cc:333] T 7ae649ab105440f1a2f91925fae60b79 P ba7974f678d34e0d949ce092223d0035: stopping tablet replica
I20260608 09:53:19.806818  3789 raft_consensus.cc:2243] T 7ae649ab105440f1a2f91925fae60b79 P ba7974f678d34e0d949ce092223d0035 [term 1 FOLLOWER]: Raft consensus shutting down.
I20260608 09:53:19.807413  3785 consensus_queue.cc:1048] T e1be1bfe170449d88530070db4a3ae1c P 59687ff996e140f2ac9061b30802c6ce [LEADER]: Connected to new peer: Peer: permanent_uuid: "ba7974f678d34e0d949ce092223d0035" member_type: VOTER last_known_addr { host: "127.0.82.193" port: 34879 } attrs { replace: true }, Status: LMP_MISMATCH, Last received: 0.0, Next index: 3, Last known committed idx: 2, Time since last communication: 0.000s
I20260608 09:53:19.811247  3624 raft_consensus.cc:1275] T e5349e714e474ed185accf786dd03a8b P 6e32b95e398c42328e818383b18c5a04 [term 1 LEARNER]: Refusing update from remote peer f350cf25ea4141d8ab7184d1d8a0a6fd: Log matching property violated. Preceding OpId in replica: term: 1 index: 2. Preceding OpId from leader: term: 1 index: 3. (index mismatch)
I20260608 09:53:19.812994  3785 consensus_queue.cc:1048] T e1be1bfe170449d88530070db4a3ae1c P 59687ff996e140f2ac9061b30802c6ce [LEADER]: Connected to new peer: Peer: permanent_uuid: "f350cf25ea4141d8ab7184d1d8a0a6fd" member_type: VOTER last_known_addr { host: "127.0.82.195" port: 33361 }, Status: LMP_MISMATCH, Last received: 0.0, Next index: 3, Last known committed idx: 2, Time since last communication: 0.000s
I20260608 09:53:19.807695  3789 raft_consensus.cc:2272] T 7ae649ab105440f1a2f91925fae60b79 P ba7974f678d34e0d949ce092223d0035 [term 1 FOLLOWER]: Raft consensus is shut down!
I20260608 09:53:19.814580  3770 consensus_queue.cc:1048] T e5349e714e474ed185accf786dd03a8b P f350cf25ea4141d8ab7184d1d8a0a6fd [LEADER]: Connected to new peer: Peer: permanent_uuid: "6e32b95e398c42328e818383b18c5a04" member_type: VOTER last_known_addr { host: "127.0.82.196" port: 40597 } attrs { promote: false }, Status: LMP_MISMATCH, Last received: 0.0, Next index: 3, Last known committed idx: 2, Time since last communication: 0.000s
I20260608 09:53:19.819135  3323 raft_consensus.cc:1275] T e5349e714e474ed185accf786dd03a8b P ba7974f678d34e0d949ce092223d0035 [term 1 FOLLOWER]: Refusing update from remote peer f350cf25ea4141d8ab7184d1d8a0a6fd: Log matching property violated. Preceding OpId in replica: term: 1 index: 2. Preceding OpId from leader: term: 1 index: 3. (index mismatch)
I20260608 09:53:19.819695  3399 consensus_queue.cc:237] T 631957fdb1094a59bf0a4f8831cd372a P 59687ff996e140f2ac9061b30802c6ce [LEADER]: Queue going to LEADER mode. State: All replicated index: 0, Majority replicated index: 3, Committed index: 3, Last appended: 1.3, Last appended by leader: 0, Current term: 1, Majority size: 2, State: 0, Mode: LEADER, active raft config: opid_index: 4 OBSOLETE_local: false peers { permanent_uuid: "ba7974f678d34e0d949ce092223d0035" member_type: VOTER last_known_addr { host: "127.0.82.193" port: 34879 } } peers { permanent_uuid: "59687ff996e140f2ac9061b30802c6ce" member_type: VOTER last_known_addr { host: "127.0.82.194" port: 33027 } } peers { permanent_uuid: "6e32b95e398c42328e818383b18c5a04" member_type: VOTER last_known_addr { host: "127.0.82.196" port: 40597 } attrs { promote: false } }
I20260608 09:53:19.821029  3770 consensus_queue.cc:1048] T e5349e714e474ed185accf786dd03a8b P f350cf25ea4141d8ab7184d1d8a0a6fd [LEADER]: Connected to new peer: Peer: permanent_uuid: "ba7974f678d34e0d949ce092223d0035" member_type: VOTER last_known_addr { host: "127.0.82.193" port: 34879 }, Status: LMP_MISMATCH, Last received: 0.0, Next index: 3, Last known committed idx: 2, Time since last communication: 0.001s
I20260608 09:53:19.822361  3789 ts_tablet_manager.cc:1916] T 7ae649ab105440f1a2f91925fae60b79 P ba7974f678d34e0d949ce092223d0035: Deleting tablet data with delete state TABLET_DATA_TOMBSTONED
I20260608 09:53:19.838938  3625 raft_consensus.cc:1275] T 631957fdb1094a59bf0a4f8831cd372a P 6e32b95e398c42328e818383b18c5a04 [term 1 FOLLOWER]: Refusing update from remote peer 59687ff996e140f2ac9061b30802c6ce: Log matching property violated. Preceding OpId in replica: term: 1 index: 3. Preceding OpId from leader: term: 1 index: 4. (index mismatch)
I20260608 09:53:19.841523  3321 raft_consensus.cc:1275] T 631957fdb1094a59bf0a4f8831cd372a P ba7974f678d34e0d949ce092223d0035 [term 1 FOLLOWER]: Refusing update from remote peer 59687ff996e140f2ac9061b30802c6ce: Log matching property violated. Preceding OpId in replica: term: 1 index: 3. Preceding OpId from leader: term: 1 index: 4. (index mismatch)
I20260608 09:53:19.841809  3745 consensus_queue.cc:1048] T 631957fdb1094a59bf0a4f8831cd372a P 59687ff996e140f2ac9061b30802c6ce [LEADER]: Connected to new peer: Peer: permanent_uuid: "6e32b95e398c42328e818383b18c5a04" member_type: VOTER last_known_addr { host: "127.0.82.196" port: 40597 } attrs { promote: false }, Status: LMP_MISMATCH, Last received: 0.0, Next index: 4, Last known committed idx: 3, Time since last communication: 0.000s
I20260608 09:53:19.844455  3745 consensus_queue.cc:1048] T 631957fdb1094a59bf0a4f8831cd372a P 59687ff996e140f2ac9061b30802c6ce [LEADER]: Connected to new peer: Peer: permanent_uuid: "ba7974f678d34e0d949ce092223d0035" member_type: VOTER last_known_addr { host: "127.0.82.193" port: 34879 }, Status: LMP_MISMATCH, Last received: 0.0, Next index: 4, Last known committed idx: 3, Time since last communication: 0.001s
I20260608 09:53:19.854490  3524 raft_consensus.cc:2955] T e5349e714e474ed185accf786dd03a8b P f350cf25ea4141d8ab7184d1d8a0a6fd [term 1 LEADER]: Committing config change with OpId 1.3: config changed from index 2 to 3, 6e32b95e398c42328e818383b18c5a04 (127.0.82.196) changed from NON_VOTER to VOTER. New config: { opid_index: 3 OBSOLETE_local: false peers { permanent_uuid: "59687ff996e140f2ac9061b30802c6ce" member_type: VOTER last_known_addr { host: "127.0.82.194" port: 33027 } attrs { replace: true } } peers { permanent_uuid: "ba7974f678d34e0d949ce092223d0035" member_type: VOTER last_known_addr { host: "127.0.82.193" port: 34879 } } peers { permanent_uuid: "f350cf25ea4141d8ab7184d1d8a0a6fd" member_type: VOTER last_known_addr { host: "127.0.82.195" port: 33361 } } peers { permanent_uuid: "6e32b95e398c42328e818383b18c5a04" member_type: VOTER last_known_addr { host: "127.0.82.196" port: 40597 } attrs { promote: false } } }
I20260608 09:53:19.856660  3323 raft_consensus.cc:2955] T e5349e714e474ed185accf786dd03a8b P ba7974f678d34e0d949ce092223d0035 [term 1 FOLLOWER]: Committing config change with OpId 1.3: config changed from index 2 to 3, 6e32b95e398c42328e818383b18c5a04 (127.0.82.196) changed from NON_VOTER to VOTER. New config: { opid_index: 3 OBSOLETE_local: false peers { permanent_uuid: "59687ff996e140f2ac9061b30802c6ce" member_type: VOTER last_known_addr { host: "127.0.82.194" port: 33027 } attrs { replace: true } } peers { permanent_uuid: "ba7974f678d34e0d949ce092223d0035" member_type: VOTER last_known_addr { host: "127.0.82.193" port: 34879 } } peers { permanent_uuid: "f350cf25ea4141d8ab7184d1d8a0a6fd" member_type: VOTER last_known_addr { host: "127.0.82.195" port: 33361 } } peers { permanent_uuid: "6e32b95e398c42328e818383b18c5a04" member_type: VOTER last_known_addr { host: "127.0.82.196" port: 40597 } attrs { promote: false } } }
I20260608 09:53:19.861990  3320 raft_consensus.cc:2955] T 631957fdb1094a59bf0a4f8831cd372a P ba7974f678d34e0d949ce092223d0035 [term 1 FOLLOWER]: Committing config change with OpId 1.4: config changed from index 3 to 4, VOTER f350cf25ea4141d8ab7184d1d8a0a6fd (127.0.82.195) evicted. New config: { opid_index: 4 OBSOLETE_local: false peers { permanent_uuid: "ba7974f678d34e0d949ce092223d0035" member_type: VOTER last_known_addr { host: "127.0.82.193" port: 34879 } } peers { permanent_uuid: "59687ff996e140f2ac9061b30802c6ce" member_type: VOTER last_known_addr { host: "127.0.82.194" port: 33027 } } peers { permanent_uuid: "6e32b95e398c42328e818383b18c5a04" member_type: VOTER last_known_addr { host: "127.0.82.196" port: 40597 } attrs { promote: false } } }
I20260608 09:53:19.863806  3545 raft_consensus.cc:2955] T e1be1bfe170449d88530070db4a3ae1c P 59687ff996e140f2ac9061b30802c6ce [term 1 LEADER]: Committing config change with OpId 1.3: config changed from index 2 to 3, 6e32b95e398c42328e818383b18c5a04 (127.0.82.196) changed from NON_VOTER to VOTER. New config: { opid_index: 3 OBSOLETE_local: false peers { permanent_uuid: "ba7974f678d34e0d949ce092223d0035" member_type: VOTER last_known_addr { host: "127.0.82.193" port: 34879 } attrs { replace: true } } peers { permanent_uuid: "59687ff996e140f2ac9061b30802c6ce" member_type: VOTER last_known_addr { host: "127.0.82.194" port: 33027 } } peers { permanent_uuid: "f350cf25ea4141d8ab7184d1d8a0a6fd" member_type: VOTER last_known_addr { host: "127.0.82.195" port: 33361 } } peers { permanent_uuid: "6e32b95e398c42328e818383b18c5a04" member_type: VOTER last_known_addr { host: "127.0.82.196" port: 40597 } attrs { promote: false } } }
I20260608 09:53:19.856937  3772 raft_consensus.cc:2955] T 631957fdb1094a59bf0a4f8831cd372a P 59687ff996e140f2ac9061b30802c6ce [term 1 LEADER]: Committing config change with OpId 1.4: config changed from index 3 to 4, VOTER f350cf25ea4141d8ab7184d1d8a0a6fd (127.0.82.195) evicted. New config: { opid_index: 4 OBSOLETE_local: false peers { permanent_uuid: "ba7974f678d34e0d949ce092223d0035" member_type: VOTER last_known_addr { host: "127.0.82.193" port: 34879 } } peers { permanent_uuid: "59687ff996e140f2ac9061b30802c6ce" member_type: VOTER last_known_addr { host: "127.0.82.194" port: 33027 } } peers { permanent_uuid: "6e32b95e398c42328e818383b18c5a04" member_type: VOTER last_known_addr { host: "127.0.82.196" port: 40597 } attrs { promote: false } } }
I20260608 09:53:19.867336  3473 raft_consensus.cc:2955] T e1be1bfe170449d88530070db4a3ae1c P f350cf25ea4141d8ab7184d1d8a0a6fd [term 1 FOLLOWER]: Committing config change with OpId 1.3: config changed from index 2 to 3, 6e32b95e398c42328e818383b18c5a04 (127.0.82.196) changed from NON_VOTER to VOTER. New config: { opid_index: 3 OBSOLETE_local: false peers { permanent_uuid: "ba7974f678d34e0d949ce092223d0035" member_type: VOTER last_known_addr { host: "127.0.82.193" port: 34879 } attrs { replace: true } } peers { permanent_uuid: "59687ff996e140f2ac9061b30802c6ce" member_type: VOTER last_known_addr { host: "127.0.82.194" port: 33027 } } peers { permanent_uuid: "f350cf25ea4141d8ab7184d1d8a0a6fd" member_type: VOTER last_known_addr { host: "127.0.82.195" port: 33361 } } peers { permanent_uuid: "6e32b95e398c42328e818383b18c5a04" member_type: VOTER last_known_addr { host: "127.0.82.196" port: 40597 } attrs { promote: false } } }
I20260608 09:53:19.868683  3789 ts_tablet_manager.cc:1929] T 7ae649ab105440f1a2f91925fae60b79 P ba7974f678d34e0d949ce092223d0035: tablet deleted with delete type TABLET_DATA_TOMBSTONED: last-logged OpId 1.3
I20260608 09:53:19.869172  3789 log.cc:1199] T 7ae649ab105440f1a2f91925fae60b79 P ba7974f678d34e0d949ce092223d0035: Deleting WAL directory at /tmp/dist-test-taskYKGYPs/test-tmp/auto_rebalancer-test.0.AutoRebalancerTest.RangeAwareRebalancesNewRangeReplicas.1780912316295927-331-0/minicluster-data/ts-0-root/wals/7ae649ab105440f1a2f91925fae60b79
I20260608 09:53:19.869566  3624 raft_consensus.cc:2955] T e5349e714e474ed185accf786dd03a8b P 6e32b95e398c42328e818383b18c5a04 [term 1 FOLLOWER]: Committing config change with OpId 1.3: config changed from index 2 to 3, 6e32b95e398c42328e818383b18c5a04 (127.0.82.196) changed from NON_VOTER to VOTER. New config: { opid_index: 3 OBSOLETE_local: false peers { permanent_uuid: "59687ff996e140f2ac9061b30802c6ce" member_type: VOTER last_known_addr { host: "127.0.82.194" port: 33027 } attrs { replace: true } } peers { permanent_uuid: "ba7974f678d34e0d949ce092223d0035" member_type: VOTER last_known_addr { host: "127.0.82.193" port: 34879 } } peers { permanent_uuid: "f350cf25ea4141d8ab7184d1d8a0a6fd" member_type: VOTER last_known_addr { host: "127.0.82.195" port: 33361 } } peers { permanent_uuid: "6e32b95e398c42328e818383b18c5a04" member_type: VOTER last_known_addr { host: "127.0.82.196" port: 40597 } attrs { promote: false } } }
I20260608 09:53:19.871091  3207 catalog_manager.cc:5027] TS ba7974f678d34e0d949ce092223d0035 (127.0.82.193:34879): tablet 7ae649ab105440f1a2f91925fae60b79 (table range_aware_rebalance_new_range [id=7cc68f9f3a2f4e76a93be23652666e61]) successfully deleted
I20260608 09:53:19.873631  3625 raft_consensus.cc:2955] T 631957fdb1094a59bf0a4f8831cd372a P 6e32b95e398c42328e818383b18c5a04 [term 1 FOLLOWER]: Committing config change with OpId 1.4: config changed from index 3 to 4, VOTER f350cf25ea4141d8ab7184d1d8a0a6fd (127.0.82.195) evicted. New config: { opid_index: 4 OBSOLETE_local: false peers { permanent_uuid: "ba7974f678d34e0d949ce092223d0035" member_type: VOTER last_known_addr { host: "127.0.82.193" port: 34879 } } peers { permanent_uuid: "59687ff996e140f2ac9061b30802c6ce" member_type: VOTER last_known_addr { host: "127.0.82.194" port: 33027 } } peers { permanent_uuid: "6e32b95e398c42328e818383b18c5a04" member_type: VOTER last_known_addr { host: "127.0.82.196" port: 40597 } attrs { promote: false } } }
I20260608 09:53:19.882381  3205 catalog_manager.cc:5209] ChangeConfig:REMOVE_PEER RPC for tablet 631957fdb1094a59bf0a4f8831cd372a with cas_config_opid_index 3: ChangeConfig:REMOVE_PEER succeeded (attempt 1)
I20260608 09:53:19.884060  3623 raft_consensus.cc:2955] T e1be1bfe170449d88530070db4a3ae1c P 6e32b95e398c42328e818383b18c5a04 [term 1 FOLLOWER]: Committing config change with OpId 1.3: config changed from index 2 to 3, 6e32b95e398c42328e818383b18c5a04 (127.0.82.196) changed from NON_VOTER to VOTER. New config: { opid_index: 3 OBSOLETE_local: false peers { permanent_uuid: "ba7974f678d34e0d949ce092223d0035" member_type: VOTER last_known_addr { host: "127.0.82.193" port: 34879 } attrs { replace: true } } peers { permanent_uuid: "59687ff996e140f2ac9061b30802c6ce" member_type: VOTER last_known_addr { host: "127.0.82.194" port: 33027 } } peers { permanent_uuid: "f350cf25ea4141d8ab7184d1d8a0a6fd" member_type: VOTER last_known_addr { host: "127.0.82.195" port: 33361 } } peers { permanent_uuid: "6e32b95e398c42328e818383b18c5a04" member_type: VOTER last_known_addr { host: "127.0.82.196" port: 40597 } attrs { promote: false } } }
I20260608 09:53:19.886505  3399 raft_consensus.cc:1275] T e5349e714e474ed185accf786dd03a8b P 59687ff996e140f2ac9061b30802c6ce [term 1 FOLLOWER]: Refusing update from remote peer f350cf25ea4141d8ab7184d1d8a0a6fd: Log matching property violated. Preceding OpId in replica: term: 1 index: 2. Preceding OpId from leader: term: 1 index: 3. (index mismatch)
I20260608 09:53:19.888458  3790 consensus_queue.cc:1048] T e5349e714e474ed185accf786dd03a8b P f350cf25ea4141d8ab7184d1d8a0a6fd [LEADER]: Connected to new peer: Peer: permanent_uuid: "59687ff996e140f2ac9061b30802c6ce" member_type: VOTER last_known_addr { host: "127.0.82.194" port: 33027 } attrs { replace: true }, Status: LMP_MISMATCH, Last received: 0.0, Next index: 3, Last known committed idx: 2, Time since last communication: 0.001s
I20260608 09:53:19.892346  3322 raft_consensus.cc:2955] T e1be1bfe170449d88530070db4a3ae1c P ba7974f678d34e0d949ce092223d0035 [term 1 FOLLOWER]: Committing config change with OpId 1.3: config changed from index 2 to 3, 6e32b95e398c42328e818383b18c5a04 (127.0.82.196) changed from NON_VOTER to VOTER. New config: { opid_index: 3 OBSOLETE_local: false peers { permanent_uuid: "ba7974f678d34e0d949ce092223d0035" member_type: VOTER last_known_addr { host: "127.0.82.193" port: 34879 } attrs { replace: true } } peers { permanent_uuid: "59687ff996e140f2ac9061b30802c6ce" member_type: VOTER last_known_addr { host: "127.0.82.194" port: 33027 } } peers { permanent_uuid: "f350cf25ea4141d8ab7184d1d8a0a6fd" member_type: VOTER last_known_addr { host: "127.0.82.195" port: 33361 } } peers { permanent_uuid: "6e32b95e398c42328e818383b18c5a04" member_type: VOTER last_known_addr { host: "127.0.82.196" port: 40597 } attrs { promote: false } } }
I20260608 09:53:19.894954  3218 catalog_manager.cc:5696] T e5349e714e474ed185accf786dd03a8b P ba7974f678d34e0d949ce092223d0035 reported cstate change: config changed from index 2 to 3, 6e32b95e398c42328e818383b18c5a04 (127.0.82.196) changed from NON_VOTER to VOTER. New cstate: current_term: 1 leader_uuid: "f350cf25ea4141d8ab7184d1d8a0a6fd" committed_config { opid_index: 3 OBSOLETE_local: false peers { permanent_uuid: "59687ff996e140f2ac9061b30802c6ce" member_type: VOTER last_known_addr { host: "127.0.82.194" port: 33027 } attrs { replace: true } } peers { permanent_uuid: "ba7974f678d34e0d949ce092223d0035" member_type: VOTER last_known_addr { host: "127.0.82.193" port: 34879 } } peers { permanent_uuid: "f350cf25ea4141d8ab7184d1d8a0a6fd" member_type: VOTER last_known_addr { host: "127.0.82.195" port: 33361 } } peers { permanent_uuid: "6e32b95e398c42328e818383b18c5a04" member_type: VOTER last_known_addr { host: "127.0.82.196" port: 40597 } attrs { promote: false } } }
I20260608 09:53:19.896235  3217 catalog_manager.cc:5696] T 631957fdb1094a59bf0a4f8831cd372a P 6e32b95e398c42328e818383b18c5a04 reported cstate change: config changed from index 3 to 4, VOTER f350cf25ea4141d8ab7184d1d8a0a6fd (127.0.82.195) evicted. New cstate: current_term: 1 leader_uuid: "59687ff996e140f2ac9061b30802c6ce" committed_config { opid_index: 4 OBSOLETE_local: false peers { permanent_uuid: "ba7974f678d34e0d949ce092223d0035" member_type: VOTER last_known_addr { host: "127.0.82.193" port: 34879 } } peers { permanent_uuid: "59687ff996e140f2ac9061b30802c6ce" member_type: VOTER last_known_addr { host: "127.0.82.194" port: 33027 } } peers { permanent_uuid: "6e32b95e398c42328e818383b18c5a04" member_type: VOTER last_known_addr { host: "127.0.82.196" port: 40597 } attrs { promote: false } } }
I20260608 09:53:19.919771  3216 catalog_manager.cc:5696] T e1be1bfe170449d88530070db4a3ae1c P 59687ff996e140f2ac9061b30802c6ce reported cstate change: config changed from index 2 to 3, 6e32b95e398c42328e818383b18c5a04 (127.0.82.196) changed from NON_VOTER to VOTER. New cstate: current_term: 1 leader_uuid: "59687ff996e140f2ac9061b30802c6ce" committed_config { opid_index: 3 OBSOLETE_local: false peers { permanent_uuid: "ba7974f678d34e0d949ce092223d0035" member_type: VOTER last_known_addr { host: "127.0.82.193" port: 34879 } attrs { replace: true } health_report { overall_health: HEALTHY } } peers { permanent_uuid: "59687ff996e140f2ac9061b30802c6ce" member_type: VOTER last_known_addr { host: "127.0.82.194" port: 33027 } health_report { overall_health: HEALTHY } } peers { permanent_uuid: "f350cf25ea4141d8ab7184d1d8a0a6fd" member_type: VOTER last_known_addr { host: "127.0.82.195" port: 33361 } health_report { overall_health: HEALTHY } } peers { permanent_uuid: "6e32b95e398c42328e818383b18c5a04" member_type: VOTER last_known_addr { host: "127.0.82.196" port: 40597 } attrs { promote: false } health_report { overall_health: HEALTHY } } }
I20260608 09:53:19.924810  3274 auto_leader_rebalancer.cc:140] leader rebalance for table range_aware_rebalance_new_range
I20260608 09:53:19.933210  3473 consensus_queue.cc:237] T e5349e714e474ed185accf786dd03a8b P f350cf25ea4141d8ab7184d1d8a0a6fd [LEADER]: Queue going to LEADER mode. State: All replicated index: 0, Majority replicated index: 3, Committed index: 3, Last appended: 1.3, Last appended by leader: 0, Current term: 1, Majority size: 2, State: 0, Mode: LEADER, active raft config: opid_index: 4 OBSOLETE_local: false peers { permanent_uuid: "ba7974f678d34e0d949ce092223d0035" member_type: VOTER last_known_addr { host: "127.0.82.193" port: 34879 } } peers { permanent_uuid: "f350cf25ea4141d8ab7184d1d8a0a6fd" member_type: VOTER last_known_addr { host: "127.0.82.195" port: 33361 } } peers { permanent_uuid: "6e32b95e398c42328e818383b18c5a04" member_type: VOTER last_known_addr { host: "127.0.82.196" port: 40597 } attrs { promote: false } }
I20260608 09:53:19.940300  3399 raft_consensus.cc:2955] T e5349e714e474ed185accf786dd03a8b P 59687ff996e140f2ac9061b30802c6ce [term 1 FOLLOWER]: Committing config change with OpId 1.3: config changed from index 2 to 3, 6e32b95e398c42328e818383b18c5a04 (127.0.82.196) changed from NON_VOTER to VOTER. New config: { opid_index: 3 OBSOLETE_local: false peers { permanent_uuid: "59687ff996e140f2ac9061b30802c6ce" member_type: VOTER last_known_addr { host: "127.0.82.194" port: 33027 } attrs { replace: true } } peers { permanent_uuid: "ba7974f678d34e0d949ce092223d0035" member_type: VOTER last_known_addr { host: "127.0.82.193" port: 34879 } } peers { permanent_uuid: "f350cf25ea4141d8ab7184d1d8a0a6fd" member_type: VOTER last_known_addr { host: "127.0.82.195" port: 33361 } } peers { permanent_uuid: "6e32b95e398c42328e818383b18c5a04" member_type: VOTER last_known_addr { host: "127.0.82.196" port: 40597 } attrs { promote: false } } }
I20260608 09:53:19.944557  3398 consensus_queue.cc:237] T e1be1bfe170449d88530070db4a3ae1c P 59687ff996e140f2ac9061b30802c6ce [LEADER]: Queue going to LEADER mode. State: All replicated index: 0, Majority replicated index: 3, Committed index: 3, Last appended: 1.3, Last appended by leader: 0, Current term: 1, Majority size: 2, State: 0, Mode: LEADER, active raft config: opid_index: 4 OBSOLETE_local: false peers { permanent_uuid: "59687ff996e140f2ac9061b30802c6ce" member_type: VOTER last_known_addr { host: "127.0.82.194" port: 33027 } } peers { permanent_uuid: "f350cf25ea4141d8ab7184d1d8a0a6fd" member_type: VOTER last_known_addr { host: "127.0.82.195" port: 33361 } } peers { permanent_uuid: "6e32b95e398c42328e818383b18c5a04" member_type: VOTER last_known_addr { host: "127.0.82.196" port: 40597 } attrs { promote: false } }
I20260608 09:53:19.952589  3463 tablet_service.cc:1558] Processing DeleteTablet for tablet 631957fdb1094a59bf0a4f8831cd372a with delete_type TABLET_DATA_TOMBSTONED (TS f350cf25ea4141d8ab7184d1d8a0a6fd not found in new config with opid_index 4) from {username='slave'} at 127.0.0.1:45192
I20260608 09:53:19.957466  3623 raft_consensus.cc:1275] T e5349e714e474ed185accf786dd03a8b P 6e32b95e398c42328e818383b18c5a04 [term 1 FOLLOWER]: Refusing update from remote peer f350cf25ea4141d8ab7184d1d8a0a6fd: Log matching property violated. Preceding OpId in replica: term: 1 index: 3. Preceding OpId from leader: term: 1 index: 4. (index mismatch)
I20260608 09:53:19.962443  3624 raft_consensus.cc:1275] T e1be1bfe170449d88530070db4a3ae1c P 6e32b95e398c42328e818383b18c5a04 [term 1 FOLLOWER]: Refusing update from remote peer 59687ff996e140f2ac9061b30802c6ce: Log matching property violated. Preceding OpId in replica: term: 1 index: 3. Preceding OpId from leader: term: 1 index: 4. (index mismatch)
I20260608 09:53:19.965319  3545 consensus_queue.cc:1048] T e1be1bfe170449d88530070db4a3ae1c P 59687ff996e140f2ac9061b30802c6ce [LEADER]: Connected to new peer: Peer: permanent_uuid: "6e32b95e398c42328e818383b18c5a04" member_type: VOTER last_known_addr { host: "127.0.82.196" port: 40597 } attrs { promote: false }, Status: LMP_MISMATCH, Last received: 0.0, Next index: 4, Last known committed idx: 3, Time since last communication: 0.000s
I20260608 09:53:19.963097  3797 tablet_replica.cc:333] T 631957fdb1094a59bf0a4f8831cd372a P f350cf25ea4141d8ab7184d1d8a0a6fd: stopping tablet replica
I20260608 09:53:19.966835  3322 raft_consensus.cc:1275] T e5349e714e474ed185accf786dd03a8b P ba7974f678d34e0d949ce092223d0035 [term 1 FOLLOWER]: Refusing update from remote peer f350cf25ea4141d8ab7184d1d8a0a6fd: Log matching property violated. Preceding OpId in replica: term: 1 index: 3. Preceding OpId from leader: term: 1 index: 4. (index mismatch)
I20260608 09:53:19.967090  3797 raft_consensus.cc:2243] T 631957fdb1094a59bf0a4f8831cd372a P f350cf25ea4141d8ab7184d1d8a0a6fd [term 1 FOLLOWER]: Raft consensus shutting down.
I20260608 09:53:19.968001  3797 raft_consensus.cc:2272] T 631957fdb1094a59bf0a4f8831cd372a P f350cf25ea4141d8ab7184d1d8a0a6fd [term 1 FOLLOWER]: Raft consensus is shut down!
I20260608 09:53:19.963521  3473 raft_consensus.cc:1275] T e1be1bfe170449d88530070db4a3ae1c P f350cf25ea4141d8ab7184d1d8a0a6fd [term 1 FOLLOWER]: Refusing update from remote peer 59687ff996e140f2ac9061b30802c6ce: Log matching property violated. Preceding OpId in replica: term: 1 index: 3. Preceding OpId from leader: term: 1 index: 4. (index mismatch)
I20260608 09:53:19.968634  3770 consensus_queue.cc:1048] T e5349e714e474ed185accf786dd03a8b P f350cf25ea4141d8ab7184d1d8a0a6fd [LEADER]: Connected to new peer: Peer: permanent_uuid: "ba7974f678d34e0d949ce092223d0035" member_type: VOTER last_known_addr { host: "127.0.82.193" port: 34879 }, Status: LMP_MISMATCH, Last received: 0.0, Next index: 4, Last known committed idx: 3, Time since last communication: 0.000s
I20260608 09:53:19.970201  3524 consensus_queue.cc:1048] T e5349e714e474ed185accf786dd03a8b P f350cf25ea4141d8ab7184d1d8a0a6fd [LEADER]: Connected to new peer: Peer: permanent_uuid: "6e32b95e398c42328e818383b18c5a04" member_type: VOTER last_known_addr { host: "127.0.82.196" port: 40597 } attrs { promote: false }, Status: LMP_MISMATCH, Last received: 0.0, Next index: 4, Last known committed idx: 3, Time since last communication: 0.000s
I20260608 09:53:19.972162  3797 ts_tablet_manager.cc:1916] T 631957fdb1094a59bf0a4f8831cd372a P f350cf25ea4141d8ab7184d1d8a0a6fd: Deleting tablet data with delete state TABLET_DATA_TOMBSTONED
I20260608 09:53:19.979300  3770 raft_consensus.cc:2955] T e5349e714e474ed185accf786dd03a8b P f350cf25ea4141d8ab7184d1d8a0a6fd [term 1 LEADER]: Committing config change with OpId 1.4: config changed from index 3 to 4, VOTER 59687ff996e140f2ac9061b30802c6ce (127.0.82.194) evicted. New config: { opid_index: 4 OBSOLETE_local: false peers { permanent_uuid: "ba7974f678d34e0d949ce092223d0035" member_type: VOTER last_known_addr { host: "127.0.82.193" port: 34879 } } peers { permanent_uuid: "f350cf25ea4141d8ab7184d1d8a0a6fd" member_type: VOTER last_known_addr { host: "127.0.82.195" port: 33361 } } peers { permanent_uuid: "6e32b95e398c42328e818383b18c5a04" member_type: VOTER last_known_addr { host: "127.0.82.196" port: 40597 } attrs { promote: false } } }
I20260608 09:53:19.980890  3545 consensus_queue.cc:1048] T e1be1bfe170449d88530070db4a3ae1c P 59687ff996e140f2ac9061b30802c6ce [LEADER]: Connected to new peer: Peer: permanent_uuid: "f350cf25ea4141d8ab7184d1d8a0a6fd" member_type: VOTER last_known_addr { host: "127.0.82.195" port: 33361 }, Status: LMP_MISMATCH, Last received: 0.0, Next index: 4, Last known committed idx: 3, Time since last communication: 0.000s
I20260608 09:53:19.984163  3624 raft_consensus.cc:2955] T e5349e714e474ed185accf786dd03a8b P 6e32b95e398c42328e818383b18c5a04 [term 1 FOLLOWER]: Committing config change with OpId 1.4: config changed from index 3 to 4, VOTER 59687ff996e140f2ac9061b30802c6ce (127.0.82.194) evicted. New config: { opid_index: 4 OBSOLETE_local: false peers { permanent_uuid: "ba7974f678d34e0d949ce092223d0035" member_type: VOTER last_known_addr { host: "127.0.82.193" port: 34879 } } peers { permanent_uuid: "f350cf25ea4141d8ab7184d1d8a0a6fd" member_type: VOTER last_known_addr { host: "127.0.82.195" port: 33361 } } peers { permanent_uuid: "6e32b95e398c42328e818383b18c5a04" member_type: VOTER last_known_addr { host: "127.0.82.196" port: 40597 } attrs { promote: false } } }
I20260608 09:53:19.988198  3745 raft_consensus.cc:2955] T e1be1bfe170449d88530070db4a3ae1c P 59687ff996e140f2ac9061b30802c6ce [term 1 LEADER]: Committing config change with OpId 1.4: config changed from index 3 to 4, VOTER ba7974f678d34e0d949ce092223d0035 (127.0.82.193) evicted. New config: { opid_index: 4 OBSOLETE_local: false peers { permanent_uuid: "59687ff996e140f2ac9061b30802c6ce" member_type: VOTER last_known_addr { host: "127.0.82.194" port: 33027 } } peers { permanent_uuid: "f350cf25ea4141d8ab7184d1d8a0a6fd" member_type: VOTER last_known_addr { host: "127.0.82.195" port: 33361 } } peers { permanent_uuid: "6e32b95e398c42328e818383b18c5a04" member_type: VOTER last_known_addr { host: "127.0.82.196" port: 40597 } attrs { promote: false } } }
I20260608 09:53:19.997056  3204 catalog_manager.cc:5209] ChangeConfig:REMOVE_PEER RPC for tablet e5349e714e474ed185accf786dd03a8b with cas_config_opid_index 3: ChangeConfig:REMOVE_PEER succeeded (attempt 1)
I20260608 09:53:19.998117  3797 ts_tablet_manager.cc:1929] T 631957fdb1094a59bf0a4f8831cd372a P f350cf25ea4141d8ab7184d1d8a0a6fd: tablet deleted with delete type TABLET_DATA_TOMBSTONED: last-logged OpId 1.3
I20260608 09:53:19.998556  3797 log.cc:1199] T 631957fdb1094a59bf0a4f8831cd372a P f350cf25ea4141d8ab7184d1d8a0a6fd: Deleting WAL directory at /tmp/dist-test-taskYKGYPs/test-tmp/auto_rebalancer-test.0.AutoRebalancerTest.RangeAwareRebalancesNewRangeReplicas.1780912316295927-331-0/minicluster-data/ts-2-root/wals/631957fdb1094a59bf0a4f8831cd372a
I20260608 09:53:20.001111  3625 raft_consensus.cc:2955] T e1be1bfe170449d88530070db4a3ae1c P 6e32b95e398c42328e818383b18c5a04 [term 1 FOLLOWER]: Committing config change with OpId 1.4: config changed from index 3 to 4, VOTER ba7974f678d34e0d949ce092223d0035 (127.0.82.193) evicted. New config: { opid_index: 4 OBSOLETE_local: false peers { permanent_uuid: "59687ff996e140f2ac9061b30802c6ce" member_type: VOTER last_known_addr { host: "127.0.82.194" port: 33027 } } peers { permanent_uuid: "f350cf25ea4141d8ab7184d1d8a0a6fd" member_type: VOTER last_known_addr { host: "127.0.82.195" port: 33361 } } peers { permanent_uuid: "6e32b95e398c42328e818383b18c5a04" member_type: VOTER last_known_addr { host: "127.0.82.196" port: 40597 } attrs { promote: false } } }
I20260608 09:53:20.005961  3204 catalog_manager.cc:5027] TS f350cf25ea4141d8ab7184d1d8a0a6fd (127.0.82.195:33361): tablet 631957fdb1094a59bf0a4f8831cd372a (table range_aware_rebalance_new_range [id=7cc68f9f3a2f4e76a93be23652666e61]) successfully deleted
I20260608 09:53:19.990983  3473 raft_consensus.cc:2955] T e1be1bfe170449d88530070db4a3ae1c P f350cf25ea4141d8ab7184d1d8a0a6fd [term 1 FOLLOWER]: Committing config change with OpId 1.4: config changed from index 3 to 4, VOTER ba7974f678d34e0d949ce092223d0035 (127.0.82.193) evicted. New config: { opid_index: 4 OBSOLETE_local: false peers { permanent_uuid: "59687ff996e140f2ac9061b30802c6ce" member_type: VOTER last_known_addr { host: "127.0.82.194" port: 33027 } } peers { permanent_uuid: "f350cf25ea4141d8ab7184d1d8a0a6fd" member_type: VOTER last_known_addr { host: "127.0.82.195" port: 33361 } } peers { permanent_uuid: "6e32b95e398c42328e818383b18c5a04" member_type: VOTER last_known_addr { host: "127.0.82.196" port: 40597 } attrs { promote: false } } }
I20260608 09:53:19.992972  3322 raft_consensus.cc:2955] T e5349e714e474ed185accf786dd03a8b P ba7974f678d34e0d949ce092223d0035 [term 1 FOLLOWER]: Committing config change with OpId 1.4: config changed from index 3 to 4, VOTER 59687ff996e140f2ac9061b30802c6ce (127.0.82.194) evicted. New config: { opid_index: 4 OBSOLETE_local: false peers { permanent_uuid: "ba7974f678d34e0d949ce092223d0035" member_type: VOTER last_known_addr { host: "127.0.82.193" port: 34879 } } peers { permanent_uuid: "f350cf25ea4141d8ab7184d1d8a0a6fd" member_type: VOTER last_known_addr { host: "127.0.82.195" port: 33361 } } peers { permanent_uuid: "6e32b95e398c42328e818383b18c5a04" member_type: VOTER last_known_addr { host: "127.0.82.196" port: 40597 } attrs { promote: false } } }
I20260608 09:53:20.009523  3219 catalog_manager.cc:5696] T e5349e714e474ed185accf786dd03a8b P f350cf25ea4141d8ab7184d1d8a0a6fd reported cstate change: config changed from index 3 to 4, VOTER 59687ff996e140f2ac9061b30802c6ce (127.0.82.194) evicted. New cstate: current_term: 1 leader_uuid: "f350cf25ea4141d8ab7184d1d8a0a6fd" committed_config { opid_index: 4 OBSOLETE_local: false peers { permanent_uuid: "ba7974f678d34e0d949ce092223d0035" member_type: VOTER last_known_addr { host: "127.0.82.193" port: 34879 } health_report { overall_health: HEALTHY } } peers { permanent_uuid: "f350cf25ea4141d8ab7184d1d8a0a6fd" member_type: VOTER last_known_addr { host: "127.0.82.195" port: 33361 } health_report { overall_health: HEALTHY } } peers { permanent_uuid: "6e32b95e398c42328e818383b18c5a04" member_type: VOTER last_known_addr { host: "127.0.82.196" port: 40597 } attrs { promote: false } health_report { overall_health: HEALTHY } } }
I20260608 09:53:20.024966  3205 catalog_manager.cc:5209] ChangeConfig:REMOVE_PEER RPC for tablet e1be1bfe170449d88530070db4a3ae1c with cas_config_opid_index 3: ChangeConfig:REMOVE_PEER succeeded (attempt 1)
I20260608 09:53:20.030768  3386 tablet_service.cc:1558] Processing DeleteTablet for tablet e5349e714e474ed185accf786dd03a8b with delete_type TABLET_DATA_TOMBSTONED (TS 59687ff996e140f2ac9061b30802c6ce not found in new config with opid_index 4) from {username='slave'} at 127.0.0.1:57926
I20260608 09:53:20.037535  3217 catalog_manager.cc:5696] T e1be1bfe170449d88530070db4a3ae1c P 6e32b95e398c42328e818383b18c5a04 reported cstate change: config changed from index 3 to 4, VOTER ba7974f678d34e0d949ce092223d0035 (127.0.82.193) evicted. New cstate: current_term: 1 leader_uuid: "59687ff996e140f2ac9061b30802c6ce" committed_config { opid_index: 4 OBSOLETE_local: false peers { permanent_uuid: "59687ff996e140f2ac9061b30802c6ce" member_type: VOTER last_known_addr { host: "127.0.82.194" port: 33027 } } peers { permanent_uuid: "f350cf25ea4141d8ab7184d1d8a0a6fd" member_type: VOTER last_known_addr { host: "127.0.82.195" port: 33361 } } peers { permanent_uuid: "6e32b95e398c42328e818383b18c5a04" member_type: VOTER last_known_addr { host: "127.0.82.196" port: 40597 } attrs { promote: false } } }
I20260608 09:53:20.040035  3798 tablet_replica.cc:333] T e5349e714e474ed185accf786dd03a8b P 59687ff996e140f2ac9061b30802c6ce: stopping tablet replica
I20260608 09:53:20.041015  3798 raft_consensus.cc:2243] T e5349e714e474ed185accf786dd03a8b P 59687ff996e140f2ac9061b30802c6ce [term 1 FOLLOWER]: Raft consensus shutting down.
I20260608 09:53:20.041771  3798 raft_consensus.cc:2272] T e5349e714e474ed185accf786dd03a8b P 59687ff996e140f2ac9061b30802c6ce [term 1 FOLLOWER]: Raft consensus is shut down!
I20260608 09:53:20.045912  3798 ts_tablet_manager.cc:1916] T e5349e714e474ed185accf786dd03a8b P 59687ff996e140f2ac9061b30802c6ce: Deleting tablet data with delete state TABLET_DATA_TOMBSTONED
I20260608 09:53:20.055480  3306 tablet_service.cc:1558] Processing DeleteTablet for tablet e1be1bfe170449d88530070db4a3ae1c with delete_type TABLET_DATA_TOMBSTONED (TS ba7974f678d34e0d949ce092223d0035 not found in new config with opid_index 4) from {username='slave'} at 127.0.0.1:52700
I20260608 09:53:20.056493  3789 tablet_replica.cc:333] T e1be1bfe170449d88530070db4a3ae1c P ba7974f678d34e0d949ce092223d0035: stopping tablet replica
I20260608 09:53:20.057286  3789 raft_consensus.cc:2243] T e1be1bfe170449d88530070db4a3ae1c P ba7974f678d34e0d949ce092223d0035 [term 1 FOLLOWER]: Raft consensus shutting down.
I20260608 09:53:20.058070  3789 raft_consensus.cc:2272] T e1be1bfe170449d88530070db4a3ae1c P ba7974f678d34e0d949ce092223d0035 [term 1 FOLLOWER]: Raft consensus is shut down!
I20260608 09:53:20.062788  3789 ts_tablet_manager.cc:1916] T e1be1bfe170449d88530070db4a3ae1c P ba7974f678d34e0d949ce092223d0035: Deleting tablet data with delete state TABLET_DATA_TOMBSTONED
I20260608 09:53:20.069919  3798 ts_tablet_manager.cc:1929] T e5349e714e474ed185accf786dd03a8b P 59687ff996e140f2ac9061b30802c6ce: tablet deleted with delete type TABLET_DATA_TOMBSTONED: last-logged OpId 1.3
I20260608 09:53:20.070456  3798 log.cc:1199] T e5349e714e474ed185accf786dd03a8b P 59687ff996e140f2ac9061b30802c6ce: Deleting WAL directory at /tmp/dist-test-taskYKGYPs/test-tmp/auto_rebalancer-test.0.AutoRebalancerTest.RangeAwareRebalancesNewRangeReplicas.1780912316295927-331-0/minicluster-data/ts-1-root/wals/e5349e714e474ed185accf786dd03a8b
I20260608 09:53:20.072034  3205 catalog_manager.cc:5027] TS 59687ff996e140f2ac9061b30802c6ce (127.0.82.194:33027): tablet e5349e714e474ed185accf786dd03a8b (table range_aware_rebalance_new_range [id=7cc68f9f3a2f4e76a93be23652666e61]) successfully deleted
I20260608 09:53:20.076591  3789 ts_tablet_manager.cc:1929] T e1be1bfe170449d88530070db4a3ae1c P ba7974f678d34e0d949ce092223d0035: tablet deleted with delete type TABLET_DATA_TOMBSTONED: last-logged OpId 1.3
I20260608 09:53:20.077100  3789 log.cc:1199] T e1be1bfe170449d88530070db4a3ae1c P ba7974f678d34e0d949ce092223d0035: Deleting WAL directory at /tmp/dist-test-taskYKGYPs/test-tmp/auto_rebalancer-test.0.AutoRebalancerTest.RangeAwareRebalancesNewRangeReplicas.1780912316295927-331-0/minicluster-data/ts-0-root/wals/e1be1bfe170449d88530070db4a3ae1c
I20260608 09:53:20.078773  3207 catalog_manager.cc:5027] TS ba7974f678d34e0d949ce092223d0035 (127.0.82.193:34879): tablet e1be1bfe170449d88530070db4a3ae1c (table range_aware_rebalance_new_range [id=7cc68f9f3a2f4e76a93be23652666e61]) successfully deleted
I20260608 09:53:20.080091  3322 tablet_service.cc:2072] Received LeaderStepDown RPC: tablet_id: "2d9ce2ef0f944f61ae3d44cca4f12a1d"
dest_uuid: "ba7974f678d34e0d949ce092223d0035"
mode: GRACEFUL
new_leader_uuid: "6e32b95e398c42328e818383b18c5a04"
 from {username='slave'} at 127.0.0.1:52740
