I20260608 09:52:07.931742 14807 catalog_manager.cc:5696] T d770740ccd574693bc66d23dfaa5ffbf P 840245a5083b4ba095df88e5df4e966e reported cstate change: term changed from 0 to 1, leader changed from <none> to 840245a5083b4ba095df88e5df4e966e (127.13.51.194). New cstate: current_term: 1 leader_uuid: "840245a5083b4ba095df88e5df4e966e" committed_config { opid_index: -1 OBSOLETE_local: true peers { permanent_uuid: "840245a5083b4ba095df88e5df4e966e" member_type: VOTER last_known_addr { host: "127.13.51.194" port: 33903 } health_report { overall_health: HEALTHY } } }
I20260608 09:52:07.961357 15167 leader_election.cc:290] T b87ae8e7adc0406f8dfa9781b9b0179e P c2805e6444fa45d0b87c364a3c53b5d0 [CANDIDATE]: Term 1 election: Requested vote from peers 
I20260608 09:52:07.961851 15179 raft_consensus.cc:2804] T b87ae8e7adc0406f8dfa9781b9b0179e P c2805e6444fa45d0b87c364a3c53b5d0 [term 1 FOLLOWER]: Leader election won for term 1
I20260608 09:52:07.976631 15179 raft_consensus.cc:697] T b87ae8e7adc0406f8dfa9781b9b0179e P c2805e6444fa45d0b87c364a3c53b5d0 [term 1 LEADER]: Becoming Leader. State: Replica: c2805e6444fa45d0b87c364a3c53b5d0, State: Running, Role: LEADER
I20260608 09:52:07.978170 15179 consensus_queue.cc:237] T b87ae8e7adc0406f8dfa9781b9b0179e P c2805e6444fa45d0b87c364a3c53b5d0 [LEADER]: Queue going to LEADER mode. State: All replicated index: 0, Majority replicated index: 0, Committed index: 0, Last appended: 0.0, Last appended by leader: 0, Current term: 1, Majority size: 1, State: 0, Mode: LEADER, active raft config: opid_index: -1 OBSOLETE_local: true peers { permanent_uuid: "c2805e6444fa45d0b87c364a3c53b5d0" member_type: VOTER last_known_addr { host: "127.13.51.195" port: 37919 } }
I20260608 09:52:08.002764 15167 ts_tablet_manager.cc:1434] T b87ae8e7adc0406f8dfa9781b9b0179e P c2805e6444fa45d0b87c364a3c53b5d0: Time spent starting tablet: real 0.120s	user 0.048s	sys 0.065s
I20260608 09:52:08.025995 14806 catalog_manager.cc:5696] T b87ae8e7adc0406f8dfa9781b9b0179e P c2805e6444fa45d0b87c364a3c53b5d0 reported cstate change: term changed from 0 to 1, leader changed from <none> to c2805e6444fa45d0b87c364a3c53b5d0 (127.13.51.195). New cstate: current_term: 1 leader_uuid: "c2805e6444fa45d0b87c364a3c53b5d0" committed_config { opid_index: -1 OBSOLETE_local: true peers { permanent_uuid: "c2805e6444fa45d0b87c364a3c53b5d0" member_type: VOTER last_known_addr { host: "127.13.51.195" port: 37919 } health_report { overall_health: HEALTHY } } }
I20260608 09:52:08.076913 13519 master.cc:562] Master@127.13.51.252:40479 shutting down...
I20260608 09:52:08.097002 13519 raft_consensus.cc:2243] T 00000000000000000000000000000000 P f3f2165105ed4cb1957a5ba101c0a89e [term 1 LEADER]: Raft consensus shutting down.
I20260608 09:52:08.098091 13519 raft_consensus.cc:2272] T 00000000000000000000000000000000 P f3f2165105ed4cb1957a5ba101c0a89e [term 1 FOLLOWER]: Raft consensus is shut down!
I20260608 09:52:08.098451 13519 tablet_replica.cc:333] T 00000000000000000000000000000000 P f3f2165105ed4cb1957a5ba101c0a89e: stopping tablet replica
I20260608 09:52:08.114279 13519 master.cc:584] Master@127.13.51.252:40479 shutdown complete.
W20260608 09:52:09.029100 15049 heartbeater.cc:646] Failed to heartbeat to 127.13.51.252:40479 (0 consecutive failures): Network error: Failed to send heartbeat to master: Client connection negotiation failed: client connection to 127.13.51.252:40479: connect: Connection refused (error 111)
I20260608 09:52:09.571558 15188 raft_consensus.cc:493] T 00000000000000000000000000000000 P ad97f748c22346df99914b055176fef6 [term 1 FOLLOWER]: Starting pre-election (detected failure of leader f3f2165105ed4cb1957a5ba101c0a89e)
I20260608 09:52:09.571645 15189 raft_consensus.cc:493] T 00000000000000000000000000000000 P d9e2ea8a23b345ec825a56abfd2a4b5a [term 1 FOLLOWER]: Starting pre-election (detected failure of leader f3f2165105ed4cb1957a5ba101c0a89e)
I20260608 09:52:09.572333 15188 raft_consensus.cc:515] T 00000000000000000000000000000000 P ad97f748c22346df99914b055176fef6 [term 1 FOLLOWER]: Starting pre-election with config: opid_index: -1 OBSOLETE_local: false peers { permanent_uuid: "d9e2ea8a23b345ec825a56abfd2a4b5a" member_type: VOTER last_known_addr { host: "127.13.51.254" port: 34023 } } peers { permanent_uuid: "ad97f748c22346df99914b055176fef6" member_type: VOTER last_known_addr { host: "127.13.51.253" port: 38701 } } peers { permanent_uuid: "f3f2165105ed4cb1957a5ba101c0a89e" member_type: VOTER last_known_addr { host: "127.13.51.252" port: 40479 } }
I20260608 09:52:09.572451 15189 raft_consensus.cc:515] T 00000000000000000000000000000000 P d9e2ea8a23b345ec825a56abfd2a4b5a [term 1 FOLLOWER]: Starting pre-election with config: opid_index: -1 OBSOLETE_local: false peers { permanent_uuid: "d9e2ea8a23b345ec825a56abfd2a4b5a" member_type: VOTER last_known_addr { host: "127.13.51.254" port: 34023 } } peers { permanent_uuid: "ad97f748c22346df99914b055176fef6" member_type: VOTER last_known_addr { host: "127.13.51.253" port: 38701 } } peers { permanent_uuid: "f3f2165105ed4cb1957a5ba101c0a89e" member_type: VOTER last_known_addr { host: "127.13.51.252" port: 40479 } }
I20260608 09:52:09.574710 15188 leader_election.cc:290] T 00000000000000000000000000000000 P ad97f748c22346df99914b055176fef6 [CANDIDATE]: Term 2 pre-election: Requested pre-vote from peers d9e2ea8a23b345ec825a56abfd2a4b5a (127.13.51.254:34023), f3f2165105ed4cb1957a5ba101c0a89e (127.13.51.252:40479)
I20260608 09:52:09.574889 15189 leader_election.cc:290] T 00000000000000000000000000000000 P d9e2ea8a23b345ec825a56abfd2a4b5a [CANDIDATE]: Term 2 pre-election: Requested pre-vote from peers ad97f748c22346df99914b055176fef6 (127.13.51.253:38701), f3f2165105ed4cb1957a5ba101c0a89e (127.13.51.252:40479)
I20260608 09:52:09.576484 14688 tablet_service.cc:1917] Received RequestConsensusVote() RPC: tablet_id: "00000000000000000000000000000000" candidate_uuid: "ad97f748c22346df99914b055176fef6" candidate_term: 2 candidate_status { last_received { term: 1 index: 10 } } ignore_live_leader: false dest_uuid: "d9e2ea8a23b345ec825a56abfd2a4b5a" is_pre_election: true
I20260608 09:52:09.577620 14688 raft_consensus.cc:2468] T 00000000000000000000000000000000 P d9e2ea8a23b345ec825a56abfd2a4b5a [term 1 FOLLOWER]: Leader pre-election vote request: Granting yes vote for candidate ad97f748c22346df99914b055176fef6 in term 1.
I20260608 09:52:09.578989 14752 tablet_service.cc:1917] Received RequestConsensusVote() RPC: tablet_id: "00000000000000000000000000000000" candidate_uuid: "d9e2ea8a23b345ec825a56abfd2a4b5a" candidate_term: 2 candidate_status { last_received { term: 1 index: 10 } } ignore_live_leader: false dest_uuid: "ad97f748c22346df99914b055176fef6" is_pre_election: true
I20260608 09:52:09.579905 14752 raft_consensus.cc:2468] T 00000000000000000000000000000000 P ad97f748c22346df99914b055176fef6 [term 1 FOLLOWER]: Leader pre-election vote request: Granting yes vote for candidate d9e2ea8a23b345ec825a56abfd2a4b5a in term 1.
I20260608 09:52:09.580260 14727 leader_election.cc:304] T 00000000000000000000000000000000 P ad97f748c22346df99914b055176fef6 [CANDIDATE]: Term 2 pre-election: Election decided. Result: candidate won. Election summary: received 2 responses out of 3 voters: 2 yes votes; 0 no votes. yes voters: ad97f748c22346df99914b055176fef6, d9e2ea8a23b345ec825a56abfd2a4b5a; no voters: 
I20260608 09:52:09.581756 15188 raft_consensus.cc:2804] T 00000000000000000000000000000000 P ad97f748c22346df99914b055176fef6 [term 1 FOLLOWER]: Leader pre-election won for term 2
I20260608 09:52:09.582384 15188 raft_consensus.cc:493] T 00000000000000000000000000000000 P ad97f748c22346df99914b055176fef6 [term 1 FOLLOWER]: Starting leader election (detected failure of leader f3f2165105ed4cb1957a5ba101c0a89e)
I20260608 09:52:09.582743 14663 leader_election.cc:304] T 00000000000000000000000000000000 P d9e2ea8a23b345ec825a56abfd2a4b5a [CANDIDATE]: Term 2 pre-election: Election decided. Result: candidate won. Election summary: received 2 responses out of 3 voters: 2 yes votes; 0 no votes. yes voters: ad97f748c22346df99914b055176fef6, d9e2ea8a23b345ec825a56abfd2a4b5a; no voters: 
I20260608 09:52:09.582922 15188 raft_consensus.cc:3060] T 00000000000000000000000000000000 P ad97f748c22346df99914b055176fef6 [term 1 FOLLOWER]: Advancing to term 2
I20260608 09:52:09.584551 15189 raft_consensus.cc:2804] T 00000000000000000000000000000000 P d9e2ea8a23b345ec825a56abfd2a4b5a [term 1 FOLLOWER]: Leader pre-election won for term 2
I20260608 09:52:09.584982 15189 raft_consensus.cc:493] T 00000000000000000000000000000000 P d9e2ea8a23b345ec825a56abfd2a4b5a [term 1 FOLLOWER]: Starting leader election (detected failure of leader f3f2165105ed4cb1957a5ba101c0a89e)
I20260608 09:52:09.585481 15189 raft_consensus.cc:3060] T 00000000000000000000000000000000 P d9e2ea8a23b345ec825a56abfd2a4b5a [term 1 FOLLOWER]: Advancing to term 2
W20260608 09:52:09.585738 14728 leader_election.cc:336] T 00000000000000000000000000000000 P ad97f748c22346df99914b055176fef6 [CANDIDATE]: Term 2 pre-election: RPC error from VoteRequest() call to peer f3f2165105ed4cb1957a5ba101c0a89e (127.13.51.252:40479): Network error: Client connection negotiation failed: client connection to 127.13.51.252:40479: connect: Connection refused (error 111)
W20260608 09:52:09.588481 14661 leader_election.cc:336] T 00000000000000000000000000000000 P d9e2ea8a23b345ec825a56abfd2a4b5a [CANDIDATE]: Term 2 pre-election: RPC error from VoteRequest() call to peer f3f2165105ed4cb1957a5ba101c0a89e (127.13.51.252:40479): Network error: Client connection negotiation failed: client connection to 127.13.51.252:40479: connect: Connection refused (error 111)
I20260608 09:52:09.591974 15188 raft_consensus.cc:515] T 00000000000000000000000000000000 P ad97f748c22346df99914b055176fef6 [term 2 FOLLOWER]: Starting leader election with config: opid_index: -1 OBSOLETE_local: false peers { permanent_uuid: "d9e2ea8a23b345ec825a56abfd2a4b5a" member_type: VOTER last_known_addr { host: "127.13.51.254" port: 34023 } } peers { permanent_uuid: "ad97f748c22346df99914b055176fef6" member_type: VOTER last_known_addr { host: "127.13.51.253" port: 38701 } } peers { permanent_uuid: "f3f2165105ed4cb1957a5ba101c0a89e" member_type: VOTER last_known_addr { host: "127.13.51.252" port: 40479 } }
I20260608 09:52:09.592424 15189 raft_consensus.cc:515] T 00000000000000000000000000000000 P d9e2ea8a23b345ec825a56abfd2a4b5a [term 2 FOLLOWER]: Starting leader election with config: opid_index: -1 OBSOLETE_local: false peers { permanent_uuid: "d9e2ea8a23b345ec825a56abfd2a4b5a" member_type: VOTER last_known_addr { host: "127.13.51.254" port: 34023 } } peers { permanent_uuid: "ad97f748c22346df99914b055176fef6" member_type: VOTER last_known_addr { host: "127.13.51.253" port: 38701 } } peers { permanent_uuid: "f3f2165105ed4cb1957a5ba101c0a89e" member_type: VOTER last_known_addr { host: "127.13.51.252" port: 40479 } }
I20260608 09:52:09.594657 15189 leader_election.cc:290] T 00000000000000000000000000000000 P d9e2ea8a23b345ec825a56abfd2a4b5a [CANDIDATE]: Term 2 election: Requested vote from peers ad97f748c22346df99914b055176fef6 (127.13.51.253:38701), f3f2165105ed4cb1957a5ba101c0a89e (127.13.51.252:40479)
I20260608 09:52:09.595434 15188 leader_election.cc:290] T 00000000000000000000000000000000 P ad97f748c22346df99914b055176fef6 [CANDIDATE]: Term 2 election: Requested vote from peers d9e2ea8a23b345ec825a56abfd2a4b5a (127.13.51.254:34023), f3f2165105ed4cb1957a5ba101c0a89e (127.13.51.252:40479)
I20260608 09:52:09.595758 14752 tablet_service.cc:1917] Received RequestConsensusVote() RPC: tablet_id: "00000000000000000000000000000000" candidate_uuid: "d9e2ea8a23b345ec825a56abfd2a4b5a" candidate_term: 2 candidate_status { last_received { term: 1 index: 10 } } ignore_live_leader: false dest_uuid: "ad97f748c22346df99914b055176fef6"
I20260608 09:52:09.595767 14688 tablet_service.cc:1917] Received RequestConsensusVote() RPC: tablet_id: "00000000000000000000000000000000" candidate_uuid: "ad97f748c22346df99914b055176fef6" candidate_term: 2 candidate_status { last_received { term: 1 index: 10 } } ignore_live_leader: false dest_uuid: "d9e2ea8a23b345ec825a56abfd2a4b5a"
I20260608 09:52:09.597116 14752 raft_consensus.cc:2393] T 00000000000000000000000000000000 P ad97f748c22346df99914b055176fef6 [term 2 FOLLOWER]: Leader election vote request: Denying vote to candidate d9e2ea8a23b345ec825a56abfd2a4b5a in current term 2: Already voted for candidate ad97f748c22346df99914b055176fef6 in this term.
I20260608 09:52:09.597304 14688 raft_consensus.cc:2393] T 00000000000000000000000000000000 P d9e2ea8a23b345ec825a56abfd2a4b5a [term 2 FOLLOWER]: Leader election vote request: Denying vote to candidate ad97f748c22346df99914b055176fef6 in current term 2: Already voted for candidate d9e2ea8a23b345ec825a56abfd2a4b5a in this term.
W20260608 09:52:09.601647 14728 leader_election.cc:336] T 00000000000000000000000000000000 P ad97f748c22346df99914b055176fef6 [CANDIDATE]: Term 2 election: RPC error from VoteRequest() call to peer f3f2165105ed4cb1957a5ba101c0a89e (127.13.51.252:40479): Network error: Client connection negotiation failed: client connection to 127.13.51.252:40479: connect: Connection refused (error 111)
W20260608 09:52:09.602059 14661 leader_election.cc:336] T 00000000000000000000000000000000 P d9e2ea8a23b345ec825a56abfd2a4b5a [CANDIDATE]: Term 2 election: RPC error from VoteRequest() call to peer f3f2165105ed4cb1957a5ba101c0a89e (127.13.51.252:40479): Network error: Client connection negotiation failed: client connection to 127.13.51.252:40479: connect: Connection refused (error 111)
I20260608 09:52:09.602258 14728 leader_election.cc:304] T 00000000000000000000000000000000 P ad97f748c22346df99914b055176fef6 [CANDIDATE]: Term 2 election: Election decided. Result: candidate lost. Election summary: received 3 responses out of 3 voters: 1 yes votes; 2 no votes. yes voters: ad97f748c22346df99914b055176fef6; no voters: d9e2ea8a23b345ec825a56abfd2a4b5a, f3f2165105ed4cb1957a5ba101c0a89e
I20260608 09:52:09.602624 14661 leader_election.cc:304] T 00000000000000000000000000000000 P d9e2ea8a23b345ec825a56abfd2a4b5a [CANDIDATE]: Term 2 election: Election decided. Result: candidate lost. Election summary: received 3 responses out of 3 voters: 1 yes votes; 2 no votes. yes voters: d9e2ea8a23b345ec825a56abfd2a4b5a; no voters: ad97f748c22346df99914b055176fef6, f3f2165105ed4cb1957a5ba101c0a89e
I20260608 09:52:09.603152 15188 raft_consensus.cc:2749] T 00000000000000000000000000000000 P ad97f748c22346df99914b055176fef6 [term 2 FOLLOWER]: Leader election lost for term 2. Reason: could not achieve majority
I20260608 09:52:09.603550 15189 raft_consensus.cc:2749] T 00000000000000000000000000000000 P d9e2ea8a23b345ec825a56abfd2a4b5a [term 2 FOLLOWER]: Leader election lost for term 2. Reason: could not achieve majority
I20260608 09:52:11.285207 15202 raft_consensus.cc:493] T 00000000000000000000000000000000 P ad97f748c22346df99914b055176fef6 [term 2 FOLLOWER]: Starting pre-election (no leader contacted us within the election timeout)
I20260608 09:52:11.286204 15202 raft_consensus.cc:515] T 00000000000000000000000000000000 P ad97f748c22346df99914b055176fef6 [term 2 FOLLOWER]: Starting pre-election with config: opid_index: -1 OBSOLETE_local: false peers { permanent_uuid: "d9e2ea8a23b345ec825a56abfd2a4b5a" member_type: VOTER last_known_addr { host: "127.13.51.254" port: 34023 } } peers { permanent_uuid: "ad97f748c22346df99914b055176fef6" member_type: VOTER last_known_addr { host: "127.13.51.253" port: 38701 } } peers { permanent_uuid: "f3f2165105ed4cb1957a5ba101c0a89e" member_type: VOTER last_known_addr { host: "127.13.51.252" port: 40479 } }
I20260608 09:52:11.288507 15202 leader_election.cc:290] T 00000000000000000000000000000000 P ad97f748c22346df99914b055176fef6 [CANDIDATE]: Term 3 pre-election: Requested pre-vote from peers d9e2ea8a23b345ec825a56abfd2a4b5a (127.13.51.254:34023), f3f2165105ed4cb1957a5ba101c0a89e (127.13.51.252:40479)
I20260608 09:52:11.290611 14688 tablet_service.cc:1917] Received RequestConsensusVote() RPC: tablet_id: "00000000000000000000000000000000" candidate_uuid: "ad97f748c22346df99914b055176fef6" candidate_term: 3 candidate_status { last_received { term: 1 index: 10 } } ignore_live_leader: false dest_uuid: "d9e2ea8a23b345ec825a56abfd2a4b5a" is_pre_election: true
I20260608 09:52:11.292058 14688 raft_consensus.cc:2468] T 00000000000000000000000000000000 P d9e2ea8a23b345ec825a56abfd2a4b5a [term 2 FOLLOWER]: Leader pre-election vote request: Granting yes vote for candidate ad97f748c22346df99914b055176fef6 in term 2.
W20260608 09:52:11.293886 14728 proxy.cc:239] Call had error, refreshing address and retrying: Network error: Client connection negotiation failed: client connection to 127.13.51.252:40479: connect: Connection refused (error 111) [suppressed 12 similar messages]
I20260608 09:52:11.294096 14727 leader_election.cc:304] T 00000000000000000000000000000000 P ad97f748c22346df99914b055176fef6 [CANDIDATE]: Term 3 pre-election: Election decided. Result: candidate won. Election summary: received 2 responses out of 3 voters: 2 yes votes; 0 no votes. yes voters: ad97f748c22346df99914b055176fef6, d9e2ea8a23b345ec825a56abfd2a4b5a; no voters: 
I20260608 09:52:11.295178 15202 raft_consensus.cc:2804] T 00000000000000000000000000000000 P ad97f748c22346df99914b055176fef6 [term 2 FOLLOWER]: Leader pre-election won for term 3
I20260608 09:52:11.295689 15202 raft_consensus.cc:493] T 00000000000000000000000000000000 P ad97f748c22346df99914b055176fef6 [term 2 FOLLOWER]: Starting leader election (no leader contacted us within the election timeout)
I20260608 09:52:11.296145 15202 raft_consensus.cc:3060] T 00000000000000000000000000000000 P ad97f748c22346df99914b055176fef6 [term 2 FOLLOWER]: Advancing to term 3
W20260608 09:52:11.299437 14728 leader_election.cc:336] T 00000000000000000000000000000000 P ad97f748c22346df99914b055176fef6 [CANDIDATE]: Term 3 pre-election: RPC error from VoteRequest() call to peer f3f2165105ed4cb1957a5ba101c0a89e (127.13.51.252:40479): Network error: Client connection negotiation failed: client connection to 127.13.51.252:40479: connect: Connection refused (error 111)
I20260608 09:52:11.304109 15202 raft_consensus.cc:515] T 00000000000000000000000000000000 P ad97f748c22346df99914b055176fef6 [term 3 FOLLOWER]: Starting leader election with config: opid_index: -1 OBSOLETE_local: false peers { permanent_uuid: "d9e2ea8a23b345ec825a56abfd2a4b5a" member_type: VOTER last_known_addr { host: "127.13.51.254" port: 34023 } } peers { permanent_uuid: "ad97f748c22346df99914b055176fef6" member_type: VOTER last_known_addr { host: "127.13.51.253" port: 38701 } } peers { permanent_uuid: "f3f2165105ed4cb1957a5ba101c0a89e" member_type: VOTER last_known_addr { host: "127.13.51.252" port: 40479 } }
I20260608 09:52:11.306583 15202 leader_election.cc:290] T 00000000000000000000000000000000 P ad97f748c22346df99914b055176fef6 [CANDIDATE]: Term 3 election: Requested vote from peers d9e2ea8a23b345ec825a56abfd2a4b5a (127.13.51.254:34023), f3f2165105ed4cb1957a5ba101c0a89e (127.13.51.252:40479)
I20260608 09:52:11.307667 14688 tablet_service.cc:1917] Received RequestConsensusVote() RPC: tablet_id: "00000000000000000000000000000000" candidate_uuid: "ad97f748c22346df99914b055176fef6" candidate_term: 3 candidate_status { last_received { term: 1 index: 10 } } ignore_live_leader: false dest_uuid: "d9e2ea8a23b345ec825a56abfd2a4b5a"
I20260608 09:52:11.308282 14688 raft_consensus.cc:3060] T 00000000000000000000000000000000 P d9e2ea8a23b345ec825a56abfd2a4b5a [term 2 FOLLOWER]: Advancing to term 3
W20260608 09:52:11.311506 14728 leader_election.cc:336] T 00000000000000000000000000000000 P ad97f748c22346df99914b055176fef6 [CANDIDATE]: Term 3 election: RPC error from VoteRequest() call to peer f3f2165105ed4cb1957a5ba101c0a89e (127.13.51.252:40479): Network error: Client connection negotiation failed: client connection to 127.13.51.252:40479: connect: Connection refused (error 111)
I20260608 09:52:11.315100 14688 raft_consensus.cc:2468] T 00000000000000000000000000000000 P d9e2ea8a23b345ec825a56abfd2a4b5a [term 3 FOLLOWER]: Leader election vote request: Granting yes vote for candidate ad97f748c22346df99914b055176fef6 in term 3.
I20260608 09:52:11.316675 14727 leader_election.cc:304] T 00000000000000000000000000000000 P ad97f748c22346df99914b055176fef6 [CANDIDATE]: Term 3 election: Election decided. Result: candidate won. Election summary: received 3 responses out of 3 voters: 2 yes votes; 1 no votes. yes voters: ad97f748c22346df99914b055176fef6, d9e2ea8a23b345ec825a56abfd2a4b5a; no voters: f3f2165105ed4cb1957a5ba101c0a89e
I20260608 09:52:11.317592 15202 raft_consensus.cc:2804] T 00000000000000000000000000000000 P ad97f748c22346df99914b055176fef6 [term 3 FOLLOWER]: Leader election won for term 3
I20260608 09:52:11.318984 15202 raft_consensus.cc:697] T 00000000000000000000000000000000 P ad97f748c22346df99914b055176fef6 [term 3 LEADER]: Becoming Leader. State: Replica: ad97f748c22346df99914b055176fef6, State: Running, Role: LEADER
I20260608 09:52:11.319940 15202 consensus_queue.cc:237] T 00000000000000000000000000000000 P ad97f748c22346df99914b055176fef6 [LEADER]: Queue going to LEADER mode. State: All replicated index: 0, Majority replicated index: 10, Committed index: 10, Last appended: 1.10, Last appended by leader: 10, Current term: 3, Majority size: 2, State: 0, Mode: LEADER, active raft config: opid_index: -1 OBSOLETE_local: false peers { permanent_uuid: "d9e2ea8a23b345ec825a56abfd2a4b5a" member_type: VOTER last_known_addr { host: "127.13.51.254" port: 34023 } } peers { permanent_uuid: "ad97f748c22346df99914b055176fef6" member_type: VOTER last_known_addr { host: "127.13.51.253" port: 38701 } } peers { permanent_uuid: "f3f2165105ed4cb1957a5ba101c0a89e" member_type: VOTER last_known_addr { host: "127.13.51.252" port: 40479 } }
I20260608 09:52:11.325176 15205 sys_catalog.cc:455] T 00000000000000000000000000000000 P ad97f748c22346df99914b055176fef6 [sys.catalog]: SysCatalogTable state changed. Reason: New leader ad97f748c22346df99914b055176fef6. Latest consensus state: current_term: 3 leader_uuid: "ad97f748c22346df99914b055176fef6" committed_config { opid_index: -1 OBSOLETE_local: false peers { permanent_uuid: "d9e2ea8a23b345ec825a56abfd2a4b5a" member_type: VOTER last_known_addr { host: "127.13.51.254" port: 34023 } } peers { permanent_uuid: "ad97f748c22346df99914b055176fef6" member_type: VOTER last_known_addr { host: "127.13.51.253" port: 38701 } } peers { permanent_uuid: "f3f2165105ed4cb1957a5ba101c0a89e" member_type: VOTER last_known_addr { host: "127.13.51.252" port: 40479 } } }
I20260608 09:52:11.326372 15205 sys_catalog.cc:458] T 00000000000000000000000000000000 P ad97f748c22346df99914b055176fef6 [sys.catalog]: This master's current role is: LEADER
I20260608 09:52:11.328435 15207 catalog_manager.cc:1510] Loading table and tablet metadata into memory...
I20260608 09:52:11.335978 15207 catalog_manager.cc:679] Loaded metadata for table test-workload [id=59862933841e49469d5c6df94c576b1e]
I20260608 09:52:11.341863 15207 tablet_loader.cc:96] loaded metadata for tablet 04985d30a12e4b2ca23f8b52cf9dc083 (table test-workload [id=59862933841e49469d5c6df94c576b1e])
I20260608 09:52:11.343163 15207 tablet_loader.cc:96] loaded metadata for tablet b87ae8e7adc0406f8dfa9781b9b0179e (table test-workload [id=59862933841e49469d5c6df94c576b1e])
I20260608 09:52:11.344269 15207 tablet_loader.cc:96] loaded metadata for tablet d770740ccd574693bc66d23dfaa5ffbf (table test-workload [id=59862933841e49469d5c6df94c576b1e])
I20260608 09:52:11.345374 15207 catalog_manager.cc:1519] Initializing Kudu cluster ID...
I20260608 09:52:11.349277 15207 catalog_manager.cc:1294] Loaded cluster ID: 05312697c1984122913927f0c47d2e20
I20260608 09:52:11.349638 15207 catalog_manager.cc:1530] Initializing Kudu internal certificate authority...
I20260608 09:52:11.354185 15207 catalog_manager.cc:1539] Loading token signing keys...
I20260608 09:52:11.358044 15207 catalog_manager.cc:6080] T 00000000000000000000000000000000 P ad97f748c22346df99914b055176fef6: Loaded TSK: 0
I20260608 09:52:11.359356 15207 catalog_manager.cc:1549] Initializing in-progress tserver states...
I20260608 09:52:11.568904 14884 auto_leader_rebalancer.cc:140] leader rebalance for table test-workload
I20260608 09:52:11.569512 14884 auto_leader_rebalancer.cc:451] All tables' leader rebalancing finished this round
I20260608 09:52:11.649112 13519 tablet_server.cc:179] TabletServer@127.13.51.193:0 shutting down...
I20260608 09:52:11.682087 13519 ts_tablet_manager.cc:1507] Shutting down tablet manager...
I20260608 09:52:11.683132 13519 tablet_replica.cc:333] T 04985d30a12e4b2ca23f8b52cf9dc083 P bc202b1bf6584598be48499c4356e481: stopping tablet replica
I20260608 09:52:11.684016 13519 raft_consensus.cc:2243] T 04985d30a12e4b2ca23f8b52cf9dc083 P bc202b1bf6584598be48499c4356e481 [term 1 LEADER]: Raft consensus shutting down.
I20260608 09:52:11.684722 13519 raft_consensus.cc:2272] T 04985d30a12e4b2ca23f8b52cf9dc083 P bc202b1bf6584598be48499c4356e481 [term 1 FOLLOWER]: Raft consensus is shut down!
I20260608 09:52:11.706736 13519 tablet_server.cc:196] TabletServer@127.13.51.193:0 shutdown complete.
I20260608 09:52:11.720129 13519 tablet_server.cc:179] TabletServer@127.13.51.194:0 shutting down...
I20260608 09:52:11.751370 13519 ts_tablet_manager.cc:1507] Shutting down tablet manager...
I20260608 09:52:11.752306 13519 tablet_replica.cc:333] T d770740ccd574693bc66d23dfaa5ffbf P 840245a5083b4ba095df88e5df4e966e: stopping tablet replica
I20260608 09:52:11.752903 13519 raft_consensus.cc:2243] T d770740ccd574693bc66d23dfaa5ffbf P 840245a5083b4ba095df88e5df4e966e [term 1 LEADER]: Raft consensus shutting down.
I20260608 09:52:11.753525 13519 raft_consensus.cc:2272] T d770740ccd574693bc66d23dfaa5ffbf P 840245a5083b4ba095df88e5df4e966e [term 1 FOLLOWER]: Raft consensus is shut down!
I20260608 09:52:11.775349 13519 tablet_server.cc:196] TabletServer@127.13.51.194:0 shutdown complete.
I20260608 09:52:11.779662 14688 raft_consensus.cc:1275] T 00000000000000000000000000000000 P d9e2ea8a23b345ec825a56abfd2a4b5a [term 3 FOLLOWER]: Refusing update from remote peer ad97f748c22346df99914b055176fef6: Log matching property violated. Preceding OpId in replica: term: 1 index: 10. Preceding OpId from leader: term: 3 index: 11. (index mismatch)
I20260608 09:52:11.781894 15205 consensus_queue.cc:1048] T 00000000000000000000000000000000 P ad97f748c22346df99914b055176fef6 [LEADER]: Connected to new peer: Peer: permanent_uuid: "d9e2ea8a23b345ec825a56abfd2a4b5a" member_type: VOTER last_known_addr { host: "127.13.51.254" port: 34023 }, Status: LMP_MISMATCH, Last received: 0.0, Next index: 11, Last known committed idx: 10, Time since last communication: 0.000s
I20260608 09:52:11.789376 15208 sys_catalog.cc:455] T 00000000000000000000000000000000 P d9e2ea8a23b345ec825a56abfd2a4b5a [sys.catalog]: SysCatalogTable state changed. Reason: New leader ad97f748c22346df99914b055176fef6. Latest consensus state: current_term: 3 leader_uuid: "ad97f748c22346df99914b055176fef6" committed_config { opid_index: -1 OBSOLETE_local: false peers { permanent_uuid: "d9e2ea8a23b345ec825a56abfd2a4b5a" member_type: VOTER last_known_addr { host: "127.13.51.254" port: 34023 } } peers { permanent_uuid: "ad97f748c22346df99914b055176fef6" member_type: VOTER last_known_addr { host: "127.13.51.253" port: 38701 } } peers { permanent_uuid: "f3f2165105ed4cb1957a5ba101c0a89e" member_type: VOTER last_known_addr { host: "127.13.51.252" port: 40479 } } }
I20260608 09:52:11.790407 15208 sys_catalog.cc:458] T 00000000000000000000000000000000 P d9e2ea8a23b345ec825a56abfd2a4b5a [sys.catalog]: This master's current role is: FOLLOWER
I20260608 09:52:11.793074 13519 tablet_server.cc:179] TabletServer@127.13.51.195:0 shutting down...
I20260608 09:52:11.794653 15202 sys_catalog.cc:455] T 00000000000000000000000000000000 P ad97f748c22346df99914b055176fef6 [sys.catalog]: SysCatalogTable state changed. Reason: Peer health change. Latest consensus state: current_term: 3 leader_uuid: "ad97f748c22346df99914b055176fef6" committed_config { opid_index: -1 OBSOLETE_local: false peers { permanent_uuid: "d9e2ea8a23b345ec825a56abfd2a4b5a" member_type: VOTER last_known_addr { host: "127.13.51.254" port: 34023 } } peers { permanent_uuid: "ad97f748c22346df99914b055176fef6" member_type: VOTER last_known_addr { host: "127.13.51.253" port: 38701 } } peers { permanent_uuid: "f3f2165105ed4cb1957a5ba101c0a89e" member_type: VOTER last_known_addr { host: "127.13.51.252" port: 40479 } } }
I20260608 09:52:11.795794 15202 sys_catalog.cc:458] T 00000000000000000000000000000000 P ad97f748c22346df99914b055176fef6 [sys.catalog]: This master's current role is: LEADER
W20260608 09:52:11.808360 14728 consensus_peers.cc:597] T 00000000000000000000000000000000 P ad97f748c22346df99914b055176fef6 -> Peer f3f2165105ed4cb1957a5ba101c0a89e (127.13.51.252:40479): Couldn't send request to peer f3f2165105ed4cb1957a5ba101c0a89e. Status: Network error: Client connection negotiation failed: client connection to 127.13.51.252:40479: connect: Connection refused (error 111). This is attempt 1: this message will repeat every 5th retry.
I20260608 09:52:11.810817 15208 sys_catalog.cc:455] T 00000000000000000000000000000000 P d9e2ea8a23b345ec825a56abfd2a4b5a [sys.catalog]: SysCatalogTable state changed. Reason: Replicated consensus-only round. Latest consensus state: current_term: 3 leader_uuid: "ad97f748c22346df99914b055176fef6" committed_config { opid_index: -1 OBSOLETE_local: false peers { permanent_uuid: "d9e2ea8a23b345ec825a56abfd2a4b5a" member_type: VOTER last_known_addr { host: "127.13.51.254" port: 34023 } } peers { permanent_uuid: "ad97f748c22346df99914b055176fef6" member_type: VOTER last_known_addr { host: "127.13.51.253" port: 38701 } } peers { permanent_uuid: "f3f2165105ed4cb1957a5ba101c0a89e" member_type: VOTER last_known_addr { host: "127.13.51.252" port: 40479 } } }
I20260608 09:52:11.813683 15208 sys_catalog.cc:458] T 00000000000000000000000000000000 P d9e2ea8a23b345ec825a56abfd2a4b5a [sys.catalog]: This master's current role is: FOLLOWER
I20260608 09:52:11.834401 13519 ts_tablet_manager.cc:1507] Shutting down tablet manager...
I20260608 09:52:11.835425 13519 tablet_replica.cc:333] T b87ae8e7adc0406f8dfa9781b9b0179e P c2805e6444fa45d0b87c364a3c53b5d0: stopping tablet replica
I20260608 09:52:11.836112 13519 raft_consensus.cc:2243] T b87ae8e7adc0406f8dfa9781b9b0179e P c2805e6444fa45d0b87c364a3c53b5d0 [term 1 LEADER]: Raft consensus shutting down.
I20260608 09:52:11.836833 13519 raft_consensus.cc:2272] T b87ae8e7adc0406f8dfa9781b9b0179e P c2805e6444fa45d0b87c364a3c53b5d0 [term 1 FOLLOWER]: Raft consensus is shut down!
I20260608 09:52:11.857848 13519 tablet_server.cc:196] TabletServer@127.13.51.195:0 shutdown complete.
I20260608 09:52:11.871961 13519 master.cc:562] Master@127.13.51.254:34023 shutting down...
I20260608 09:52:11.898778 13519 raft_consensus.cc:2243] T 00000000000000000000000000000000 P d9e2ea8a23b345ec825a56abfd2a4b5a [term 3 FOLLOWER]: Raft consensus shutting down.
I20260608 09:52:11.899502 13519 raft_consensus.cc:2272] T 00000000000000000000000000000000 P d9e2ea8a23b345ec825a56abfd2a4b5a [term 3 FOLLOWER]: Raft consensus is shut down!
I20260608 09:52:11.899905 13519 tablet_replica.cc:333] T 00000000000000000000000000000000 P d9e2ea8a23b345ec825a56abfd2a4b5a: stopping tablet replica
I20260608 09:52:11.922955 13519 master.cc:584] Master@127.13.51.254:34023 shutdown complete.
I20260608 09:52:11.939673 13519 master.cc:562] Master@127.13.51.253:38701 shutting down...
I20260608 09:52:11.970714 13519 raft_consensus.cc:2243] T 00000000000000000000000000000000 P ad97f748c22346df99914b055176fef6 [term 3 LEADER]: Raft consensus shutting down.
I20260608 09:52:11.971877 13519 raft_consensus.cc:2272] T 00000000000000000000000000000000 P ad97f748c22346df99914b055176fef6 [term 3 FOLLOWER]: Raft consensus is shut down!
I20260608 09:52:11.972401 13519 tablet_replica.cc:333] T 00000000000000000000000000000000 P ad97f748c22346df99914b055176fef6: stopping tablet replica
I20260608 09:52:11.995441 13519 master.cc:584] Master@127.13.51.253:38701 shutdown complete.
[       OK ] AutoRebalancerTest.NextLeaderResumesAutoRebalancing (6889 ms)
[ RUN      ] AutoRebalancerTest.MovesScheduledIfAddTserver
I20260608 09:52:12.035954 13519 internal_mini_cluster.cc:156] Creating distributed mini masters. Addrs: 127.13.51.254:33723
I20260608 09:52:12.037446 13519 file_cache.cc:492] Constructed file cache file cache with capacity 419430
W20260608 09:52:12.044041 15213 instance_detector.cc:116] could not retrieve AWS instance metadata: Network error: curl error: HTTP response code said error: The requested URL returned error: 404
W20260608 09:52:12.045367 15214 instance_detector.cc:116] could not retrieve Azure instance metadata: Network error: curl error: HTTP response code said error: The requested URL returned error: 404
W20260608 09:52:12.045876 15216 instance_detector.cc:116] could not retrieve OpenStack instance metadata: Network error: curl error: HTTP response code said error: The requested URL returned error: 404
I20260608 09:52:12.046900 13519 server_base.cc:1061] running on GCE node
I20260608 09:52:12.047827 13519 hybrid_clock.cc:584] initializing the hybrid clock with 'system_unsync' time source
W20260608 09:52:12.048027 13519 system_unsync_time.cc:38] NTP support is disabled. Clock error bounds will not be accurate. This configuration is not suitable for distributed clusters.
I20260608 09:52:12.048164 13519 hybrid_clock.cc:648] HybridClock initialized: now 1780912332048148 us; error 0 us; skew 500 ppm
I20260608 09:52:12.048847 13519 server_base.cc:861] Flag tcmalloc_max_total_thread_cache_bytes is not working since tcmalloc is not enabled.
I20260608 09:52:12.051898 13519 webserver.cc:533] Webserver started at http://127.13.51.254:43237/ using document root <none> and password file <none>
I20260608 09:52:12.052475 13519 fs_manager.cc:362] Metadata directory not provided
I20260608 09:52:12.052667 13519 fs_manager.cc:368] Using write-ahead log directory (fs_wal_dir) as metadata directory
I20260608 09:52:12.052950 13519 server_base.cc:909] This appears to be a new deployment of Kudu; creating new FS layout
I20260608 09:52:12.054602 13519 fs_manager.cc:1068] Generated new instance metadata in path /tmp/dist-test-taskjlTiqB/test-tmp/auto_rebalancer-test.0.AutoRebalancerTest.MovesScheduledIfAddTserver.1780912310462440-13519-0/minicluster-data/master-0-root/instance:
uuid: "f7384f660025408b9cb6da392078739e"
format_stamp: "Formatted at 2026-06-08 09:52:12 on dist-test-slave-hm0n"
I20260608 09:52:12.060269 13519 fs_manager.cc:696] Time spent creating directory manager: real 0.005s	user 0.005s	sys 0.001s
I20260608 09:52:12.064541 15221 log_block_manager.cc:4031] Time spent loading block containers with low live blocks: real 0.000s	user 0.000s	sys 0.000s
I20260608 09:52:12.065448 13519 fs_manager.cc:730] Time spent opening block manager: real 0.003s	user 0.002s	sys 0.000s
I20260608 09:52:12.065838 13519 fs_manager.cc:647] Opened local filesystem: /tmp/dist-test-taskjlTiqB/test-tmp/auto_rebalancer-test.0.AutoRebalancerTest.MovesScheduledIfAddTserver.1780912310462440-13519-0/minicluster-data/master-0-root
uuid: "f7384f660025408b9cb6da392078739e"
format_stamp: "Formatted at 2026-06-08 09:52:12 on dist-test-slave-hm0n"
I20260608 09:52:12.066250 13519 fs_report.cc:389] FS layout report
--------------------
wal directory: /tmp/dist-test-taskjlTiqB/test-tmp/auto_rebalancer-test.0.AutoRebalancerTest.MovesScheduledIfAddTserver.1780912310462440-13519-0/minicluster-data/master-0-root
metadata directory: /tmp/dist-test-taskjlTiqB/test-tmp/auto_rebalancer-test.0.AutoRebalancerTest.MovesScheduledIfAddTserver.1780912310462440-13519-0/minicluster-data/master-0-root
1 data directories: /tmp/dist-test-taskjlTiqB/test-tmp/auto_rebalancer-test.0.AutoRebalancerTest.MovesScheduledIfAddTserver.1780912310462440-13519-0/minicluster-data/master-0-root/data
Total live blocks: 0
Total live bytes: 0
Total live bytes (after alignment): 0
Total number of LBM containers: 0 (0 full)
Did not check for missing blocks
Did not check for orphaned blocks
Total full LBM containers with extra space: 0 (0 repaired)
Total full LBM container extra space in bytes: 0 (0 repaired)
Total incomplete LBM containers: 0 (0 repaired)
Total LBM partial records: 0 (0 repaired)
Total corrupted LBM metadata records in RocksDB: 0 (0 repaired)
I20260608 09:52:12.104211 13519 rpc_server.cc:225] running with OpenSSL 1.1.1  11 Sep 2018
I20260608 09:52:12.105939 13519 kserver.cc:163] Server-wide thread pool size limit: 3276
I20260608 09:52:12.156240 13519 rpc_server.cc:307] RPC server started. Bound to: 127.13.51.254:33723
I20260608 09:52:12.156376 15272 acceptor_pool.cc:272] collecting diagnostics on the listening RPC socket 127.13.51.254:33723 every 8 connection(s)
I20260608 09:52:12.161762 15273 data_dirs.cc:400] Could only allocate 1 dirs of requested 3 for tablet 00000000000000000000000000000000. 1 dirs total, 0 dirs full, 0 dirs failed
I20260608 09:52:12.174983 15273 tablet_bootstrap.cc:492] T 00000000000000000000000000000000 P f7384f660025408b9cb6da392078739e: Bootstrap starting.
I20260608 09:52:12.181033 15273 tablet_bootstrap.cc:654] T 00000000000000000000000000000000 P f7384f660025408b9cb6da392078739e: Neither blocks nor log segments found. Creating new log.
I20260608 09:52:12.186976 15273 tablet_bootstrap.cc:492] T 00000000000000000000000000000000 P f7384f660025408b9cb6da392078739e: No bootstrap required, opened a new log
I20260608 09:52:12.190138 15273 raft_consensus.cc:359] T 00000000000000000000000000000000 P f7384f660025408b9cb6da392078739e [term 0 FOLLOWER]: Replica starting. Triggering 0 pending ops. Active config: opid_index: -1 OBSOLETE_local: true peers { permanent_uuid: "f7384f660025408b9cb6da392078739e" member_type: VOTER }
I20260608 09:52:12.190683 15273 raft_consensus.cc:385] T 00000000000000000000000000000000 P f7384f660025408b9cb6da392078739e [term 0 FOLLOWER]: Consensus starting up: Expiring failure detector timer to make a prompt election more likely
I20260608 09:52:12.190910 15273 raft_consensus.cc:740] T 00000000000000000000000000000000 P f7384f660025408b9cb6da392078739e [term 0 FOLLOWER]: Becoming Follower/Learner. State: Replica: f7384f660025408b9cb6da392078739e, State: Initialized, Role: FOLLOWER
I20260608 09:52:12.191684 15273 consensus_queue.cc:260] T 00000000000000000000000000000000 P f7384f660025408b9cb6da392078739e [NON_LEADER]: Queue going to NON_LEADER mode. State: All replicated index: 0, Majority replicated index: 0, Committed index: 0, Last appended: 0.0, Last appended by leader: 0, Current term: 0, Majority size: -1, State: 0, Mode: NON_LEADER, active raft config: opid_index: -1 OBSOLETE_local: true peers { permanent_uuid: "f7384f660025408b9cb6da392078739e" member_type: VOTER }
I20260608 09:52:12.192239 15273 raft_consensus.cc:399] T 00000000000000000000000000000000 P f7384f660025408b9cb6da392078739e [term 0 FOLLOWER]: Only one voter in the Raft config. Triggering election immediately
I20260608 09:52:12.192484 15273 raft_consensus.cc:493] T 00000000000000000000000000000000 P f7384f660025408b9cb6da392078739e [term 0 FOLLOWER]: Starting leader election (initial election of a single-replica configuration)
I20260608 09:52:12.192775 15273 raft_consensus.cc:3060] T 00000000000000000000000000000000 P f7384f660025408b9cb6da392078739e [term 0 FOLLOWER]: Advancing to term 1
I20260608 09:52:12.199074 15273 raft_consensus.cc:515] T 00000000000000000000000000000000 P f7384f660025408b9cb6da392078739e [term 1 FOLLOWER]: Starting leader election with config: opid_index: -1 OBSOLETE_local: true peers { permanent_uuid: "f7384f660025408b9cb6da392078739e" member_type: VOTER }
I20260608 09:52:12.199807 15273 leader_election.cc:304] T 00000000000000000000000000000000 P f7384f660025408b9cb6da392078739e [CANDIDATE]: Term 1 election: Election decided. Result: candidate won. Election summary: received 1 responses out of 1 voters: 1 yes votes; 0 no votes. yes voters: f7384f660025408b9cb6da392078739e; no voters: 
I20260608 09:52:12.201327 15273 leader_election.cc:290] T 00000000000000000000000000000000 P f7384f660025408b9cb6da392078739e [CANDIDATE]: Term 1 election: Requested vote from peers 
I20260608 09:52:12.202018 15276 raft_consensus.cc:2804] T 00000000000000000000000000000000 P f7384f660025408b9cb6da392078739e [term 1 FOLLOWER]: Leader election won for term 1
I20260608 09:52:12.203828 15276 raft_consensus.cc:697] T 00000000000000000000000000000000 P f7384f660025408b9cb6da392078739e [term 1 LEADER]: Becoming Leader. State: Replica: f7384f660025408b9cb6da392078739e, State: Running, Role: LEADER
I20260608 09:52:12.204589 15276 consensus_queue.cc:237] T 00000000000000000000000000000000 P f7384f660025408b9cb6da392078739e [LEADER]: Queue going to LEADER mode. State: All replicated index: 0, Majority replicated index: 0, Committed index: 0, Last appended: 0.0, Last appended by leader: 0, Current term: 1, Majority size: 1, State: 0, Mode: LEADER, active raft config: opid_index: -1 OBSOLETE_local: true peers { permanent_uuid: "f7384f660025408b9cb6da392078739e" member_type: VOTER }
I20260608 09:52:12.205168 15273 sys_catalog.cc:565] T 00000000000000000000000000000000 P f7384f660025408b9cb6da392078739e [sys.catalog]: configured and running, proceeding with master startup.
I20260608 09:52:12.208209 15278 sys_catalog.cc:455] T 00000000000000000000000000000000 P f7384f660025408b9cb6da392078739e [sys.catalog]: SysCatalogTable state changed. Reason: New leader f7384f660025408b9cb6da392078739e. Latest consensus state: current_term: 1 leader_uuid: "f7384f660025408b9cb6da392078739e" committed_config { opid_index: -1 OBSOLETE_local: true peers { permanent_uuid: "f7384f660025408b9cb6da392078739e" member_type: VOTER } }
I20260608 09:52:12.208048 15277 sys_catalog.cc:455] T 00000000000000000000000000000000 P f7384f660025408b9cb6da392078739e [sys.catalog]: SysCatalogTable state changed. Reason: RaftConsensus started. Latest consensus state: current_term: 1 leader_uuid: "f7384f660025408b9cb6da392078739e" committed_config { opid_index: -1 OBSOLETE_local: true peers { permanent_uuid: "f7384f660025408b9cb6da392078739e" member_type: VOTER } }
I20260608 09:52:12.208921 15277 sys_catalog.cc:458] T 00000000000000000000000000000000 P f7384f660025408b9cb6da392078739e [sys.catalog]: This master's current role is: LEADER
I20260608 09:52:12.208875 15278 sys_catalog.cc:458] T 00000000000000000000000000000000 P f7384f660025408b9cb6da392078739e [sys.catalog]: This master's current role is: LEADER
I20260608 09:52:12.213608 15281 catalog_manager.cc:1510] Loading table and tablet metadata into memory...
I20260608 09:52:12.221279 15281 catalog_manager.cc:1519] Initializing Kudu cluster ID...
I20260608 09:52:12.224057 13519 internal_mini_cluster.cc:184] Waiting to initialize catalog manager on master 0
I20260608 09:52:12.234408 15281 catalog_manager.cc:1382] Generated new cluster ID: 63ab17d768ff4e2a899a85952717522f
I20260608 09:52:12.234839 15281 catalog_manager.cc:1530] Initializing Kudu internal certificate authority...
I20260608 09:52:12.262754 15281 catalog_manager.cc:1405] Generated new certificate authority record
I20260608 09:52:12.264411 15281 catalog_manager.cc:1539] Loading token signing keys...
I20260608 09:52:12.279292 15281 catalog_manager.cc:6069] T 00000000000000000000000000000000 P f7384f660025408b9cb6da392078739e: Generated new TSK 0
I20260608 09:52:12.280189 15281 catalog_manager.cc:1549] Initializing in-progress tserver states...
I20260608 09:52:12.291690 13519 file_cache.cc:492] Constructed file cache file cache with capacity 419430
W20260608 09:52:12.299868 15294 instance_detector.cc:116] could not retrieve AWS instance metadata: Network error: curl error: HTTP response code said error: The requested URL returned error: 404
W20260608 09:52:12.300777 15295 instance_detector.cc:116] could not retrieve Azure instance metadata: Network error: curl error: HTTP response code said error: The requested URL returned error: 404
W20260608 09:52:12.302402 15297 instance_detector.cc:116] could not retrieve OpenStack instance metadata: Network error: curl error: HTTP response code said error: The requested URL returned error: 404
I20260608 09:52:12.303203 13519 server_base.cc:1061] running on GCE node
I20260608 09:52:12.304103 13519 hybrid_clock.cc:584] initializing the hybrid clock with 'system_unsync' time source
W20260608 09:52:12.304330 13519 system_unsync_time.cc:38] NTP support is disabled. Clock error bounds will not be accurate. This configuration is not suitable for distributed clusters.
I20260608 09:52:12.304525 13519 hybrid_clock.cc:648] HybridClock initialized: now 1780912332304506 us; error 0 us; skew 500 ppm
I20260608 09:52:12.305167 13519 server_base.cc:861] Flag tcmalloc_max_total_thread_cache_bytes is not working since tcmalloc is not enabled.
I20260608 09:52:12.308142 13519 webserver.cc:533] Webserver started at http://127.13.51.193:40195/ using document root <none> and password file <none>
I20260608 09:52:12.308727 13519 fs_manager.cc:362] Metadata directory not provided
I20260608 09:52:12.308949 13519 fs_manager.cc:368] Using write-ahead log directory (fs_wal_dir) as metadata directory
I20260608 09:52:12.309243 13519 server_base.cc:909] This appears to be a new deployment of Kudu; creating new FS layout
I20260608 09:52:12.310580 13519 fs_manager.cc:1068] Generated new instance metadata in path /tmp/dist-test-taskjlTiqB/test-tmp/auto_rebalancer-test.0.AutoRebalancerTest.MovesScheduledIfAddTserver.1780912310462440-13519-0/minicluster-data/ts-0-root/instance:
uuid: "f8589e715842480c8a9bd5989f6e9eb8"
format_stamp: "Formatted at 2026-06-08 09:52:12 on dist-test-slave-hm0n"
I20260608 09:52:12.315616 13519 fs_manager.cc:696] Time spent creating directory manager: real 0.004s	user 0.004s	sys 0.001s
I20260608 09:52:12.319674 15302 log_block_manager.cc:4031] Time spent loading block containers with low live blocks: real 0.000s	user 0.000s	sys 0.000s
I20260608 09:52:12.320566 13519 fs_manager.cc:730] Time spent opening block manager: real 0.002s	user 0.001s	sys 0.000s
I20260608 09:52:12.320930 13519 fs_manager.cc:647] Opened local filesystem: /tmp/dist-test-taskjlTiqB/test-tmp/auto_rebalancer-test.0.AutoRebalancerTest.MovesScheduledIfAddTserver.1780912310462440-13519-0/minicluster-data/ts-0-root
uuid: "f8589e715842480c8a9bd5989f6e9eb8"
format_stamp: "Formatted at 2026-06-08 09:52:12 on dist-test-slave-hm0n"
I20260608 09:52:12.321252 13519 fs_report.cc:389] FS layout report
--------------------
wal directory: /tmp/dist-test-taskjlTiqB/test-tmp/auto_rebalancer-test.0.AutoRebalancerTest.MovesScheduledIfAddTserver.1780912310462440-13519-0/minicluster-data/ts-0-root
metadata directory: /tmp/dist-test-taskjlTiqB/test-tmp/auto_rebalancer-test.0.AutoRebalancerTest.MovesScheduledIfAddTserver.1780912310462440-13519-0/minicluster-data/ts-0-root
1 data directories: /tmp/dist-test-taskjlTiqB/test-tmp/auto_rebalancer-test.0.AutoRebalancerTest.MovesScheduledIfAddTserver.1780912310462440-13519-0/minicluster-data/ts-0-root/data
Total live blocks: 0
Total live bytes: 0
Total live bytes (after alignment): 0
Total number of LBM containers: 0 (0 full)
Did not check for missing blocks
Did not check for orphaned blocks
Total full LBM containers with extra space: 0 (0 repaired)
Total full LBM container extra space in bytes: 0 (0 repaired)
Total incomplete LBM containers: 0 (0 repaired)
Total LBM partial records: 0 (0 repaired)
Total corrupted LBM metadata records in RocksDB: 0 (0 repaired)
I20260608 09:52:12.336584 13519 rpc_server.cc:225] running with OpenSSL 1.1.1  11 Sep 2018
I20260608 09:52:12.337905 13519 kserver.cc:163] Server-wide thread pool size limit: 3276
I20260608 09:52:12.339577 13519 txn_system_client.cc:432] TxnSystemClient initialization is disabled...
I20260608 09:52:12.342284 13519 ts_tablet_manager.cc:585] Loaded tablet metadata (0 total tablets, 0 live tablets)
I20260608 09:52:12.342531 13519 ts_tablet_manager.cc:531] Time spent load tablet metadata: real 0.000s	user 0.000s	sys 0.000s
I20260608 09:52:12.342796 13519 ts_tablet_manager.cc:616] Registered 0 tablets
I20260608 09:52:12.342988 13519 ts_tablet_manager.cc:595] Time spent register tablets: real 0.000s	user 0.000s	sys 0.000s
I20260608 09:52:12.386857 13519 rpc_server.cc:307] RPC server started. Bound to: 127.13.51.193:44653
I20260608 09:52:12.386967 15366 acceptor_pool.cc:272] collecting diagnostics on the listening RPC socket 127.13.51.193:44653 every 8 connection(s)
I20260608 09:52:12.392395 13519 file_cache.cc:492] Constructed file cache file cache with capacity 419430
W20260608 09:52:12.401739 15371 instance_detector.cc:116] could not retrieve AWS instance metadata: Network error: curl error: HTTP response code said error: The requested URL returned error: 404
W20260608 09:52:12.402081 15372 instance_detector.cc:116] could not retrieve Azure instance metadata: Network error: curl error: HTTP response code said error: The requested URL returned error: 404
I20260608 09:52:12.405675 13519 server_base.cc:1061] running on GCE node
W20260608 09:52:12.405632 15374 instance_detector.cc:116] could not retrieve OpenStack instance metadata: Network error: curl error: HTTP response code said error: The requested URL returned error: 404
I20260608 09:52:12.406988 13519 hybrid_clock.cc:584] initializing the hybrid clock with 'system_unsync' time source
W20260608 09:52:12.407214 13519 system_unsync_time.cc:38] NTP support is disabled. Clock error bounds will not be accurate. This configuration is not suitable for distributed clusters.
I20260608 09:52:12.407406 13519 hybrid_clock.cc:648] HybridClock initialized: now 1780912332407388 us; error 0 us; skew 500 ppm
I20260608 09:52:12.408030 13519 server_base.cc:861] Flag tcmalloc_max_total_thread_cache_bytes is not working since tcmalloc is not enabled.
