I20260608 09:53:05.599555  2923 consensus_queue.cc:260] T 121c4e0924c04d4aa947afd3d975de31 P 01e2a1a503004af29a1c7b5f4d0f678e [NON_LEADER]: Queue going to NON_LEADER mode. State: All replicated index: 0, Majority replicated index: 0, Committed index: 0, Last appended: 0.0, Last appended by leader: 0, Current term: 0, Majority size: -1, State: 0, Mode: NON_LEADER, active raft config: opid_index: -1 OBSOLETE_local: false peers { permanent_uuid: "01e2a1a503004af29a1c7b5f4d0f678e" member_type: VOTER last_known_addr { host: "127.31.206.194" port: 37485 } } peers { permanent_uuid: "261527d117604f93acc58fab977a74d8" member_type: VOTER last_known_addr { host: "127.31.206.195" port: 39543 } } peers { permanent_uuid: "58d513cd711c4d6d9a6e4cb489a0ec32" member_type: VOTER last_known_addr { host: "127.31.206.193" port: 41503 } }
I20260608 09:53:05.602296  2923 ts_tablet_manager.cc:1434] T 121c4e0924c04d4aa947afd3d975de31 P 01e2a1a503004af29a1c7b5f4d0f678e: Time spent starting tablet: real 0.009s	user 0.007s	sys 0.000s
I20260608 09:53:05.603348  2923 tablet_bootstrap.cc:492] T 24ac9d889d134f70ac8d702ec54df257 P 01e2a1a503004af29a1c7b5f4d0f678e: Bootstrap starting.
I20260608 09:53:05.604653  2924 tablet_bootstrap.cc:492] T 109f456bb0fd4d289ab3878cd403d984 P 261527d117604f93acc58fab977a74d8: No bootstrap required, opened a new log
I20260608 09:53:05.605039  2926 tablet_bootstrap.cc:492] T 121c4e0924c04d4aa947afd3d975de31 P 58d513cd711c4d6d9a6e4cb489a0ec32: No bootstrap required, opened a new log
I20260608 09:53:05.605239  2924 ts_tablet_manager.cc:1403] T 109f456bb0fd4d289ab3878cd403d984 P 261527d117604f93acc58fab977a74d8: Time spent bootstrapping tablet: real 0.019s	user 0.010s	sys 0.007s
I20260608 09:53:05.605659  2926 ts_tablet_manager.cc:1403] T 121c4e0924c04d4aa947afd3d975de31 P 58d513cd711c4d6d9a6e4cb489a0ec32: Time spent bootstrapping tablet: real 0.025s	user 0.014s	sys 0.007s
I20260608 09:53:05.608809  2924 raft_consensus.cc:359] T 109f456bb0fd4d289ab3878cd403d984 P 261527d117604f93acc58fab977a74d8 [term 0 FOLLOWER]: Replica starting. Triggering 0 pending ops. Active config: opid_index: -1 OBSOLETE_local: false peers { permanent_uuid: "58d513cd711c4d6d9a6e4cb489a0ec32" member_type: VOTER last_known_addr { host: "127.31.206.193" port: 41503 } } peers { permanent_uuid: "01e2a1a503004af29a1c7b5f4d0f678e" member_type: VOTER last_known_addr { host: "127.31.206.194" port: 37485 } } peers { permanent_uuid: "261527d117604f93acc58fab977a74d8" member_type: VOTER last_known_addr { host: "127.31.206.195" port: 39543 } }
I20260608 09:53:05.609673  2924 raft_consensus.cc:385] T 109f456bb0fd4d289ab3878cd403d984 P 261527d117604f93acc58fab977a74d8 [term 0 FOLLOWER]: Consensus starting up: Expiring failure detector timer to make a prompt election more likely
I20260608 09:53:05.609337  2926 raft_consensus.cc:359] T 121c4e0924c04d4aa947afd3d975de31 P 58d513cd711c4d6d9a6e4cb489a0ec32 [term 0 FOLLOWER]: Replica starting. Triggering 0 pending ops. Active config: opid_index: -1 OBSOLETE_local: false peers { permanent_uuid: "01e2a1a503004af29a1c7b5f4d0f678e" member_type: VOTER last_known_addr { host: "127.31.206.194" port: 37485 } } peers { permanent_uuid: "261527d117604f93acc58fab977a74d8" member_type: VOTER last_known_addr { host: "127.31.206.195" port: 39543 } } peers { permanent_uuid: "58d513cd711c4d6d9a6e4cb489a0ec32" member_type: VOTER last_known_addr { host: "127.31.206.193" port: 41503 } }
I20260608 09:53:05.610106  2924 raft_consensus.cc:740] T 109f456bb0fd4d289ab3878cd403d984 P 261527d117604f93acc58fab977a74d8 [term 0 FOLLOWER]: Becoming Follower/Learner. State: Replica: 261527d117604f93acc58fab977a74d8, State: Initialized, Role: FOLLOWER
I20260608 09:53:05.610507  2923 tablet_bootstrap.cc:654] T 24ac9d889d134f70ac8d702ec54df257 P 01e2a1a503004af29a1c7b5f4d0f678e: Neither blocks nor log segments found. Creating new log.
I20260608 09:53:05.610390  2926 raft_consensus.cc:385] T 121c4e0924c04d4aa947afd3d975de31 P 58d513cd711c4d6d9a6e4cb489a0ec32 [term 0 FOLLOWER]: Consensus starting up: Expiring failure detector timer to make a prompt election more likely
I20260608 09:53:05.611033  2926 raft_consensus.cc:740] T 121c4e0924c04d4aa947afd3d975de31 P 58d513cd711c4d6d9a6e4cb489a0ec32 [term 0 FOLLOWER]: Becoming Follower/Learner. State: Replica: 58d513cd711c4d6d9a6e4cb489a0ec32, State: Initialized, Role: FOLLOWER
I20260608 09:53:05.611016  2924 consensus_queue.cc:260] T 109f456bb0fd4d289ab3878cd403d984 P 261527d117604f93acc58fab977a74d8 [NON_LEADER]: Queue going to NON_LEADER mode. State: All replicated index: 0, Majority replicated index: 0, Committed index: 0, Last appended: 0.0, Last appended by leader: 0, Current term: 0, Majority size: -1, State: 0, Mode: NON_LEADER, active raft config: opid_index: -1 OBSOLETE_local: false peers { permanent_uuid: "58d513cd711c4d6d9a6e4cb489a0ec32" member_type: VOTER last_known_addr { host: "127.31.206.193" port: 41503 } } peers { permanent_uuid: "01e2a1a503004af29a1c7b5f4d0f678e" member_type: VOTER last_known_addr { host: "127.31.206.194" port: 37485 } } peers { permanent_uuid: "261527d117604f93acc58fab977a74d8" member_type: VOTER last_known_addr { host: "127.31.206.195" port: 39543 } }
I20260608 09:53:05.612370  2926 consensus_queue.cc:260] T 121c4e0924c04d4aa947afd3d975de31 P 58d513cd711c4d6d9a6e4cb489a0ec32 [NON_LEADER]: Queue going to NON_LEADER mode. State: All replicated index: 0, Majority replicated index: 0, Committed index: 0, Last appended: 0.0, Last appended by leader: 0, Current term: 0, Majority size: -1, State: 0, Mode: NON_LEADER, active raft config: opid_index: -1 OBSOLETE_local: false peers { permanent_uuid: "01e2a1a503004af29a1c7b5f4d0f678e" member_type: VOTER last_known_addr { host: "127.31.206.194" port: 37485 } } peers { permanent_uuid: "261527d117604f93acc58fab977a74d8" member_type: VOTER last_known_addr { host: "127.31.206.195" port: 39543 } } peers { permanent_uuid: "58d513cd711c4d6d9a6e4cb489a0ec32" member_type: VOTER last_known_addr { host: "127.31.206.193" port: 41503 } }
I20260608 09:53:05.616238  2924 ts_tablet_manager.cc:1434] T 109f456bb0fd4d289ab3878cd403d984 P 261527d117604f93acc58fab977a74d8: Time spent starting tablet: real 0.011s	user 0.005s	sys 0.002s
I20260608 09:53:05.622128  2926 ts_tablet_manager.cc:1434] T 121c4e0924c04d4aa947afd3d975de31 P 58d513cd711c4d6d9a6e4cb489a0ec32: Time spent starting tablet: real 0.016s	user 0.007s	sys 0.000s
I20260608 09:53:05.622884  2923 tablet_bootstrap.cc:492] T 24ac9d889d134f70ac8d702ec54df257 P 01e2a1a503004af29a1c7b5f4d0f678e: No bootstrap required, opened a new log
I20260608 09:53:05.623185  2926 tablet_bootstrap.cc:492] T 24ac9d889d134f70ac8d702ec54df257 P 58d513cd711c4d6d9a6e4cb489a0ec32: Bootstrap starting.
I20260608 09:53:05.623389  2923 ts_tablet_manager.cc:1403] T 24ac9d889d134f70ac8d702ec54df257 P 01e2a1a503004af29a1c7b5f4d0f678e: Time spent bootstrapping tablet: real 0.020s	user 0.018s	sys 0.001s
W20260608 09:53:05.626765  2755 tablet.cc:2404] T 121c4e0924c04d4aa947afd3d975de31 P 58d513cd711c4d6d9a6e4cb489a0ec32: Can't schedule compaction. Clean time has not been advanced past its initial value.
I20260608 09:53:05.626574  2923 raft_consensus.cc:359] T 24ac9d889d134f70ac8d702ec54df257 P 01e2a1a503004af29a1c7b5f4d0f678e [term 0 FOLLOWER]: Replica starting. Triggering 0 pending ops. Active config: opid_index: -1 OBSOLETE_local: false peers { permanent_uuid: "58d513cd711c4d6d9a6e4cb489a0ec32" member_type: VOTER last_known_addr { host: "127.31.206.193" port: 41503 } } peers { permanent_uuid: "01e2a1a503004af29a1c7b5f4d0f678e" member_type: VOTER last_known_addr { host: "127.31.206.194" port: 37485 } } peers { permanent_uuid: "261527d117604f93acc58fab977a74d8" member_type: VOTER last_known_addr { host: "127.31.206.195" port: 39543 } }
I20260608 09:53:05.627400  2923 raft_consensus.cc:385] T 24ac9d889d134f70ac8d702ec54df257 P 01e2a1a503004af29a1c7b5f4d0f678e [term 0 FOLLOWER]: Consensus starting up: Expiring failure detector timer to make a prompt election more likely
I20260608 09:53:05.627710  2923 raft_consensus.cc:740] T 24ac9d889d134f70ac8d702ec54df257 P 01e2a1a503004af29a1c7b5f4d0f678e [term 0 FOLLOWER]: Becoming Follower/Learner. State: Replica: 01e2a1a503004af29a1c7b5f4d0f678e, State: Initialized, Role: FOLLOWER
I20260608 09:53:05.628557  2923 consensus_queue.cc:260] T 24ac9d889d134f70ac8d702ec54df257 P 01e2a1a503004af29a1c7b5f4d0f678e [NON_LEADER]: Queue going to NON_LEADER mode. State: All replicated index: 0, Majority replicated index: 0, Committed index: 0, Last appended: 0.0, Last appended by leader: 0, Current term: 0, Majority size: -1, State: 0, Mode: NON_LEADER, active raft config: opid_index: -1 OBSOLETE_local: false peers { permanent_uuid: "58d513cd711c4d6d9a6e4cb489a0ec32" member_type: VOTER last_known_addr { host: "127.31.206.193" port: 41503 } } peers { permanent_uuid: "01e2a1a503004af29a1c7b5f4d0f678e" member_type: VOTER last_known_addr { host: "127.31.206.194" port: 37485 } } peers { permanent_uuid: "261527d117604f93acc58fab977a74d8" member_type: VOTER last_known_addr { host: "127.31.206.195" port: 39543 } }
I20260608 09:53:05.630126  2926 tablet_bootstrap.cc:654] T 24ac9d889d134f70ac8d702ec54df257 P 58d513cd711c4d6d9a6e4cb489a0ec32: Neither blocks nor log segments found. Creating new log.
I20260608 09:53:05.630832  2923 ts_tablet_manager.cc:1434] T 24ac9d889d134f70ac8d702ec54df257 P 01e2a1a503004af29a1c7b5f4d0f678e: Time spent starting tablet: real 0.007s	user 0.003s	sys 0.003s
I20260608 09:53:05.631309  2930 raft_consensus.cc:493] T 24ac9d889d134f70ac8d702ec54df257 P 01e2a1a503004af29a1c7b5f4d0f678e [term 0 FOLLOWER]: Starting pre-election (no leader contacted us within the election timeout)
I20260608 09:53:05.631906  2923 tablet_bootstrap.cc:492] T d8f55100b8d143719725d3a76c77cfd5 P 01e2a1a503004af29a1c7b5f4d0f678e: Bootstrap starting.
I20260608 09:53:05.631798  2930 raft_consensus.cc:515] T 24ac9d889d134f70ac8d702ec54df257 P 01e2a1a503004af29a1c7b5f4d0f678e [term 0 FOLLOWER]: Starting pre-election with config: opid_index: -1 OBSOLETE_local: false peers { permanent_uuid: "58d513cd711c4d6d9a6e4cb489a0ec32" member_type: VOTER last_known_addr { host: "127.31.206.193" port: 41503 } } peers { permanent_uuid: "01e2a1a503004af29a1c7b5f4d0f678e" member_type: VOTER last_known_addr { host: "127.31.206.194" port: 37485 } } peers { permanent_uuid: "261527d117604f93acc58fab977a74d8" member_type: VOTER last_known_addr { host: "127.31.206.195" port: 39543 } }
I20260608 09:53:05.639781  2926 tablet_bootstrap.cc:492] T 24ac9d889d134f70ac8d702ec54df257 P 58d513cd711c4d6d9a6e4cb489a0ec32: No bootstrap required, opened a new log
I20260608 09:53:05.639940  2923 tablet_bootstrap.cc:654] T d8f55100b8d143719725d3a76c77cfd5 P 01e2a1a503004af29a1c7b5f4d0f678e: Neither blocks nor log segments found. Creating new log.
I20260608 09:53:05.640350  2926 ts_tablet_manager.cc:1403] T 24ac9d889d134f70ac8d702ec54df257 P 58d513cd711c4d6d9a6e4cb489a0ec32: Time spent bootstrapping tablet: real 0.017s	user 0.016s	sys 0.000s
I20260608 09:53:05.644835  2930 leader_election.cc:290] T 24ac9d889d134f70ac8d702ec54df257 P 01e2a1a503004af29a1c7b5f4d0f678e [CANDIDATE]: Term 1 pre-election: Requested pre-vote from peers 58d513cd711c4d6d9a6e4cb489a0ec32 (127.31.206.193:41503), 261527d117604f93acc58fab977a74d8 (127.31.206.195:39543)
I20260608 09:53:05.644840  2926 raft_consensus.cc:359] T 24ac9d889d134f70ac8d702ec54df257 P 58d513cd711c4d6d9a6e4cb489a0ec32 [term 0 FOLLOWER]: Replica starting. Triggering 0 pending ops. Active config: opid_index: -1 OBSOLETE_local: false peers { permanent_uuid: "58d513cd711c4d6d9a6e4cb489a0ec32" member_type: VOTER last_known_addr { host: "127.31.206.193" port: 41503 } } peers { permanent_uuid: "01e2a1a503004af29a1c7b5f4d0f678e" member_type: VOTER last_known_addr { host: "127.31.206.194" port: 37485 } } peers { permanent_uuid: "261527d117604f93acc58fab977a74d8" member_type: VOTER last_known_addr { host: "127.31.206.195" port: 39543 } }
I20260608 09:53:05.647954  2926 raft_consensus.cc:385] T 24ac9d889d134f70ac8d702ec54df257 P 58d513cd711c4d6d9a6e4cb489a0ec32 [term 0 FOLLOWER]: Consensus starting up: Expiring failure detector timer to make a prompt election more likely
I20260608 09:53:05.648411  2926 raft_consensus.cc:740] T 24ac9d889d134f70ac8d702ec54df257 P 58d513cd711c4d6d9a6e4cb489a0ec32 [term 0 FOLLOWER]: Becoming Follower/Learner. State: Replica: 58d513cd711c4d6d9a6e4cb489a0ec32, State: Initialized, Role: FOLLOWER
I20260608 09:53:05.649606  2926 consensus_queue.cc:260] T 24ac9d889d134f70ac8d702ec54df257 P 58d513cd711c4d6d9a6e4cb489a0ec32 [NON_LEADER]: Queue going to NON_LEADER mode. State: All replicated index: 0, Majority replicated index: 0, Committed index: 0, Last appended: 0.0, Last appended by leader: 0, Current term: 0, Majority size: -1, State: 0, Mode: NON_LEADER, active raft config: opid_index: -1 OBSOLETE_local: false peers { permanent_uuid: "58d513cd711c4d6d9a6e4cb489a0ec32" member_type: VOTER last_known_addr { host: "127.31.206.193" port: 41503 } } peers { permanent_uuid: "01e2a1a503004af29a1c7b5f4d0f678e" member_type: VOTER last_known_addr { host: "127.31.206.194" port: 37485 } } peers { permanent_uuid: "261527d117604f93acc58fab977a74d8" member_type: VOTER last_known_addr { host: "127.31.206.195" port: 39543 } }
I20260608 09:53:05.652429  2926 ts_tablet_manager.cc:1434] T 24ac9d889d134f70ac8d702ec54df257 P 58d513cd711c4d6d9a6e4cb489a0ec32: Time spent starting tablet: real 0.012s	user 0.007s	sys 0.000s
I20260608 09:53:05.652884  2923 tablet_bootstrap.cc:492] T d8f55100b8d143719725d3a76c77cfd5 P 01e2a1a503004af29a1c7b5f4d0f678e: No bootstrap required, opened a new log
I20260608 09:53:05.656298  2923 ts_tablet_manager.cc:1403] T d8f55100b8d143719725d3a76c77cfd5 P 01e2a1a503004af29a1c7b5f4d0f678e: Time spent bootstrapping tablet: real 0.025s	user 0.012s	sys 0.007s
I20260608 09:53:05.659202  2878 tablet_service.cc:1917] Received RequestConsensusVote() RPC: tablet_id: "24ac9d889d134f70ac8d702ec54df257" candidate_uuid: "01e2a1a503004af29a1c7b5f4d0f678e" candidate_term: 1 candidate_status { last_received { term: 0 index: 0 } } ignore_live_leader: false dest_uuid: "261527d117604f93acc58fab977a74d8" is_pre_election: true
I20260608 09:53:05.659458  2923 raft_consensus.cc:359] T d8f55100b8d143719725d3a76c77cfd5 P 01e2a1a503004af29a1c7b5f4d0f678e [term 0 FOLLOWER]: Replica starting. Triggering 0 pending ops. Active config: opid_index: -1 OBSOLETE_local: false peers { permanent_uuid: "58d513cd711c4d6d9a6e4cb489a0ec32" member_type: VOTER last_known_addr { host: "127.31.206.193" port: 41503 } } peers { permanent_uuid: "01e2a1a503004af29a1c7b5f4d0f678e" member_type: VOTER last_known_addr { host: "127.31.206.194" port: 37485 } } peers { permanent_uuid: "261527d117604f93acc58fab977a74d8" member_type: VOTER last_known_addr { host: "127.31.206.195" port: 39543 } }
I20260608 09:53:05.653513  2926 tablet_bootstrap.cc:492] T 109f456bb0fd4d289ab3878cd403d984 P 58d513cd711c4d6d9a6e4cb489a0ec32: Bootstrap starting.
I20260608 09:53:05.654881  2927 raft_consensus.cc:493] T 24ac9d889d134f70ac8d702ec54df257 P 261527d117604f93acc58fab977a74d8 [term 0 FOLLOWER]: Starting pre-election (no leader contacted us within the election timeout)
I20260608 09:53:05.660207  2923 raft_consensus.cc:385] T d8f55100b8d143719725d3a76c77cfd5 P 01e2a1a503004af29a1c7b5f4d0f678e [term 0 FOLLOWER]: Consensus starting up: Expiring failure detector timer to make a prompt election more likely
I20260608 09:53:05.660758  2927 raft_consensus.cc:515] T 24ac9d889d134f70ac8d702ec54df257 P 261527d117604f93acc58fab977a74d8 [term 0 FOLLOWER]: Starting pre-election with config: opid_index: -1 OBSOLETE_local: false peers { permanent_uuid: "58d513cd711c4d6d9a6e4cb489a0ec32" member_type: VOTER last_known_addr { host: "127.31.206.193" port: 41503 } } peers { permanent_uuid: "01e2a1a503004af29a1c7b5f4d0f678e" member_type: VOTER last_known_addr { host: "127.31.206.194" port: 37485 } } peers { permanent_uuid: "261527d117604f93acc58fab977a74d8" member_type: VOTER last_known_addr { host: "127.31.206.195" port: 39543 } }
I20260608 09:53:05.662134  2729 tablet_service.cc:1917] Received RequestConsensusVote() RPC: tablet_id: "24ac9d889d134f70ac8d702ec54df257" candidate_uuid: "01e2a1a503004af29a1c7b5f4d0f678e" candidate_term: 1 candidate_status { last_received { term: 0 index: 0 } } ignore_live_leader: false dest_uuid: "58d513cd711c4d6d9a6e4cb489a0ec32" is_pre_election: true
I20260608 09:53:05.662791  2729 raft_consensus.cc:2468] T 24ac9d889d134f70ac8d702ec54df257 P 58d513cd711c4d6d9a6e4cb489a0ec32 [term 0 FOLLOWER]: Leader pre-election vote request: Granting yes vote for candidate 01e2a1a503004af29a1c7b5f4d0f678e in term 0.
I20260608 09:53:05.663872  2927 leader_election.cc:290] T 24ac9d889d134f70ac8d702ec54df257 P 261527d117604f93acc58fab977a74d8 [CANDIDATE]: Term 1 pre-election: Requested pre-vote from peers 58d513cd711c4d6d9a6e4cb489a0ec32 (127.31.206.193:41503), 01e2a1a503004af29a1c7b5f4d0f678e (127.31.206.194:37485)
I20260608 09:53:05.664306  2768 leader_election.cc:304] T 24ac9d889d134f70ac8d702ec54df257 P 01e2a1a503004af29a1c7b5f4d0f678e [CANDIDATE]: Term 1 pre-election: Election decided. Result: candidate won. Election summary: received 2 responses out of 3 voters: 2 yes votes; 0 no votes. yes voters: 01e2a1a503004af29a1c7b5f4d0f678e, 58d513cd711c4d6d9a6e4cb489a0ec32; no voters: 
I20260608 09:53:05.665431  2930 raft_consensus.cc:2804] T 24ac9d889d134f70ac8d702ec54df257 P 01e2a1a503004af29a1c7b5f4d0f678e [term 0 FOLLOWER]: Leader pre-election won for term 1
I20260608 09:53:05.665802  2930 raft_consensus.cc:493] T 24ac9d889d134f70ac8d702ec54df257 P 01e2a1a503004af29a1c7b5f4d0f678e [term 0 FOLLOWER]: Starting leader election (no leader contacted us within the election timeout)
I20260608 09:53:05.666157  2930 raft_consensus.cc:3060] T 24ac9d889d134f70ac8d702ec54df257 P 01e2a1a503004af29a1c7b5f4d0f678e [term 0 FOLLOWER]: Advancing to term 1
I20260608 09:53:05.667667  2926 tablet_bootstrap.cc:654] T 109f456bb0fd4d289ab3878cd403d984 P 58d513cd711c4d6d9a6e4cb489a0ec32: Neither blocks nor log segments found. Creating new log.
I20260608 09:53:05.668577  2878 raft_consensus.cc:2468] T 24ac9d889d134f70ac8d702ec54df257 P 261527d117604f93acc58fab977a74d8 [term 0 FOLLOWER]: Leader pre-election vote request: Granting yes vote for candidate 01e2a1a503004af29a1c7b5f4d0f678e in term 0.
I20260608 09:53:05.673607  2930 raft_consensus.cc:515] T 24ac9d889d134f70ac8d702ec54df257 P 01e2a1a503004af29a1c7b5f4d0f678e [term 1 FOLLOWER]: Starting leader election with config: opid_index: -1 OBSOLETE_local: false peers { permanent_uuid: "58d513cd711c4d6d9a6e4cb489a0ec32" member_type: VOTER last_known_addr { host: "127.31.206.193" port: 41503 } } peers { permanent_uuid: "01e2a1a503004af29a1c7b5f4d0f678e" member_type: VOTER last_known_addr { host: "127.31.206.194" port: 37485 } } peers { permanent_uuid: "261527d117604f93acc58fab977a74d8" member_type: VOTER last_known_addr { host: "127.31.206.195" port: 39543 } }
I20260608 09:53:05.676910  2729 tablet_service.cc:1917] Received RequestConsensusVote() RPC: tablet_id: "24ac9d889d134f70ac8d702ec54df257" candidate_uuid: "01e2a1a503004af29a1c7b5f4d0f678e" candidate_term: 1 candidate_status { last_received { term: 0 index: 0 } } ignore_live_leader: false dest_uuid: "58d513cd711c4d6d9a6e4cb489a0ec32"
I20260608 09:53:05.677487  2729 raft_consensus.cc:3060] T 24ac9d889d134f70ac8d702ec54df257 P 58d513cd711c4d6d9a6e4cb489a0ec32 [term 0 FOLLOWER]: Advancing to term 1
I20260608 09:53:05.660746  2923 raft_consensus.cc:740] T d8f55100b8d143719725d3a76c77cfd5 P 01e2a1a503004af29a1c7b5f4d0f678e [term 0 FOLLOWER]: Becoming Follower/Learner. State: Replica: 01e2a1a503004af29a1c7b5f4d0f678e, State: Initialized, Role: FOLLOWER
I20260608 09:53:05.681409  2923 consensus_queue.cc:260] T d8f55100b8d143719725d3a76c77cfd5 P 01e2a1a503004af29a1c7b5f4d0f678e [NON_LEADER]: Queue going to NON_LEADER mode. State: All replicated index: 0, Majority replicated index: 0, Committed index: 0, Last appended: 0.0, Last appended by leader: 0, Current term: 0, Majority size: -1, State: 0, Mode: NON_LEADER, active raft config: opid_index: -1 OBSOLETE_local: false peers { permanent_uuid: "58d513cd711c4d6d9a6e4cb489a0ec32" member_type: VOTER last_known_addr { host: "127.31.206.193" port: 41503 } } peers { permanent_uuid: "01e2a1a503004af29a1c7b5f4d0f678e" member_type: VOTER last_known_addr { host: "127.31.206.194" port: 37485 } } peers { permanent_uuid: "261527d117604f93acc58fab977a74d8" member_type: VOTER last_known_addr { host: "127.31.206.195" port: 39543 } }
I20260608 09:53:05.684571  2729 raft_consensus.cc:2468] T 24ac9d889d134f70ac8d702ec54df257 P 58d513cd711c4d6d9a6e4cb489a0ec32 [term 1 FOLLOWER]: Leader election vote request: Granting yes vote for candidate 01e2a1a503004af29a1c7b5f4d0f678e in term 1.
I20260608 09:53:05.686821  2878 tablet_service.cc:1917] Received RequestConsensusVote() RPC: tablet_id: "24ac9d889d134f70ac8d702ec54df257" candidate_uuid: "01e2a1a503004af29a1c7b5f4d0f678e" candidate_term: 1 candidate_status { last_received { term: 0 index: 0 } } ignore_live_leader: false dest_uuid: "261527d117604f93acc58fab977a74d8"
I20260608 09:53:05.687661  2768 leader_election.cc:304] T 24ac9d889d134f70ac8d702ec54df257 P 01e2a1a503004af29a1c7b5f4d0f678e [CANDIDATE]: Term 1 election: Election decided. Result: candidate won. Election summary: received 2 responses out of 3 voters: 2 yes votes; 0 no votes. yes voters: 01e2a1a503004af29a1c7b5f4d0f678e, 58d513cd711c4d6d9a6e4cb489a0ec32; no voters: 
I20260608 09:53:05.687762  2878 raft_consensus.cc:3060] T 24ac9d889d134f70ac8d702ec54df257 P 261527d117604f93acc58fab977a74d8 [term 0 FOLLOWER]: Advancing to term 1
I20260608 09:53:05.690325  2804 tablet_service.cc:1917] Received RequestConsensusVote() RPC: tablet_id: "24ac9d889d134f70ac8d702ec54df257" candidate_uuid: "261527d117604f93acc58fab977a74d8" candidate_term: 1 candidate_status { last_received { term: 0 index: 0 } } ignore_live_leader: false dest_uuid: "01e2a1a503004af29a1c7b5f4d0f678e" is_pre_election: true
I20260608 09:53:05.691177  2804 raft_consensus.cc:2393] T 24ac9d889d134f70ac8d702ec54df257 P 01e2a1a503004af29a1c7b5f4d0f678e [term 1 FOLLOWER]: Leader pre-election vote request: Denying vote to candidate 261527d117604f93acc58fab977a74d8 in current term 1: Already voted for candidate 01e2a1a503004af29a1c7b5f4d0f678e in this term.
I20260608 09:53:05.692782  2930 leader_election.cc:290] T 24ac9d889d134f70ac8d702ec54df257 P 01e2a1a503004af29a1c7b5f4d0f678e [CANDIDATE]: Term 1 election: Requested vote from peers 58d513cd711c4d6d9a6e4cb489a0ec32 (127.31.206.193:41503), 261527d117604f93acc58fab977a74d8 (127.31.206.195:39543)
I20260608 09:53:05.693485  2930 raft_consensus.cc:2804] T 24ac9d889d134f70ac8d702ec54df257 P 01e2a1a503004af29a1c7b5f4d0f678e [term 1 FOLLOWER]: Leader election won for term 1
I20260608 09:53:05.694034  2930 raft_consensus.cc:697] T 24ac9d889d134f70ac8d702ec54df257 P 01e2a1a503004af29a1c7b5f4d0f678e [term 1 LEADER]: Becoming Leader. State: Replica: 01e2a1a503004af29a1c7b5f4d0f678e, State: Running, Role: LEADER
I20260608 09:53:05.694923  2930 consensus_queue.cc:237] T 24ac9d889d134f70ac8d702ec54df257 P 01e2a1a503004af29a1c7b5f4d0f678e [LEADER]: Queue going to LEADER mode. State: All replicated index: 0, Majority replicated index: 0, Committed index: 0, Last appended: 0.0, Last appended by leader: 0, Current term: 1, Majority size: 2, State: 0, Mode: LEADER, active raft config: opid_index: -1 OBSOLETE_local: false peers { permanent_uuid: "58d513cd711c4d6d9a6e4cb489a0ec32" member_type: VOTER last_known_addr { host: "127.31.206.193" port: 41503 } } peers { permanent_uuid: "01e2a1a503004af29a1c7b5f4d0f678e" member_type: VOTER last_known_addr { host: "127.31.206.194" port: 37485 } } peers { permanent_uuid: "261527d117604f93acc58fab977a74d8" member_type: VOTER last_known_addr { host: "127.31.206.195" port: 39543 } }
I20260608 09:53:05.697901  2927 raft_consensus.cc:493] T 121c4e0924c04d4aa947afd3d975de31 P 261527d117604f93acc58fab977a74d8 [term 0 FOLLOWER]: Starting pre-election (no leader contacted us within the election timeout)
I20260608 09:53:05.698787  2927 raft_consensus.cc:515] T 121c4e0924c04d4aa947afd3d975de31 P 261527d117604f93acc58fab977a74d8 [term 0 FOLLOWER]: Starting pre-election with config: opid_index: -1 OBSOLETE_local: false peers { permanent_uuid: "01e2a1a503004af29a1c7b5f4d0f678e" member_type: VOTER last_known_addr { host: "127.31.206.194" port: 37485 } } peers { permanent_uuid: "261527d117604f93acc58fab977a74d8" member_type: VOTER last_known_addr { host: "127.31.206.195" port: 39543 } } peers { permanent_uuid: "58d513cd711c4d6d9a6e4cb489a0ec32" member_type: VOTER last_known_addr { host: "127.31.206.193" port: 41503 } }
I20260608 09:53:05.700112  2878 raft_consensus.cc:2468] T 24ac9d889d134f70ac8d702ec54df257 P 261527d117604f93acc58fab977a74d8 [term 1 FOLLOWER]: Leader election vote request: Granting yes vote for candidate 01e2a1a503004af29a1c7b5f4d0f678e in term 1.
I20260608 09:53:05.700347  2923 ts_tablet_manager.cc:1434] T d8f55100b8d143719725d3a76c77cfd5 P 01e2a1a503004af29a1c7b5f4d0f678e: Time spent starting tablet: real 0.044s	user 0.007s	sys 0.000s
I20260608 09:53:05.702513  2927 leader_election.cc:290] T 121c4e0924c04d4aa947afd3d975de31 P 261527d117604f93acc58fab977a74d8 [CANDIDATE]: Term 1 pre-election: Requested pre-vote from peers 01e2a1a503004af29a1c7b5f4d0f678e (127.31.206.194:37485), 58d513cd711c4d6d9a6e4cb489a0ec32 (127.31.206.193:41503)
I20260608 09:53:05.702888  2804 tablet_service.cc:1917] Received RequestConsensusVote() RPC: tablet_id: "121c4e0924c04d4aa947afd3d975de31" candidate_uuid: "261527d117604f93acc58fab977a74d8" candidate_term: 1 candidate_status { last_received { term: 0 index: 0 } } ignore_live_leader: false dest_uuid: "01e2a1a503004af29a1c7b5f4d0f678e" is_pre_election: true
I20260608 09:53:05.703800  2804 raft_consensus.cc:2468] T 121c4e0924c04d4aa947afd3d975de31 P 01e2a1a503004af29a1c7b5f4d0f678e [term 0 FOLLOWER]: Leader pre-election vote request: Granting yes vote for candidate 261527d117604f93acc58fab977a74d8 in term 0.
I20260608 09:53:05.705022  2729 tablet_service.cc:1917] Received RequestConsensusVote() RPC: tablet_id: "24ac9d889d134f70ac8d702ec54df257" candidate_uuid: "261527d117604f93acc58fab977a74d8" candidate_term: 1 candidate_status { last_received { term: 0 index: 0 } } ignore_live_leader: false dest_uuid: "58d513cd711c4d6d9a6e4cb489a0ec32" is_pre_election: true
I20260608 09:53:05.706105  2729 raft_consensus.cc:2393] T 24ac9d889d134f70ac8d702ec54df257 P 58d513cd711c4d6d9a6e4cb489a0ec32 [term 1 FOLLOWER]: Leader pre-election vote request: Denying vote to candidate 261527d117604f93acc58fab977a74d8 in current term 1: Already voted for candidate 01e2a1a503004af29a1c7b5f4d0f678e in this term.
I20260608 09:53:05.708491  2729 tablet_service.cc:1917] Received RequestConsensusVote() RPC: tablet_id: "121c4e0924c04d4aa947afd3d975de31" candidate_uuid: "261527d117604f93acc58fab977a74d8" candidate_term: 1 candidate_status { last_received { term: 0 index: 0 } } ignore_live_leader: false dest_uuid: "58d513cd711c4d6d9a6e4cb489a0ec32" is_pre_election: true
I20260608 09:53:05.709767  2843 leader_election.cc:304] T 121c4e0924c04d4aa947afd3d975de31 P 261527d117604f93acc58fab977a74d8 [CANDIDATE]: Term 1 pre-election: Election decided. Result: candidate won. Election summary: received 2 responses out of 3 voters: 2 yes votes; 0 no votes. yes voters: 01e2a1a503004af29a1c7b5f4d0f678e, 261527d117604f93acc58fab977a74d8; no voters: 
I20260608 09:53:05.710693  2927 raft_consensus.cc:2804] T 121c4e0924c04d4aa947afd3d975de31 P 261527d117604f93acc58fab977a74d8 [term 0 FOLLOWER]: Leader pre-election won for term 1
I20260608 09:53:05.710794  2729 raft_consensus.cc:2468] T 121c4e0924c04d4aa947afd3d975de31 P 58d513cd711c4d6d9a6e4cb489a0ec32 [term 0 FOLLOWER]: Leader pre-election vote request: Granting yes vote for candidate 261527d117604f93acc58fab977a74d8 in term 0.
I20260608 09:53:05.711181  2927 raft_consensus.cc:493] T 121c4e0924c04d4aa947afd3d975de31 P 261527d117604f93acc58fab977a74d8 [term 0 FOLLOWER]: Starting leader election (no leader contacted us within the election timeout)
I20260608 09:53:05.711642  2927 raft_consensus.cc:3060] T 121c4e0924c04d4aa947afd3d975de31 P 261527d117604f93acc58fab977a74d8 [term 0 FOLLOWER]: Advancing to term 1
I20260608 09:53:05.712517  2842 leader_election.cc:304] T 24ac9d889d134f70ac8d702ec54df257 P 261527d117604f93acc58fab977a74d8 [CANDIDATE]: Term 1 pre-election: Election decided. Result: candidate lost. Election summary: received 3 responses out of 3 voters: 1 yes votes; 2 no votes. yes voters: 261527d117604f93acc58fab977a74d8; no voters: 01e2a1a503004af29a1c7b5f4d0f678e, 58d513cd711c4d6d9a6e4cb489a0ec32
I20260608 09:53:05.713260  2926 tablet_bootstrap.cc:492] T 109f456bb0fd4d289ab3878cd403d984 P 58d513cd711c4d6d9a6e4cb489a0ec32: No bootstrap required, opened a new log
I20260608 09:53:05.714010  2926 ts_tablet_manager.cc:1403] T 109f456bb0fd4d289ab3878cd403d984 P 58d513cd711c4d6d9a6e4cb489a0ec32: Time spent bootstrapping tablet: real 0.061s	user 0.027s	sys 0.026s
I20260608 09:53:05.717557  2926 raft_consensus.cc:359] T 109f456bb0fd4d289ab3878cd403d984 P 58d513cd711c4d6d9a6e4cb489a0ec32 [term 0 FOLLOWER]: Replica starting. Triggering 0 pending ops. Active config: opid_index: -1 OBSOLETE_local: false peers { permanent_uuid: "58d513cd711c4d6d9a6e4cb489a0ec32" member_type: VOTER last_known_addr { host: "127.31.206.193" port: 41503 } } peers { permanent_uuid: "01e2a1a503004af29a1c7b5f4d0f678e" member_type: VOTER last_known_addr { host: "127.31.206.194" port: 37485 } } peers { permanent_uuid: "261527d117604f93acc58fab977a74d8" member_type: VOTER last_known_addr { host: "127.31.206.195" port: 39543 } }
I20260608 09:53:05.718291  2926 raft_consensus.cc:385] T 109f456bb0fd4d289ab3878cd403d984 P 58d513cd711c4d6d9a6e4cb489a0ec32 [term 0 FOLLOWER]: Consensus starting up: Expiring failure detector timer to make a prompt election more likely
I20260608 09:53:05.718633  2926 raft_consensus.cc:740] T 109f456bb0fd4d289ab3878cd403d984 P 58d513cd711c4d6d9a6e4cb489a0ec32 [term 0 FOLLOWER]: Becoming Follower/Learner. State: Replica: 58d513cd711c4d6d9a6e4cb489a0ec32, State: Initialized, Role: FOLLOWER
I20260608 09:53:05.719534  2926 consensus_queue.cc:260] T 109f456bb0fd4d289ab3878cd403d984 P 58d513cd711c4d6d9a6e4cb489a0ec32 [NON_LEADER]: Queue going to NON_LEADER mode. State: All replicated index: 0, Majority replicated index: 0, Committed index: 0, Last appended: 0.0, Last appended by leader: 0, Current term: 0, Majority size: -1, State: 0, Mode: NON_LEADER, active raft config: opid_index: -1 OBSOLETE_local: false peers { permanent_uuid: "58d513cd711c4d6d9a6e4cb489a0ec32" member_type: VOTER last_known_addr { host: "127.31.206.193" port: 41503 } } peers { permanent_uuid: "01e2a1a503004af29a1c7b5f4d0f678e" member_type: VOTER last_known_addr { host: "127.31.206.194" port: 37485 } } peers { permanent_uuid: "261527d117604f93acc58fab977a74d8" member_type: VOTER last_known_addr { host: "127.31.206.195" port: 39543 } }
I20260608 09:53:05.721109  2927 raft_consensus.cc:515] T 121c4e0924c04d4aa947afd3d975de31 P 261527d117604f93acc58fab977a74d8 [term 1 FOLLOWER]: Starting leader election with config: opid_index: -1 OBSOLETE_local: false peers { permanent_uuid: "01e2a1a503004af29a1c7b5f4d0f678e" member_type: VOTER last_known_addr { host: "127.31.206.194" port: 37485 } } peers { permanent_uuid: "261527d117604f93acc58fab977a74d8" member_type: VOTER last_known_addr { host: "127.31.206.195" port: 39543 } } peers { permanent_uuid: "58d513cd711c4d6d9a6e4cb489a0ec32" member_type: VOTER last_known_addr { host: "127.31.206.193" port: 41503 } }
I20260608 09:53:05.722036  2926 ts_tablet_manager.cc:1434] T 109f456bb0fd4d289ab3878cd403d984 P 58d513cd711c4d6d9a6e4cb489a0ec32: Time spent starting tablet: real 0.008s	user 0.003s	sys 0.004s
I20260608 09:53:05.721422  2625 catalog_manager.cc:5696] T 24ac9d889d134f70ac8d702ec54df257 P 01e2a1a503004af29a1c7b5f4d0f678e reported cstate change: term changed from 0 to 1, leader changed from <none> to 01e2a1a503004af29a1c7b5f4d0f678e (127.31.206.194). New cstate: current_term: 1 leader_uuid: "01e2a1a503004af29a1c7b5f4d0f678e" committed_config { opid_index: -1 OBSOLETE_local: false peers { permanent_uuid: "58d513cd711c4d6d9a6e4cb489a0ec32" member_type: VOTER last_known_addr { host: "127.31.206.193" port: 41503 } health_report { overall_health: UNKNOWN } } peers { permanent_uuid: "01e2a1a503004af29a1c7b5f4d0f678e" member_type: VOTER last_known_addr { host: "127.31.206.194" port: 37485 } health_report { overall_health: HEALTHY } } peers { permanent_uuid: "261527d117604f93acc58fab977a74d8" member_type: VOTER last_known_addr { host: "127.31.206.195" port: 39543 } health_report { overall_health: UNKNOWN } } }
I20260608 09:53:05.724079  2804 tablet_service.cc:1917] Received RequestConsensusVote() RPC: tablet_id: "121c4e0924c04d4aa947afd3d975de31" candidate_uuid: "261527d117604f93acc58fab977a74d8" candidate_term: 1 candidate_status { last_received { term: 0 index: 0 } } ignore_live_leader: false dest_uuid: "01e2a1a503004af29a1c7b5f4d0f678e"
I20260608 09:53:05.724709  2804 raft_consensus.cc:3060] T 121c4e0924c04d4aa947afd3d975de31 P 01e2a1a503004af29a1c7b5f4d0f678e [term 0 FOLLOWER]: Advancing to term 1
I20260608 09:53:05.725987  2927 leader_election.cc:290] T 121c4e0924c04d4aa947afd3d975de31 P 261527d117604f93acc58fab977a74d8 [CANDIDATE]: Term 1 election: Requested vote from peers 01e2a1a503004af29a1c7b5f4d0f678e (127.31.206.194:37485), 58d513cd711c4d6d9a6e4cb489a0ec32 (127.31.206.193:41503)
I20260608 09:53:05.726732  2927 raft_consensus.cc:2749] T 24ac9d889d134f70ac8d702ec54df257 P 261527d117604f93acc58fab977a74d8 [term 1 FOLLOWER]: Leader pre-election lost for term 1. Reason: could not achieve majority
I20260608 09:53:05.730337  2729 tablet_service.cc:1917] Received RequestConsensusVote() RPC: tablet_id: "121c4e0924c04d4aa947afd3d975de31" candidate_uuid: "261527d117604f93acc58fab977a74d8" candidate_term: 1 candidate_status { last_received { term: 0 index: 0 } } ignore_live_leader: false dest_uuid: "58d513cd711c4d6d9a6e4cb489a0ec32"
I20260608 09:53:05.730886  2729 raft_consensus.cc:3060] T 121c4e0924c04d4aa947afd3d975de31 P 58d513cd711c4d6d9a6e4cb489a0ec32 [term 0 FOLLOWER]: Advancing to term 1
I20260608 09:53:05.733392  2804 raft_consensus.cc:2468] T 121c4e0924c04d4aa947afd3d975de31 P 01e2a1a503004af29a1c7b5f4d0f678e [term 1 FOLLOWER]: Leader election vote request: Granting yes vote for candidate 261527d117604f93acc58fab977a74d8 in term 1.
I20260608 09:53:05.735106  2843 leader_election.cc:304] T 121c4e0924c04d4aa947afd3d975de31 P 261527d117604f93acc58fab977a74d8 [CANDIDATE]: Term 1 election: Election decided. Result: candidate won. Election summary: received 2 responses out of 3 voters: 2 yes votes; 0 no votes. yes voters: 01e2a1a503004af29a1c7b5f4d0f678e, 261527d117604f93acc58fab977a74d8; no voters: 
I20260608 09:53:05.736171  2948 raft_consensus.cc:2804] T 121c4e0924c04d4aa947afd3d975de31 P 261527d117604f93acc58fab977a74d8 [term 1 FOLLOWER]: Leader election won for term 1
I20260608 09:53:05.736756  2948 raft_consensus.cc:697] T 121c4e0924c04d4aa947afd3d975de31 P 261527d117604f93acc58fab977a74d8 [term 1 LEADER]: Becoming Leader. State: Replica: 261527d117604f93acc58fab977a74d8, State: Running, Role: LEADER
I20260608 09:53:05.737457  2948 consensus_queue.cc:237] T 121c4e0924c04d4aa947afd3d975de31 P 261527d117604f93acc58fab977a74d8 [LEADER]: Queue going to LEADER mode. State: All replicated index: 0, Majority replicated index: 0, Committed index: 0, Last appended: 0.0, Last appended by leader: 0, Current term: 1, Majority size: 2, State: 0, Mode: LEADER, active raft config: opid_index: -1 OBSOLETE_local: false peers { permanent_uuid: "01e2a1a503004af29a1c7b5f4d0f678e" member_type: VOTER last_known_addr { host: "127.31.206.194" port: 37485 } } peers { permanent_uuid: "261527d117604f93acc58fab977a74d8" member_type: VOTER last_known_addr { host: "127.31.206.195" port: 39543 } } peers { permanent_uuid: "58d513cd711c4d6d9a6e4cb489a0ec32" member_type: VOTER last_known_addr { host: "127.31.206.193" port: 41503 } }
I20260608 09:53:05.737844  2729 raft_consensus.cc:2468] T 121c4e0924c04d4aa947afd3d975de31 P 58d513cd711c4d6d9a6e4cb489a0ec32 [term 1 FOLLOWER]: Leader election vote request: Granting yes vote for candidate 261527d117604f93acc58fab977a74d8 in term 1.
I20260608 09:53:05.744593  2625 catalog_manager.cc:5696] T 121c4e0924c04d4aa947afd3d975de31 P 261527d117604f93acc58fab977a74d8 reported cstate change: term changed from 0 to 1, leader changed from <none> to 261527d117604f93acc58fab977a74d8 (127.31.206.195). New cstate: current_term: 1 leader_uuid: "261527d117604f93acc58fab977a74d8" committed_config { opid_index: -1 OBSOLETE_local: false peers { permanent_uuid: "01e2a1a503004af29a1c7b5f4d0f678e" member_type: VOTER last_known_addr { host: "127.31.206.194" port: 37485 } health_report { overall_health: UNKNOWN } } peers { permanent_uuid: "261527d117604f93acc58fab977a74d8" member_type: VOTER last_known_addr { host: "127.31.206.195" port: 39543 } health_report { overall_health: HEALTHY } } peers { permanent_uuid: "58d513cd711c4d6d9a6e4cb489a0ec32" member_type: VOTER last_known_addr { host: "127.31.206.193" port: 41503 } health_report { overall_health: UNKNOWN } } }
I20260608 09:53:05.815550  2948 raft_consensus.cc:493] T 109f456bb0fd4d289ab3878cd403d984 P 261527d117604f93acc58fab977a74d8 [term 0 FOLLOWER]: Starting pre-election (no leader contacted us within the election timeout)
I20260608 09:53:05.816102  2948 raft_consensus.cc:515] T 109f456bb0fd4d289ab3878cd403d984 P 261527d117604f93acc58fab977a74d8 [term 0 FOLLOWER]: Starting pre-election with config: opid_index: -1 OBSOLETE_local: false peers { permanent_uuid: "58d513cd711c4d6d9a6e4cb489a0ec32" member_type: VOTER last_known_addr { host: "127.31.206.193" port: 41503 } } peers { permanent_uuid: "01e2a1a503004af29a1c7b5f4d0f678e" member_type: VOTER last_known_addr { host: "127.31.206.194" port: 37485 } } peers { permanent_uuid: "261527d117604f93acc58fab977a74d8" member_type: VOTER last_known_addr { host: "127.31.206.195" port: 39543 } }
I20260608 09:53:05.818300  2948 leader_election.cc:290] T 109f456bb0fd4d289ab3878cd403d984 P 261527d117604f93acc58fab977a74d8 [CANDIDATE]: Term 1 pre-election: Requested pre-vote from peers 58d513cd711c4d6d9a6e4cb489a0ec32 (127.31.206.193:41503), 01e2a1a503004af29a1c7b5f4d0f678e (127.31.206.194:37485)
I20260608 09:53:05.819162  2729 tablet_service.cc:1917] Received RequestConsensusVote() RPC: tablet_id: "109f456bb0fd4d289ab3878cd403d984" candidate_uuid: "261527d117604f93acc58fab977a74d8" candidate_term: 1 candidate_status { last_received { term: 0 index: 0 } } ignore_live_leader: false dest_uuid: "58d513cd711c4d6d9a6e4cb489a0ec32" is_pre_election: true
I20260608 09:53:05.819393  2804 tablet_service.cc:1917] Received RequestConsensusVote() RPC: tablet_id: "109f456bb0fd4d289ab3878cd403d984" candidate_uuid: "261527d117604f93acc58fab977a74d8" candidate_term: 1 candidate_status { last_received { term: 0 index: 0 } } ignore_live_leader: false dest_uuid: "01e2a1a503004af29a1c7b5f4d0f678e" is_pre_election: true
I20260608 09:53:05.819763  2729 raft_consensus.cc:2468] T 109f456bb0fd4d289ab3878cd403d984 P 58d513cd711c4d6d9a6e4cb489a0ec32 [term 0 FOLLOWER]: Leader pre-election vote request: Granting yes vote for candidate 261527d117604f93acc58fab977a74d8 in term 0.
I20260608 09:53:05.819967  2804 raft_consensus.cc:2468] T 109f456bb0fd4d289ab3878cd403d984 P 01e2a1a503004af29a1c7b5f4d0f678e [term 0 FOLLOWER]: Leader pre-election vote request: Granting yes vote for candidate 261527d117604f93acc58fab977a74d8 in term 0.
I20260608 09:53:05.820904  2842 leader_election.cc:304] T 109f456bb0fd4d289ab3878cd403d984 P 261527d117604f93acc58fab977a74d8 [CANDIDATE]: Term 1 pre-election: Election decided. Result: candidate won. Election summary: received 2 responses out of 3 voters: 2 yes votes; 0 no votes. yes voters: 261527d117604f93acc58fab977a74d8, 58d513cd711c4d6d9a6e4cb489a0ec32; no voters: 
I20260608 09:53:05.821693  2948 raft_consensus.cc:2804] T 109f456bb0fd4d289ab3878cd403d984 P 261527d117604f93acc58fab977a74d8 [term 0 FOLLOWER]: Leader pre-election won for term 1
I20260608 09:53:05.822118  2948 raft_consensus.cc:493] T 109f456bb0fd4d289ab3878cd403d984 P 261527d117604f93acc58fab977a74d8 [term 0 FOLLOWER]: Starting leader election (no leader contacted us within the election timeout)
I20260608 09:53:05.822444  2948 raft_consensus.cc:3060] T 109f456bb0fd4d289ab3878cd403d984 P 261527d117604f93acc58fab977a74d8 [term 0 FOLLOWER]: Advancing to term 1
I20260608 09:53:05.827090  2948 raft_consensus.cc:515] T 109f456bb0fd4d289ab3878cd403d984 P 261527d117604f93acc58fab977a74d8 [term 1 FOLLOWER]: Starting leader election with config: opid_index: -1 OBSOLETE_local: false peers { permanent_uuid: "58d513cd711c4d6d9a6e4cb489a0ec32" member_type: VOTER last_known_addr { host: "127.31.206.193" port: 41503 } } peers { permanent_uuid: "01e2a1a503004af29a1c7b5f4d0f678e" member_type: VOTER last_known_addr { host: "127.31.206.194" port: 37485 } } peers { permanent_uuid: "261527d117604f93acc58fab977a74d8" member_type: VOTER last_known_addr { host: "127.31.206.195" port: 39543 } }
I20260608 09:53:05.828962  2948 leader_election.cc:290] T 109f456bb0fd4d289ab3878cd403d984 P 261527d117604f93acc58fab977a74d8 [CANDIDATE]: Term 1 election: Requested vote from peers 58d513cd711c4d6d9a6e4cb489a0ec32 (127.31.206.193:41503), 01e2a1a503004af29a1c7b5f4d0f678e (127.31.206.194:37485)
I20260608 09:53:05.829799  2729 tablet_service.cc:1917] Received RequestConsensusVote() RPC: tablet_id: "109f456bb0fd4d289ab3878cd403d984" candidate_uuid: "261527d117604f93acc58fab977a74d8" candidate_term: 1 candidate_status { last_received { term: 0 index: 0 } } ignore_live_leader: false dest_uuid: "58d513cd711c4d6d9a6e4cb489a0ec32"
I20260608 09:53:05.829974  2804 tablet_service.cc:1917] Received RequestConsensusVote() RPC: tablet_id: "109f456bb0fd4d289ab3878cd403d984" candidate_uuid: "261527d117604f93acc58fab977a74d8" candidate_term: 1 candidate_status { last_received { term: 0 index: 0 } } ignore_live_leader: false dest_uuid: "01e2a1a503004af29a1c7b5f4d0f678e"
I20260608 09:53:05.830291  2729 raft_consensus.cc:3060] T 109f456bb0fd4d289ab3878cd403d984 P 58d513cd711c4d6d9a6e4cb489a0ec32 [term 0 FOLLOWER]: Advancing to term 1
I20260608 09:53:05.830505  2804 raft_consensus.cc:3060] T 109f456bb0fd4d289ab3878cd403d984 P 01e2a1a503004af29a1c7b5f4d0f678e [term 0 FOLLOWER]: Advancing to term 1
I20260608 09:53:05.834654  2729 raft_consensus.cc:2468] T 109f456bb0fd4d289ab3878cd403d984 P 58d513cd711c4d6d9a6e4cb489a0ec32 [term 1 FOLLOWER]: Leader election vote request: Granting yes vote for candidate 261527d117604f93acc58fab977a74d8 in term 1.
I20260608 09:53:05.834661  2804 raft_consensus.cc:2468] T 109f456bb0fd4d289ab3878cd403d984 P 01e2a1a503004af29a1c7b5f4d0f678e [term 1 FOLLOWER]: Leader election vote request: Granting yes vote for candidate 261527d117604f93acc58fab977a74d8 in term 1.
I20260608 09:53:05.835793  2842 leader_election.cc:304] T 109f456bb0fd4d289ab3878cd403d984 P 261527d117604f93acc58fab977a74d8 [CANDIDATE]: Term 1 election: Election decided. Result: candidate won. Election summary: received 2 responses out of 3 voters: 2 yes votes; 0 no votes. yes voters: 261527d117604f93acc58fab977a74d8, 58d513cd711c4d6d9a6e4cb489a0ec32; no voters: 
I20260608 09:53:05.836472  2948 raft_consensus.cc:2804] T 109f456bb0fd4d289ab3878cd403d984 P 261527d117604f93acc58fab977a74d8 [term 1 FOLLOWER]: Leader election won for term 1
I20260608 09:53:05.836930  2948 raft_consensus.cc:697] T 109f456bb0fd4d289ab3878cd403d984 P 261527d117604f93acc58fab977a74d8 [term 1 LEADER]: Becoming Leader. State: Replica: 261527d117604f93acc58fab977a74d8, State: Running, Role: LEADER
I20260608 09:53:05.838101  2948 consensus_queue.cc:237] T 109f456bb0fd4d289ab3878cd403d984 P 261527d117604f93acc58fab977a74d8 [LEADER]: Queue going to LEADER mode. State: All replicated index: 0, Majority replicated index: 0, Committed index: 0, Last appended: 0.0, Last appended by leader: 0, Current term: 1, Majority size: 2, State: 0, Mode: LEADER, active raft config: opid_index: -1 OBSOLETE_local: false peers { permanent_uuid: "58d513cd711c4d6d9a6e4cb489a0ec32" member_type: VOTER last_known_addr { host: "127.31.206.193" port: 41503 } } peers { permanent_uuid: "01e2a1a503004af29a1c7b5f4d0f678e" member_type: VOTER last_known_addr { host: "127.31.206.194" port: 37485 } } peers { permanent_uuid: "261527d117604f93acc58fab977a74d8" member_type: VOTER last_known_addr { host: "127.31.206.195" port: 39543 } }
I20260608 09:53:05.845374  2625 catalog_manager.cc:5696] T 109f456bb0fd4d289ab3878cd403d984 P 261527d117604f93acc58fab977a74d8 reported cstate change: term changed from 0 to 1, leader changed from <none> to 261527d117604f93acc58fab977a74d8 (127.31.206.195). New cstate: current_term: 1 leader_uuid: "261527d117604f93acc58fab977a74d8" committed_config { opid_index: -1 OBSOLETE_local: false peers { permanent_uuid: "58d513cd711c4d6d9a6e4cb489a0ec32" member_type: VOTER last_known_addr { host: "127.31.206.193" port: 41503 } health_report { overall_health: UNKNOWN } } peers { permanent_uuid: "01e2a1a503004af29a1c7b5f4d0f678e" member_type: VOTER last_known_addr { host: "127.31.206.194" port: 37485 } health_report { overall_health: UNKNOWN } } peers { permanent_uuid: "261527d117604f93acc58fab977a74d8" member_type: VOTER last_known_addr { host: "127.31.206.195" port: 39543 } health_report { overall_health: HEALTHY } } }
W20260608 09:53:05.863045  2675 auto_rebalancer.cc:259] Could not retrieve cluster info: Service unavailable: Tablet not running
I20260608 09:53:05.863798  2680 auto_leader_rebalancer.cc:140] leader rebalance for table range_aware_auto_rebalancer_test
W20260608 09:53:05.866102  2680 auto_leader_rebalancer.cc:460] the master instance isn't leader: Service unavailable: Tablet not running
I20260608 09:53:06.021831  2948 raft_consensus.cc:493] T d8f55100b8d143719725d3a76c77cfd5 P 261527d117604f93acc58fab977a74d8 [term 0 FOLLOWER]: Starting pre-election (no leader contacted us within the election timeout)
I20260608 09:53:06.022398  2948 raft_consensus.cc:515] T d8f55100b8d143719725d3a76c77cfd5 P 261527d117604f93acc58fab977a74d8 [term 0 FOLLOWER]: Starting pre-election with config: opid_index: -1 OBSOLETE_local: false peers { permanent_uuid: "58d513cd711c4d6d9a6e4cb489a0ec32" member_type: VOTER last_known_addr { host: "127.31.206.193" port: 41503 } } peers { permanent_uuid: "01e2a1a503004af29a1c7b5f4d0f678e" member_type: VOTER last_known_addr { host: "127.31.206.194" port: 37485 } } peers { permanent_uuid: "261527d117604f93acc58fab977a74d8" member_type: VOTER last_known_addr { host: "127.31.206.195" port: 39543 } }
I20260608 09:53:06.024381  2948 leader_election.cc:290] T d8f55100b8d143719725d3a76c77cfd5 P 261527d117604f93acc58fab977a74d8 [CANDIDATE]: Term 1 pre-election: Requested pre-vote from peers 58d513cd711c4d6d9a6e4cb489a0ec32 (127.31.206.193:41503), 01e2a1a503004af29a1c7b5f4d0f678e (127.31.206.194:37485)
I20260608 09:53:06.025216  2729 tablet_service.cc:1917] Received RequestConsensusVote() RPC: tablet_id: "d8f55100b8d143719725d3a76c77cfd5" candidate_uuid: "261527d117604f93acc58fab977a74d8" candidate_term: 1 candidate_status { last_received { term: 0 index: 0 } } ignore_live_leader: false dest_uuid: "58d513cd711c4d6d9a6e4cb489a0ec32" is_pre_election: true
I20260608 09:53:06.025460  2804 tablet_service.cc:1917] Received RequestConsensusVote() RPC: tablet_id: "d8f55100b8d143719725d3a76c77cfd5" candidate_uuid: "261527d117604f93acc58fab977a74d8" candidate_term: 1 candidate_status { last_received { term: 0 index: 0 } } ignore_live_leader: false dest_uuid: "01e2a1a503004af29a1c7b5f4d0f678e" is_pre_election: true
I20260608 09:53:06.025791  2729 raft_consensus.cc:2468] T d8f55100b8d143719725d3a76c77cfd5 P 58d513cd711c4d6d9a6e4cb489a0ec32 [term 0 FOLLOWER]: Leader pre-election vote request: Granting yes vote for candidate 261527d117604f93acc58fab977a74d8 in term 0.
I20260608 09:53:06.026093  2804 raft_consensus.cc:2468] T d8f55100b8d143719725d3a76c77cfd5 P 01e2a1a503004af29a1c7b5f4d0f678e [term 0 FOLLOWER]: Leader pre-election vote request: Granting yes vote for candidate 261527d117604f93acc58fab977a74d8 in term 0.
I20260608 09:53:06.026940  2842 leader_election.cc:304] T d8f55100b8d143719725d3a76c77cfd5 P 261527d117604f93acc58fab977a74d8 [CANDIDATE]: Term 1 pre-election: Election decided. Result: candidate won. Election summary: received 2 responses out of 3 voters: 2 yes votes; 0 no votes. yes voters: 261527d117604f93acc58fab977a74d8, 58d513cd711c4d6d9a6e4cb489a0ec32; no voters: 
I20260608 09:53:06.027717  2948 raft_consensus.cc:2804] T d8f55100b8d143719725d3a76c77cfd5 P 261527d117604f93acc58fab977a74d8 [term 0 FOLLOWER]: Leader pre-election won for term 1
I20260608 09:53:06.028098  2948 raft_consensus.cc:493] T d8f55100b8d143719725d3a76c77cfd5 P 261527d117604f93acc58fab977a74d8 [term 0 FOLLOWER]: Starting leader election (no leader contacted us within the election timeout)
I20260608 09:53:06.028414  2948 raft_consensus.cc:3060] T d8f55100b8d143719725d3a76c77cfd5 P 261527d117604f93acc58fab977a74d8 [term 0 FOLLOWER]: Advancing to term 1
I20260608 09:53:06.033443  2948 raft_consensus.cc:515] T d8f55100b8d143719725d3a76c77cfd5 P 261527d117604f93acc58fab977a74d8 [term 1 FOLLOWER]: Starting leader election with config: opid_index: -1 OBSOLETE_local: false peers { permanent_uuid: "58d513cd711c4d6d9a6e4cb489a0ec32" member_type: VOTER last_known_addr { host: "127.31.206.193" port: 41503 } } peers { permanent_uuid: "01e2a1a503004af29a1c7b5f4d0f678e" member_type: VOTER last_known_addr { host: "127.31.206.194" port: 37485 } } peers { permanent_uuid: "261527d117604f93acc58fab977a74d8" member_type: VOTER last_known_addr { host: "127.31.206.195" port: 39543 } }
