I20260608 09:52:00.672427 23149 leader_election.cc:304] T 7cd73ac97bbd443eb8ab8cc2a0686243 P c43c09b35a97495b8f695c59b686a795 [CANDIDATE]: Term 2 pre-election: Election decided. Result: candidate lost. Election summary: received 3 responses out of 3 voters: 1 yes votes; 2 no votes. yes voters: c43c09b35a97495b8f695c59b686a795; no voters: 2915db0ef9924b91b158187359ef127f, 3388d7da174d48deb33a03a9b7f8d8b5
I20260608 09:52:00.682183 23183 tablet_service.cc:1917] Received RequestConsensusVote() RPC: tablet_id: "dac6cdb1268945f994fef8d2ffa22908" candidate_uuid: "3388d7da174d48deb33a03a9b7f8d8b5" candidate_term: 2 candidate_status { last_received { term: 1 index: 1 } } ignore_live_leader: false dest_uuid: "c43c09b35a97495b8f695c59b686a795" is_pre_election: true
I20260608 09:52:00.678531 23389 raft_consensus.cc:2749] T 5fb510daf79b4574bb9e921296ea0c7d P 2915db0ef9924b91b158187359ef127f [term 2 FOLLOWER]: Leader pre-election lost for term 2. Reason: could not achieve majority
I20260608 09:52:00.683073 23390 raft_consensus.cc:2749] T 7cd73ac97bbd443eb8ab8cc2a0686243 P c43c09b35a97495b8f695c59b686a795 [term 1 FOLLOWER]: Leader pre-election lost for term 2. Reason: could not achieve majority
I20260608 09:52:00.684888 23149 leader_election.cc:304] T cc3891bb27514cd3856a2656a7cea4ee P c43c09b35a97495b8f695c59b686a795 [CANDIDATE]: Term 2 pre-election: Election decided. Result: candidate lost. Election summary: received 3 responses out of 3 voters: 1 yes votes; 2 no votes. yes voters: c43c09b35a97495b8f695c59b686a795; no voters: 2915db0ef9924b91b158187359ef127f, 3388d7da174d48deb33a03a9b7f8d8b5
I20260608 09:52:00.685546 23181 raft_consensus.cc:1240] T 5fb510daf79b4574bb9e921296ea0c7d P c43c09b35a97495b8f695c59b686a795 [term 2 LEADER]: Rejecting Update request from peer 3388d7da174d48deb33a03a9b7f8d8b5 for earlier term 1. Current term is 2. Ops: []
I20260608 09:52:00.686967 23075 leader_election.cc:304] T dac6cdb1268945f994fef8d2ffa22908 P 2915db0ef9924b91b158187359ef127f [CANDIDATE]: Term 2 pre-election: Election decided. Result: candidate won. Election summary: received 3 responses out of 3 voters: 2 yes votes; 1 no votes. yes voters: 2915db0ef9924b91b158187359ef127f, 3388d7da174d48deb33a03a9b7f8d8b5; no voters: c43c09b35a97495b8f695c59b686a795
I20260608 09:52:00.688107 23389 raft_consensus.cc:2804] T dac6cdb1268945f994fef8d2ffa22908 P 2915db0ef9924b91b158187359ef127f [term 1 FOLLOWER]: Leader pre-election won for term 2
I20260608 09:52:00.688647 23390 raft_consensus.cc:2749] T cc3891bb27514cd3856a2656a7cea4ee P c43c09b35a97495b8f695c59b686a795 [term 1 FOLLOWER]: Leader pre-election lost for term 2. Reason: could not achieve majority
I20260608 09:52:00.688547 23389 raft_consensus.cc:493] T dac6cdb1268945f994fef8d2ffa22908 P 2915db0ef9924b91b158187359ef127f [term 1 FOLLOWER]: Starting leader election (detected failure of leader c43c09b35a97495b8f695c59b686a795)
I20260608 09:52:00.689443 23389 raft_consensus.cc:3060] T dac6cdb1268945f994fef8d2ffa22908 P 2915db0ef9924b91b158187359ef127f [term 1 FOLLOWER]: Advancing to term 2
I20260608 09:52:00.692973 23108 tablet_service.cc:1917] Received RequestConsensusVote() RPC: tablet_id: "99ad9894723f44028763994c1d8c5434" candidate_uuid: "3388d7da174d48deb33a03a9b7f8d8b5" candidate_term: 2 candidate_status { last_received { term: 1 index: 1 } } ignore_live_leader: false dest_uuid: "2915db0ef9924b91b158187359ef127f" is_pre_election: true
I20260608 09:52:00.672282 23000 leader_election.cc:304] T 7cd73ac97bbd443eb8ab8cc2a0686243 P 3388d7da174d48deb33a03a9b7f8d8b5 [CANDIDATE]: Term 2 pre-election: Election decided. Result: candidate won. Election summary: received 2 responses out of 3 voters: 2 yes votes; 0 no votes. yes voters: 3388d7da174d48deb33a03a9b7f8d8b5, c43c09b35a97495b8f695c59b686a795; no voters: 
I20260608 09:52:00.698289 23394 raft_consensus.cc:2804] T 7cd73ac97bbd443eb8ab8cc2a0686243 P 3388d7da174d48deb33a03a9b7f8d8b5 [term 1 FOLLOWER]: Leader pre-election won for term 2
I20260608 09:52:00.698765 23394 raft_consensus.cc:493] T 7cd73ac97bbd443eb8ab8cc2a0686243 P 3388d7da174d48deb33a03a9b7f8d8b5 [term 1 FOLLOWER]: Starting leader election (detected failure of leader 2915db0ef9924b91b158187359ef127f)
I20260608 09:52:00.699201 23394 raft_consensus.cc:3060] T 7cd73ac97bbd443eb8ab8cc2a0686243 P 3388d7da174d48deb33a03a9b7f8d8b5 [term 1 FOLLOWER]: Advancing to term 2
I20260608 09:52:00.699452 23389 raft_consensus.cc:515] T dac6cdb1268945f994fef8d2ffa22908 P 2915db0ef9924b91b158187359ef127f [term 2 FOLLOWER]: Starting leader election with config: opid_index: -1 OBSOLETE_local: false peers { permanent_uuid: "c43c09b35a97495b8f695c59b686a795" member_type: VOTER last_known_addr { host: "127.21.215.131" port: 33383 } } peers { permanent_uuid: "2915db0ef9924b91b158187359ef127f" member_type: VOTER last_known_addr { host: "127.21.215.130" port: 33233 } } peers { permanent_uuid: "3388d7da174d48deb33a03a9b7f8d8b5" member_type: VOTER last_known_addr { host: "127.21.215.129" port: 45539 } }
I20260608 09:52:00.702977 23181 tablet_service.cc:1917] Received RequestConsensusVote() RPC: tablet_id: "dac6cdb1268945f994fef8d2ffa22908" candidate_uuid: "2915db0ef9924b91b158187359ef127f" candidate_term: 2 candidate_status { last_received { term: 1 index: 1 } } ignore_live_leader: false dest_uuid: "c43c09b35a97495b8f695c59b686a795"
I20260608 09:52:00.706347 23389 leader_election.cc:290] T dac6cdb1268945f994fef8d2ffa22908 P 2915db0ef9924b91b158187359ef127f [CANDIDATE]: Term 2 election: Requested vote from peers c43c09b35a97495b8f695c59b686a795 (127.21.215.131:33383), 3388d7da174d48deb33a03a9b7f8d8b5 (127.21.215.129:45539)
I20260608 09:52:00.708993 23394 raft_consensus.cc:515] T 7cd73ac97bbd443eb8ab8cc2a0686243 P 3388d7da174d48deb33a03a9b7f8d8b5 [term 2 FOLLOWER]: Starting leader election with config: opid_index: -1 OBSOLETE_local: false peers { permanent_uuid: "3388d7da174d48deb33a03a9b7f8d8b5" member_type: VOTER last_known_addr { host: "127.21.215.129" port: 45539 } } peers { permanent_uuid: "2915db0ef9924b91b158187359ef127f" member_type: VOTER last_known_addr { host: "127.21.215.130" port: 33233 } } peers { permanent_uuid: "c43c09b35a97495b8f695c59b686a795" member_type: VOTER last_known_addr { host: "127.21.215.131" port: 33383 } }
I20260608 09:52:00.709339 23000 leader_election.cc:304] T cc3891bb27514cd3856a2656a7cea4ee P 3388d7da174d48deb33a03a9b7f8d8b5 [CANDIDATE]: Term 2 pre-election: Election decided. Result: candidate won. Election summary: received 2 responses out of 3 voters: 2 yes votes; 0 no votes. yes voters: 3388d7da174d48deb33a03a9b7f8d8b5, c43c09b35a97495b8f695c59b686a795; no voters: 
I20260608 09:52:00.710525 23392 raft_consensus.cc:2804] T cc3891bb27514cd3856a2656a7cea4ee P 3388d7da174d48deb33a03a9b7f8d8b5 [term 1 FOLLOWER]: Leader pre-election won for term 2
I20260608 09:52:00.711148 23392 raft_consensus.cc:493] T cc3891bb27514cd3856a2656a7cea4ee P 3388d7da174d48deb33a03a9b7f8d8b5 [term 1 FOLLOWER]: Starting leader election (detected failure of leader 2915db0ef9924b91b158187359ef127f)
I20260608 09:52:00.710973 23393 consensus_queue.cc:1059] T fddc8076b23a48b99005fda584451ef2 P 3388d7da174d48deb33a03a9b7f8d8b5 [LEADER]: Peer responded invalid term: Peer: permanent_uuid: "c43c09b35a97495b8f695c59b686a795" member_type: VOTER last_known_addr { host: "127.21.215.131" port: 33383 }, Status: INVALID_TERM, Last received: 1.1, Next index: 2, Last known committed idx: 1, Time since last communication: 0.000s
I20260608 09:52:00.711548 23392 raft_consensus.cc:3060] T cc3891bb27514cd3856a2656a7cea4ee P 3388d7da174d48deb33a03a9b7f8d8b5 [term 1 FOLLOWER]: Advancing to term 2
I20260608 09:52:00.711874 23393 consensus_queue.cc:1243] T fddc8076b23a48b99005fda584451ef2 P 3388d7da174d48deb33a03a9b7f8d8b5 [LEADER]: Peer c43c09b35a97495b8f695c59b686a795 log is divergent from this leader: its last log entry 2.2 is not in this leader's log and it has not received anything from this leader yet. Falling back to committed index 1
I20260608 09:52:00.712783 23388 raft_consensus.cc:3055] T fddc8076b23a48b99005fda584451ef2 P 3388d7da174d48deb33a03a9b7f8d8b5 [term 1 LEADER]: Stepping down as leader of term 1
I20260608 09:52:00.713205 23388 raft_consensus.cc:740] T fddc8076b23a48b99005fda584451ef2 P 3388d7da174d48deb33a03a9b7f8d8b5 [term 1 LEADER]: Becoming Follower/Learner. State: Replica: 3388d7da174d48deb33a03a9b7f8d8b5, State: Running, Role: LEADER
I20260608 09:52:00.714381 23388 consensus_queue.cc:260] T fddc8076b23a48b99005fda584451ef2 P 3388d7da174d48deb33a03a9b7f8d8b5 [NON_LEADER]: Queue going to NON_LEADER mode. State: All replicated index: 0, Majority replicated index: 1, Committed index: 1, Last appended: 1.1, Last appended by leader: 1, Current term: 1, Majority size: -1, State: 0, Mode: NON_LEADER, active raft config: opid_index: -1 OBSOLETE_local: false peers { permanent_uuid: "3388d7da174d48deb33a03a9b7f8d8b5" member_type: VOTER last_known_addr { host: "127.21.215.129" port: 45539 } } peers { permanent_uuid: "2915db0ef9924b91b158187359ef127f" member_type: VOTER last_known_addr { host: "127.21.215.130" port: 33233 } } peers { permanent_uuid: "c43c09b35a97495b8f695c59b686a795" member_type: VOTER last_known_addr { host: "127.21.215.131" port: 33383 } }
I20260608 09:52:00.719738 23392 raft_consensus.cc:515] T cc3891bb27514cd3856a2656a7cea4ee P 3388d7da174d48deb33a03a9b7f8d8b5 [term 2 FOLLOWER]: Starting leader election with config: opid_index: -1 OBSOLETE_local: false peers { permanent_uuid: "3388d7da174d48deb33a03a9b7f8d8b5" member_type: VOTER last_known_addr { host: "127.21.215.129" port: 45539 } } peers { permanent_uuid: "2915db0ef9924b91b158187359ef127f" member_type: VOTER last_known_addr { host: "127.21.215.130" port: 33233 } } peers { permanent_uuid: "c43c09b35a97495b8f695c59b686a795" member_type: VOTER last_known_addr { host: "127.21.215.131" port: 33383 } }
I20260608 09:52:00.721714 22930 catalog_manager.cc:5696] T 5fb510daf79b4574bb9e921296ea0c7d P c43c09b35a97495b8f695c59b686a795 reported cstate change: term changed from 1 to 2, leader changed from 3388d7da174d48deb33a03a9b7f8d8b5 (127.21.215.129) to c43c09b35a97495b8f695c59b686a795 (127.21.215.131). New cstate: current_term: 2 leader_uuid: "c43c09b35a97495b8f695c59b686a795" committed_config { opid_index: -1 OBSOLETE_local: false peers { permanent_uuid: "3388d7da174d48deb33a03a9b7f8d8b5" member_type: VOTER last_known_addr { host: "127.21.215.129" port: 45539 } health_report { overall_health: UNKNOWN } } peers { permanent_uuid: "2915db0ef9924b91b158187359ef127f" member_type: VOTER last_known_addr { host: "127.21.215.130" port: 33233 } health_report { overall_health: UNKNOWN } } peers { permanent_uuid: "c43c09b35a97495b8f695c59b686a795" member_type: VOTER last_known_addr { host: "127.21.215.131" port: 33383 } health_report { overall_health: HEALTHY } } }
I20260608 09:52:00.721868 23394 leader_election.cc:290] T 7cd73ac97bbd443eb8ab8cc2a0686243 P 3388d7da174d48deb33a03a9b7f8d8b5 [CANDIDATE]: Term 2 election: Requested vote from peers 2915db0ef9924b91b158187359ef127f (127.21.215.130:33233), c43c09b35a97495b8f695c59b686a795 (127.21.215.131:33383)
I20260608 09:52:00.726897 23394 consensus_queue.cc:1059] T 97f65a5e8c514a1f9627489e3cdf7765 P 3388d7da174d48deb33a03a9b7f8d8b5 [LEADER]: Peer responded invalid term: Peer: permanent_uuid: "c43c09b35a97495b8f695c59b686a795" member_type: VOTER last_known_addr { host: "127.21.215.131" port: 33383 }, Status: INVALID_TERM, Last received: 1.1, Next index: 2, Last known committed idx: 1, Time since last communication: 0.000s
I20260608 09:52:00.727664 23394 consensus_queue.cc:1243] T 97f65a5e8c514a1f9627489e3cdf7765 P 3388d7da174d48deb33a03a9b7f8d8b5 [LEADER]: Peer c43c09b35a97495b8f695c59b686a795 log is divergent from this leader: its last log entry 2.2 is not in this leader's log and it has not received anything from this leader yet. Falling back to committed index 1
I20260608 09:52:00.723856 23392 leader_election.cc:290] T cc3891bb27514cd3856a2656a7cea4ee P 3388d7da174d48deb33a03a9b7f8d8b5 [CANDIDATE]: Term 2 election: Requested vote from peers 2915db0ef9924b91b158187359ef127f (127.21.215.130:33233), c43c09b35a97495b8f695c59b686a795 (127.21.215.131:33383)
I20260608 09:52:00.728390 23392 raft_consensus.cc:3055] T 97f65a5e8c514a1f9627489e3cdf7765 P 3388d7da174d48deb33a03a9b7f8d8b5 [term 1 LEADER]: Stepping down as leader of term 1
I20260608 09:52:00.728727 23392 raft_consensus.cc:740] T 97f65a5e8c514a1f9627489e3cdf7765 P 3388d7da174d48deb33a03a9b7f8d8b5 [term 1 LEADER]: Becoming Follower/Learner. State: Replica: 3388d7da174d48deb33a03a9b7f8d8b5, State: Running, Role: LEADER
I20260608 09:52:00.729781 23392 consensus_queue.cc:260] T 97f65a5e8c514a1f9627489e3cdf7765 P 3388d7da174d48deb33a03a9b7f8d8b5 [NON_LEADER]: Queue going to NON_LEADER mode. State: All replicated index: 0, Majority replicated index: 1, Committed index: 1, Last appended: 1.1, Last appended by leader: 1, Current term: 1, Majority size: -1, State: 0, Mode: NON_LEADER, active raft config: opid_index: -1 OBSOLETE_local: false peers { permanent_uuid: "3388d7da174d48deb33a03a9b7f8d8b5" member_type: VOTER last_known_addr { host: "127.21.215.129" port: 45539 } } peers { permanent_uuid: "2915db0ef9924b91b158187359ef127f" member_type: VOTER last_known_addr { host: "127.21.215.130" port: 33233 } } peers { permanent_uuid: "c43c09b35a97495b8f695c59b686a795" member_type: VOTER last_known_addr { host: "127.21.215.131" port: 33383 } }
I20260608 09:52:00.731724 23388 raft_consensus.cc:3060] T fddc8076b23a48b99005fda584451ef2 P 3388d7da174d48deb33a03a9b7f8d8b5 [term 1 FOLLOWER]: Advancing to term 2
I20260608 09:52:00.732663 23392 raft_consensus.cc:3060] T 97f65a5e8c514a1f9627489e3cdf7765 P 3388d7da174d48deb33a03a9b7f8d8b5 [term 1 FOLLOWER]: Advancing to term 2
I20260608 09:52:00.735898 23394 consensus_queue.cc:1059] T 5fb510daf79b4574bb9e921296ea0c7d P 3388d7da174d48deb33a03a9b7f8d8b5 [LEADER]: Peer responded invalid term: Peer: permanent_uuid: "c43c09b35a97495b8f695c59b686a795" member_type: VOTER last_known_addr { host: "127.21.215.131" port: 33383 }, Status: INVALID_TERM, Last received: 1.1, Next index: 2, Last known committed idx: 1, Time since last communication: 0.001s
I20260608 09:52:00.736846 23394 consensus_queue.cc:1243] T 5fb510daf79b4574bb9e921296ea0c7d P 3388d7da174d48deb33a03a9b7f8d8b5 [LEADER]: Peer c43c09b35a97495b8f695c59b686a795 log is divergent from this leader: its last log entry 2.2 is not in this leader's log and it has not received anything from this leader yet. Falling back to committed index 1
I20260608 09:52:00.737807 23394 raft_consensus.cc:3055] T 5fb510daf79b4574bb9e921296ea0c7d P 3388d7da174d48deb33a03a9b7f8d8b5 [term 1 LEADER]: Stepping down as leader of term 1
I20260608 09:52:00.738214 23394 raft_consensus.cc:740] T 5fb510daf79b4574bb9e921296ea0c7d P 3388d7da174d48deb33a03a9b7f8d8b5 [term 1 LEADER]: Becoming Follower/Learner. State: Replica: 3388d7da174d48deb33a03a9b7f8d8b5, State: Running, Role: LEADER
I20260608 09:52:00.739317 23394 consensus_queue.cc:260] T 5fb510daf79b4574bb9e921296ea0c7d P 3388d7da174d48deb33a03a9b7f8d8b5 [NON_LEADER]: Queue going to NON_LEADER mode. State: All replicated index: 0, Majority replicated index: 1, Committed index: 1, Last appended: 1.1, Last appended by leader: 1, Current term: 1, Majority size: -1, State: 0, Mode: NON_LEADER, active raft config: opid_index: -1 OBSOLETE_local: false peers { permanent_uuid: "3388d7da174d48deb33a03a9b7f8d8b5" member_type: VOTER last_known_addr { host: "127.21.215.129" port: 45539 } } peers { permanent_uuid: "2915db0ef9924b91b158187359ef127f" member_type: VOTER last_known_addr { host: "127.21.215.130" port: 33233 } } peers { permanent_uuid: "c43c09b35a97495b8f695c59b686a795" member_type: VOTER last_known_addr { host: "127.21.215.131" port: 33383 } }
I20260608 09:52:00.740427 23394 raft_consensus.cc:3060] T 5fb510daf79b4574bb9e921296ea0c7d P 3388d7da174d48deb33a03a9b7f8d8b5 [term 1 FOLLOWER]: Advancing to term 2
I20260608 09:52:00.747222 23000 leader_election.cc:304] T ba18d03805f6421aa13b59d3c0cedcc9 P 3388d7da174d48deb33a03a9b7f8d8b5 [CANDIDATE]: Term 2 pre-election: Election decided. Result: candidate lost. Election summary: received 3 responses out of 3 voters: 1 yes votes; 2 no votes. yes voters: 3388d7da174d48deb33a03a9b7f8d8b5; no voters: 2915db0ef9924b91b158187359ef127f, c43c09b35a97495b8f695c59b686a795
I20260608 09:52:00.748288 23402 raft_consensus.cc:2749] T ba18d03805f6421aa13b59d3c0cedcc9 P 3388d7da174d48deb33a03a9b7f8d8b5 [term 1 FOLLOWER]: Leader pre-election lost for term 2. Reason: could not achieve majority
I20260608 09:52:00.748641 23000 leader_election.cc:304] T dac6cdb1268945f994fef8d2ffa22908 P 3388d7da174d48deb33a03a9b7f8d8b5 [CANDIDATE]: Term 2 pre-election: Election decided. Result: candidate lost. Election summary: received 3 responses out of 3 voters: 1 yes votes; 2 no votes. yes voters: 3388d7da174d48deb33a03a9b7f8d8b5; no voters: 2915db0ef9924b91b158187359ef127f, c43c09b35a97495b8f695c59b686a795
I20260608 09:52:00.749567 23402 raft_consensus.cc:2749] T dac6cdb1268945f994fef8d2ffa22908 P 3388d7da174d48deb33a03a9b7f8d8b5 [term 1 FOLLOWER]: Leader pre-election lost for term 2. Reason: could not achieve majority
I20260608 09:52:00.750037 23000 leader_election.cc:304] T 99ad9894723f44028763994c1d8c5434 P 3388d7da174d48deb33a03a9b7f8d8b5 [CANDIDATE]: Term 2 pre-election: Election decided. Result: candidate lost. Election summary: received 3 responses out of 3 voters: 1 yes votes; 2 no votes. yes voters: 3388d7da174d48deb33a03a9b7f8d8b5; no voters: 2915db0ef9924b91b158187359ef127f, c43c09b35a97495b8f695c59b686a795
I20260608 09:52:00.750916 23402 raft_consensus.cc:2749] T 99ad9894723f44028763994c1d8c5434 P 3388d7da174d48deb33a03a9b7f8d8b5 [term 1 FOLLOWER]: Leader pre-election lost for term 2. Reason: could not achieve majority
I20260608 09:52:00.752261 23108 tablet_service.cc:1917] Received RequestConsensusVote() RPC: tablet_id: "7cd73ac97bbd443eb8ab8cc2a0686243" candidate_uuid: "3388d7da174d48deb33a03a9b7f8d8b5" candidate_term: 2 candidate_status { last_received { term: 1 index: 1 } } ignore_live_leader: false dest_uuid: "2915db0ef9924b91b158187359ef127f"
I20260608 09:52:00.753362 23107 tablet_service.cc:1917] Received RequestConsensusVote() RPC: tablet_id: "cc3891bb27514cd3856a2656a7cea4ee" candidate_uuid: "3388d7da174d48deb33a03a9b7f8d8b5" candidate_term: 2 candidate_status { last_received { term: 1 index: 1 } } ignore_live_leader: false dest_uuid: "2915db0ef9924b91b158187359ef127f"
I20260608 09:52:00.753268 23181 tablet_service.cc:1917] Received RequestConsensusVote() RPC: tablet_id: "7cd73ac97bbd443eb8ab8cc2a0686243" candidate_uuid: "3388d7da174d48deb33a03a9b7f8d8b5" candidate_term: 2 candidate_status { last_received { term: 1 index: 1 } } ignore_live_leader: false dest_uuid: "c43c09b35a97495b8f695c59b686a795"
I20260608 09:52:00.755856 23032 tablet_service.cc:1917] Received RequestConsensusVote() RPC: tablet_id: "dac6cdb1268945f994fef8d2ffa22908" candidate_uuid: "2915db0ef9924b91b158187359ef127f" candidate_term: 2 candidate_status { last_received { term: 1 index: 1 } } ignore_live_leader: false dest_uuid: "3388d7da174d48deb33a03a9b7f8d8b5"
I20260608 09:52:00.755849 23181 tablet_service.cc:1917] Received RequestConsensusVote() RPC: tablet_id: "cc3891bb27514cd3856a2656a7cea4ee" candidate_uuid: "3388d7da174d48deb33a03a9b7f8d8b5" candidate_term: 2 candidate_status { last_received { term: 1 index: 1 } } ignore_live_leader: false dest_uuid: "c43c09b35a97495b8f695c59b686a795"
I20260608 09:52:00.757817 23000 leader_election.cc:304] T 7cd73ac97bbd443eb8ab8cc2a0686243 P 3388d7da174d48deb33a03a9b7f8d8b5 [CANDIDATE]: Term 2 election: Election decided. Result: candidate lost. Election summary: received 3 responses out of 3 voters: 1 yes votes; 2 no votes. yes voters: 3388d7da174d48deb33a03a9b7f8d8b5; no voters: 2915db0ef9924b91b158187359ef127f, c43c09b35a97495b8f695c59b686a795
I20260608 09:52:00.759516 23402 raft_consensus.cc:2749] T 7cd73ac97bbd443eb8ab8cc2a0686243 P 3388d7da174d48deb33a03a9b7f8d8b5 [term 2 FOLLOWER]: Leader election lost for term 2. Reason: could not achieve majority
I20260608 09:52:00.759831 23000 leader_election.cc:304] T cc3891bb27514cd3856a2656a7cea4ee P 3388d7da174d48deb33a03a9b7f8d8b5 [CANDIDATE]: Term 2 election: Election decided. Result: candidate lost. Election summary: received 3 responses out of 3 voters: 1 yes votes; 2 no votes. yes voters: 3388d7da174d48deb33a03a9b7f8d8b5; no voters: 2915db0ef9924b91b158187359ef127f, c43c09b35a97495b8f695c59b686a795
I20260608 09:52:00.760689 23402 raft_consensus.cc:2749] T cc3891bb27514cd3856a2656a7cea4ee P 3388d7da174d48deb33a03a9b7f8d8b5 [term 2 FOLLOWER]: Leader election lost for term 2. Reason: could not achieve majority
I20260608 09:52:00.761242 23075 leader_election.cc:304] T dac6cdb1268945f994fef8d2ffa22908 P 2915db0ef9924b91b158187359ef127f [CANDIDATE]: Term 2 election: Election decided. Result: candidate lost. Election summary: received 3 responses out of 3 voters: 1 yes votes; 2 no votes. yes voters: 2915db0ef9924b91b158187359ef127f; no voters: 3388d7da174d48deb33a03a9b7f8d8b5, c43c09b35a97495b8f695c59b686a795
I20260608 09:52:00.762040 23389 raft_consensus.cc:2749] T dac6cdb1268945f994fef8d2ffa22908 P 2915db0ef9924b91b158187359ef127f [term 2 FOLLOWER]: Leader election lost for term 2. Reason: could not achieve majority
I20260608 09:52:00.763294 23033 raft_consensus.cc:1240] T cc3891bb27514cd3856a2656a7cea4ee P 3388d7da174d48deb33a03a9b7f8d8b5 [term 2 FOLLOWER]: Rejecting Update request from peer 2915db0ef9924b91b158187359ef127f for earlier term 1. Current term is 2. Ops: []
I20260608 09:52:00.765014 23389 consensus_queue.cc:1059] T cc3891bb27514cd3856a2656a7cea4ee P 2915db0ef9924b91b158187359ef127f [LEADER]: Peer responded invalid term: Peer: permanent_uuid: "3388d7da174d48deb33a03a9b7f8d8b5" member_type: VOTER last_known_addr { host: "127.21.215.129" port: 45539 }, Status: INVALID_TERM, Last received: 1.1, Next index: 2, Last known committed idx: 1, Time since last communication: 0.000s
I20260608 09:52:00.766088 23246 raft_consensus.cc:3055] T cc3891bb27514cd3856a2656a7cea4ee P 2915db0ef9924b91b158187359ef127f [term 1 LEADER]: Stepping down as leader of term 1
I20260608 09:52:00.766439 23246 raft_consensus.cc:740] T cc3891bb27514cd3856a2656a7cea4ee P 2915db0ef9924b91b158187359ef127f [term 1 LEADER]: Becoming Follower/Learner. State: Replica: 2915db0ef9924b91b158187359ef127f, State: Running, Role: LEADER
I20260608 09:52:00.767256 23246 consensus_queue.cc:260] T cc3891bb27514cd3856a2656a7cea4ee P 2915db0ef9924b91b158187359ef127f [NON_LEADER]: Queue going to NON_LEADER mode. State: All replicated index: 0, Majority replicated index: 1, Committed index: 1, Last appended: 1.1, Last appended by leader: 1, Current term: 1, Majority size: -1, State: 0, Mode: NON_LEADER, active raft config: opid_index: -1 OBSOLETE_local: false peers { permanent_uuid: "3388d7da174d48deb33a03a9b7f8d8b5" member_type: VOTER last_known_addr { host: "127.21.215.129" port: 45539 } } peers { permanent_uuid: "2915db0ef9924b91b158187359ef127f" member_type: VOTER last_known_addr { host: "127.21.215.130" port: 33233 } } peers { permanent_uuid: "c43c09b35a97495b8f695c59b686a795" member_type: VOTER last_known_addr { host: "127.21.215.131" port: 33383 } }
I20260608 09:52:00.768265 23246 raft_consensus.cc:3060] T cc3891bb27514cd3856a2656a7cea4ee P 2915db0ef9924b91b158187359ef127f [term 1 FOLLOWER]: Advancing to term 2
I20260608 09:52:00.850132 23033 raft_consensus.cc:1240] T 7cd73ac97bbd443eb8ab8cc2a0686243 P 3388d7da174d48deb33a03a9b7f8d8b5 [term 2 FOLLOWER]: Rejecting Update request from peer 2915db0ef9924b91b158187359ef127f for earlier term 1. Current term is 2. Ops: []
I20260608 09:52:00.851600 23246 consensus_queue.cc:1059] T 7cd73ac97bbd443eb8ab8cc2a0686243 P 2915db0ef9924b91b158187359ef127f [LEADER]: Peer responded invalid term: Peer: permanent_uuid: "3388d7da174d48deb33a03a9b7f8d8b5" member_type: VOTER last_known_addr { host: "127.21.215.129" port: 45539 }, Status: INVALID_TERM, Last received: 1.1, Next index: 2, Last known committed idx: 1, Time since last communication: 0.000s
I20260608 09:52:00.852445 23389 raft_consensus.cc:3055] T 7cd73ac97bbd443eb8ab8cc2a0686243 P 2915db0ef9924b91b158187359ef127f [term 1 LEADER]: Stepping down as leader of term 1
I20260608 09:52:00.852921 23389 raft_consensus.cc:740] T 7cd73ac97bbd443eb8ab8cc2a0686243 P 2915db0ef9924b91b158187359ef127f [term 1 LEADER]: Becoming Follower/Learner. State: Replica: 2915db0ef9924b91b158187359ef127f, State: Running, Role: LEADER
I20260608 09:52:00.853925 23389 consensus_queue.cc:260] T 7cd73ac97bbd443eb8ab8cc2a0686243 P 2915db0ef9924b91b158187359ef127f [NON_LEADER]: Queue going to NON_LEADER mode. State: All replicated index: 0, Majority replicated index: 1, Committed index: 1, Last appended: 1.1, Last appended by leader: 1, Current term: 1, Majority size: -1, State: 0, Mode: NON_LEADER, active raft config: opid_index: -1 OBSOLETE_local: false peers { permanent_uuid: "3388d7da174d48deb33a03a9b7f8d8b5" member_type: VOTER last_known_addr { host: "127.21.215.129" port: 45539 } } peers { permanent_uuid: "2915db0ef9924b91b158187359ef127f" member_type: VOTER last_known_addr { host: "127.21.215.130" port: 33233 } } peers { permanent_uuid: "c43c09b35a97495b8f695c59b686a795" member_type: VOTER last_known_addr { host: "127.21.215.131" port: 33383 } }
I20260608 09:52:00.855376 23389 raft_consensus.cc:3060] T 7cd73ac97bbd443eb8ab8cc2a0686243 P 2915db0ef9924b91b158187359ef127f [term 1 FOLLOWER]: Advancing to term 2
I20260608 09:52:00.927098 23107 raft_consensus.cc:1275] T fddc8076b23a48b99005fda584451ef2 P 2915db0ef9924b91b158187359ef127f [term 2 FOLLOWER]: Refusing update from remote peer c43c09b35a97495b8f695c59b686a795: Log matching property violated. Preceding OpId in replica: term: 1 index: 1. Preceding OpId from leader: term: 2 index: 2. (index mismatch)
I20260608 09:52:00.928610 23266 consensus_queue.cc:1048] T fddc8076b23a48b99005fda584451ef2 P c43c09b35a97495b8f695c59b686a795 [LEADER]: Connected to new peer: Peer: permanent_uuid: "2915db0ef9924b91b158187359ef127f" member_type: VOTER last_known_addr { host: "127.21.215.130" port: 33233 }, Status: LMP_MISMATCH, Last received: 0.0, Next index: 2, Last known committed idx: 1, Time since last communication: 0.001s
I20260608 09:52:00.935413 23108 raft_consensus.cc:1275] T 97f65a5e8c514a1f9627489e3cdf7765 P 2915db0ef9924b91b158187359ef127f [term 2 FOLLOWER]: Refusing update from remote peer c43c09b35a97495b8f695c59b686a795: Log matching property violated. Preceding OpId in replica: term: 1 index: 1. Preceding OpId from leader: term: 2 index: 2. (index mismatch)
I20260608 09:52:00.941140 23391 consensus_queue.cc:1048] T 97f65a5e8c514a1f9627489e3cdf7765 P c43c09b35a97495b8f695c59b686a795 [LEADER]: Connected to new peer: Peer: permanent_uuid: "2915db0ef9924b91b158187359ef127f" member_type: VOTER last_known_addr { host: "127.21.215.130" port: 33233 }, Status: LMP_MISMATCH, Last received: 0.0, Next index: 2, Last known committed idx: 1, Time since last communication: 0.000s
I20260608 09:52:00.947520 23033 raft_consensus.cc:1275] T fddc8076b23a48b99005fda584451ef2 P 3388d7da174d48deb33a03a9b7f8d8b5 [term 2 FOLLOWER]: Refusing update from remote peer c43c09b35a97495b8f695c59b686a795: Log matching property violated. Preceding OpId in replica: term: 1 index: 1. Preceding OpId from leader: term: 2 index: 2. (index mismatch)
I20260608 09:52:00.950867 23391 consensus_queue.cc:1048] T fddc8076b23a48b99005fda584451ef2 P c43c09b35a97495b8f695c59b686a795 [LEADER]: Connected to new peer: Peer: permanent_uuid: "3388d7da174d48deb33a03a9b7f8d8b5" member_type: VOTER last_known_addr { host: "127.21.215.129" port: 45539 }, Status: LMP_MISMATCH, Last received: 0.0, Next index: 2, Last known committed idx: 1, Time since last communication: 0.000s
I20260608 09:52:00.963613 23032 raft_consensus.cc:1275] T 97f65a5e8c514a1f9627489e3cdf7765 P 3388d7da174d48deb33a03a9b7f8d8b5 [term 2 FOLLOWER]: Refusing update from remote peer c43c09b35a97495b8f695c59b686a795: Log matching property violated. Preceding OpId in replica: term: 1 index: 1. Preceding OpId from leader: term: 2 index: 2. (index mismatch)
I20260608 09:52:00.966594 23386 consensus_queue.cc:1048] T 97f65a5e8c514a1f9627489e3cdf7765 P c43c09b35a97495b8f695c59b686a795 [LEADER]: Connected to new peer: Peer: permanent_uuid: "3388d7da174d48deb33a03a9b7f8d8b5" member_type: VOTER last_known_addr { host: "127.21.215.129" port: 45539 }, Status: LMP_MISMATCH, Last received: 0.0, Next index: 2, Last known committed idx: 1, Time since last communication: 0.001s
I20260608 09:52:00.975826 23108 raft_consensus.cc:1240] T dac6cdb1268945f994fef8d2ffa22908 P 2915db0ef9924b91b158187359ef127f [term 2 FOLLOWER]: Rejecting Update request from peer c43c09b35a97495b8f695c59b686a795 for earlier term 1. Current term is 2. Ops: []
I20260608 09:52:00.984010 23391 consensus_queue.cc:1059] T dac6cdb1268945f994fef8d2ffa22908 P c43c09b35a97495b8f695c59b686a795 [LEADER]: Peer responded invalid term: Peer: permanent_uuid: "2915db0ef9924b91b158187359ef127f" member_type: VOTER last_known_addr { host: "127.21.215.130" port: 33233 }, Status: INVALID_TERM, Last received: 1.1, Next index: 2, Last known committed idx: 1, Time since last communication: 0.000s
I20260608 09:52:00.985261 23391 raft_consensus.cc:3055] T dac6cdb1268945f994fef8d2ffa22908 P c43c09b35a97495b8f695c59b686a795 [term 1 LEADER]: Stepping down as leader of term 1
I20260608 09:52:00.985747 23391 raft_consensus.cc:740] T dac6cdb1268945f994fef8d2ffa22908 P c43c09b35a97495b8f695c59b686a795 [term 1 LEADER]: Becoming Follower/Learner. State: Replica: c43c09b35a97495b8f695c59b686a795, State: Running, Role: LEADER
I20260608 09:52:00.986725 23391 consensus_queue.cc:260] T dac6cdb1268945f994fef8d2ffa22908 P c43c09b35a97495b8f695c59b686a795 [NON_LEADER]: Queue going to NON_LEADER mode. State: All replicated index: 0, Majority replicated index: 1, Committed index: 1, Last appended: 1.1, Last appended by leader: 1, Current term: 1, Majority size: -1, State: 0, Mode: NON_LEADER, active raft config: opid_index: -1 OBSOLETE_local: false peers { permanent_uuid: "c43c09b35a97495b8f695c59b686a795" member_type: VOTER last_known_addr { host: "127.21.215.131" port: 33383 } } peers { permanent_uuid: "2915db0ef9924b91b158187359ef127f" member_type: VOTER last_known_addr { host: "127.21.215.130" port: 33233 } } peers { permanent_uuid: "3388d7da174d48deb33a03a9b7f8d8b5" member_type: VOTER last_known_addr { host: "127.21.215.129" port: 45539 } }
I20260608 09:52:00.988520 23391 raft_consensus.cc:3060] T dac6cdb1268945f994fef8d2ffa22908 P c43c09b35a97495b8f695c59b686a795 [term 1 FOLLOWER]: Advancing to term 2
I20260608 09:52:01.230612 23108 raft_consensus.cc:1275] T 5fb510daf79b4574bb9e921296ea0c7d P 2915db0ef9924b91b158187359ef127f [term 2 FOLLOWER]: Refusing update from remote peer c43c09b35a97495b8f695c59b686a795: Log matching property violated. Preceding OpId in replica: term: 1 index: 1. Preceding OpId from leader: term: 2 index: 2. (index mismatch)
I20260608 09:52:01.232489 23391 consensus_queue.cc:1048] T 5fb510daf79b4574bb9e921296ea0c7d P c43c09b35a97495b8f695c59b686a795 [LEADER]: Connected to new peer: Peer: permanent_uuid: "2915db0ef9924b91b158187359ef127f" member_type: VOTER last_known_addr { host: "127.21.215.130" port: 33233 }, Status: LMP_MISMATCH, Last received: 0.0, Next index: 2, Last known committed idx: 1, Time since last communication: 0.000s
I20260608 09:52:01.245747 23033 raft_consensus.cc:1275] T 5fb510daf79b4574bb9e921296ea0c7d P 3388d7da174d48deb33a03a9b7f8d8b5 [term 2 FOLLOWER]: Refusing update from remote peer c43c09b35a97495b8f695c59b686a795: Log matching property violated. Preceding OpId in replica: term: 1 index: 1. Preceding OpId from leader: term: 2 index: 2. (index mismatch)
I20260608 09:52:01.247929 23390 consensus_queue.cc:1048] T 5fb510daf79b4574bb9e921296ea0c7d P c43c09b35a97495b8f695c59b686a795 [LEADER]: Connected to new peer: Peer: permanent_uuid: "3388d7da174d48deb33a03a9b7f8d8b5" member_type: VOTER last_known_addr { host: "127.21.215.129" port: 45539 }, Status: LMP_MISMATCH, Last received: 0.0, Next index: 2, Last known committed idx: 1, Time since last communication: 0.000s
W20260608 09:52:01.557081 23372 debug-util.cc:398] Leaking SignalData structure 0x7b080015fb20 after lost signal to thread 22369
W20260608 09:52:01.558305 23372 debug-util.cc:398] Leaking SignalData structure 0x7b080015c200 after lost signal to thread 22966
W20260608 09:52:01.559410 23372 debug-util.cc:398] Leaking SignalData structure 0x7b08001e1800 after lost signal to thread 23058
W20260608 09:52:01.560268 23372 debug-util.cc:398] Leaking SignalData structure 0x7b080021b3a0 after lost signal to thread 23133
W20260608 09:52:01.561105 23372 debug-util.cc:398] Leaking SignalData structure 0x7b08000b6500 after lost signal to thread 23207
W20260608 09:52:01.561993 23372 debug-util.cc:398] Leaking SignalData structure 0x7b080012b920 after lost signal to thread 23375
I20260608 09:52:02.214546 23391 raft_consensus.cc:493] T dac6cdb1268945f994fef8d2ffa22908 P c43c09b35a97495b8f695c59b686a795 [term 2 FOLLOWER]: Starting pre-election (no leader contacted us within the election timeout)
I20260608 09:52:02.215123 23391 raft_consensus.cc:515] T dac6cdb1268945f994fef8d2ffa22908 P c43c09b35a97495b8f695c59b686a795 [term 2 FOLLOWER]: Starting pre-election with config: opid_index: -1 OBSOLETE_local: false peers { permanent_uuid: "c43c09b35a97495b8f695c59b686a795" member_type: VOTER last_known_addr { host: "127.21.215.131" port: 33383 } } peers { permanent_uuid: "2915db0ef9924b91b158187359ef127f" member_type: VOTER last_known_addr { host: "127.21.215.130" port: 33233 } } peers { permanent_uuid: "3388d7da174d48deb33a03a9b7f8d8b5" member_type: VOTER last_known_addr { host: "127.21.215.129" port: 45539 } }
I20260608 09:52:02.217110 23391 leader_election.cc:290] T dac6cdb1268945f994fef8d2ffa22908 P c43c09b35a97495b8f695c59b686a795 [CANDIDATE]: Term 3 pre-election: Requested pre-vote from peers 2915db0ef9924b91b158187359ef127f (127.21.215.130:33233), 3388d7da174d48deb33a03a9b7f8d8b5 (127.21.215.129:45539)
I20260608 09:52:02.218180 23033 tablet_service.cc:1917] Received RequestConsensusVote() RPC: tablet_id: "dac6cdb1268945f994fef8d2ffa22908" candidate_uuid: "c43c09b35a97495b8f695c59b686a795" candidate_term: 3 candidate_status { last_received { term: 1 index: 1 } } ignore_live_leader: false dest_uuid: "3388d7da174d48deb33a03a9b7f8d8b5" is_pre_election: true
I20260608 09:52:02.218067 23108 tablet_service.cc:1917] Received RequestConsensusVote() RPC: tablet_id: "dac6cdb1268945f994fef8d2ffa22908" candidate_uuid: "c43c09b35a97495b8f695c59b686a795" candidate_term: 3 candidate_status { last_received { term: 1 index: 1 } } ignore_live_leader: false dest_uuid: "2915db0ef9924b91b158187359ef127f" is_pre_election: true
I20260608 09:52:02.218963 23108 raft_consensus.cc:2468] T dac6cdb1268945f994fef8d2ffa22908 P 2915db0ef9924b91b158187359ef127f [term 2 FOLLOWER]: Leader pre-election vote request: Granting yes vote for candidate c43c09b35a97495b8f695c59b686a795 in term 2.
I20260608 09:52:02.220357 23149 leader_election.cc:304] T dac6cdb1268945f994fef8d2ffa22908 P c43c09b35a97495b8f695c59b686a795 [CANDIDATE]: Term 3 pre-election: Election decided. Result: candidate won. Election summary: received 3 responses out of 3 voters: 2 yes votes; 1 no votes. yes voters: 2915db0ef9924b91b158187359ef127f, c43c09b35a97495b8f695c59b686a795; no voters: 3388d7da174d48deb33a03a9b7f8d8b5
I20260608 09:52:02.221190 23391 raft_consensus.cc:2804] T dac6cdb1268945f994fef8d2ffa22908 P c43c09b35a97495b8f695c59b686a795 [term 2 FOLLOWER]: Leader pre-election won for term 3
I20260608 09:52:02.221606 23391 raft_consensus.cc:493] T dac6cdb1268945f994fef8d2ffa22908 P c43c09b35a97495b8f695c59b686a795 [term 2 FOLLOWER]: Starting leader election (no leader contacted us within the election timeout)
I20260608 09:52:02.221985 23391 raft_consensus.cc:3060] T dac6cdb1268945f994fef8d2ffa22908 P c43c09b35a97495b8f695c59b686a795 [term 2 FOLLOWER]: Advancing to term 3
I20260608 09:52:02.230115 23391 raft_consensus.cc:515] T dac6cdb1268945f994fef8d2ffa22908 P c43c09b35a97495b8f695c59b686a795 [term 3 FOLLOWER]: Starting leader election with config: opid_index: -1 OBSOLETE_local: false peers { permanent_uuid: "c43c09b35a97495b8f695c59b686a795" member_type: VOTER last_known_addr { host: "127.21.215.131" port: 33383 } } peers { permanent_uuid: "2915db0ef9924b91b158187359ef127f" member_type: VOTER last_known_addr { host: "127.21.215.130" port: 33233 } } peers { permanent_uuid: "3388d7da174d48deb33a03a9b7f8d8b5" member_type: VOTER last_known_addr { host: "127.21.215.129" port: 45539 } }
I20260608 09:52:02.232621 23391 leader_election.cc:290] T dac6cdb1268945f994fef8d2ffa22908 P c43c09b35a97495b8f695c59b686a795 [CANDIDATE]: Term 3 election: Requested vote from peers 2915db0ef9924b91b158187359ef127f (127.21.215.130:33233), 3388d7da174d48deb33a03a9b7f8d8b5 (127.21.215.129:45539)
I20260608 09:52:02.233740 23108 tablet_service.cc:1917] Received RequestConsensusVote() RPC: tablet_id: "dac6cdb1268945f994fef8d2ffa22908" candidate_uuid: "c43c09b35a97495b8f695c59b686a795" candidate_term: 3 candidate_status { last_received { term: 1 index: 1 } } ignore_live_leader: false dest_uuid: "2915db0ef9924b91b158187359ef127f"
I20260608 09:52:02.234403 23108 raft_consensus.cc:3060] T dac6cdb1268945f994fef8d2ffa22908 P 2915db0ef9924b91b158187359ef127f [term 2 FOLLOWER]: Advancing to term 3
I20260608 09:52:02.235334 23033 tablet_service.cc:1917] Received RequestConsensusVote() RPC: tablet_id: "dac6cdb1268945f994fef8d2ffa22908" candidate_uuid: "c43c09b35a97495b8f695c59b686a795" candidate_term: 3 candidate_status { last_received { term: 1 index: 1 } } ignore_live_leader: false dest_uuid: "3388d7da174d48deb33a03a9b7f8d8b5"
I20260608 09:52:02.238492 23412 raft_consensus.cc:493] T 7cd73ac97bbd443eb8ab8cc2a0686243 P 2915db0ef9924b91b158187359ef127f [term 2 FOLLOWER]: Starting pre-election (no leader contacted us within the election timeout)
I20260608 09:52:02.239181 23412 raft_consensus.cc:515] T 7cd73ac97bbd443eb8ab8cc2a0686243 P 2915db0ef9924b91b158187359ef127f [term 2 FOLLOWER]: Starting pre-election with config: opid_index: -1 OBSOLETE_local: false peers { permanent_uuid: "3388d7da174d48deb33a03a9b7f8d8b5" member_type: VOTER last_known_addr { host: "127.21.215.129" port: 45539 } } peers { permanent_uuid: "2915db0ef9924b91b158187359ef127f" member_type: VOTER last_known_addr { host: "127.21.215.130" port: 33233 } } peers { permanent_uuid: "c43c09b35a97495b8f695c59b686a795" member_type: VOTER last_known_addr { host: "127.21.215.131" port: 33383 } }
I20260608 09:52:02.242260 23108 raft_consensus.cc:2468] T dac6cdb1268945f994fef8d2ffa22908 P 2915db0ef9924b91b158187359ef127f [term 3 FOLLOWER]: Leader election vote request: Granting yes vote for candidate c43c09b35a97495b8f695c59b686a795 in term 3.
I20260608 09:52:02.243788 23149 leader_election.cc:304] T dac6cdb1268945f994fef8d2ffa22908 P c43c09b35a97495b8f695c59b686a795 [CANDIDATE]: Term 3 election: Election decided. Result: candidate won. Election summary: received 3 responses out of 3 voters: 2 yes votes; 1 no votes. yes voters: 2915db0ef9924b91b158187359ef127f, c43c09b35a97495b8f695c59b686a795; no voters: 3388d7da174d48deb33a03a9b7f8d8b5
I20260608 09:52:02.243918 23033 tablet_service.cc:1917] Received RequestConsensusVote() RPC: tablet_id: "7cd73ac97bbd443eb8ab8cc2a0686243" candidate_uuid: "2915db0ef9924b91b158187359ef127f" candidate_term: 3 candidate_status { last_received { term: 1 index: 1 } } ignore_live_leader: false dest_uuid: "3388d7da174d48deb33a03a9b7f8d8b5" is_pre_election: true
I20260608 09:52:02.244925 23033 raft_consensus.cc:2468] T 7cd73ac97bbd443eb8ab8cc2a0686243 P 3388d7da174d48deb33a03a9b7f8d8b5 [term 2 FOLLOWER]: Leader pre-election vote request: Granting yes vote for candidate 2915db0ef9924b91b158187359ef127f in term 2.
I20260608 09:52:02.245388 23412 leader_election.cc:290] T 7cd73ac97bbd443eb8ab8cc2a0686243 P 2915db0ef9924b91b158187359ef127f [CANDIDATE]: Term 3 pre-election: Requested pre-vote from peers 3388d7da174d48deb33a03a9b7f8d8b5 (127.21.215.129:45539), c43c09b35a97495b8f695c59b686a795 (127.21.215.131:33383)
I20260608 09:52:02.245282 23181 tablet_service.cc:1917] Received RequestConsensusVote() RPC: tablet_id: "7cd73ac97bbd443eb8ab8cc2a0686243" candidate_uuid: "2915db0ef9924b91b158187359ef127f" candidate_term: 3 candidate_status { last_received { term: 1 index: 1 } } ignore_live_leader: false dest_uuid: "c43c09b35a97495b8f695c59b686a795" is_pre_election: true
I20260608 09:52:02.246229 23181 raft_consensus.cc:2468] T 7cd73ac97bbd443eb8ab8cc2a0686243 P c43c09b35a97495b8f695c59b686a795 [term 1 FOLLOWER]: Leader pre-election vote request: Granting yes vote for candidate 2915db0ef9924b91b158187359ef127f in term 1.
I20260608 09:52:02.246455 23075 leader_election.cc:304] T 7cd73ac97bbd443eb8ab8cc2a0686243 P 2915db0ef9924b91b158187359ef127f [CANDIDATE]: Term 3 pre-election: Election decided. Result: candidate won. Election summary: received 2 responses out of 3 voters: 2 yes votes; 0 no votes. yes voters: 2915db0ef9924b91b158187359ef127f, 3388d7da174d48deb33a03a9b7f8d8b5; no voters: 
I20260608 09:52:02.245293 23391 raft_consensus.cc:2804] T dac6cdb1268945f994fef8d2ffa22908 P c43c09b35a97495b8f695c59b686a795 [term 3 FOLLOWER]: Leader election won for term 3
I20260608 09:52:02.247573 23412 raft_consensus.cc:2804] T 7cd73ac97bbd443eb8ab8cc2a0686243 P 2915db0ef9924b91b158187359ef127f [term 2 FOLLOWER]: Leader pre-election won for term 3
I20260608 09:52:02.247859 23391 raft_consensus.cc:697] T dac6cdb1268945f994fef8d2ffa22908 P c43c09b35a97495b8f695c59b686a795 [term 3 LEADER]: Becoming Leader. State: Replica: c43c09b35a97495b8f695c59b686a795, State: Running, Role: LEADER
I20260608 09:52:02.248013 23412 raft_consensus.cc:493] T 7cd73ac97bbd443eb8ab8cc2a0686243 P 2915db0ef9924b91b158187359ef127f [term 2 FOLLOWER]: Starting leader election (no leader contacted us within the election timeout)
I20260608 09:52:02.248435 23412 raft_consensus.cc:3060] T 7cd73ac97bbd443eb8ab8cc2a0686243 P 2915db0ef9924b91b158187359ef127f [term 2 FOLLOWER]: Advancing to term 3
I20260608 09:52:02.248880 23391 consensus_queue.cc:237] T dac6cdb1268945f994fef8d2ffa22908 P c43c09b35a97495b8f695c59b686a795 [LEADER]: Queue going to LEADER mode. State: All replicated index: 0, Majority replicated index: 1, Committed index: 1, Last appended: 1.1, Last appended by leader: 1, Current term: 3, Majority size: 2, State: 0, Mode: LEADER, active raft config: opid_index: -1 OBSOLETE_local: false peers { permanent_uuid: "c43c09b35a97495b8f695c59b686a795" member_type: VOTER last_known_addr { host: "127.21.215.131" port: 33383 } } peers { permanent_uuid: "2915db0ef9924b91b158187359ef127f" member_type: VOTER last_known_addr { host: "127.21.215.130" port: 33233 } } peers { permanent_uuid: "3388d7da174d48deb33a03a9b7f8d8b5" member_type: VOTER last_known_addr { host: "127.21.215.129" port: 45539 } }
I20260608 09:52:02.255743 23412 raft_consensus.cc:515] T 7cd73ac97bbd443eb8ab8cc2a0686243 P 2915db0ef9924b91b158187359ef127f [term 3 FOLLOWER]: Starting leader election with config: opid_index: -1 OBSOLETE_local: false peers { permanent_uuid: "3388d7da174d48deb33a03a9b7f8d8b5" member_type: VOTER last_known_addr { host: "127.21.215.129" port: 45539 } } peers { permanent_uuid: "2915db0ef9924b91b158187359ef127f" member_type: VOTER last_known_addr { host: "127.21.215.130" port: 33233 } } peers { permanent_uuid: "c43c09b35a97495b8f695c59b686a795" member_type: VOTER last_known_addr { host: "127.21.215.131" port: 33383 } }
I20260608 09:52:02.261089 23412 leader_election.cc:290] T 7cd73ac97bbd443eb8ab8cc2a0686243 P 2915db0ef9924b91b158187359ef127f [CANDIDATE]: Term 3 election: Requested vote from peers 3388d7da174d48deb33a03a9b7f8d8b5 (127.21.215.129:45539), c43c09b35a97495b8f695c59b686a795 (127.21.215.131:33383)
I20260608 09:52:02.260450 22932 catalog_manager.cc:5696] T dac6cdb1268945f994fef8d2ffa22908 P c43c09b35a97495b8f695c59b686a795 reported cstate change: term changed from 1 to 3. New cstate: current_term: 3 leader_uuid: "c43c09b35a97495b8f695c59b686a795" committed_config { opid_index: -1 OBSOLETE_local: false peers { permanent_uuid: "c43c09b35a97495b8f695c59b686a795" member_type: VOTER last_known_addr { host: "127.21.215.131" port: 33383 } health_report { overall_health: HEALTHY } } peers { permanent_uuid: "2915db0ef9924b91b158187359ef127f" member_type: VOTER last_known_addr { host: "127.21.215.130" port: 33233 } health_report { overall_health: UNKNOWN } } peers { permanent_uuid: "3388d7da174d48deb33a03a9b7f8d8b5" member_type: VOTER last_known_addr { host: "127.21.215.129" port: 45539 } health_report { overall_health: UNKNOWN } } }
I20260608 09:52:02.264863 23032 tablet_service.cc:1917] Received RequestConsensusVote() RPC: tablet_id: "7cd73ac97bbd443eb8ab8cc2a0686243" candidate_uuid: "2915db0ef9924b91b158187359ef127f" candidate_term: 3 candidate_status { last_received { term: 1 index: 1 } } ignore_live_leader: false dest_uuid: "3388d7da174d48deb33a03a9b7f8d8b5"
I20260608 09:52:02.265705 23032 raft_consensus.cc:3060] T 7cd73ac97bbd443eb8ab8cc2a0686243 P 3388d7da174d48deb33a03a9b7f8d8b5 [term 2 FOLLOWER]: Advancing to term 3
I20260608 09:52:02.264634 23181 tablet_service.cc:1917] Received RequestConsensusVote() RPC: tablet_id: "7cd73ac97bbd443eb8ab8cc2a0686243" candidate_uuid: "2915db0ef9924b91b158187359ef127f" candidate_term: 3 candidate_status { last_received { term: 1 index: 1 } } ignore_live_leader: false dest_uuid: "c43c09b35a97495b8f695c59b686a795"
I20260608 09:52:02.266566 23181 raft_consensus.cc:3060] T 7cd73ac97bbd443eb8ab8cc2a0686243 P c43c09b35a97495b8f695c59b686a795 [term 1 FOLLOWER]: Advancing to term 3
I20260608 09:52:02.276530 23032 raft_consensus.cc:2468] T 7cd73ac97bbd443eb8ab8cc2a0686243 P 3388d7da174d48deb33a03a9b7f8d8b5 [term 3 FOLLOWER]: Leader election vote request: Granting yes vote for candidate 2915db0ef9924b91b158187359ef127f in term 3.
I20260608 09:52:02.277434 23181 raft_consensus.cc:2468] T 7cd73ac97bbd443eb8ab8cc2a0686243 P c43c09b35a97495b8f695c59b686a795 [term 3 FOLLOWER]: Leader election vote request: Granting yes vote for candidate 2915db0ef9924b91b158187359ef127f in term 3.
I20260608 09:52:02.279222 23075 leader_election.cc:304] T 7cd73ac97bbd443eb8ab8cc2a0686243 P 2915db0ef9924b91b158187359ef127f [CANDIDATE]: Term 3 election: Election decided. Result: candidate won. Election summary: received 2 responses out of 3 voters: 2 yes votes; 0 no votes. yes voters: 2915db0ef9924b91b158187359ef127f, c43c09b35a97495b8f695c59b686a795; no voters: 
I20260608 09:52:02.280393 23412 raft_consensus.cc:2804] T 7cd73ac97bbd443eb8ab8cc2a0686243 P 2915db0ef9924b91b158187359ef127f [term 3 FOLLOWER]: Leader election won for term 3
I20260608 09:52:02.281347 23415 raft_consensus.cc:493] T dac6cdb1268945f994fef8d2ffa22908 P 3388d7da174d48deb33a03a9b7f8d8b5 [term 1 FOLLOWER]: Starting pre-election (detected failure of leader c43c09b35a97495b8f695c59b686a795)
I20260608 09:52:02.282788 23415 raft_consensus.cc:515] T dac6cdb1268945f994fef8d2ffa22908 P 3388d7da174d48deb33a03a9b7f8d8b5 [term 1 FOLLOWER]: Starting pre-election with config: opid_index: -1 OBSOLETE_local: false peers { permanent_uuid: "c43c09b35a97495b8f695c59b686a795" member_type: VOTER last_known_addr { host: "127.21.215.131" port: 33383 } } peers { permanent_uuid: "2915db0ef9924b91b158187359ef127f" member_type: VOTER last_known_addr { host: "127.21.215.130" port: 33233 } } peers { permanent_uuid: "3388d7da174d48deb33a03a9b7f8d8b5" member_type: VOTER last_known_addr { host: "127.21.215.129" port: 45539 } }
I20260608 09:52:02.284410 23412 raft_consensus.cc:697] T 7cd73ac97bbd443eb8ab8cc2a0686243 P 2915db0ef9924b91b158187359ef127f [term 3 LEADER]: Becoming Leader. State: Replica: 2915db0ef9924b91b158187359ef127f, State: Running, Role: LEADER
I20260608 09:52:02.285881 23412 consensus_queue.cc:237] T 7cd73ac97bbd443eb8ab8cc2a0686243 P 2915db0ef9924b91b158187359ef127f [LEADER]: Queue going to LEADER mode. State: All replicated index: 0, Majority replicated index: 1, Committed index: 1, Last appended: 1.1, Last appended by leader: 1, Current term: 3, Majority size: 2, State: 0, Mode: LEADER, active raft config: opid_index: -1 OBSOLETE_local: false peers { permanent_uuid: "3388d7da174d48deb33a03a9b7f8d8b5" member_type: VOTER last_known_addr { host: "127.21.215.129" port: 45539 } } peers { permanent_uuid: "2915db0ef9924b91b158187359ef127f" member_type: VOTER last_known_addr { host: "127.21.215.130" port: 33233 } } peers { permanent_uuid: "c43c09b35a97495b8f695c59b686a795" member_type: VOTER last_known_addr { host: "127.21.215.131" port: 33383 } }
I20260608 09:52:02.288499 23415 leader_election.cc:290] T dac6cdb1268945f994fef8d2ffa22908 P 3388d7da174d48deb33a03a9b7f8d8b5 [CANDIDATE]: Term 2 pre-election: Requested pre-vote from peers c43c09b35a97495b8f695c59b686a795 (127.21.215.131:33383), 2915db0ef9924b91b158187359ef127f (127.21.215.130:33233)
I20260608 09:52:02.288421 23181 tablet_service.cc:1917] Received RequestConsensusVote() RPC: tablet_id: "dac6cdb1268945f994fef8d2ffa22908" candidate_uuid: "3388d7da174d48deb33a03a9b7f8d8b5" candidate_term: 2 candidate_status { last_received { term: 1 index: 1 } } ignore_live_leader: false dest_uuid: "c43c09b35a97495b8f695c59b686a795" is_pre_election: true
I20260608 09:52:02.289217 23108 tablet_service.cc:1917] Received RequestConsensusVote() RPC: tablet_id: "dac6cdb1268945f994fef8d2ffa22908" candidate_uuid: "3388d7da174d48deb33a03a9b7f8d8b5" candidate_term: 2 candidate_status { last_received { term: 1 index: 1 } } ignore_live_leader: false dest_uuid: "2915db0ef9924b91b158187359ef127f" is_pre_election: true
