I20260608 09:54:04.968357 25519 consensus_queue.cc:1048] T 924600848db242a99d2fb9dfdf8b927d P 272b8750a1044607876f2a5f169c39b2 [LEADER]: Connected to new peer: Peer: permanent_uuid: "f8be00614935492caed7cc6d394a1449" member_type: VOTER last_known_addr { host: "127.20.30.193" port: 43971 }, Status: LMP_MISMATCH, Last received: 0.0, Next index: 25, Last known committed idx: 24, Time since last communication: 0.000s
I20260608 09:54:04.973783 25092 raft_consensus.cc:2955] T 924600848db242a99d2fb9dfdf8b927d P f8be00614935492caed7cc6d394a1449 [term 1 FOLLOWER]: Committing config change with OpId 1.25: config changed from index -1 to 25, NON_VOTER 6e73a22ad34c48bd9d72abfd087cc6ba (127.20.30.196) added. New config: { opid_index: 25 OBSOLETE_local: false peers { permanent_uuid: "f8be00614935492caed7cc6d394a1449" member_type: VOTER last_known_addr { host: "127.20.30.193" port: 43971 } } peers { permanent_uuid: "593cc5031cdb47fe80f57e98468fe211" member_type: VOTER last_known_addr { host: "127.20.30.194" port: 40649 } attrs { replace: true } } peers { permanent_uuid: "272b8750a1044607876f2a5f169c39b2" member_type: VOTER last_known_addr { host: "127.20.30.195" port: 42131 } } peers { permanent_uuid: "6e73a22ad34c48bd9d72abfd087cc6ba" member_type: NON_VOTER last_known_addr { host: "127.20.30.196" port: 37069 } attrs { promote: true } } }
I20260608 09:54:04.996337 24981 catalog_manager.cc:5696] T 924600848db242a99d2fb9dfdf8b927d P f8be00614935492caed7cc6d394a1449 reported cstate change: config changed from index -1 to 25, NON_VOTER 6e73a22ad34c48bd9d72abfd087cc6ba (127.20.30.196) added. New cstate: current_term: 1 leader_uuid: "272b8750a1044607876f2a5f169c39b2" committed_config { opid_index: 25 OBSOLETE_local: false peers { permanent_uuid: "f8be00614935492caed7cc6d394a1449" member_type: VOTER last_known_addr { host: "127.20.30.193" port: 43971 } } peers { permanent_uuid: "593cc5031cdb47fe80f57e98468fe211" member_type: VOTER last_known_addr { host: "127.20.30.194" port: 40649 } attrs { replace: true } } peers { permanent_uuid: "272b8750a1044607876f2a5f169c39b2" member_type: VOTER last_known_addr { host: "127.20.30.195" port: 42131 } } peers { permanent_uuid: "6e73a22ad34c48bd9d72abfd087cc6ba" member_type: NON_VOTER last_known_addr { host: "127.20.30.196" port: 37069 } attrs { promote: true } } }
W20260608 09:54:05.022468 25205 consensus_peers.cc:597] T 924600848db242a99d2fb9dfdf8b927d P 272b8750a1044607876f2a5f169c39b2 -> Peer 6e73a22ad34c48bd9d72abfd087cc6ba (127.20.30.196:37069): Couldn't send request to peer 6e73a22ad34c48bd9d72abfd087cc6ba. Error code: TABLET_NOT_FOUND (6). Status: Not found: Tablet not found: 924600848db242a99d2fb9dfdf8b927d. This is attempt 1: this message will repeat every 5th retry.
I20260608 09:54:05.044302 20603 rpc_server.cc:225] running with OpenSSL 1.1.1  11 Sep 2018
I20260608 09:54:05.046819 20603 kserver.cc:163] Server-wide thread pool size limit: 3276
I20260608 09:54:05.053565 25165 consensus_queue.cc:237] T ebb1bf46e84846baa387be427f8b7264 P 593cc5031cdb47fe80f57e98468fe211 [LEADER]: Queue going to LEADER mode. State: All replicated index: 0, Majority replicated index: 24, Committed index: 24, Last appended: 1.24, Last appended by leader: 0, Current term: 1, Majority size: 2, State: 0, Mode: LEADER, active raft config: opid_index: 25 OBSOLETE_local: false peers { permanent_uuid: "f8be00614935492caed7cc6d394a1449" member_type: VOTER last_known_addr { host: "127.20.30.193" port: 43971 } attrs { replace: true } } peers { permanent_uuid: "593cc5031cdb47fe80f57e98468fe211" member_type: VOTER last_known_addr { host: "127.20.30.194" port: 40649 } } peers { permanent_uuid: "272b8750a1044607876f2a5f169c39b2" member_type: VOTER last_known_addr { host: "127.20.30.195" port: 42131 } } peers { permanent_uuid: "6e73a22ad34c48bd9d72abfd087cc6ba" member_type: NON_VOTER last_known_addr { host: "127.20.30.196" port: 37069 } attrs { promote: true } }
I20260608 09:54:05.063311 25238 raft_consensus.cc:1275] T ebb1bf46e84846baa387be427f8b7264 P 272b8750a1044607876f2a5f169c39b2 [term 1 FOLLOWER]: Refusing update from remote peer 593cc5031cdb47fe80f57e98468fe211: Log matching property violated. Preceding OpId in replica: term: 1 index: 24. Preceding OpId from leader: term: 1 index: 25. (index mismatch)
I20260608 09:54:05.064323 20603 txn_system_client.cc:432] TxnSystemClient initialization is disabled...
I20260608 09:54:05.064630 25092 raft_consensus.cc:1275] T ebb1bf46e84846baa387be427f8b7264 P f8be00614935492caed7cc6d394a1449 [term 1 FOLLOWER]: Refusing update from remote peer 593cc5031cdb47fe80f57e98468fe211: Log matching property violated. Preceding OpId in replica: term: 1 index: 24. Preceding OpId from leader: term: 1 index: 25. (index mismatch)
I20260608 09:54:05.065191 25484 consensus_queue.cc:1048] T ebb1bf46e84846baa387be427f8b7264 P 593cc5031cdb47fe80f57e98468fe211 [LEADER]: Connected to new peer: Peer: permanent_uuid: "272b8750a1044607876f2a5f169c39b2" member_type: VOTER last_known_addr { host: "127.20.30.195" port: 42131 }, Status: LMP_MISMATCH, Last received: 0.0, Next index: 25, Last known committed idx: 24, Time since last communication: 0.000s
I20260608 09:54:05.068234 20603 ts_tablet_manager.cc:585] Loaded tablet metadata (0 total tablets, 0 live tablets)
I20260608 09:54:05.068715 20603 ts_tablet_manager.cc:531] Time spent load tablet metadata: real 0.001s	user 0.000s	sys 0.000s
I20260608 09:54:05.069072 20603 ts_tablet_manager.cc:616] Registered 0 tablets
I20260608 09:54:05.068339 25484 consensus_queue.cc:1048] T ebb1bf46e84846baa387be427f8b7264 P 593cc5031cdb47fe80f57e98468fe211 [LEADER]: Connected to new peer: Peer: permanent_uuid: "f8be00614935492caed7cc6d394a1449" member_type: VOTER last_known_addr { host: "127.20.30.193" port: 43971 } attrs { replace: true }, Status: LMP_MISMATCH, Last received: 0.0, Next index: 25, Last known committed idx: 24, Time since last communication: 0.001s
I20260608 09:54:05.069319 20603 ts_tablet_manager.cc:595] Time spent register tablets: real 0.000s	user 0.000s	sys 0.000s
W20260608 09:54:05.077250 25131 consensus_peers.cc:597] T ebb1bf46e84846baa387be427f8b7264 P 593cc5031cdb47fe80f57e98468fe211 -> Peer 6e73a22ad34c48bd9d72abfd087cc6ba (127.20.30.196:37069): Couldn't send request to peer 6e73a22ad34c48bd9d72abfd087cc6ba. Error code: TABLET_NOT_FOUND (6). Status: Not found: Tablet not found: ebb1bf46e84846baa387be427f8b7264. This is attempt 1: this message will repeat every 5th retry.
I20260608 09:54:05.075914 25517 raft_consensus.cc:2955] T ebb1bf46e84846baa387be427f8b7264 P 593cc5031cdb47fe80f57e98468fe211 [term 1 LEADER]: Committing config change with OpId 1.25: config changed from index -1 to 25, NON_VOTER 6e73a22ad34c48bd9d72abfd087cc6ba (127.20.30.196) added. New config: { opid_index: 25 OBSOLETE_local: false peers { permanent_uuid: "f8be00614935492caed7cc6d394a1449" member_type: VOTER last_known_addr { host: "127.20.30.193" port: 43971 } attrs { replace: true } } peers { permanent_uuid: "593cc5031cdb47fe80f57e98468fe211" member_type: VOTER last_known_addr { host: "127.20.30.194" port: 40649 } } peers { permanent_uuid: "272b8750a1044607876f2a5f169c39b2" member_type: VOTER last_known_addr { host: "127.20.30.195" port: 42131 } } peers { permanent_uuid: "6e73a22ad34c48bd9d72abfd087cc6ba" member_type: NON_VOTER last_known_addr { host: "127.20.30.196" port: 37069 } attrs { promote: true } } }
I20260608 09:54:05.080585 25238 raft_consensus.cc:2955] T ebb1bf46e84846baa387be427f8b7264 P 272b8750a1044607876f2a5f169c39b2 [term 1 FOLLOWER]: Committing config change with OpId 1.25: config changed from index -1 to 25, NON_VOTER 6e73a22ad34c48bd9d72abfd087cc6ba (127.20.30.196) added. New config: { opid_index: 25 OBSOLETE_local: false peers { permanent_uuid: "f8be00614935492caed7cc6d394a1449" member_type: VOTER last_known_addr { host: "127.20.30.193" port: 43971 } attrs { replace: true } } peers { permanent_uuid: "593cc5031cdb47fe80f57e98468fe211" member_type: VOTER last_known_addr { host: "127.20.30.194" port: 40649 } } peers { permanent_uuid: "272b8750a1044607876f2a5f169c39b2" member_type: VOTER last_known_addr { host: "127.20.30.195" port: 42131 } } peers { permanent_uuid: "6e73a22ad34c48bd9d72abfd087cc6ba" member_type: NON_VOTER last_known_addr { host: "127.20.30.196" port: 37069 } attrs { promote: true } } }
I20260608 09:54:05.081444 25092 raft_consensus.cc:2955] T ebb1bf46e84846baa387be427f8b7264 P f8be00614935492caed7cc6d394a1449 [term 1 FOLLOWER]: Committing config change with OpId 1.25: config changed from index -1 to 25, NON_VOTER 6e73a22ad34c48bd9d72abfd087cc6ba (127.20.30.196) added. New config: { opid_index: 25 OBSOLETE_local: false peers { permanent_uuid: "f8be00614935492caed7cc6d394a1449" member_type: VOTER last_known_addr { host: "127.20.30.193" port: 43971 } attrs { replace: true } } peers { permanent_uuid: "593cc5031cdb47fe80f57e98468fe211" member_type: VOTER last_known_addr { host: "127.20.30.194" port: 40649 } } peers { permanent_uuid: "272b8750a1044607876f2a5f169c39b2" member_type: VOTER last_known_addr { host: "127.20.30.195" port: 42131 } } peers { permanent_uuid: "6e73a22ad34c48bd9d72abfd087cc6ba" member_type: NON_VOTER last_known_addr { host: "127.20.30.196" port: 37069 } attrs { promote: true } } }
I20260608 09:54:05.097040 25165 consensus_queue.cc:237] T 0fd4723317194937b9f4f748eac063e4 P 593cc5031cdb47fe80f57e98468fe211 [LEADER]: Queue going to LEADER mode. State: All replicated index: 0, Majority replicated index: 25, Committed index: 25, Last appended: 1.25, Last appended by leader: 0, Current term: 1, Majority size: 2, State: 0, Mode: LEADER, active raft config: opid_index: 26 OBSOLETE_local: false peers { permanent_uuid: "f8be00614935492caed7cc6d394a1449" member_type: VOTER last_known_addr { host: "127.20.30.193" port: 43971 } } peers { permanent_uuid: "593cc5031cdb47fe80f57e98468fe211" member_type: VOTER last_known_addr { host: "127.20.30.194" port: 40649 } } peers { permanent_uuid: "272b8750a1044607876f2a5f169c39b2" member_type: VOTER last_known_addr { host: "127.20.30.195" port: 42131 } attrs { replace: true } } peers { permanent_uuid: "6e73a22ad34c48bd9d72abfd087cc6ba" member_type: NON_VOTER last_known_addr { host: "127.20.30.196" port: 37069 } attrs { promote: true } }
I20260608 09:54:05.103389 24982 catalog_manager.cc:5696] T ebb1bf46e84846baa387be427f8b7264 P 272b8750a1044607876f2a5f169c39b2 reported cstate change: config changed from index -1 to 25, NON_VOTER 6e73a22ad34c48bd9d72abfd087cc6ba (127.20.30.196) added. New cstate: current_term: 1 leader_uuid: "593cc5031cdb47fe80f57e98468fe211" committed_config { opid_index: 25 OBSOLETE_local: false peers { permanent_uuid: "f8be00614935492caed7cc6d394a1449" member_type: VOTER last_known_addr { host: "127.20.30.193" port: 43971 } attrs { replace: true } } peers { permanent_uuid: "593cc5031cdb47fe80f57e98468fe211" member_type: VOTER last_known_addr { host: "127.20.30.194" port: 40649 } } peers { permanent_uuid: "272b8750a1044607876f2a5f169c39b2" member_type: VOTER last_known_addr { host: "127.20.30.195" port: 42131 } } peers { permanent_uuid: "6e73a22ad34c48bd9d72abfd087cc6ba" member_type: NON_VOTER last_known_addr { host: "127.20.30.196" port: 37069 } attrs { promote: true } } }
I20260608 09:54:05.109601 25091 raft_consensus.cc:1275] T 0fd4723317194937b9f4f748eac063e4 P f8be00614935492caed7cc6d394a1449 [term 1 FOLLOWER]: Refusing update from remote peer 593cc5031cdb47fe80f57e98468fe211: Log matching property violated. Preceding OpId in replica: term: 1 index: 25. Preceding OpId from leader: term: 1 index: 26. (index mismatch)
I20260608 09:54:05.112521 25238 raft_consensus.cc:1275] T 0fd4723317194937b9f4f748eac063e4 P 272b8750a1044607876f2a5f169c39b2 [term 1 FOLLOWER]: Refusing update from remote peer 593cc5031cdb47fe80f57e98468fe211: Log matching property violated. Preceding OpId in replica: term: 1 index: 25. Preceding OpId from leader: term: 1 index: 26. (index mismatch)
I20260608 09:54:05.111389 25517 consensus_queue.cc:1048] T 0fd4723317194937b9f4f748eac063e4 P 593cc5031cdb47fe80f57e98468fe211 [LEADER]: Connected to new peer: Peer: permanent_uuid: "f8be00614935492caed7cc6d394a1449" member_type: VOTER last_known_addr { host: "127.20.30.193" port: 43971 }, Status: LMP_MISMATCH, Last received: 0.0, Next index: 26, Last known committed idx: 25, Time since last communication: 0.000s
W20260608 09:54:05.119534 25131 consensus_peers.cc:597] T 0fd4723317194937b9f4f748eac063e4 P 593cc5031cdb47fe80f57e98468fe211 -> Peer 6e73a22ad34c48bd9d72abfd087cc6ba (127.20.30.196:37069): Couldn't send request to peer 6e73a22ad34c48bd9d72abfd087cc6ba. Error code: TABLET_NOT_FOUND (6). Status: Not found: Tablet not found: 0fd4723317194937b9f4f748eac063e4. This is attempt 1: this message will repeat every 5th retry.
I20260608 09:54:05.129112 25518 consensus_queue.cc:1048] T 0fd4723317194937b9f4f748eac063e4 P 593cc5031cdb47fe80f57e98468fe211 [LEADER]: Connected to new peer: Peer: permanent_uuid: "272b8750a1044607876f2a5f169c39b2" member_type: VOTER last_known_addr { host: "127.20.30.195" port: 42131 } attrs { replace: true }, Status: LMP_MISMATCH, Last received: 0.0, Next index: 26, Last known committed idx: 25, Time since last communication: 0.001s
I20260608 09:54:05.153558 25487 raft_consensus.cc:2955] T 0fd4723317194937b9f4f748eac063e4 P 593cc5031cdb47fe80f57e98468fe211 [term 1 LEADER]: Committing config change with OpId 1.26: config changed from index -1 to 26, NON_VOTER 6e73a22ad34c48bd9d72abfd087cc6ba (127.20.30.196) added. New config: { opid_index: 26 OBSOLETE_local: false peers { permanent_uuid: "f8be00614935492caed7cc6d394a1449" member_type: VOTER last_known_addr { host: "127.20.30.193" port: 43971 } } peers { permanent_uuid: "593cc5031cdb47fe80f57e98468fe211" member_type: VOTER last_known_addr { host: "127.20.30.194" port: 40649 } } peers { permanent_uuid: "272b8750a1044607876f2a5f169c39b2" member_type: VOTER last_known_addr { host: "127.20.30.195" port: 42131 } attrs { replace: true } } peers { permanent_uuid: "6e73a22ad34c48bd9d72abfd087cc6ba" member_type: NON_VOTER last_known_addr { host: "127.20.30.196" port: 37069 } attrs { promote: true } } }
I20260608 09:54:05.156600 25091 raft_consensus.cc:2955] T 0fd4723317194937b9f4f748eac063e4 P f8be00614935492caed7cc6d394a1449 [term 1 FOLLOWER]: Committing config change with OpId 1.26: config changed from index -1 to 26, NON_VOTER 6e73a22ad34c48bd9d72abfd087cc6ba (127.20.30.196) added. New config: { opid_index: 26 OBSOLETE_local: false peers { permanent_uuid: "f8be00614935492caed7cc6d394a1449" member_type: VOTER last_known_addr { host: "127.20.30.193" port: 43971 } } peers { permanent_uuid: "593cc5031cdb47fe80f57e98468fe211" member_type: VOTER last_known_addr { host: "127.20.30.194" port: 40649 } } peers { permanent_uuid: "272b8750a1044607876f2a5f169c39b2" member_type: VOTER last_known_addr { host: "127.20.30.195" port: 42131 } attrs { replace: true } } peers { permanent_uuid: "6e73a22ad34c48bd9d72abfd087cc6ba" member_type: NON_VOTER last_known_addr { host: "127.20.30.196" port: 37069 } attrs { promote: true } } }
I20260608 09:54:05.163841 25235 raft_consensus.cc:2955] T 0fd4723317194937b9f4f748eac063e4 P 272b8750a1044607876f2a5f169c39b2 [term 1 FOLLOWER]: Committing config change with OpId 1.26: config changed from index -1 to 26, NON_VOTER 6e73a22ad34c48bd9d72abfd087cc6ba (127.20.30.196) added. New config: { opid_index: 26 OBSOLETE_local: false peers { permanent_uuid: "f8be00614935492caed7cc6d394a1449" member_type: VOTER last_known_addr { host: "127.20.30.193" port: 43971 } } peers { permanent_uuid: "593cc5031cdb47fe80f57e98468fe211" member_type: VOTER last_known_addr { host: "127.20.30.194" port: 40649 } } peers { permanent_uuid: "272b8750a1044607876f2a5f169c39b2" member_type: VOTER last_known_addr { host: "127.20.30.195" port: 42131 } attrs { replace: true } } peers { permanent_uuid: "6e73a22ad34c48bd9d72abfd087cc6ba" member_type: NON_VOTER last_known_addr { host: "127.20.30.196" port: 37069 } attrs { promote: true } } }
I20260608 09:54:05.180913 24988 catalog_manager.cc:5696] T 0fd4723317194937b9f4f748eac063e4 P f8be00614935492caed7cc6d394a1449 reported cstate change: config changed from index -1 to 26, NON_VOTER 6e73a22ad34c48bd9d72abfd087cc6ba (127.20.30.196) added. New cstate: current_term: 1 leader_uuid: "593cc5031cdb47fe80f57e98468fe211" committed_config { opid_index: 26 OBSOLETE_local: false peers { permanent_uuid: "f8be00614935492caed7cc6d394a1449" member_type: VOTER last_known_addr { host: "127.20.30.193" port: 43971 } } peers { permanent_uuid: "593cc5031cdb47fe80f57e98468fe211" member_type: VOTER last_known_addr { host: "127.20.30.194" port: 40649 } } peers { permanent_uuid: "272b8750a1044607876f2a5f169c39b2" member_type: VOTER last_known_addr { host: "127.20.30.195" port: 42131 } attrs { replace: true } } peers { permanent_uuid: "6e73a22ad34c48bd9d72abfd087cc6ba" member_type: NON_VOTER last_known_addr { host: "127.20.30.196" port: 37069 } attrs { promote: true } } }
I20260608 09:54:05.196934 25235 consensus_queue.cc:237] T 533afeb9c54940a4972e03b8c030894a P 272b8750a1044607876f2a5f169c39b2 [LEADER]: Queue going to LEADER mode. State: All replicated index: 0, Majority replicated index: 25, Committed index: 25, Last appended: 1.25, Last appended by leader: 0, Current term: 1, Majority size: 2, State: 0, Mode: LEADER, active raft config: opid_index: 26 OBSOLETE_local: false peers { permanent_uuid: "f8be00614935492caed7cc6d394a1449" member_type: VOTER last_known_addr { host: "127.20.30.193" port: 43971 } attrs { replace: true } } peers { permanent_uuid: "593cc5031cdb47fe80f57e98468fe211" member_type: VOTER last_known_addr { host: "127.20.30.194" port: 40649 } } peers { permanent_uuid: "272b8750a1044607876f2a5f169c39b2" member_type: VOTER last_known_addr { host: "127.20.30.195" port: 42131 } } peers { permanent_uuid: "6e73a22ad34c48bd9d72abfd087cc6ba" member_type: NON_VOTER last_known_addr { host: "127.20.30.196" port: 37069 } attrs { promote: true } }
I20260608 09:54:05.204068 25165 raft_consensus.cc:1275] T 533afeb9c54940a4972e03b8c030894a P 593cc5031cdb47fe80f57e98468fe211 [term 1 FOLLOWER]: Refusing update from remote peer 272b8750a1044607876f2a5f169c39b2: Log matching property violated. Preceding OpId in replica: term: 1 index: 25. Preceding OpId from leader: term: 1 index: 26. (index mismatch)
I20260608 09:54:05.205894 25470 consensus_queue.cc:1048] T 533afeb9c54940a4972e03b8c030894a P 272b8750a1044607876f2a5f169c39b2 [LEADER]: Connected to new peer: Peer: permanent_uuid: "593cc5031cdb47fe80f57e98468fe211" member_type: VOTER last_known_addr { host: "127.20.30.194" port: 40649 }, Status: LMP_MISMATCH, Last received: 0.0, Next index: 26, Last known committed idx: 25, Time since last communication: 0.000s
W20260608 09:54:05.209709 25205 consensus_peers.cc:597] T 533afeb9c54940a4972e03b8c030894a P 272b8750a1044607876f2a5f169c39b2 -> Peer 6e73a22ad34c48bd9d72abfd087cc6ba (127.20.30.196:37069): Couldn't send request to peer 6e73a22ad34c48bd9d72abfd087cc6ba. Error code: TABLET_NOT_FOUND (6). Status: Not found: Tablet not found: 533afeb9c54940a4972e03b8c030894a. This is attempt 1: this message will repeat every 5th retry.
I20260608 09:54:05.212386 25091 raft_consensus.cc:1275] T 533afeb9c54940a4972e03b8c030894a P f8be00614935492caed7cc6d394a1449 [term 1 FOLLOWER]: Refusing update from remote peer 272b8750a1044607876f2a5f169c39b2: Log matching property violated. Preceding OpId in replica: term: 1 index: 25. Preceding OpId from leader: term: 1 index: 26. (index mismatch)
I20260608 09:54:05.215188 25519 raft_consensus.cc:2955] T 533afeb9c54940a4972e03b8c030894a P 272b8750a1044607876f2a5f169c39b2 [term 1 LEADER]: Committing config change with OpId 1.26: config changed from index -1 to 26, NON_VOTER 6e73a22ad34c48bd9d72abfd087cc6ba (127.20.30.196) added. New config: { opid_index: 26 OBSOLETE_local: false peers { permanent_uuid: "f8be00614935492caed7cc6d394a1449" member_type: VOTER last_known_addr { host: "127.20.30.193" port: 43971 } attrs { replace: true } } peers { permanent_uuid: "593cc5031cdb47fe80f57e98468fe211" member_type: VOTER last_known_addr { host: "127.20.30.194" port: 40649 } } peers { permanent_uuid: "272b8750a1044607876f2a5f169c39b2" member_type: VOTER last_known_addr { host: "127.20.30.195" port: 42131 } } peers { permanent_uuid: "6e73a22ad34c48bd9d72abfd087cc6ba" member_type: NON_VOTER last_known_addr { host: "127.20.30.196" port: 37069 } attrs { promote: true } } }
I20260608 09:54:05.216544 25475 consensus_queue.cc:1048] T 533afeb9c54940a4972e03b8c030894a P 272b8750a1044607876f2a5f169c39b2 [LEADER]: Connected to new peer: Peer: permanent_uuid: "f8be00614935492caed7cc6d394a1449" member_type: VOTER last_known_addr { host: "127.20.30.193" port: 43971 } attrs { replace: true }, Status: LMP_MISMATCH, Last received: 0.0, Next index: 26, Last known committed idx: 25, Time since last communication: 0.001s
I20260608 09:54:05.218753 25165 raft_consensus.cc:2955] T 533afeb9c54940a4972e03b8c030894a P 593cc5031cdb47fe80f57e98468fe211 [term 1 FOLLOWER]: Committing config change with OpId 1.26: config changed from index -1 to 26, NON_VOTER 6e73a22ad34c48bd9d72abfd087cc6ba (127.20.30.196) added. New config: { opid_index: 26 OBSOLETE_local: false peers { permanent_uuid: "f8be00614935492caed7cc6d394a1449" member_type: VOTER last_known_addr { host: "127.20.30.193" port: 43971 } attrs { replace: true } } peers { permanent_uuid: "593cc5031cdb47fe80f57e98468fe211" member_type: VOTER last_known_addr { host: "127.20.30.194" port: 40649 } } peers { permanent_uuid: "272b8750a1044607876f2a5f169c39b2" member_type: VOTER last_known_addr { host: "127.20.30.195" port: 42131 } } peers { permanent_uuid: "6e73a22ad34c48bd9d72abfd087cc6ba" member_type: NON_VOTER last_known_addr { host: "127.20.30.196" port: 37069 } attrs { promote: true } } }
I20260608 09:54:05.223502 25091 raft_consensus.cc:2955] T 533afeb9c54940a4972e03b8c030894a P f8be00614935492caed7cc6d394a1449 [term 1 FOLLOWER]: Committing config change with OpId 1.26: config changed from index -1 to 26, NON_VOTER 6e73a22ad34c48bd9d72abfd087cc6ba (127.20.30.196) added. New config: { opid_index: 26 OBSOLETE_local: false peers { permanent_uuid: "f8be00614935492caed7cc6d394a1449" member_type: VOTER last_known_addr { host: "127.20.30.193" port: 43971 } attrs { replace: true } } peers { permanent_uuid: "593cc5031cdb47fe80f57e98468fe211" member_type: VOTER last_known_addr { host: "127.20.30.194" port: 40649 } } peers { permanent_uuid: "272b8750a1044607876f2a5f169c39b2" member_type: VOTER last_known_addr { host: "127.20.30.195" port: 42131 } } peers { permanent_uuid: "6e73a22ad34c48bd9d72abfd087cc6ba" member_type: NON_VOTER last_known_addr { host: "127.20.30.196" port: 37069 } attrs { promote: true } } }
I20260608 09:54:05.233444 24982 catalog_manager.cc:5696] T 533afeb9c54940a4972e03b8c030894a P 593cc5031cdb47fe80f57e98468fe211 reported cstate change: config changed from index -1 to 26, NON_VOTER 6e73a22ad34c48bd9d72abfd087cc6ba (127.20.30.196) added. New cstate: current_term: 1 leader_uuid: "272b8750a1044607876f2a5f169c39b2" committed_config { opid_index: 26 OBSOLETE_local: false peers { permanent_uuid: "f8be00614935492caed7cc6d394a1449" member_type: VOTER last_known_addr { host: "127.20.30.193" port: 43971 } attrs { replace: true } } peers { permanent_uuid: "593cc5031cdb47fe80f57e98468fe211" member_type: VOTER last_known_addr { host: "127.20.30.194" port: 40649 } } peers { permanent_uuid: "272b8750a1044607876f2a5f169c39b2" member_type: VOTER last_known_addr { host: "127.20.30.195" port: 42131 } } peers { permanent_uuid: "6e73a22ad34c48bd9d72abfd087cc6ba" member_type: NON_VOTER last_known_addr { host: "127.20.30.196" port: 37069 } attrs { promote: true } } }
I20260608 09:54:05.329346 20603 rpc_server.cc:307] RPC server started. Bound to: 127.20.30.198:44475
I20260608 09:54:05.329599 25756 acceptor_pool.cc:272] collecting diagnostics on the listening RPC socket 127.20.30.198:44475 every 8 connection(s)
I20260608 09:54:05.350514 25757 heartbeater.cc:344] Connected to a master server at 127.20.30.254:35215
I20260608 09:54:05.351052 25757 heartbeater.cc:461] Registering TS with master...
I20260608 09:54:05.352246 25757 heartbeater.cc:507] Master 127.20.30.254:35215 requested a full tablet report, sending...
I20260608 09:54:05.354965 24982 ts_manager.cc:194] Registered new tserver with Master: b612fe2642e545489b0da0f278aaf461 (127.20.30.198:44475)
I20260608 09:54:05.357115 24982 master_service.cc:502] Signed X509 certificate for tserver {username='slave'} at 127.0.0.1:49908
I20260608 09:54:05.410907 25760 ts_tablet_manager.cc:933] T 924600848db242a99d2fb9dfdf8b927d P 6e73a22ad34c48bd9d72abfd087cc6ba: Initiating tablet copy from peer 272b8750a1044607876f2a5f169c39b2 (127.20.30.195:42131)
I20260608 09:54:05.414273 25760 tablet_copy_client.cc:323] T 924600848db242a99d2fb9dfdf8b927d P 6e73a22ad34c48bd9d72abfd087cc6ba: tablet copy: Beginning tablet copy session from remote peer at address 127.20.30.195:42131
I20260608 09:54:05.427157 25251 tablet_copy_service.cc:140] P 272b8750a1044607876f2a5f169c39b2: Received BeginTabletCopySession request for tablet 924600848db242a99d2fb9dfdf8b927d from peer 6e73a22ad34c48bd9d72abfd087cc6ba ({username='slave'} at 127.0.0.1:60296)
I20260608 09:54:05.427776 25251 tablet_copy_service.cc:161] P 272b8750a1044607876f2a5f169c39b2: Beginning new tablet copy session on tablet 924600848db242a99d2fb9dfdf8b927d from peer 6e73a22ad34c48bd9d72abfd087cc6ba at {username='slave'} at 127.0.0.1:60296: session id = 6e73a22ad34c48bd9d72abfd087cc6ba-924600848db242a99d2fb9dfdf8b927d
I20260608 09:54:05.434521 25251 tablet_copy_source_session.cc:215] T 924600848db242a99d2fb9dfdf8b927d P 272b8750a1044607876f2a5f169c39b2: Tablet Copy: opened 0 blocks and 1 log segments
I20260608 09:54:05.437716 25760 data_dirs.cc:400] Could only allocate 1 dirs of requested 3 for tablet 924600848db242a99d2fb9dfdf8b927d. 1 dirs total, 0 dirs full, 0 dirs failed
I20260608 09:54:05.453630 25760 tablet_copy_client.cc:806] T 924600848db242a99d2fb9dfdf8b927d P 6e73a22ad34c48bd9d72abfd087cc6ba: tablet copy: Starting download of 0 data blocks...
I20260608 09:54:05.454363 25760 tablet_copy_client.cc:670] T 924600848db242a99d2fb9dfdf8b927d P 6e73a22ad34c48bd9d72abfd087cc6ba: tablet copy: Starting download of 1 WAL segments...
I20260608 09:54:05.458393 25761 tablet_copy_client.cc:1025] T 924600848db242a99d2fb9dfdf8b927d P 6e73a22ad34c48bd9d72abfd087cc6ba: tablet copy: Injecting latency into file download: 2000
I20260608 09:54:05.597569 25763 ts_tablet_manager.cc:933] T 533afeb9c54940a4972e03b8c030894a P 6e73a22ad34c48bd9d72abfd087cc6ba: Initiating tablet copy from peer 272b8750a1044607876f2a5f169c39b2 (127.20.30.195:42131)
I20260608 09:54:05.599570 25763 tablet_copy_client.cc:323] T 533afeb9c54940a4972e03b8c030894a P 6e73a22ad34c48bd9d72abfd087cc6ba: tablet copy: Beginning tablet copy session from remote peer at address 127.20.30.195:42131
I20260608 09:54:05.601523 25251 tablet_copy_service.cc:140] P 272b8750a1044607876f2a5f169c39b2: Received BeginTabletCopySession request for tablet 533afeb9c54940a4972e03b8c030894a from peer 6e73a22ad34c48bd9d72abfd087cc6ba ({username='slave'} at 127.0.0.1:60296)
I20260608 09:54:05.602161 25251 tablet_copy_service.cc:161] P 272b8750a1044607876f2a5f169c39b2: Beginning new tablet copy session on tablet 533afeb9c54940a4972e03b8c030894a from peer 6e73a22ad34c48bd9d72abfd087cc6ba at {username='slave'} at 127.0.0.1:60296: session id = 6e73a22ad34c48bd9d72abfd087cc6ba-533afeb9c54940a4972e03b8c030894a
I20260608 09:54:05.609805 25251 tablet_copy_source_session.cc:215] T 533afeb9c54940a4972e03b8c030894a P 272b8750a1044607876f2a5f169c39b2: Tablet Copy: opened 0 blocks and 1 log segments
I20260608 09:54:05.614006 25763 data_dirs.cc:400] Could only allocate 1 dirs of requested 3 for tablet 533afeb9c54940a4972e03b8c030894a. 1 dirs total, 0 dirs full, 0 dirs failed
I20260608 09:54:05.631217 25763 tablet_copy_client.cc:806] T 533afeb9c54940a4972e03b8c030894a P 6e73a22ad34c48bd9d72abfd087cc6ba: tablet copy: Starting download of 0 data blocks...
I20260608 09:54:05.631937 25763 tablet_copy_client.cc:670] T 533afeb9c54940a4972e03b8c030894a P 6e73a22ad34c48bd9d72abfd087cc6ba: tablet copy: Starting download of 1 WAL segments...
I20260608 09:54:05.636498 25764 tablet_copy_client.cc:1025] T 533afeb9c54940a4972e03b8c030894a P 6e73a22ad34c48bd9d72abfd087cc6ba: tablet copy: Injecting latency into file download: 2000
I20260608 09:54:05.663754 25765 ts_tablet_manager.cc:933] T 0fd4723317194937b9f4f748eac063e4 P 6e73a22ad34c48bd9d72abfd087cc6ba: Initiating tablet copy from peer 593cc5031cdb47fe80f57e98468fe211 (127.20.30.194:40649)
I20260608 09:54:05.665961 25765 tablet_copy_client.cc:323] T 0fd4723317194937b9f4f748eac063e4 P 6e73a22ad34c48bd9d72abfd087cc6ba: tablet copy: Beginning tablet copy session from remote peer at address 127.20.30.194:40649
I20260608 09:54:05.676491 25177 tablet_copy_service.cc:140] P 593cc5031cdb47fe80f57e98468fe211: Received BeginTabletCopySession request for tablet 0fd4723317194937b9f4f748eac063e4 from peer 6e73a22ad34c48bd9d72abfd087cc6ba ({username='slave'} at 127.0.0.1:44762)
I20260608 09:54:05.677215 25177 tablet_copy_service.cc:161] P 593cc5031cdb47fe80f57e98468fe211: Beginning new tablet copy session on tablet 0fd4723317194937b9f4f748eac063e4 from peer 6e73a22ad34c48bd9d72abfd087cc6ba at {username='slave'} at 127.0.0.1:44762: session id = 6e73a22ad34c48bd9d72abfd087cc6ba-0fd4723317194937b9f4f748eac063e4
I20260608 09:54:05.678627 25768 ts_tablet_manager.cc:933] T ebb1bf46e84846baa387be427f8b7264 P 6e73a22ad34c48bd9d72abfd087cc6ba: Initiating tablet copy from peer 593cc5031cdb47fe80f57e98468fe211 (127.20.30.194:40649)
I20260608 09:54:05.680552 25768 tablet_copy_client.cc:323] T ebb1bf46e84846baa387be427f8b7264 P 6e73a22ad34c48bd9d72abfd087cc6ba: tablet copy: Beginning tablet copy session from remote peer at address 127.20.30.194:40649
I20260608 09:54:05.682343 25176 tablet_copy_service.cc:140] P 593cc5031cdb47fe80f57e98468fe211: Received BeginTabletCopySession request for tablet ebb1bf46e84846baa387be427f8b7264 from peer 6e73a22ad34c48bd9d72abfd087cc6ba ({username='slave'} at 127.0.0.1:44762)
I20260608 09:54:05.682904 25176 tablet_copy_service.cc:161] P 593cc5031cdb47fe80f57e98468fe211: Beginning new tablet copy session on tablet ebb1bf46e84846baa387be427f8b7264 from peer 6e73a22ad34c48bd9d72abfd087cc6ba at {username='slave'} at 127.0.0.1:44762: session id = 6e73a22ad34c48bd9d72abfd087cc6ba-ebb1bf46e84846baa387be427f8b7264
I20260608 09:54:05.687122 25177 tablet_copy_source_session.cc:215] T 0fd4723317194937b9f4f748eac063e4 P 593cc5031cdb47fe80f57e98468fe211: Tablet Copy: opened 0 blocks and 1 log segments
I20260608 09:54:05.691712 25765 data_dirs.cc:400] Could only allocate 1 dirs of requested 3 for tablet 0fd4723317194937b9f4f748eac063e4. 1 dirs total, 0 dirs full, 0 dirs failed
I20260608 09:54:05.692797 25176 tablet_copy_source_session.cc:215] T ebb1bf46e84846baa387be427f8b7264 P 593cc5031cdb47fe80f57e98468fe211: Tablet Copy: opened 0 blocks and 1 log segments
I20260608 09:54:05.696223 25768 data_dirs.cc:400] Could only allocate 1 dirs of requested 3 for tablet ebb1bf46e84846baa387be427f8b7264. 1 dirs total, 0 dirs full, 0 dirs failed
I20260608 09:54:05.709861 25765 tablet_copy_client.cc:806] T 0fd4723317194937b9f4f748eac063e4 P 6e73a22ad34c48bd9d72abfd087cc6ba: tablet copy: Starting download of 0 data blocks...
I20260608 09:54:05.710513 25765 tablet_copy_client.cc:670] T 0fd4723317194937b9f4f748eac063e4 P 6e73a22ad34c48bd9d72abfd087cc6ba: tablet copy: Starting download of 1 WAL segments...
I20260608 09:54:05.712530 25768 tablet_copy_client.cc:806] T ebb1bf46e84846baa387be427f8b7264 P 6e73a22ad34c48bd9d72abfd087cc6ba: tablet copy: Starting download of 0 data blocks...
I20260608 09:54:05.713224 25768 tablet_copy_client.cc:670] T ebb1bf46e84846baa387be427f8b7264 P 6e73a22ad34c48bd9d72abfd087cc6ba: tablet copy: Starting download of 1 WAL segments...
I20260608 09:54:05.715197 25766 tablet_copy_client.cc:1025] T 0fd4723317194937b9f4f748eac063e4 P 6e73a22ad34c48bd9d72abfd087cc6ba: tablet copy: Injecting latency into file download: 2000
I20260608 09:54:05.717806 25769 tablet_copy_client.cc:1025] T ebb1bf46e84846baa387be427f8b7264 P 6e73a22ad34c48bd9d72abfd087cc6ba: tablet copy: Injecting latency into file download: 2000
I20260608 09:54:05.774199 25596 heartbeater.cc:499] Master 127.20.30.254:35215 was elected leader, sending a full tablet report...
I20260608 09:54:05.910419 25672 heartbeater.cc:499] Master 127.20.30.254:35215 was elected leader, sending a full tablet report...
I20260608 09:54:06.359966 25757 heartbeater.cc:499] Master 127.20.30.254:35215 was elected leader, sending a full tablet report...
I20260608 09:54:07.480270 25760 tablet_copy_client.cc:538] T 924600848db242a99d2fb9dfdf8b927d P 6e73a22ad34c48bd9d72abfd087cc6ba: tablet copy: Tablet Copy complete. Replacing tablet superblock.
I20260608 09:54:07.510912 25760 tablet_bootstrap.cc:492] T 924600848db242a99d2fb9dfdf8b927d P 6e73a22ad34c48bd9d72abfd087cc6ba: Bootstrap starting.
I20260608 09:54:07.638242 25763 tablet_copy_client.cc:538] T 533afeb9c54940a4972e03b8c030894a P 6e73a22ad34c48bd9d72abfd087cc6ba: tablet copy: Tablet Copy complete. Replacing tablet superblock.
I20260608 09:54:07.651803 25763 tablet_bootstrap.cc:492] T 533afeb9c54940a4972e03b8c030894a P 6e73a22ad34c48bd9d72abfd087cc6ba: Bootstrap starting.
I20260608 09:54:07.661474 25760 tablet_bootstrap.cc:492] T 924600848db242a99d2fb9dfdf8b927d P 6e73a22ad34c48bd9d72abfd087cc6ba: Bootstrap replayed 1/1 log segments. Stats: ops{read=25 overwritten=0 applied=25 ignored=0} inserts{seen=85 ignored=0} mutations{seen=0 ignored=0} orphaned_commits=0. Pending: 0 replicates
I20260608 09:54:07.662384 25760 tablet_bootstrap.cc:492] T 924600848db242a99d2fb9dfdf8b927d P 6e73a22ad34c48bd9d72abfd087cc6ba: Bootstrap complete.
I20260608 09:54:07.663053 25760 ts_tablet_manager.cc:1403] T 924600848db242a99d2fb9dfdf8b927d P 6e73a22ad34c48bd9d72abfd087cc6ba: Time spent bootstrapping tablet: real 0.153s	user 0.130s	sys 0.015s
I20260608 09:54:07.666678 25760 raft_consensus.cc:359] T 924600848db242a99d2fb9dfdf8b927d P 6e73a22ad34c48bd9d72abfd087cc6ba [term 1 LEARNER]: Replica starting. Triggering 0 pending ops. Active config: opid_index: 25 OBSOLETE_local: false peers { permanent_uuid: "f8be00614935492caed7cc6d394a1449" member_type: VOTER last_known_addr { host: "127.20.30.193" port: 43971 } } peers { permanent_uuid: "593cc5031cdb47fe80f57e98468fe211" member_type: VOTER last_known_addr { host: "127.20.30.194" port: 40649 } attrs { replace: true } } peers { permanent_uuid: "272b8750a1044607876f2a5f169c39b2" member_type: VOTER last_known_addr { host: "127.20.30.195" port: 42131 } } peers { permanent_uuid: "6e73a22ad34c48bd9d72abfd087cc6ba" member_type: NON_VOTER last_known_addr { host: "127.20.30.196" port: 37069 } attrs { promote: true } }
I20260608 09:54:07.667842 25760 raft_consensus.cc:740] T 924600848db242a99d2fb9dfdf8b927d P 6e73a22ad34c48bd9d72abfd087cc6ba [term 1 LEARNER]: Becoming Follower/Learner. State: Replica: 6e73a22ad34c48bd9d72abfd087cc6ba, State: Initialized, Role: LEARNER
I20260608 09:54:07.668457 25760 consensus_queue.cc:260] T 924600848db242a99d2fb9dfdf8b927d P 6e73a22ad34c48bd9d72abfd087cc6ba [NON_LEADER]: Queue going to NON_LEADER mode. State: All replicated index: 0, Majority replicated index: 0, Committed index: 25, Last appended: 1.25, Last appended by leader: 25, Current term: 0, Majority size: -1, State: 0, Mode: NON_LEADER, active raft config: opid_index: 25 OBSOLETE_local: false peers { permanent_uuid: "f8be00614935492caed7cc6d394a1449" member_type: VOTER last_known_addr { host: "127.20.30.193" port: 43971 } } peers { permanent_uuid: "593cc5031cdb47fe80f57e98468fe211" member_type: VOTER last_known_addr { host: "127.20.30.194" port: 40649 } attrs { replace: true } } peers { permanent_uuid: "272b8750a1044607876f2a5f169c39b2" member_type: VOTER last_known_addr { host: "127.20.30.195" port: 42131 } } peers { permanent_uuid: "6e73a22ad34c48bd9d72abfd087cc6ba" member_type: NON_VOTER last_known_addr { host: "127.20.30.196" port: 37069 } attrs { promote: true } }
I20260608 09:54:07.671427 25760 ts_tablet_manager.cc:1434] T 924600848db242a99d2fb9dfdf8b927d P 6e73a22ad34c48bd9d72abfd087cc6ba: Time spent starting tablet: real 0.008s	user 0.008s	sys 0.000s
I20260608 09:54:07.675204 25251 tablet_copy_service.cc:342] P 272b8750a1044607876f2a5f169c39b2: Request end of tablet copy session 6e73a22ad34c48bd9d72abfd087cc6ba-924600848db242a99d2fb9dfdf8b927d received from {username='slave'} at 127.0.0.1:60296
I20260608 09:54:07.675928 25251 tablet_copy_service.cc:434] P 272b8750a1044607876f2a5f169c39b2: ending tablet copy session 6e73a22ad34c48bd9d72abfd087cc6ba-924600848db242a99d2fb9dfdf8b927d on tablet 924600848db242a99d2fb9dfdf8b927d with peer 6e73a22ad34c48bd9d72abfd087cc6ba
I20260608 09:54:07.717145 25765 tablet_copy_client.cc:538] T 0fd4723317194937b9f4f748eac063e4 P 6e73a22ad34c48bd9d72abfd087cc6ba: tablet copy: Tablet Copy complete. Replacing tablet superblock.
I20260608 09:54:07.719488 25768 tablet_copy_client.cc:538] T ebb1bf46e84846baa387be427f8b7264 P 6e73a22ad34c48bd9d72abfd087cc6ba: tablet copy: Tablet Copy complete. Replacing tablet superblock.
I20260608 09:54:07.734771 25768 tablet_bootstrap.cc:492] T ebb1bf46e84846baa387be427f8b7264 P 6e73a22ad34c48bd9d72abfd087cc6ba: Bootstrap starting.
I20260608 09:54:07.737298 25765 tablet_bootstrap.cc:492] T 0fd4723317194937b9f4f748eac063e4 P 6e73a22ad34c48bd9d72abfd087cc6ba: Bootstrap starting.
I20260608 09:54:07.846900 25763 tablet_bootstrap.cc:492] T 533afeb9c54940a4972e03b8c030894a P 6e73a22ad34c48bd9d72abfd087cc6ba: Bootstrap replayed 1/1 log segments. Stats: ops{read=26 overwritten=0 applied=26 ignored=0} inserts{seen=113 ignored=0} mutations{seen=0 ignored=0} orphaned_commits=0. Pending: 0 replicates
I20260608 09:54:07.847946 25763 tablet_bootstrap.cc:492] T 533afeb9c54940a4972e03b8c030894a P 6e73a22ad34c48bd9d72abfd087cc6ba: Bootstrap complete.
I20260608 09:54:07.848747 25763 ts_tablet_manager.cc:1403] T 533afeb9c54940a4972e03b8c030894a P 6e73a22ad34c48bd9d72abfd087cc6ba: Time spent bootstrapping tablet: real 0.197s	user 0.154s	sys 0.030s
I20260608 09:54:07.851827 25763 raft_consensus.cc:359] T 533afeb9c54940a4972e03b8c030894a P 6e73a22ad34c48bd9d72abfd087cc6ba [term 1 LEARNER]: Replica starting. Triggering 0 pending ops. Active config: opid_index: 26 OBSOLETE_local: false peers { permanent_uuid: "f8be00614935492caed7cc6d394a1449" member_type: VOTER last_known_addr { host: "127.20.30.193" port: 43971 } attrs { replace: true } } peers { permanent_uuid: "593cc5031cdb47fe80f57e98468fe211" member_type: VOTER last_known_addr { host: "127.20.30.194" port: 40649 } } peers { permanent_uuid: "272b8750a1044607876f2a5f169c39b2" member_type: VOTER last_known_addr { host: "127.20.30.195" port: 42131 } } peers { permanent_uuid: "6e73a22ad34c48bd9d72abfd087cc6ba" member_type: NON_VOTER last_known_addr { host: "127.20.30.196" port: 37069 } attrs { promote: true } }
I20260608 09:54:07.852702 25763 raft_consensus.cc:740] T 533afeb9c54940a4972e03b8c030894a P 6e73a22ad34c48bd9d72abfd087cc6ba [term 1 LEARNER]: Becoming Follower/Learner. State: Replica: 6e73a22ad34c48bd9d72abfd087cc6ba, State: Initialized, Role: LEARNER
I20260608 09:54:07.853402 25763 consensus_queue.cc:260] T 533afeb9c54940a4972e03b8c030894a P 6e73a22ad34c48bd9d72abfd087cc6ba [NON_LEADER]: Queue going to NON_LEADER mode. State: All replicated index: 0, Majority replicated index: 0, Committed index: 26, Last appended: 1.26, Last appended by leader: 26, Current term: 0, Majority size: -1, State: 0, Mode: NON_LEADER, active raft config: opid_index: 26 OBSOLETE_local: false peers { permanent_uuid: "f8be00614935492caed7cc6d394a1449" member_type: VOTER last_known_addr { host: "127.20.30.193" port: 43971 } attrs { replace: true } } peers { permanent_uuid: "593cc5031cdb47fe80f57e98468fe211" member_type: VOTER last_known_addr { host: "127.20.30.194" port: 40649 } } peers { permanent_uuid: "272b8750a1044607876f2a5f169c39b2" member_type: VOTER last_known_addr { host: "127.20.30.195" port: 42131 } } peers { permanent_uuid: "6e73a22ad34c48bd9d72abfd087cc6ba" member_type: NON_VOTER last_known_addr { host: "127.20.30.196" port: 37069 } attrs { promote: true } }
I20260608 09:54:07.858911 25763 ts_tablet_manager.cc:1434] T 533afeb9c54940a4972e03b8c030894a P 6e73a22ad34c48bd9d72abfd087cc6ba: Time spent starting tablet: real 0.010s	user 0.005s	sys 0.000s
I20260608 09:54:07.860982 25251 tablet_copy_service.cc:342] P 272b8750a1044607876f2a5f169c39b2: Request end of tablet copy session 6e73a22ad34c48bd9d72abfd087cc6ba-533afeb9c54940a4972e03b8c030894a received from {username='slave'} at 127.0.0.1:60296
I20260608 09:54:07.861500 25251 tablet_copy_service.cc:434] P 272b8750a1044607876f2a5f169c39b2: ending tablet copy session 6e73a22ad34c48bd9d72abfd087cc6ba-533afeb9c54940a4972e03b8c030894a on tablet 533afeb9c54940a4972e03b8c030894a with peer 6e73a22ad34c48bd9d72abfd087cc6ba
I20260608 09:54:07.897367 25768 tablet_bootstrap.cc:492] T ebb1bf46e84846baa387be427f8b7264 P 6e73a22ad34c48bd9d72abfd087cc6ba: Bootstrap replayed 1/1 log segments. Stats: ops{read=25 overwritten=0 applied=25 ignored=0} inserts{seen=97 ignored=0} mutations{seen=0 ignored=0} orphaned_commits=0. Pending: 0 replicates
I20260608 09:54:07.898243 25768 tablet_bootstrap.cc:492] T ebb1bf46e84846baa387be427f8b7264 P 6e73a22ad34c48bd9d72abfd087cc6ba: Bootstrap complete.
I20260608 09:54:07.898874 25768 ts_tablet_manager.cc:1403] T ebb1bf46e84846baa387be427f8b7264 P 6e73a22ad34c48bd9d72abfd087cc6ba: Time spent bootstrapping tablet: real 0.165s	user 0.140s	sys 0.020s
I20260608 09:54:07.901259 25768 raft_consensus.cc:359] T ebb1bf46e84846baa387be427f8b7264 P 6e73a22ad34c48bd9d72abfd087cc6ba [term 1 LEARNER]: Replica starting. Triggering 0 pending ops. Active config: opid_index: 25 OBSOLETE_local: false peers { permanent_uuid: "f8be00614935492caed7cc6d394a1449" member_type: VOTER last_known_addr { host: "127.20.30.193" port: 43971 } attrs { replace: true } } peers { permanent_uuid: "593cc5031cdb47fe80f57e98468fe211" member_type: VOTER last_known_addr { host: "127.20.30.194" port: 40649 } } peers { permanent_uuid: "272b8750a1044607876f2a5f169c39b2" member_type: VOTER last_known_addr { host: "127.20.30.195" port: 42131 } } peers { permanent_uuid: "6e73a22ad34c48bd9d72abfd087cc6ba" member_type: NON_VOTER last_known_addr { host: "127.20.30.196" port: 37069 } attrs { promote: true } }
I20260608 09:54:07.901968 25768 raft_consensus.cc:740] T ebb1bf46e84846baa387be427f8b7264 P 6e73a22ad34c48bd9d72abfd087cc6ba [term 1 LEARNER]: Becoming Follower/Learner. State: Replica: 6e73a22ad34c48bd9d72abfd087cc6ba, State: Initialized, Role: LEARNER
I20260608 09:54:07.902704 25768 consensus_queue.cc:260] T ebb1bf46e84846baa387be427f8b7264 P 6e73a22ad34c48bd9d72abfd087cc6ba [NON_LEADER]: Queue going to NON_LEADER mode. State: All replicated index: 0, Majority replicated index: 0, Committed index: 25, Last appended: 1.25, Last appended by leader: 25, Current term: 0, Majority size: -1, State: 0, Mode: NON_LEADER, active raft config: opid_index: 25 OBSOLETE_local: false peers { permanent_uuid: "f8be00614935492caed7cc6d394a1449" member_type: VOTER last_known_addr { host: "127.20.30.193" port: 43971 } attrs { replace: true } } peers { permanent_uuid: "593cc5031cdb47fe80f57e98468fe211" member_type: VOTER last_known_addr { host: "127.20.30.194" port: 40649 } } peers { permanent_uuid: "272b8750a1044607876f2a5f169c39b2" member_type: VOTER last_known_addr { host: "127.20.30.195" port: 42131 } } peers { permanent_uuid: "6e73a22ad34c48bd9d72abfd087cc6ba" member_type: NON_VOTER last_known_addr { host: "127.20.30.196" port: 37069 } attrs { promote: true } }
I20260608 09:54:07.904637 25768 ts_tablet_manager.cc:1434] T ebb1bf46e84846baa387be427f8b7264 P 6e73a22ad34c48bd9d72abfd087cc6ba: Time spent starting tablet: real 0.005s	user 0.005s	sys 0.000s
I20260608 09:54:07.906952 25176 tablet_copy_service.cc:342] P 593cc5031cdb47fe80f57e98468fe211: Request end of tablet copy session 6e73a22ad34c48bd9d72abfd087cc6ba-ebb1bf46e84846baa387be427f8b7264 received from {username='slave'} at 127.0.0.1:44762
I20260608 09:54:07.907506 25176 tablet_copy_service.cc:434] P 593cc5031cdb47fe80f57e98468fe211: ending tablet copy session 6e73a22ad34c48bd9d72abfd087cc6ba-ebb1bf46e84846baa387be427f8b7264 on tablet ebb1bf46e84846baa387be427f8b7264 with peer 6e73a22ad34c48bd9d72abfd087cc6ba
I20260608 09:54:07.928331 25571 raft_consensus.cc:1217] T 533afeb9c54940a4972e03b8c030894a P 6e73a22ad34c48bd9d72abfd087cc6ba [term 1 LEARNER]: Deduplicated request from leader. Original: 1.25->[1.26-1.26]   Dedup: 1.26->[]
I20260608 09:54:07.956087 25765 tablet_bootstrap.cc:492] T 0fd4723317194937b9f4f748eac063e4 P 6e73a22ad34c48bd9d72abfd087cc6ba: Bootstrap replayed 1/1 log segments. Stats: ops{read=26 overwritten=0 applied=26 ignored=0} inserts{seen=100 ignored=0} mutations{seen=0 ignored=0} orphaned_commits=0. Pending: 0 replicates
I20260608 09:54:07.957158 25765 tablet_bootstrap.cc:492] T 0fd4723317194937b9f4f748eac063e4 P 6e73a22ad34c48bd9d72abfd087cc6ba: Bootstrap complete.
I20260608 09:54:07.957948 25765 ts_tablet_manager.cc:1403] T 0fd4723317194937b9f4f748eac063e4 P 6e73a22ad34c48bd9d72abfd087cc6ba: Time spent bootstrapping tablet: real 0.221s	user 0.156s	sys 0.024s
I20260608 09:54:07.960829 25765 raft_consensus.cc:359] T 0fd4723317194937b9f4f748eac063e4 P 6e73a22ad34c48bd9d72abfd087cc6ba [term 1 LEARNER]: Replica starting. Triggering 0 pending ops. Active config: opid_index: 26 OBSOLETE_local: false peers { permanent_uuid: "f8be00614935492caed7cc6d394a1449" member_type: VOTER last_known_addr { host: "127.20.30.193" port: 43971 } } peers { permanent_uuid: "593cc5031cdb47fe80f57e98468fe211" member_type: VOTER last_known_addr { host: "127.20.30.194" port: 40649 } } peers { permanent_uuid: "272b8750a1044607876f2a5f169c39b2" member_type: VOTER last_known_addr { host: "127.20.30.195" port: 42131 } attrs { replace: true } } peers { permanent_uuid: "6e73a22ad34c48bd9d72abfd087cc6ba" member_type: NON_VOTER last_known_addr { host: "127.20.30.196" port: 37069 } attrs { promote: true } }
I20260608 09:54:07.961678 25765 raft_consensus.cc:740] T 0fd4723317194937b9f4f748eac063e4 P 6e73a22ad34c48bd9d72abfd087cc6ba [term 1 LEARNER]: Becoming Follower/Learner. State: Replica: 6e73a22ad34c48bd9d72abfd087cc6ba, State: Initialized, Role: LEARNER
I20260608 09:54:07.962313 25765 consensus_queue.cc:260] T 0fd4723317194937b9f4f748eac063e4 P 6e73a22ad34c48bd9d72abfd087cc6ba [NON_LEADER]: Queue going to NON_LEADER mode. State: All replicated index: 0, Majority replicated index: 0, Committed index: 26, Last appended: 1.26, Last appended by leader: 26, Current term: 0, Majority size: -1, State: 0, Mode: NON_LEADER, active raft config: opid_index: 26 OBSOLETE_local: false peers { permanent_uuid: "f8be00614935492caed7cc6d394a1449" member_type: VOTER last_known_addr { host: "127.20.30.193" port: 43971 } } peers { permanent_uuid: "593cc5031cdb47fe80f57e98468fe211" member_type: VOTER last_known_addr { host: "127.20.30.194" port: 40649 } } peers { permanent_uuid: "272b8750a1044607876f2a5f169c39b2" member_type: VOTER last_known_addr { host: "127.20.30.195" port: 42131 } attrs { replace: true } } peers { permanent_uuid: "6e73a22ad34c48bd9d72abfd087cc6ba" member_type: NON_VOTER last_known_addr { host: "127.20.30.196" port: 37069 } attrs { promote: true } }
I20260608 09:54:07.965032 25765 ts_tablet_manager.cc:1434] T 0fd4723317194937b9f4f748eac063e4 P 6e73a22ad34c48bd9d72abfd087cc6ba: Time spent starting tablet: real 0.007s	user 0.006s	sys 0.000s
I20260608 09:54:07.967577 25176 tablet_copy_service.cc:342] P 593cc5031cdb47fe80f57e98468fe211: Request end of tablet copy session 6e73a22ad34c48bd9d72abfd087cc6ba-0fd4723317194937b9f4f748eac063e4 received from {username='slave'} at 127.0.0.1:44762
I20260608 09:54:07.968142 25176 tablet_copy_service.cc:434] P 593cc5031cdb47fe80f57e98468fe211: ending tablet copy session 6e73a22ad34c48bd9d72abfd087cc6ba-0fd4723317194937b9f4f748eac063e4 on tablet 0fd4723317194937b9f4f748eac063e4 with peer 6e73a22ad34c48bd9d72abfd087cc6ba
I20260608 09:54:08.118368 25571 raft_consensus.cc:1217] T ebb1bf46e84846baa387be427f8b7264 P 6e73a22ad34c48bd9d72abfd087cc6ba [term 1 LEARNER]: Deduplicated request from leader. Original: 1.24->[1.25-1.25]   Dedup: 1.25->[]
I20260608 09:54:08.150605 25571 raft_consensus.cc:1217] T 924600848db242a99d2fb9dfdf8b927d P 6e73a22ad34c48bd9d72abfd087cc6ba [term 1 LEARNER]: Deduplicated request from leader. Original: 1.24->[1.25-1.25]   Dedup: 1.25->[]
I20260608 09:54:08.243793 25571 raft_consensus.cc:1217] T 0fd4723317194937b9f4f748eac063e4 P 6e73a22ad34c48bd9d72abfd087cc6ba [term 1 LEARNER]: Deduplicated request from leader. Original: 1.25->[1.26-1.26]   Dedup: 1.26->[]
I20260608 09:54:08.544303 25780 raft_consensus.cc:1064] T ebb1bf46e84846baa387be427f8b7264 P 593cc5031cdb47fe80f57e98468fe211: attempting to promote NON_VOTER 6e73a22ad34c48bd9d72abfd087cc6ba to VOTER
