I20260608 09:53:11.198799 16096 consensus_queue.cc:1048] T 36da441194534d52aa0349c1f1e45b64 P cb1c399c131d41b5b460fd65ea3201a7 [LEADER]: Connected to new peer: Peer: permanent_uuid: "260bf73412e4435c9c3c379642c6919e" member_type: VOTER last_known_addr { host: "127.12.151.195" port: 44891 }, Status: LMP_MISMATCH, Last received: 0.0, Next index: 1, Last known committed idx: 0, Time since last communication: 0.000s
I20260608 09:53:11.201371 12895 fs_manager.cc:696] Time spent creating directory manager: real 0.005s	user 0.002s	sys 0.005s
I20260608 09:53:11.206154 16116 log_block_manager.cc:4031] Time spent loading block containers with low live blocks: real 0.000s	user 0.000s	sys 0.000s
I20260608 09:53:11.211158 16064 consensus_queue.cc:1048] T 36da441194534d52aa0349c1f1e45b64 P cb1c399c131d41b5b460fd65ea3201a7 [LEADER]: Connected to new peer: Peer: permanent_uuid: "a6b5ceaaeee1460394bcdc4d9dfcafa7" member_type: VOTER last_known_addr { host: "127.12.151.193" port: 45407 }, Status: LMP_MISMATCH, Last received: 0.0, Next index: 1, Last known committed idx: 0, Time since last communication: 0.001s
I20260608 09:53:11.211198 12895 fs_manager.cc:730] Time spent opening block manager: real 0.007s	user 0.003s	sys 0.000s
I20260608 09:53:11.213300 12895 fs_manager.cc:647] Opened local filesystem: /tmp/dist-test-taskI9R8UM/test-tmp/auto_rebalancer-test.0.AutoRebalancerTest.RangeAwareRebalancesNewRangeReplicas.1780912304540107-12895-0/minicluster-data/ts-3-root
uuid: "60158dbbba794f468c698d269894c11e"
format_stamp: "Formatted at 2026-06-08 09:53:11 on dist-test-slave-g93p"
I20260608 09:53:11.213671 12895 fs_report.cc:389] FS layout report
--------------------
wal directory: /tmp/dist-test-taskI9R8UM/test-tmp/auto_rebalancer-test.0.AutoRebalancerTest.RangeAwareRebalancesNewRangeReplicas.1780912304540107-12895-0/minicluster-data/ts-3-root
metadata directory: /tmp/dist-test-taskI9R8UM/test-tmp/auto_rebalancer-test.0.AutoRebalancerTest.RangeAwareRebalancesNewRangeReplicas.1780912304540107-12895-0/minicluster-data/ts-3-root
1 data directories: /tmp/dist-test-taskI9R8UM/test-tmp/auto_rebalancer-test.0.AutoRebalancerTest.RangeAwareRebalancesNewRangeReplicas.1780912304540107-12895-0/minicluster-data/ts-3-root/data
Total live blocks: 0
Total live bytes: 0
Total live bytes (after alignment): 0
Total number of LBM containers: 0 (0 full)
Did not check for missing blocks
Did not check for orphaned blocks
Total full LBM containers with extra space: 0 (0 repaired)
Total full LBM container extra space in bytes: 0 (0 repaired)
Total incomplete LBM containers: 0 (0 repaired)
Total LBM partial records: 0 (0 repaired)
Total corrupted LBM metadata records in RocksDB: 0 (0 repaired)
I20260608 09:53:11.247047 12895 rpc_server.cc:225] running with OpenSSL 1.1.1  11 Sep 2018
I20260608 09:53:11.248302 12895 kserver.cc:163] Server-wide thread pool size limit: 3276
I20260608 09:53:11.249818 12895 txn_system_client.cc:432] TxnSystemClient initialization is disabled...
I20260608 09:53:11.252137 12895 ts_tablet_manager.cc:585] Loaded tablet metadata (0 total tablets, 0 live tablets)
I20260608 09:53:11.252377 12895 ts_tablet_manager.cc:531] Time spent load tablet metadata: real 0.000s	user 0.000s	sys 0.000s
I20260608 09:53:11.252658 12895 ts_tablet_manager.cc:616] Registered 0 tablets
I20260608 09:53:11.252840 12895 ts_tablet_manager.cc:595] Time spent register tablets: real 0.000s	user 0.000s	sys 0.000s
I20260608 09:53:11.268498 16066 consensus_queue.cc:1048] T e5b388eb7353494cb56fec004f680403 P 260bf73412e4435c9c3c379642c6919e [LEADER]: Connected to new peer: Peer: permanent_uuid: "a6b5ceaaeee1460394bcdc4d9dfcafa7" member_type: VOTER last_known_addr { host: "127.12.151.193" port: 45407 }, Status: LMP_MISMATCH, Last received: 0.0, Next index: 1, Last known committed idx: 0, Time since last communication: 0.001s
I20260608 09:53:11.283505 16087 consensus_queue.cc:1048] T e5b388eb7353494cb56fec004f680403 P 260bf73412e4435c9c3c379642c6919e [LEADER]: Connected to new peer: Peer: permanent_uuid: "cb1c399c131d41b5b460fd65ea3201a7" member_type: VOTER last_known_addr { host: "127.12.151.194" port: 43755 }, Status: LMP_MISMATCH, Last received: 0.0, Next index: 1, Last known committed idx: 0, Time since last communication: 0.000s
I20260608 09:53:11.321153 12895 rpc_server.cc:307] RPC server started. Bound to: 127.12.151.196:46529
I20260608 09:53:11.321274 16184 acceptor_pool.cc:272] collecting diagnostics on the listening RPC socket 127.12.151.196:46529 every 8 connection(s)
I20260608 09:53:11.328032 15761 catalog_manager.cc:3569] Servicing AlterTable request from {username='slave'} at 127.0.0.1:40594:
table { table_name: "range_aware_rebalance_new_range" } alter_schema_steps { type: ADD_RANGE_PARTITION add_range_partition { range_bounds { rows: "\006\001\n\000\000\000\007\001\024\000\000\000""\006\001\n\000\000\000\007\001\024\000\000\000" indirect_data: """" } } } schema { columns { name: "key" type: INT32 is_key: true is_nullable: false encoding: AUTO_ENCODING compression: DEFAULT_COMPRESSION cfile_block_size: 0 immutable: false } } modify_external_catalogs: true
I20260608 09:53:11.330031 16062 consensus_queue.cc:1048] T cfbec896f2a54e85b1bd71df0342c4ea P a6b5ceaaeee1460394bcdc4d9dfcafa7 [LEADER]: Connected to new peer: Peer: permanent_uuid: "260bf73412e4435c9c3c379642c6919e" member_type: VOTER last_known_addr { host: "127.12.151.195" port: 44891 }, Status: LMP_MISMATCH, Last received: 0.0, Next index: 1, Last known committed idx: 0, Time since last communication: 0.001s
I20260608 09:53:11.344545 16062 consensus_queue.cc:1048] T cfbec896f2a54e85b1bd71df0342c4ea P a6b5ceaaeee1460394bcdc4d9dfcafa7 [LEADER]: Connected to new peer: Peer: permanent_uuid: "cb1c399c131d41b5b460fd65ea3201a7" member_type: VOTER last_known_addr { host: "127.12.151.194" port: 43755 }, Status: LMP_MISMATCH, Last received: 0.0, Next index: 1, Last known committed idx: 0, Time since last communication: 0.000s
I20260608 09:53:11.348749 16185 heartbeater.cc:344] Connected to a master server at 127.12.151.254:41033
I20260608 09:53:11.349267 16185 heartbeater.cc:461] Registering TS with master...
I20260608 09:53:11.350409 16185 heartbeater.cc:507] Master 127.12.151.254:41033 requested a full tablet report, sending...
I20260608 09:53:11.353020 15760 ts_manager.cc:194] Registered new tserver with Master: 60158dbbba794f468c698d269894c11e (127.12.151.196:46529)
I20260608 09:53:11.354974 15760 master_service.cc:502] Signed X509 certificate for tserver {username='slave'} at 127.0.0.1:40598
W20260608 09:53:11.364704 15761 catalog_manager.cc:5956] Failed to send alter table request: Not found: failed to reset TS proxy: No leader found: Tablet e06d86998c8a45ec8df23b82e7061699 has no consensus state
W20260608 09:53:11.367156 15761 catalog_manager.cc:5956] Failed to send alter table request: Not found: failed to reset TS proxy: No leader found: Tablet 851e32cdf83e4baa8521ecf05587dcd1 has no consensus state
W20260608 09:53:11.371039 15761 catalog_manager.cc:5956] Failed to send alter table request: Not found: failed to reset TS proxy: No leader found: Tablet 17ce6b93d6504905b40a0e608a0ca98b has no consensus state
W20260608 09:53:11.372534 15761 catalog_manager.cc:5956] Failed to send alter table request: Not found: failed to reset TS proxy: No leader found: Tablet bc0290bc7adb4edd92bc4cc95b6b8efc has no consensus state
W20260608 09:53:11.375263 15761 catalog_manager.cc:5956] Failed to send alter table request: Not found: failed to reset TS proxy: No leader found: Tablet 334d067a712c4555998c918ba5e491ab has no consensus state
I20260608 09:53:11.375238 16095 consensus_queue.cc:1048] T b121a55f95d24be6a648fe7045b2b69b P cb1c399c131d41b5b460fd65ea3201a7 [LEADER]: Connected to new peer: Peer: permanent_uuid: "260bf73412e4435c9c3c379642c6919e" member_type: VOTER last_known_addr { host: "127.12.151.195" port: 44891 }, Status: LMP_MISMATCH, Last received: 0.0, Next index: 1, Last known committed idx: 0, Time since last communication: 0.001s
W20260608 09:53:11.376844 15761 catalog_manager.cc:5956] Failed to send alter table request: Not found: failed to reset TS proxy: No leader found: Tablet 354b8f50e4324a31b28ea3869855fc8b has no consensus state
W20260608 09:53:11.378190 15761 catalog_manager.cc:5956] Failed to send alter table request: Not found: failed to reset TS proxy: No leader found: Tablet 16dc19ab31cb410c9542f2476ec0a4df has no consensus state
W20260608 09:53:11.379429 15761 catalog_manager.cc:5956] Failed to send alter table request: Not found: failed to reset TS proxy: No leader found: Tablet e2ce8858f1b04da0b5c2a76285fff04a has no consensus state
I20260608 09:53:11.395364 16084 consensus_queue.cc:1048] T b121a55f95d24be6a648fe7045b2b69b P cb1c399c131d41b5b460fd65ea3201a7 [LEADER]: Connected to new peer: Peer: permanent_uuid: "a6b5ceaaeee1460394bcdc4d9dfcafa7" member_type: VOTER last_known_addr { host: "127.12.151.193" port: 45407 }, Status: LMP_MISMATCH, Last received: 0.0, Next index: 1, Last known committed idx: 0, Time since last communication: 0.000s
I20260608 09:53:11.408562 16064 consensus_queue.cc:1048] T f2da82cd31184871aade3632a1bda82a P cb1c399c131d41b5b460fd65ea3201a7 [LEADER]: Connected to new peer: Peer: permanent_uuid: "a6b5ceaaeee1460394bcdc4d9dfcafa7" member_type: VOTER last_known_addr { host: "127.12.151.193" port: 45407 }, Status: LMP_MISMATCH, Last received: 0.0, Next index: 1, Last known committed idx: 0, Time since last communication: 0.000s
I20260608 09:53:11.420629 15850 tablet_service.cc:1511] Processing CreateTablet for tablet e06d86998c8a45ec8df23b82e7061699 (DEFAULT_TABLE table=range_aware_rebalance_new_range [id=03c966526cb74d9bb6a2dd65e736c3c5]), partition=HASH (key) PARTITION 0, RANGE (key) PARTITION 10 <= VALUES < 20
I20260608 09:53:11.422487 16095 consensus_queue.cc:1048] T f2da82cd31184871aade3632a1bda82a P cb1c399c131d41b5b460fd65ea3201a7 [LEADER]: Connected to new peer: Peer: permanent_uuid: "260bf73412e4435c9c3c379642c6919e" member_type: VOTER last_known_addr { host: "127.12.151.195" port: 44891 }, Status: LMP_MISMATCH, Last received: 0.0, Next index: 1, Last known committed idx: 0, Time since last communication: 0.000s
W20260608 09:53:11.423799 15746 catalog_manager.cc:4809] Async tablet task AlterTable RPC for tablet 17ce6b93d6504905b40a0e608a0ca98b (table range_aware_rebalance_new_range [id=03c966526cb74d9bb6a2dd65e736c3c5], current schema version=0) failed: Not found: failed to reset TS proxy: No leader found: Tablet 17ce6b93d6504905b40a0e608a0ca98b consensus state has no leader
I20260608 09:53:11.424074 15851 tablet_service.cc:1511] Processing CreateTablet for tablet 851e32cdf83e4baa8521ecf05587dcd1 (DEFAULT_TABLE table=range_aware_rebalance_new_range [id=03c966526cb74d9bb6a2dd65e736c3c5]), partition=HASH (key) PARTITION 1, RANGE (key) PARTITION 10 <= VALUES < 20
I20260608 09:53:11.425174 15926 tablet_service.cc:1511] Processing CreateTablet for tablet e06d86998c8a45ec8df23b82e7061699 (DEFAULT_TABLE table=range_aware_rebalance_new_range [id=03c966526cb74d9bb6a2dd65e736c3c5]), partition=HASH (key) PARTITION 0, RANGE (key) PARTITION 10 <= VALUES < 20
I20260608 09:53:11.427327 15996 tablet_service.cc:1511] Processing CreateTablet for tablet 851e32cdf83e4baa8521ecf05587dcd1 (DEFAULT_TABLE table=range_aware_rebalance_new_range [id=03c966526cb74d9bb6a2dd65e736c3c5]), partition=HASH (key) PARTITION 1, RANGE (key) PARTITION 10 <= VALUES < 20
I20260608 09:53:11.427934 15922 tablet_service.cc:1511] Processing CreateTablet for tablet 17ce6b93d6504905b40a0e608a0ca98b (DEFAULT_TABLE table=range_aware_rebalance_new_range [id=03c966526cb74d9bb6a2dd65e736c3c5]), partition=HASH (key) PARTITION 2, RANGE (key) PARTITION 10 <= VALUES < 20
I20260608 09:53:11.428727 15996 data_dirs.cc:400] Could only allocate 1 dirs of requested 3 for tablet 851e32cdf83e4baa8521ecf05587dcd1. 1 dirs total, 0 dirs full, 0 dirs failed
I20260608 09:53:11.429271 15922 data_dirs.cc:400] Could only allocate 1 dirs of requested 3 for tablet 17ce6b93d6504905b40a0e608a0ca98b. 1 dirs total, 0 dirs full, 0 dirs failed
I20260608 09:53:11.430841 15926 data_dirs.cc:400] Could only allocate 1 dirs of requested 3 for tablet e06d86998c8a45ec8df23b82e7061699. 1 dirs total, 0 dirs full, 0 dirs failed
I20260608 09:53:11.432348 15997 tablet_service.cc:1511] Processing CreateTablet for tablet 17ce6b93d6504905b40a0e608a0ca98b (DEFAULT_TABLE table=range_aware_rebalance_new_range [id=03c966526cb74d9bb6a2dd65e736c3c5]), partition=HASH (key) PARTITION 2, RANGE (key) PARTITION 10 <= VALUES < 20
I20260608 09:53:11.433677 15997 data_dirs.cc:400] Could only allocate 1 dirs of requested 3 for tablet 17ce6b93d6504905b40a0e608a0ca98b. 1 dirs total, 0 dirs full, 0 dirs failed
I20260608 09:53:11.422497 15850 data_dirs.cc:400] Could only allocate 1 dirs of requested 3 for tablet e06d86998c8a45ec8df23b82e7061699. 1 dirs total, 0 dirs full, 0 dirs failed
I20260608 09:53:11.439034 15852 tablet_service.cc:1511] Processing CreateTablet for tablet bc0290bc7adb4edd92bc4cc95b6b8efc (DEFAULT_TABLE table=range_aware_rebalance_new_range [id=03c966526cb74d9bb6a2dd65e736c3c5]), partition=HASH (key) PARTITION 3, RANGE (key) PARTITION 10 <= VALUES < 20
I20260608 09:53:11.444998 15923 tablet_service.cc:1511] Processing CreateTablet for tablet bc0290bc7adb4edd92bc4cc95b6b8efc (DEFAULT_TABLE table=range_aware_rebalance_new_range [id=03c966526cb74d9bb6a2dd65e736c3c5]), partition=HASH (key) PARTITION 3, RANGE (key) PARTITION 10 <= VALUES < 20
I20260608 09:53:11.446403 15923 data_dirs.cc:400] Could only allocate 1 dirs of requested 3 for tablet bc0290bc7adb4edd92bc4cc95b6b8efc. 1 dirs total, 0 dirs full, 0 dirs failed
I20260608 09:53:11.450928 15853 tablet_service.cc:1511] Processing CreateTablet for tablet 334d067a712c4555998c918ba5e491ab (DEFAULT_TABLE table=range_aware_rebalance_new_range [id=03c966526cb74d9bb6a2dd65e736c3c5]), partition=HASH (key) PARTITION 4, RANGE (key) PARTITION 10 <= VALUES < 20
I20260608 09:53:11.455578 16095 consensus_queue.cc:1048] T 73ac88f89a5d4274b87ac77da42f81e2 P cb1c399c131d41b5b460fd65ea3201a7 [LEADER]: Connected to new peer: Peer: permanent_uuid: "260bf73412e4435c9c3c379642c6919e" member_type: VOTER last_known_addr { host: "127.12.151.195" port: 44891 }, Status: LMP_MISMATCH, Last received: 0.0, Next index: 1, Last known committed idx: 0, Time since last communication: 0.000s
I20260608 09:53:11.456467 15852 data_dirs.cc:400] Could only allocate 1 dirs of requested 3 for tablet bc0290bc7adb4edd92bc4cc95b6b8efc. 1 dirs total, 0 dirs full, 0 dirs failed
I20260608 09:53:11.456214 16087 consensus_queue.cc:1048] T 13c19e95aa0b43d99a8569d3ec0fefb7 P 260bf73412e4435c9c3c379642c6919e [LEADER]: Connected to new peer: Peer: permanent_uuid: "a6b5ceaaeee1460394bcdc4d9dfcafa7" member_type: VOTER last_known_addr { host: "127.12.151.193" port: 45407 }, Status: LMP_MISMATCH, Last received: 0.0, Next index: 1, Last known committed idx: 0, Time since last communication: 0.000s
I20260608 09:53:11.464056 15851 data_dirs.cc:400] Could only allocate 1 dirs of requested 3 for tablet 851e32cdf83e4baa8521ecf05587dcd1. 1 dirs total, 0 dirs full, 0 dirs failed
I20260608 09:53:11.464876 15853 data_dirs.cc:400] Could only allocate 1 dirs of requested 3 for tablet 334d067a712c4555998c918ba5e491ab. 1 dirs total, 0 dirs full, 0 dirs failed
I20260608 09:53:11.472762 16064 consensus_queue.cc:1048] T 73ac88f89a5d4274b87ac77da42f81e2 P cb1c399c131d41b5b460fd65ea3201a7 [LEADER]: Connected to new peer: Peer: permanent_uuid: "a6b5ceaaeee1460394bcdc4d9dfcafa7" member_type: VOTER last_known_addr { host: "127.12.151.193" port: 45407 }, Status: LMP_MISMATCH, Last received: 0.0, Next index: 1, Last known committed idx: 0, Time since last communication: 0.000s
I20260608 09:53:11.523455 16057 tablet_bootstrap.cc:492] T bc0290bc7adb4edd92bc4cc95b6b8efc P cb1c399c131d41b5b460fd65ea3201a7: Bootstrap starting.
I20260608 09:53:11.525493 16059 tablet_bootstrap.cc:492] T 17ce6b93d6504905b40a0e608a0ca98b P 260bf73412e4435c9c3c379642c6919e: Bootstrap starting.
I20260608 09:53:11.529240 16057 tablet_bootstrap.cc:654] T bc0290bc7adb4edd92bc4cc95b6b8efc P cb1c399c131d41b5b460fd65ea3201a7: Neither blocks nor log segments found. Creating new log.
I20260608 09:53:11.534802 16001 tablet_service.cc:1511] Processing CreateTablet for tablet 354b8f50e4324a31b28ea3869855fc8b (DEFAULT_TABLE table=range_aware_rebalance_new_range [id=03c966526cb74d9bb6a2dd65e736c3c5]), partition=HASH (key) PARTITION 5, RANGE (key) PARTITION 10 <= VALUES < 20
I20260608 09:53:11.536252 16001 data_dirs.cc:400] Could only allocate 1 dirs of requested 3 for tablet 354b8f50e4324a31b28ea3869855fc8b. 1 dirs total, 0 dirs full, 0 dirs failed
I20260608 09:53:11.536466 16087 consensus_queue.cc:1048] T 13c19e95aa0b43d99a8569d3ec0fefb7 P 260bf73412e4435c9c3c379642c6919e [LEADER]: Connected to new peer: Peer: permanent_uuid: "cb1c399c131d41b5b460fd65ea3201a7" member_type: VOTER last_known_addr { host: "127.12.151.194" port: 43755 }, Status: LMP_MISMATCH, Last received: 0.0, Next index: 1, Last known committed idx: 0, Time since last communication: 0.000s
I20260608 09:53:11.551070 16093 consensus_queue.cc:1048] T 27f5d90dbcc3471f80739dfa42b84adb P 260bf73412e4435c9c3c379642c6919e [LEADER]: Connected to new peer: Peer: permanent_uuid: "cb1c399c131d41b5b460fd65ea3201a7" member_type: VOTER last_known_addr { host: "127.12.151.194" port: 43755 }, Status: LMP_MISMATCH, Last received: 0.0, Next index: 1, Last known committed idx: 0, Time since last communication: 0.000s
I20260608 09:53:11.553961 16059 tablet_bootstrap.cc:654] T 17ce6b93d6504905b40a0e608a0ca98b P 260bf73412e4435c9c3c379642c6919e: Neither blocks nor log segments found. Creating new log.
I20260608 09:53:11.629407 16145 tablet_service.cc:1511] Processing CreateTablet for tablet e06d86998c8a45ec8df23b82e7061699 (DEFAULT_TABLE table=range_aware_rebalance_new_range [id=03c966526cb74d9bb6a2dd65e736c3c5]), partition=HASH (key) PARTITION 0, RANGE (key) PARTITION 10 <= VALUES < 20
I20260608 09:53:11.629804 16149 tablet_service.cc:1511] Processing CreateTablet for tablet 851e32cdf83e4baa8521ecf05587dcd1 (DEFAULT_TABLE table=range_aware_rebalance_new_range [id=03c966526cb74d9bb6a2dd65e736c3c5]), partition=HASH (key) PARTITION 1, RANGE (key) PARTITION 10 <= VALUES < 20
I20260608 09:53:11.631279 16145 data_dirs.cc:400] Could only allocate 1 dirs of requested 3 for tablet e06d86998c8a45ec8df23b82e7061699. 1 dirs total, 0 dirs full, 0 dirs failed
I20260608 09:53:11.631870 16148 tablet_service.cc:1511] Processing CreateTablet for tablet 17ce6b93d6504905b40a0e608a0ca98b (DEFAULT_TABLE table=range_aware_rebalance_new_range [id=03c966526cb74d9bb6a2dd65e736c3c5]), partition=HASH (key) PARTITION 2, RANGE (key) PARTITION 10 <= VALUES < 20
I20260608 09:53:11.633065 16143 tablet_service.cc:1511] Processing CreateTablet for tablet 354b8f50e4324a31b28ea3869855fc8b (DEFAULT_TABLE table=range_aware_rebalance_new_range [id=03c966526cb74d9bb6a2dd65e736c3c5]), partition=HASH (key) PARTITION 5, RANGE (key) PARTITION 10 <= VALUES < 20
I20260608 09:53:11.625315 15923 tablet_service.cc:1511] Processing CreateTablet for tablet 354b8f50e4324a31b28ea3869855fc8b (DEFAULT_TABLE table=range_aware_rebalance_new_range [id=03c966526cb74d9bb6a2dd65e736c3c5]), partition=HASH (key) PARTITION 5, RANGE (key) PARTITION 10 <= VALUES < 20
I20260608 09:53:11.635339 16147 tablet_service.cc:1511] Processing CreateTablet for tablet bc0290bc7adb4edd92bc4cc95b6b8efc (DEFAULT_TABLE table=range_aware_rebalance_new_range [id=03c966526cb74d9bb6a2dd65e736c3c5]), partition=HASH (key) PARTITION 3, RANGE (key) PARTITION 10 <= VALUES < 20
I20260608 09:53:11.640647 16149 data_dirs.cc:400] Could only allocate 1 dirs of requested 3 for tablet 851e32cdf83e4baa8521ecf05587dcd1. 1 dirs total, 0 dirs full, 0 dirs failed
I20260608 09:53:11.641510 16142 tablet_service.cc:1511] Processing CreateTablet for tablet 16dc19ab31cb410c9542f2476ec0a4df (DEFAULT_TABLE table=range_aware_rebalance_new_range [id=03c966526cb74d9bb6a2dd65e736c3c5]), partition=HASH (key) PARTITION 6, RANGE (key) PARTITION 10 <= VALUES < 20
I20260608 09:53:11.642418 15923 data_dirs.cc:400] Could only allocate 1 dirs of requested 3 for tablet 354b8f50e4324a31b28ea3869855fc8b. 1 dirs total, 0 dirs full, 0 dirs failed
I20260608 09:53:11.642215 15997 tablet_service.cc:1511] Processing CreateTablet for tablet 334d067a712c4555998c918ba5e491ab (DEFAULT_TABLE table=range_aware_rebalance_new_range [id=03c966526cb74d9bb6a2dd65e736c3c5]), partition=HASH (key) PARTITION 4, RANGE (key) PARTITION 10 <= VALUES < 20
I20260608 09:53:11.644531 16146 tablet_service.cc:1511] Processing CreateTablet for tablet 334d067a712c4555998c918ba5e491ab (DEFAULT_TABLE table=range_aware_rebalance_new_range [id=03c966526cb74d9bb6a2dd65e736c3c5]), partition=HASH (key) PARTITION 4, RANGE (key) PARTITION 10 <= VALUES < 20
I20260608 09:53:11.645802 15928 tablet_service.cc:1511] Processing CreateTablet for tablet 16dc19ab31cb410c9542f2476ec0a4df (DEFAULT_TABLE table=range_aware_rebalance_new_range [id=03c966526cb74d9bb6a2dd65e736c3c5]), partition=HASH (key) PARTITION 6, RANGE (key) PARTITION 10 <= VALUES < 20
I20260608 09:53:11.647428 15928 data_dirs.cc:400] Could only allocate 1 dirs of requested 3 for tablet 16dc19ab31cb410c9542f2476ec0a4df. 1 dirs total, 0 dirs full, 0 dirs failed
I20260608 09:53:11.650597 16147 data_dirs.cc:400] Could only allocate 1 dirs of requested 3 for tablet bc0290bc7adb4edd92bc4cc95b6b8efc. 1 dirs total, 0 dirs full, 0 dirs failed
I20260608 09:53:11.657917 16142 data_dirs.cc:400] Could only allocate 1 dirs of requested 3 for tablet 16dc19ab31cb410c9542f2476ec0a4df. 1 dirs total, 0 dirs full, 0 dirs failed
I20260608 09:53:11.662859 16148 data_dirs.cc:400] Could only allocate 1 dirs of requested 3 for tablet 17ce6b93d6504905b40a0e608a0ca98b. 1 dirs total, 0 dirs full, 0 dirs failed
I20260608 09:53:11.663885 16146 data_dirs.cc:400] Could only allocate 1 dirs of requested 3 for tablet 334d067a712c4555998c918ba5e491ab. 1 dirs total, 0 dirs full, 0 dirs failed
I20260608 09:53:11.666062 15997 data_dirs.cc:400] Could only allocate 1 dirs of requested 3 for tablet 334d067a712c4555998c918ba5e491ab. 1 dirs total, 0 dirs full, 0 dirs failed
I20260608 09:53:11.675669 16143 data_dirs.cc:400] Could only allocate 1 dirs of requested 3 for tablet 354b8f50e4324a31b28ea3869855fc8b. 1 dirs total, 0 dirs full, 0 dirs failed
W20260608 09:53:11.677671 16196 log.cc:927] Time spent T f2da82cd31184871aade3632a1bda82a P 260bf73412e4435c9c3c379642c6919e: Append to log took a long time: real 0.165s	user 0.001s	sys 0.000s
I20260608 09:53:11.678730 16057 tablet_bootstrap.cc:492] T bc0290bc7adb4edd92bc4cc95b6b8efc P cb1c399c131d41b5b460fd65ea3201a7: No bootstrap required, opened a new log
I20260608 09:53:11.683300 16057 ts_tablet_manager.cc:1403] T bc0290bc7adb4edd92bc4cc95b6b8efc P cb1c399c131d41b5b460fd65ea3201a7: Time spent bootstrapping tablet: real 0.160s	user 0.013s	sys 0.011s
I20260608 09:53:11.683878 15850 tablet_service.cc:1511] Processing CreateTablet for tablet 16dc19ab31cb410c9542f2476ec0a4df (DEFAULT_TABLE table=range_aware_rebalance_new_range [id=03c966526cb74d9bb6a2dd65e736c3c5]), partition=HASH (key) PARTITION 6, RANGE (key) PARTITION 10 <= VALUES < 20
I20260608 09:53:11.685346 15850 data_dirs.cc:400] Could only allocate 1 dirs of requested 3 for tablet 16dc19ab31cb410c9542f2476ec0a4df. 1 dirs total, 0 dirs full, 0 dirs failed
I20260608 09:53:11.692364 16057 raft_consensus.cc:359] T bc0290bc7adb4edd92bc4cc95b6b8efc P cb1c399c131d41b5b460fd65ea3201a7 [term 0 FOLLOWER]: Replica starting. Triggering 0 pending ops. Active config: opid_index: -1 OBSOLETE_local: false peers { permanent_uuid: "60158dbbba794f468c698d269894c11e" member_type: VOTER last_known_addr { host: "127.12.151.196" port: 46529 } } peers { permanent_uuid: "a6b5ceaaeee1460394bcdc4d9dfcafa7" member_type: VOTER last_known_addr { host: "127.12.151.193" port: 45407 } } peers { permanent_uuid: "cb1c399c131d41b5b460fd65ea3201a7" member_type: VOTER last_known_addr { host: "127.12.151.194" port: 43755 } }
I20260608 09:53:11.692560 16001 tablet_service.cc:1511] Processing CreateTablet for tablet e2ce8858f1b04da0b5c2a76285fff04a (DEFAULT_TABLE table=range_aware_rebalance_new_range [id=03c966526cb74d9bb6a2dd65e736c3c5]), partition=HASH (key) PARTITION 7, RANGE (key) PARTITION 10 <= VALUES < 20
I20260608 09:53:11.693113 16057 raft_consensus.cc:385] T bc0290bc7adb4edd92bc4cc95b6b8efc P cb1c399c131d41b5b460fd65ea3201a7 [term 0 FOLLOWER]: Consensus starting up: Expiring failure detector timer to make a prompt election more likely
I20260608 09:53:11.693436 16057 raft_consensus.cc:740] T bc0290bc7adb4edd92bc4cc95b6b8efc P cb1c399c131d41b5b460fd65ea3201a7 [term 0 FOLLOWER]: Becoming Follower/Learner. State: Replica: cb1c399c131d41b5b460fd65ea3201a7, State: Initialized, Role: FOLLOWER
I20260608 09:53:11.693987 16001 data_dirs.cc:400] Could only allocate 1 dirs of requested 3 for tablet e2ce8858f1b04da0b5c2a76285fff04a. 1 dirs total, 0 dirs full, 0 dirs failed
I20260608 09:53:11.696413 16057 consensus_queue.cc:260] T bc0290bc7adb4edd92bc4cc95b6b8efc P cb1c399c131d41b5b460fd65ea3201a7 [NON_LEADER]: Queue going to NON_LEADER mode. State: All replicated index: 0, Majority replicated index: 0, Committed index: 0, Last appended: 0.0, Last appended by leader: 0, Current term: 0, Majority size: -1, State: 0, Mode: NON_LEADER, active raft config: opid_index: -1 OBSOLETE_local: false peers { permanent_uuid: "60158dbbba794f468c698d269894c11e" member_type: VOTER last_known_addr { host: "127.12.151.196" port: 46529 } } peers { permanent_uuid: "a6b5ceaaeee1460394bcdc4d9dfcafa7" member_type: VOTER last_known_addr { host: "127.12.151.193" port: 45407 } } peers { permanent_uuid: "cb1c399c131d41b5b460fd65ea3201a7" member_type: VOTER last_known_addr { host: "127.12.151.194" port: 43755 } }
I20260608 09:53:11.723984 16141 tablet_service.cc:1511] Processing CreateTablet for tablet e2ce8858f1b04da0b5c2a76285fff04a (DEFAULT_TABLE table=range_aware_rebalance_new_range [id=03c966526cb74d9bb6a2dd65e736c3c5]), partition=HASH (key) PARTITION 7, RANGE (key) PARTITION 10 <= VALUES < 20
I20260608 09:53:11.727378 16141 data_dirs.cc:400] Could only allocate 1 dirs of requested 3 for tablet e2ce8858f1b04da0b5c2a76285fff04a. 1 dirs total, 0 dirs full, 0 dirs failed
I20260608 09:53:11.762096 16201 tablet_bootstrap.cc:492] T e06d86998c8a45ec8df23b82e7061699 P a6b5ceaaeee1460394bcdc4d9dfcafa7: Bootstrap starting.
I20260608 09:53:11.796607 16059 tablet_bootstrap.cc:492] T 17ce6b93d6504905b40a0e608a0ca98b P 260bf73412e4435c9c3c379642c6919e: No bootstrap required, opened a new log
I20260608 09:53:11.797669 16059 ts_tablet_manager.cc:1403] T 17ce6b93d6504905b40a0e608a0ca98b P 260bf73412e4435c9c3c379642c6919e: Time spent bootstrapping tablet: real 0.272s	user 0.013s	sys 0.012s
I20260608 09:53:11.801980 15852 tablet_service.cc:1511] Processing CreateTablet for tablet e2ce8858f1b04da0b5c2a76285fff04a (DEFAULT_TABLE table=range_aware_rebalance_new_range [id=03c966526cb74d9bb6a2dd65e736c3c5]), partition=HASH (key) PARTITION 7, RANGE (key) PARTITION 10 <= VALUES < 20
I20260608 09:53:11.803292 15852 data_dirs.cc:400] Could only allocate 1 dirs of requested 3 for tablet e2ce8858f1b04da0b5c2a76285fff04a. 1 dirs total, 0 dirs full, 0 dirs failed
I20260608 09:53:11.804661 16066 consensus_queue.cc:1048] T 27f5d90dbcc3471f80739dfa42b84adb P 260bf73412e4435c9c3c379642c6919e [LEADER]: Connected to new peer: Peer: permanent_uuid: "a6b5ceaaeee1460394bcdc4d9dfcafa7" member_type: VOTER last_known_addr { host: "127.12.151.193" port: 45407 }, Status: LMP_MISMATCH, Last received: 0.0, Next index: 1, Last known committed idx: 0, Time since last communication: 0.000s
I20260608 09:53:11.810544 16057 ts_tablet_manager.cc:1434] T bc0290bc7adb4edd92bc4cc95b6b8efc P cb1c399c131d41b5b460fd65ea3201a7: Time spent starting tablet: real 0.127s	user 0.007s	sys 0.000s
I20260608 09:53:11.811827 16057 tablet_bootstrap.cc:492] T e06d86998c8a45ec8df23b82e7061699 P cb1c399c131d41b5b460fd65ea3201a7: Bootstrap starting.
I20260608 09:53:11.831558 16057 tablet_bootstrap.cc:654] T e06d86998c8a45ec8df23b82e7061699 P cb1c399c131d41b5b460fd65ea3201a7: Neither blocks nor log segments found. Creating new log.
I20260608 09:53:11.837561 16204 tablet_bootstrap.cc:492] T e06d86998c8a45ec8df23b82e7061699 P 60158dbbba794f468c698d269894c11e: Bootstrap starting.
W20260608 09:53:11.856515 15809 auto_rebalancer.cc:259] Could not retrieve cluster info: Service unavailable: Tablet not running
I20260608 09:53:11.862773 16201 tablet_bootstrap.cc:654] T e06d86998c8a45ec8df23b82e7061699 P a6b5ceaaeee1460394bcdc4d9dfcafa7: Neither blocks nor log segments found. Creating new log.
I20260608 09:53:11.883090 16059 raft_consensus.cc:359] T 17ce6b93d6504905b40a0e608a0ca98b P 260bf73412e4435c9c3c379642c6919e [term 0 FOLLOWER]: Replica starting. Triggering 0 pending ops. Active config: opid_index: -1 OBSOLETE_local: false peers { permanent_uuid: "cb1c399c131d41b5b460fd65ea3201a7" member_type: VOTER last_known_addr { host: "127.12.151.194" port: 43755 } } peers { permanent_uuid: "60158dbbba794f468c698d269894c11e" member_type: VOTER last_known_addr { host: "127.12.151.196" port: 46529 } } peers { permanent_uuid: "260bf73412e4435c9c3c379642c6919e" member_type: VOTER last_known_addr { host: "127.12.151.195" port: 44891 } }
I20260608 09:53:11.884063 16059 raft_consensus.cc:385] T 17ce6b93d6504905b40a0e608a0ca98b P 260bf73412e4435c9c3c379642c6919e [term 0 FOLLOWER]: Consensus starting up: Expiring failure detector timer to make a prompt election more likely
I20260608 09:53:11.884354 16059 raft_consensus.cc:740] T 17ce6b93d6504905b40a0e608a0ca98b P 260bf73412e4435c9c3c379642c6919e [term 0 FOLLOWER]: Becoming Follower/Learner. State: Replica: 260bf73412e4435c9c3c379642c6919e, State: Initialized, Role: FOLLOWER
I20260608 09:53:11.885079 16059 consensus_queue.cc:260] T 17ce6b93d6504905b40a0e608a0ca98b P 260bf73412e4435c9c3c379642c6919e [NON_LEADER]: Queue going to NON_LEADER mode. State: All replicated index: 0, Majority replicated index: 0, Committed index: 0, Last appended: 0.0, Last appended by leader: 0, Current term: 0, Majority size: -1, State: 0, Mode: NON_LEADER, active raft config: opid_index: -1 OBSOLETE_local: false peers { permanent_uuid: "cb1c399c131d41b5b460fd65ea3201a7" member_type: VOTER last_known_addr { host: "127.12.151.194" port: 43755 } } peers { permanent_uuid: "60158dbbba794f468c698d269894c11e" member_type: VOTER last_known_addr { host: "127.12.151.196" port: 46529 } } peers { permanent_uuid: "260bf73412e4435c9c3c379642c6919e" member_type: VOTER last_known_addr { host: "127.12.151.195" port: 44891 } }
I20260608 09:53:11.888515 16057 tablet_bootstrap.cc:492] T e06d86998c8a45ec8df23b82e7061699 P cb1c399c131d41b5b460fd65ea3201a7: No bootstrap required, opened a new log
I20260608 09:53:11.889050 16057 ts_tablet_manager.cc:1403] T e06d86998c8a45ec8df23b82e7061699 P cb1c399c131d41b5b460fd65ea3201a7: Time spent bootstrapping tablet: real 0.077s	user 0.006s	sys 0.006s
I20260608 09:53:11.893435 16084 raft_consensus.cc:493] T bc0290bc7adb4edd92bc4cc95b6b8efc P cb1c399c131d41b5b460fd65ea3201a7 [term 0 FOLLOWER]: Starting pre-election (no leader contacted us within the election timeout)
I20260608 09:53:11.893627 16066 raft_consensus.cc:493] T 17ce6b93d6504905b40a0e608a0ca98b P 260bf73412e4435c9c3c379642c6919e [term 0 FOLLOWER]: Starting pre-election (no leader contacted us within the election timeout)
I20260608 09:53:11.893910 16057 raft_consensus.cc:359] T e06d86998c8a45ec8df23b82e7061699 P cb1c399c131d41b5b460fd65ea3201a7 [term 0 FOLLOWER]: Replica starting. Triggering 0 pending ops. Active config: opid_index: -1 OBSOLETE_local: false peers { permanent_uuid: "60158dbbba794f468c698d269894c11e" member_type: VOTER last_known_addr { host: "127.12.151.196" port: 46529 } } peers { permanent_uuid: "a6b5ceaaeee1460394bcdc4d9dfcafa7" member_type: VOTER last_known_addr { host: "127.12.151.193" port: 45407 } } peers { permanent_uuid: "cb1c399c131d41b5b460fd65ea3201a7" member_type: VOTER last_known_addr { host: "127.12.151.194" port: 43755 } }
I20260608 09:53:11.894024 16084 raft_consensus.cc:515] T bc0290bc7adb4edd92bc4cc95b6b8efc P cb1c399c131d41b5b460fd65ea3201a7 [term 0 FOLLOWER]: Starting pre-election with config: opid_index: -1 OBSOLETE_local: false peers { permanent_uuid: "60158dbbba794f468c698d269894c11e" member_type: VOTER last_known_addr { host: "127.12.151.196" port: 46529 } } peers { permanent_uuid: "a6b5ceaaeee1460394bcdc4d9dfcafa7" member_type: VOTER last_known_addr { host: "127.12.151.193" port: 45407 } } peers { permanent_uuid: "cb1c399c131d41b5b460fd65ea3201a7" member_type: VOTER last_known_addr { host: "127.12.151.194" port: 43755 } }
I20260608 09:53:11.894279 16066 raft_consensus.cc:515] T 17ce6b93d6504905b40a0e608a0ca98b P 260bf73412e4435c9c3c379642c6919e [term 0 FOLLOWER]: Starting pre-election with config: opid_index: -1 OBSOLETE_local: false peers { permanent_uuid: "cb1c399c131d41b5b460fd65ea3201a7" member_type: VOTER last_known_addr { host: "127.12.151.194" port: 43755 } } peers { permanent_uuid: "60158dbbba794f468c698d269894c11e" member_type: VOTER last_known_addr { host: "127.12.151.196" port: 46529 } } peers { permanent_uuid: "260bf73412e4435c9c3c379642c6919e" member_type: VOTER last_known_addr { host: "127.12.151.195" port: 44891 } }
I20260608 09:53:11.894798 16057 raft_consensus.cc:385] T e06d86998c8a45ec8df23b82e7061699 P cb1c399c131d41b5b460fd65ea3201a7 [term 0 FOLLOWER]: Consensus starting up: Expiring failure detector timer to make a prompt election more likely
I20260608 09:53:11.895190 16057 raft_consensus.cc:740] T e06d86998c8a45ec8df23b82e7061699 P cb1c399c131d41b5b460fd65ea3201a7 [term 0 FOLLOWER]: Becoming Follower/Learner. State: Replica: cb1c399c131d41b5b460fd65ea3201a7, State: Initialized, Role: FOLLOWER
I20260608 09:53:11.895964 16057 consensus_queue.cc:260] T e06d86998c8a45ec8df23b82e7061699 P cb1c399c131d41b5b460fd65ea3201a7 [NON_LEADER]: Queue going to NON_LEADER mode. State: All replicated index: 0, Majority replicated index: 0, Committed index: 0, Last appended: 0.0, Last appended by leader: 0, Current term: 0, Majority size: -1, State: 0, Mode: NON_LEADER, active raft config: opid_index: -1 OBSOLETE_local: false peers { permanent_uuid: "60158dbbba794f468c698d269894c11e" member_type: VOTER last_known_addr { host: "127.12.151.196" port: 46529 } } peers { permanent_uuid: "a6b5ceaaeee1460394bcdc4d9dfcafa7" member_type: VOTER last_known_addr { host: "127.12.151.193" port: 45407 } } peers { permanent_uuid: "cb1c399c131d41b5b460fd65ea3201a7" member_type: VOTER last_known_addr { host: "127.12.151.194" port: 43755 } }
I20260608 09:53:11.896597 16084 leader_election.cc:290] T bc0290bc7adb4edd92bc4cc95b6b8efc P cb1c399c131d41b5b460fd65ea3201a7 [CANDIDATE]: Term 1 pre-election: Requested pre-vote from peers 60158dbbba794f468c698d269894c11e (127.12.151.196:46529), a6b5ceaaeee1460394bcdc4d9dfcafa7 (127.12.151.193:45407)
I20260608 09:53:11.898212 16057 ts_tablet_manager.cc:1434] T e06d86998c8a45ec8df23b82e7061699 P cb1c399c131d41b5b460fd65ea3201a7: Time spent starting tablet: real 0.009s	user 0.005s	sys 0.004s
I20260608 09:53:11.899356 16057 tablet_bootstrap.cc:492] T 17ce6b93d6504905b40a0e608a0ca98b P cb1c399c131d41b5b460fd65ea3201a7: Bootstrap starting.
I20260608 09:53:11.901374 15938 tablet_service.cc:1917] Received RequestConsensusVote() RPC: tablet_id: "17ce6b93d6504905b40a0e608a0ca98b" candidate_uuid: "260bf73412e4435c9c3c379642c6919e" candidate_term: 1 candidate_status { last_received { term: 0 index: 0 } } ignore_live_leader: false dest_uuid: "cb1c399c131d41b5b460fd65ea3201a7" is_pre_election: true
I20260608 09:53:11.902777 15862 tablet_service.cc:1917] Received RequestConsensusVote() RPC: tablet_id: "bc0290bc7adb4edd92bc4cc95b6b8efc" candidate_uuid: "cb1c399c131d41b5b460fd65ea3201a7" candidate_term: 1 candidate_status { last_received { term: 0 index: 0 } } ignore_live_leader: false dest_uuid: "a6b5ceaaeee1460394bcdc4d9dfcafa7" is_pre_election: true
I20260608 09:53:11.906739 16059 ts_tablet_manager.cc:1434] T 17ce6b93d6504905b40a0e608a0ca98b P 260bf73412e4435c9c3c379642c6919e: Time spent starting tablet: real 0.107s	user 0.004s	sys 0.004s
W20260608 09:53:11.907311 15904 leader_election.cc:343] T bc0290bc7adb4edd92bc4cc95b6b8efc P cb1c399c131d41b5b460fd65ea3201a7 [CANDIDATE]: Term 1 pre-election: Tablet error from VoteRequest() call to peer a6b5ceaaeee1460394bcdc4d9dfcafa7 (127.12.151.193:45407): Illegal state: must be running to vote when last-logged opid is not known
I20260608 09:53:11.896610 16066 leader_election.cc:290] T 17ce6b93d6504905b40a0e608a0ca98b P 260bf73412e4435c9c3c379642c6919e [CANDIDATE]: Term 1 pre-election: Requested pre-vote from peers cb1c399c131d41b5b460fd65ea3201a7 (127.12.151.194:43755), 60158dbbba794f468c698d269894c11e (127.12.151.196:46529)
I20260608 09:53:11.907763 16059 tablet_bootstrap.cc:492] T 354b8f50e4324a31b28ea3869855fc8b P 260bf73412e4435c9c3c379642c6919e: Bootstrap starting.
W20260608 09:53:11.908607 15975 leader_election.cc:343] T 17ce6b93d6504905b40a0e608a0ca98b P 260bf73412e4435c9c3c379642c6919e [CANDIDATE]: Term 1 pre-election: Tablet error from VoteRequest() call to peer cb1c399c131d41b5b460fd65ea3201a7 (127.12.151.194:43755): Illegal state: must be running to vote when last-logged opid is not known
I20260608 09:53:11.972553 16204 tablet_bootstrap.cc:654] T e06d86998c8a45ec8df23b82e7061699 P 60158dbbba794f468c698d269894c11e: Neither blocks nor log segments found. Creating new log.
I20260608 09:53:11.979063 16057 tablet_bootstrap.cc:654] T 17ce6b93d6504905b40a0e608a0ca98b P cb1c399c131d41b5b460fd65ea3201a7: Neither blocks nor log segments found. Creating new log.
I20260608 09:53:11.989073 16064 raft_consensus.cc:493] T e06d86998c8a45ec8df23b82e7061699 P cb1c399c131d41b5b460fd65ea3201a7 [term 0 FOLLOWER]: Starting pre-election (no leader contacted us within the election timeout)
I20260608 09:53:11.989647 16064 raft_consensus.cc:515] T e06d86998c8a45ec8df23b82e7061699 P cb1c399c131d41b5b460fd65ea3201a7 [term 0 FOLLOWER]: Starting pre-election with config: opid_index: -1 OBSOLETE_local: false peers { permanent_uuid: "60158dbbba794f468c698d269894c11e" member_type: VOTER last_known_addr { host: "127.12.151.196" port: 46529 } } peers { permanent_uuid: "a6b5ceaaeee1460394bcdc4d9dfcafa7" member_type: VOTER last_known_addr { host: "127.12.151.193" port: 45407 } } peers { permanent_uuid: "cb1c399c131d41b5b460fd65ea3201a7" member_type: VOTER last_known_addr { host: "127.12.151.194" port: 43755 } }
I20260608 09:53:11.995522 16201 tablet_bootstrap.cc:492] T e06d86998c8a45ec8df23b82e7061699 P a6b5ceaaeee1460394bcdc4d9dfcafa7: No bootstrap required, opened a new log
I20260608 09:53:11.996129 16201 ts_tablet_manager.cc:1403] T e06d86998c8a45ec8df23b82e7061699 P a6b5ceaaeee1460394bcdc4d9dfcafa7: Time spent bootstrapping tablet: real 0.352s	user 0.027s	sys 0.041s
I20260608 09:53:11.998579 15862 tablet_service.cc:1917] Received RequestConsensusVote() RPC: tablet_id: "e06d86998c8a45ec8df23b82e7061699" candidate_uuid: "cb1c399c131d41b5b460fd65ea3201a7" candidate_term: 1 candidate_status { last_received { term: 0 index: 0 } } ignore_live_leader: false dest_uuid: "a6b5ceaaeee1460394bcdc4d9dfcafa7" is_pre_election: true
I20260608 09:53:11.996950 16064 leader_election.cc:290] T e06d86998c8a45ec8df23b82e7061699 P cb1c399c131d41b5b460fd65ea3201a7 [CANDIDATE]: Term 1 pre-election: Requested pre-vote from peers 60158dbbba794f468c698d269894c11e (127.12.151.196:46529), a6b5ceaaeee1460394bcdc4d9dfcafa7 (127.12.151.193:45407)
I20260608 09:53:12.004513 16160 tablet_service.cc:1917] Received RequestConsensusVote() RPC: tablet_id: "17ce6b93d6504905b40a0e608a0ca98b" candidate_uuid: "260bf73412e4435c9c3c379642c6919e" candidate_term: 1 candidate_status { last_received { term: 0 index: 0 } } ignore_live_leader: false dest_uuid: "60158dbbba794f468c698d269894c11e" is_pre_election: true
W20260608 09:53:12.009943 15904 leader_election.cc:343] T e06d86998c8a45ec8df23b82e7061699 P cb1c399c131d41b5b460fd65ea3201a7 [CANDIDATE]: Term 1 pre-election: Tablet error from VoteRequest() call to peer a6b5ceaaeee1460394bcdc4d9dfcafa7 (127.12.151.193:45407): Illegal state: must be running to vote when last-logged opid is not known
W20260608 09:53:12.013412 15977 leader_election.cc:343] T 17ce6b93d6504905b40a0e608a0ca98b P 260bf73412e4435c9c3c379642c6919e [CANDIDATE]: Term 1 pre-election: Tablet error from VoteRequest() call to peer 60158dbbba794f468c698d269894c11e (127.12.151.196:46529): Illegal state: must be running to vote when last-logged opid is not known
I20260608 09:53:12.018764 16059 tablet_bootstrap.cc:654] T 354b8f50e4324a31b28ea3869855fc8b P 260bf73412e4435c9c3c379642c6919e: Neither blocks nor log segments found. Creating new log.
I20260608 09:53:12.015532 16201 raft_consensus.cc:359] T e06d86998c8a45ec8df23b82e7061699 P a6b5ceaaeee1460394bcdc4d9dfcafa7 [term 0 FOLLOWER]: Replica starting. Triggering 0 pending ops. Active config: opid_index: -1 OBSOLETE_local: false peers { permanent_uuid: "60158dbbba794f468c698d269894c11e" member_type: VOTER last_known_addr { host: "127.12.151.196" port: 46529 } } peers { permanent_uuid: "a6b5ceaaeee1460394bcdc4d9dfcafa7" member_type: VOTER last_known_addr { host: "127.12.151.193" port: 45407 } } peers { permanent_uuid: "cb1c399c131d41b5b460fd65ea3201a7" member_type: VOTER last_known_addr { host: "127.12.151.194" port: 43755 } }
I20260608 09:53:12.022981 16057 tablet_bootstrap.cc:492] T 17ce6b93d6504905b40a0e608a0ca98b P cb1c399c131d41b5b460fd65ea3201a7: No bootstrap required, opened a new log
I20260608 09:53:12.021301 16160 tablet_service.cc:1917] Received RequestConsensusVote() RPC: tablet_id: "bc0290bc7adb4edd92bc4cc95b6b8efc" candidate_uuid: "cb1c399c131d41b5b460fd65ea3201a7" candidate_term: 1 candidate_status { last_received { term: 0 index: 0 } } ignore_live_leader: false dest_uuid: "60158dbbba794f468c698d269894c11e" is_pre_election: true
I20260608 09:53:12.022248 16159 tablet_service.cc:1917] Received RequestConsensusVote() RPC: tablet_id: "e06d86998c8a45ec8df23b82e7061699" candidate_uuid: "cb1c399c131d41b5b460fd65ea3201a7" candidate_term: 1 candidate_status { last_received { term: 0 index: 0 } } ignore_live_leader: false dest_uuid: "60158dbbba794f468c698d269894c11e" is_pre_election: true
I20260608 09:53:12.023545 16057 ts_tablet_manager.cc:1403] T 17ce6b93d6504905b40a0e608a0ca98b P cb1c399c131d41b5b460fd65ea3201a7: Time spent bootstrapping tablet: real 0.124s	user 0.017s	sys 0.008s
I20260608 09:53:12.017438 15977 leader_election.cc:304] T 17ce6b93d6504905b40a0e608a0ca98b P 260bf73412e4435c9c3c379642c6919e [CANDIDATE]: Term 1 pre-election: Election decided. Result: candidate lost. Election summary: received 3 responses out of 3 voters: 1 yes votes; 2 no votes. yes voters: 260bf73412e4435c9c3c379642c6919e; no voters: 60158dbbba794f468c698d269894c11e, cb1c399c131d41b5b460fd65ea3201a7
W20260608 09:53:12.026135 15903 leader_election.cc:343] T e06d86998c8a45ec8df23b82e7061699 P cb1c399c131d41b5b460fd65ea3201a7 [CANDIDATE]: Term 1 pre-election: Tablet error from VoteRequest() call to peer 60158dbbba794f468c698d269894c11e (127.12.151.196:46529): Illegal state: must be running to vote when last-logged opid is not known
I20260608 09:53:12.026667 15903 leader_election.cc:304] T e06d86998c8a45ec8df23b82e7061699 P cb1c399c131d41b5b460fd65ea3201a7 [CANDIDATE]: Term 1 pre-election: Election decided. Result: candidate lost. Election summary: received 3 responses out of 3 voters: 1 yes votes; 2 no votes. yes voters: cb1c399c131d41b5b460fd65ea3201a7; no voters: 60158dbbba794f468c698d269894c11e, a6b5ceaaeee1460394bcdc4d9dfcafa7
I20260608 09:53:12.023304 16201 raft_consensus.cc:385] T e06d86998c8a45ec8df23b82e7061699 P a6b5ceaaeee1460394bcdc4d9dfcafa7 [term 0 FOLLOWER]: Consensus starting up: Expiring failure detector timer to make a prompt election more likely
I20260608 09:53:12.027460 16066 raft_consensus.cc:2749] T 17ce6b93d6504905b40a0e608a0ca98b P 260bf73412e4435c9c3c379642c6919e [term 0 FOLLOWER]: Leader pre-election lost for term 1. Reason: could not achieve majority
I20260608 09:53:12.027915 16064 raft_consensus.cc:2749] T e06d86998c8a45ec8df23b82e7061699 P cb1c399c131d41b5b460fd65ea3201a7 [term 0 FOLLOWER]: Leader pre-election lost for term 1. Reason: could not achieve majority
W20260608 09:53:12.028395 15903 leader_election.cc:343] T bc0290bc7adb4edd92bc4cc95b6b8efc P cb1c399c131d41b5b460fd65ea3201a7 [CANDIDATE]: Term 1 pre-election: Tablet error from VoteRequest() call to peer 60158dbbba794f468c698d269894c11e (127.12.151.196:46529): Illegal state: must be running to vote when last-logged opid is not known
I20260608 09:53:12.028689 16201 raft_consensus.cc:740] T e06d86998c8a45ec8df23b82e7061699 P a6b5ceaaeee1460394bcdc4d9dfcafa7 [term 0 FOLLOWER]: Becoming Follower/Learner. State: Replica: a6b5ceaaeee1460394bcdc4d9dfcafa7, State: Initialized, Role: FOLLOWER
I20260608 09:53:12.028818 16204 tablet_bootstrap.cc:492] T e06d86998c8a45ec8df23b82e7061699 P 60158dbbba794f468c698d269894c11e: No bootstrap required, opened a new log
I20260608 09:53:12.028888 15903 leader_election.cc:304] T bc0290bc7adb4edd92bc4cc95b6b8efc P cb1c399c131d41b5b460fd65ea3201a7 [CANDIDATE]: Term 1 pre-election: Election decided. Result: candidate lost. Election summary: received 3 responses out of 3 voters: 1 yes votes; 2 no votes. yes voters: cb1c399c131d41b5b460fd65ea3201a7; no voters: 60158dbbba794f468c698d269894c11e, a6b5ceaaeee1460394bcdc4d9dfcafa7
I20260608 09:53:12.029829 16064 raft_consensus.cc:2749] T bc0290bc7adb4edd92bc4cc95b6b8efc P cb1c399c131d41b5b460fd65ea3201a7 [term 0 FOLLOWER]: Leader pre-election lost for term 1. Reason: could not achieve majority
I20260608 09:53:12.029558 16204 ts_tablet_manager.cc:1403] T e06d86998c8a45ec8df23b82e7061699 P 60158dbbba794f468c698d269894c11e: Time spent bootstrapping tablet: real 0.202s	user 0.013s	sys 0.015s
I20260608 09:53:12.030230 16057 raft_consensus.cc:359] T 17ce6b93d6504905b40a0e608a0ca98b P cb1c399c131d41b5b460fd65ea3201a7 [term 0 FOLLOWER]: Replica starting. Triggering 0 pending ops. Active config: opid_index: -1 OBSOLETE_local: false peers { permanent_uuid: "cb1c399c131d41b5b460fd65ea3201a7" member_type: VOTER last_known_addr { host: "127.12.151.194" port: 43755 } } peers { permanent_uuid: "60158dbbba794f468c698d269894c11e" member_type: VOTER last_known_addr { host: "127.12.151.196" port: 46529 } } peers { permanent_uuid: "260bf73412e4435c9c3c379642c6919e" member_type: VOTER last_known_addr { host: "127.12.151.195" port: 44891 } }
I20260608 09:53:12.030923 16057 raft_consensus.cc:385] T 17ce6b93d6504905b40a0e608a0ca98b P cb1c399c131d41b5b460fd65ea3201a7 [term 0 FOLLOWER]: Consensus starting up: Expiring failure detector timer to make a prompt election more likely
I20260608 09:53:12.031311 16057 raft_consensus.cc:740] T 17ce6b93d6504905b40a0e608a0ca98b P cb1c399c131d41b5b460fd65ea3201a7 [term 0 FOLLOWER]: Becoming Follower/Learner. State: Replica: cb1c399c131d41b5b460fd65ea3201a7, State: Initialized, Role: FOLLOWER
I20260608 09:53:12.032275 16057 consensus_queue.cc:260] T 17ce6b93d6504905b40a0e608a0ca98b P cb1c399c131d41b5b460fd65ea3201a7 [NON_LEADER]: Queue going to NON_LEADER mode. State: All replicated index: 0, Majority replicated index: 0, Committed index: 0, Last appended: 0.0, Last appended by leader: 0, Current term: 0, Majority size: -1, State: 0, Mode: NON_LEADER, active raft config: opid_index: -1 OBSOLETE_local: false peers { permanent_uuid: "cb1c399c131d41b5b460fd65ea3201a7" member_type: VOTER last_known_addr { host: "127.12.151.194" port: 43755 } } peers { permanent_uuid: "60158dbbba794f468c698d269894c11e" member_type: VOTER last_known_addr { host: "127.12.151.196" port: 46529 } } peers { permanent_uuid: "260bf73412e4435c9c3c379642c6919e" member_type: VOTER last_known_addr { host: "127.12.151.195" port: 44891 } }
I20260608 09:53:12.030071 16201 consensus_queue.cc:260] T e06d86998c8a45ec8df23b82e7061699 P a6b5ceaaeee1460394bcdc4d9dfcafa7 [NON_LEADER]: Queue going to NON_LEADER mode. State: All replicated index: 0, Majority replicated index: 0, Committed index: 0, Last appended: 0.0, Last appended by leader: 0, Current term: 0, Majority size: -1, State: 0, Mode: NON_LEADER, active raft config: opid_index: -1 OBSOLETE_local: false peers { permanent_uuid: "60158dbbba794f468c698d269894c11e" member_type: VOTER last_known_addr { host: "127.12.151.196" port: 46529 } } peers { permanent_uuid: "a6b5ceaaeee1460394bcdc4d9dfcafa7" member_type: VOTER last_known_addr { host: "127.12.151.193" port: 45407 } } peers { permanent_uuid: "cb1c399c131d41b5b460fd65ea3201a7" member_type: VOTER last_known_addr { host: "127.12.151.194" port: 43755 } }
I20260608 09:53:12.033099 16204 raft_consensus.cc:359] T e06d86998c8a45ec8df23b82e7061699 P 60158dbbba794f468c698d269894c11e [term 0 FOLLOWER]: Replica starting. Triggering 0 pending ops. Active config: opid_index: -1 OBSOLETE_local: false peers { permanent_uuid: "60158dbbba794f468c698d269894c11e" member_type: VOTER last_known_addr { host: "127.12.151.196" port: 46529 } } peers { permanent_uuid: "a6b5ceaaeee1460394bcdc4d9dfcafa7" member_type: VOTER last_known_addr { host: "127.12.151.193" port: 45407 } } peers { permanent_uuid: "cb1c399c131d41b5b460fd65ea3201a7" member_type: VOTER last_known_addr { host: "127.12.151.194" port: 43755 } }
I20260608 09:53:12.035395 16057 ts_tablet_manager.cc:1434] T 17ce6b93d6504905b40a0e608a0ca98b P cb1c399c131d41b5b460fd65ea3201a7: Time spent starting tablet: real 0.011s	user 0.006s	sys 0.002s
I20260608 09:53:12.035718 16201 ts_tablet_manager.cc:1434] T e06d86998c8a45ec8df23b82e7061699 P a6b5ceaaeee1460394bcdc4d9dfcafa7: Time spent starting tablet: real 0.039s	user 0.010s	sys 0.000s
I20260608 09:53:12.034003 16204 raft_consensus.cc:385] T e06d86998c8a45ec8df23b82e7061699 P 60158dbbba794f468c698d269894c11e [term 0 FOLLOWER]: Consensus starting up: Expiring failure detector timer to make a prompt election more likely
