I20260608 09:51:58.603708 11677 leader_election.cc:304] T 04118e0088df459a8d1da157ec037732 P ae30de9472794a2c8872cca413834293 [CANDIDATE]: Term 1 election: Election decided. Result: candidate won. Election summary: received 1 responses out of 1 voters: 1 yes votes; 0 no votes. yes voters: ae30de9472794a2c8872cca413834293; no voters: 
I20260608 09:51:58.603703 11682 consensus_queue.cc:237] T 0f28bbe10d49494fb80f198923d9f9c0 P cc274c32551b4c1bb7fc056b56dfc034 [LEADER]: Queue going to LEADER mode. State: All replicated index: 0, Majority replicated index: 0, Committed index: 0, Last appended: 0.0, Last appended by leader: 0, Current term: 1, Majority size: 1, State: 0, Mode: LEADER, active raft config: opid_index: -1 OBSOLETE_local: true peers { permanent_uuid: "cc274c32551b4c1bb7fc056b56dfc034" member_type: VOTER last_known_addr { host: "127.9.217.129" port: 38493 } }
I20260608 09:51:58.606047 11677 leader_election.cc:290] T 04118e0088df459a8d1da157ec037732 P ae30de9472794a2c8872cca413834293 [CANDIDATE]: Term 1 election: Requested vote from peers 
I20260608 09:51:58.606745 11688 raft_consensus.cc:2804] T 04118e0088df459a8d1da157ec037732 P ae30de9472794a2c8872cca413834293 [term 1 FOLLOWER]: Leader election won for term 1
I20260608 09:51:58.612917 11676 ts_tablet_manager.cc:1434] T 0f28bbe10d49494fb80f198923d9f9c0 P cc274c32551b4c1bb7fc056b56dfc034: Time spent starting tablet: real 0.040s	user 0.008s	sys 0.025s
I20260608 09:51:58.624388 11192 catalog_manager.cc:5696] T 0f28bbe10d49494fb80f198923d9f9c0 P cc274c32551b4c1bb7fc056b56dfc034 reported cstate change: term changed from 0 to 1, leader changed from <none> to cc274c32551b4c1bb7fc056b56dfc034 (127.9.217.129). New cstate: current_term: 1 leader_uuid: "cc274c32551b4c1bb7fc056b56dfc034" committed_config { opid_index: -1 OBSOLETE_local: true peers { permanent_uuid: "cc274c32551b4c1bb7fc056b56dfc034" member_type: VOTER last_known_addr { host: "127.9.217.129" port: 38493 } health_report { overall_health: HEALTHY } } }
I20260608 09:51:58.626771 11677 ts_tablet_manager.cc:1434] T 04118e0088df459a8d1da157ec037732 P ae30de9472794a2c8872cca413834293: Time spent starting tablet: real 0.046s	user 0.025s	sys 0.010s
I20260608 09:51:58.631793 11688 raft_consensus.cc:697] T 04118e0088df459a8d1da157ec037732 P ae30de9472794a2c8872cca413834293 [term 1 LEADER]: Becoming Leader. State: Replica: ae30de9472794a2c8872cca413834293, State: Running, Role: LEADER
I20260608 09:51:58.632740 11688 consensus_queue.cc:237] T 04118e0088df459a8d1da157ec037732 P ae30de9472794a2c8872cca413834293 [LEADER]: Queue going to LEADER mode. State: All replicated index: 0, Majority replicated index: 0, Committed index: 0, Last appended: 0.0, Last appended by leader: 0, Current term: 1, Majority size: 1, State: 0, Mode: LEADER, active raft config: opid_index: -1 OBSOLETE_local: true peers { permanent_uuid: "ae30de9472794a2c8872cca413834293" member_type: VOTER last_known_addr { host: "127.9.217.130" port: 46781 } }
I20260608 09:51:58.639454 11191 catalog_manager.cc:5696] T 2db62aaca7c448dfaf2518561ed600aa P f4355cd0af8d4c83a2e15e4d05786301 reported cstate change: term changed from 0 to 1, leader changed from <none> to f4355cd0af8d4c83a2e15e4d05786301 (127.9.217.131). New cstate: current_term: 1 leader_uuid: "f4355cd0af8d4c83a2e15e4d05786301" committed_config { opid_index: -1 OBSOLETE_local: true peers { permanent_uuid: "f4355cd0af8d4c83a2e15e4d05786301" member_type: VOTER last_known_addr { host: "127.9.217.131" port: 33363 } health_report { overall_health: HEALTHY } } }
I20260608 09:51:58.649629 11190 catalog_manager.cc:5696] T 04118e0088df459a8d1da157ec037732 P ae30de9472794a2c8872cca413834293 reported cstate change: term changed from 0 to 1, leader changed from <none> to ae30de9472794a2c8872cca413834293 (127.9.217.130). New cstate: current_term: 1 leader_uuid: "ae30de9472794a2c8872cca413834293" committed_config { opid_index: -1 OBSOLETE_local: true peers { permanent_uuid: "ae30de9472794a2c8872cca413834293" member_type: VOTER last_known_addr { host: "127.9.217.130" port: 46781 } health_report { overall_health: HEALTHY } } }
I20260608 09:51:58.710683 10086 master.cc:562] Master@127.9.217.190:35601 shutting down...
I20260608 09:51:58.727579 10086 raft_consensus.cc:2243] T 00000000000000000000000000000000 P 7c4367618b0545acbe9567d425158ee5 [term 1 LEADER]: Raft consensus shutting down.
I20260608 09:51:58.728552 10086 raft_consensus.cc:2272] T 00000000000000000000000000000000 P 7c4367618b0545acbe9567d425158ee5 [term 1 FOLLOWER]: Raft consensus is shut down!
I20260608 09:51:58.728977 10086 tablet_replica.cc:333] T 00000000000000000000000000000000 P 7c4367618b0545acbe9567d425158ee5: stopping tablet replica
I20260608 09:51:58.751715 10086 master.cc:584] Master@127.9.217.190:35601 shutdown complete.
W20260608 09:51:59.708341 11642 heartbeater.cc:646] Failed to heartbeat to 127.9.217.190:35601 (0 consecutive failures): Network error: Failed to send heartbeat to master: Client connection negotiation failed: client connection to 127.9.217.190:35601: connect: Connection refused (error 111)
I20260608 09:52:00.205924 11702 raft_consensus.cc:493] T 00000000000000000000000000000000 P 7a78db5e034541088fe370fd29871905 [term 1 FOLLOWER]: Starting pre-election (detected failure of leader 7c4367618b0545acbe9567d425158ee5)
I20260608 09:52:00.206434 11702 raft_consensus.cc:515] T 00000000000000000000000000000000 P 7a78db5e034541088fe370fd29871905 [term 1 FOLLOWER]: Starting pre-election with config: opid_index: -1 OBSOLETE_local: false peers { permanent_uuid: "7c4367618b0545acbe9567d425158ee5" member_type: VOTER last_known_addr { host: "127.9.217.190" port: 35601 } } peers { permanent_uuid: "7a78db5e034541088fe370fd29871905" member_type: VOTER last_known_addr { host: "127.9.217.189" port: 33185 } } peers { permanent_uuid: "d5fca711ad12423d975b3dac8c4bcd1e" member_type: VOTER last_known_addr { host: "127.9.217.188" port: 34811 } }
I20260608 09:52:00.208386 11702 leader_election.cc:290] T 00000000000000000000000000000000 P 7a78db5e034541088fe370fd29871905 [CANDIDATE]: Term 2 pre-election: Requested pre-vote from peers 7c4367618b0545acbe9567d425158ee5 (127.9.217.190:35601), d5fca711ad12423d975b3dac8c4bcd1e (127.9.217.188:34811)
I20260608 09:52:00.208561 11703 raft_consensus.cc:493] T 00000000000000000000000000000000 P d5fca711ad12423d975b3dac8c4bcd1e [term 1 FOLLOWER]: Starting pre-election (detected failure of leader 7c4367618b0545acbe9567d425158ee5)
I20260608 09:52:00.209242 11703 raft_consensus.cc:515] T 00000000000000000000000000000000 P d5fca711ad12423d975b3dac8c4bcd1e [term 1 FOLLOWER]: Starting pre-election with config: opid_index: -1 OBSOLETE_local: false peers { permanent_uuid: "7c4367618b0545acbe9567d425158ee5" member_type: VOTER last_known_addr { host: "127.9.217.190" port: 35601 } } peers { permanent_uuid: "7a78db5e034541088fe370fd29871905" member_type: VOTER last_known_addr { host: "127.9.217.189" port: 33185 } } peers { permanent_uuid: "d5fca711ad12423d975b3dac8c4bcd1e" member_type: VOTER last_known_addr { host: "127.9.217.188" port: 34811 } }
I20260608 09:52:00.209725 11332 tablet_service.cc:1917] Received RequestConsensusVote() RPC: tablet_id: "00000000000000000000000000000000" candidate_uuid: "7a78db5e034541088fe370fd29871905" candidate_term: 2 candidate_status { last_received { term: 1 index: 10 } } ignore_live_leader: false dest_uuid: "d5fca711ad12423d975b3dac8c4bcd1e" is_pre_election: true
I20260608 09:52:00.210502 11332 raft_consensus.cc:2468] T 00000000000000000000000000000000 P d5fca711ad12423d975b3dac8c4bcd1e [term 1 FOLLOWER]: Leader pre-election vote request: Granting yes vote for candidate 7a78db5e034541088fe370fd29871905 in term 1.
I20260608 09:52:00.212080 11244 leader_election.cc:304] T 00000000000000000000000000000000 P 7a78db5e034541088fe370fd29871905 [CANDIDATE]: Term 2 pre-election: Election decided. Result: candidate won. Election summary: received 2 responses out of 3 voters: 2 yes votes; 0 no votes. yes voters: 7a78db5e034541088fe370fd29871905, d5fca711ad12423d975b3dac8c4bcd1e; no voters: 
I20260608 09:52:00.213001 11702 raft_consensus.cc:2804] T 00000000000000000000000000000000 P 7a78db5e034541088fe370fd29871905 [term 1 FOLLOWER]: Leader pre-election won for term 2
I20260608 09:52:00.213364 11702 raft_consensus.cc:493] T 00000000000000000000000000000000 P 7a78db5e034541088fe370fd29871905 [term 1 FOLLOWER]: Starting leader election (detected failure of leader 7c4367618b0545acbe9567d425158ee5)
I20260608 09:52:00.213713 11702 raft_consensus.cc:3060] T 00000000000000000000000000000000 P 7a78db5e034541088fe370fd29871905 [term 1 FOLLOWER]: Advancing to term 2
W20260608 09:52:00.216048 11243 leader_election.cc:336] T 00000000000000000000000000000000 P 7a78db5e034541088fe370fd29871905 [CANDIDATE]: Term 2 pre-election: RPC error from VoteRequest() call to peer 7c4367618b0545acbe9567d425158ee5 (127.9.217.190:35601): Network error: Client connection negotiation failed: client connection to 127.9.217.190:35601: connect: Connection refused (error 111)
I20260608 09:52:00.216394 11267 tablet_service.cc:1917] Received RequestConsensusVote() RPC: tablet_id: "00000000000000000000000000000000" candidate_uuid: "d5fca711ad12423d975b3dac8c4bcd1e" candidate_term: 2 candidate_status { last_received { term: 1 index: 10 } } ignore_live_leader: false dest_uuid: "7a78db5e034541088fe370fd29871905" is_pre_election: true
I20260608 09:52:00.217118 11703 leader_election.cc:290] T 00000000000000000000000000000000 P d5fca711ad12423d975b3dac8c4bcd1e [CANDIDATE]: Term 2 pre-election: Requested pre-vote from peers 7c4367618b0545acbe9567d425158ee5 (127.9.217.190:35601), 7a78db5e034541088fe370fd29871905 (127.9.217.189:33185)
W20260608 09:52:00.220140 11308 leader_election.cc:336] T 00000000000000000000000000000000 P d5fca711ad12423d975b3dac8c4bcd1e [CANDIDATE]: Term 2 pre-election: RPC error from VoteRequest() call to peer 7c4367618b0545acbe9567d425158ee5 (127.9.217.190:35601): Network error: Client connection negotiation failed: client connection to 127.9.217.190:35601: connect: Connection refused (error 111)
I20260608 09:52:00.221091 11702 raft_consensus.cc:515] T 00000000000000000000000000000000 P 7a78db5e034541088fe370fd29871905 [term 2 FOLLOWER]: Starting leader election with config: opid_index: -1 OBSOLETE_local: false peers { permanent_uuid: "7c4367618b0545acbe9567d425158ee5" member_type: VOTER last_known_addr { host: "127.9.217.190" port: 35601 } } peers { permanent_uuid: "7a78db5e034541088fe370fd29871905" member_type: VOTER last_known_addr { host: "127.9.217.189" port: 33185 } } peers { permanent_uuid: "d5fca711ad12423d975b3dac8c4bcd1e" member_type: VOTER last_known_addr { host: "127.9.217.188" port: 34811 } }
I20260608 09:52:00.222100 11267 raft_consensus.cc:2393] T 00000000000000000000000000000000 P 7a78db5e034541088fe370fd29871905 [term 2 FOLLOWER]: Leader pre-election vote request: Denying vote to candidate d5fca711ad12423d975b3dac8c4bcd1e in current term 2: Already voted for candidate 7a78db5e034541088fe370fd29871905 in this term.
I20260608 09:52:00.222914 11702 leader_election.cc:290] T 00000000000000000000000000000000 P 7a78db5e034541088fe370fd29871905 [CANDIDATE]: Term 2 election: Requested vote from peers 7c4367618b0545acbe9567d425158ee5 (127.9.217.190:35601), d5fca711ad12423d975b3dac8c4bcd1e (127.9.217.188:34811)
I20260608 09:52:00.224263 11332 tablet_service.cc:1917] Received RequestConsensusVote() RPC: tablet_id: "00000000000000000000000000000000" candidate_uuid: "7a78db5e034541088fe370fd29871905" candidate_term: 2 candidate_status { last_received { term: 1 index: 10 } } ignore_live_leader: false dest_uuid: "d5fca711ad12423d975b3dac8c4bcd1e"
I20260608 09:52:00.224911 11332 raft_consensus.cc:3060] T 00000000000000000000000000000000 P d5fca711ad12423d975b3dac8c4bcd1e [term 1 FOLLOWER]: Advancing to term 2
I20260608 09:52:00.225291 11306 leader_election.cc:304] T 00000000000000000000000000000000 P d5fca711ad12423d975b3dac8c4bcd1e [CANDIDATE]: Term 2 pre-election: Election decided. Result: candidate lost. Election summary: received 3 responses out of 3 voters: 1 yes votes; 2 no votes. yes voters: d5fca711ad12423d975b3dac8c4bcd1e; no voters: 7a78db5e034541088fe370fd29871905, 7c4367618b0545acbe9567d425158ee5
W20260608 09:52:00.227236 11243 leader_election.cc:336] T 00000000000000000000000000000000 P 7a78db5e034541088fe370fd29871905 [CANDIDATE]: Term 2 election: RPC error from VoteRequest() call to peer 7c4367618b0545acbe9567d425158ee5 (127.9.217.190:35601): Network error: Client connection negotiation failed: client connection to 127.9.217.190:35601: connect: Connection refused (error 111)
I20260608 09:52:00.230094 11332 raft_consensus.cc:2468] T 00000000000000000000000000000000 P d5fca711ad12423d975b3dac8c4bcd1e [term 2 FOLLOWER]: Leader election vote request: Granting yes vote for candidate 7a78db5e034541088fe370fd29871905 in term 2.
I20260608 09:52:00.230589 11703 raft_consensus.cc:2749] T 00000000000000000000000000000000 P d5fca711ad12423d975b3dac8c4bcd1e [term 2 FOLLOWER]: Leader pre-election lost for term 2. Reason: could not achieve majority
I20260608 09:52:00.231254 11244 leader_election.cc:304] T 00000000000000000000000000000000 P 7a78db5e034541088fe370fd29871905 [CANDIDATE]: Term 2 election: Election decided. Result: candidate won. Election summary: received 3 responses out of 3 voters: 2 yes votes; 1 no votes. yes voters: 7a78db5e034541088fe370fd29871905, d5fca711ad12423d975b3dac8c4bcd1e; no voters: 7c4367618b0545acbe9567d425158ee5
I20260608 09:52:00.232028 11702 raft_consensus.cc:2804] T 00000000000000000000000000000000 P 7a78db5e034541088fe370fd29871905 [term 2 FOLLOWER]: Leader election won for term 2
I20260608 09:52:00.233101 11702 raft_consensus.cc:697] T 00000000000000000000000000000000 P 7a78db5e034541088fe370fd29871905 [term 2 LEADER]: Becoming Leader. State: Replica: 7a78db5e034541088fe370fd29871905, State: Running, Role: LEADER
I20260608 09:52:00.233807 11702 consensus_queue.cc:237] T 00000000000000000000000000000000 P 7a78db5e034541088fe370fd29871905 [LEADER]: Queue going to LEADER mode. State: All replicated index: 0, Majority replicated index: 10, Committed index: 10, Last appended: 1.10, Last appended by leader: 10, Current term: 2, Majority size: 2, State: 0, Mode: LEADER, active raft config: opid_index: -1 OBSOLETE_local: false peers { permanent_uuid: "7c4367618b0545acbe9567d425158ee5" member_type: VOTER last_known_addr { host: "127.9.217.190" port: 35601 } } peers { permanent_uuid: "7a78db5e034541088fe370fd29871905" member_type: VOTER last_known_addr { host: "127.9.217.189" port: 33185 } } peers { permanent_uuid: "d5fca711ad12423d975b3dac8c4bcd1e" member_type: VOTER last_known_addr { host: "127.9.217.188" port: 34811 } }
I20260608 09:52:00.237831 11708 sys_catalog.cc:455] T 00000000000000000000000000000000 P 7a78db5e034541088fe370fd29871905 [sys.catalog]: SysCatalogTable state changed. Reason: New leader 7a78db5e034541088fe370fd29871905. Latest consensus state: current_term: 2 leader_uuid: "7a78db5e034541088fe370fd29871905" committed_config { opid_index: -1 OBSOLETE_local: false peers { permanent_uuid: "7c4367618b0545acbe9567d425158ee5" member_type: VOTER last_known_addr { host: "127.9.217.190" port: 35601 } } peers { permanent_uuid: "7a78db5e034541088fe370fd29871905" member_type: VOTER last_known_addr { host: "127.9.217.189" port: 33185 } } peers { permanent_uuid: "d5fca711ad12423d975b3dac8c4bcd1e" member_type: VOTER last_known_addr { host: "127.9.217.188" port: 34811 } } }
I20260608 09:52:00.238646 11708 sys_catalog.cc:458] T 00000000000000000000000000000000 P 7a78db5e034541088fe370fd29871905 [sys.catalog]: This master's current role is: LEADER
I20260608 09:52:00.240151 11710 catalog_manager.cc:1510] Loading table and tablet metadata into memory...
I20260608 09:52:00.245285 11710 catalog_manager.cc:679] Loaded metadata for table test-workload [id=3aa33005a7c04971bd10b673c4007eda]
I20260608 09:52:00.250237 11710 tablet_loader.cc:96] loaded metadata for tablet 04118e0088df459a8d1da157ec037732 (table test-workload [id=3aa33005a7c04971bd10b673c4007eda])
I20260608 09:52:00.251549 11710 tablet_loader.cc:96] loaded metadata for tablet 0f28bbe10d49494fb80f198923d9f9c0 (table test-workload [id=3aa33005a7c04971bd10b673c4007eda])
I20260608 09:52:00.252485 11710 tablet_loader.cc:96] loaded metadata for tablet 2db62aaca7c448dfaf2518561ed600aa (table test-workload [id=3aa33005a7c04971bd10b673c4007eda])
I20260608 09:52:00.253477 11710 catalog_manager.cc:1519] Initializing Kudu cluster ID...
I20260608 09:52:00.256664 11710 catalog_manager.cc:1294] Loaded cluster ID: b6b6209180ff40b2a7a7619740bce916
I20260608 09:52:00.256932 11710 catalog_manager.cc:1530] Initializing Kudu internal certificate authority...
I20260608 09:52:00.260480 11710 catalog_manager.cc:1539] Loading token signing keys...
I20260608 09:52:00.263525 11710 catalog_manager.cc:6080] T 00000000000000000000000000000000 P 7a78db5e034541088fe370fd29871905: Loaded TSK: 0
I20260608 09:52:00.264480 11710 catalog_manager.cc:1549] Initializing in-progress tserver states...
I20260608 09:52:00.358729 11399 auto_leader_rebalancer.cc:140] leader rebalance for table test-workload
I20260608 09:52:00.359205 11399 auto_leader_rebalancer.cc:451] All tables' leader rebalancing finished this round
I20260608 09:52:00.413741 10086 tablet_server.cc:179] TabletServer@127.9.217.129:0 shutting down...
I20260608 09:52:00.433372 10086 ts_tablet_manager.cc:1507] Shutting down tablet manager...
I20260608 09:52:00.434357 10086 tablet_replica.cc:333] T 0f28bbe10d49494fb80f198923d9f9c0 P cc274c32551b4c1bb7fc056b56dfc034: stopping tablet replica
I20260608 09:52:00.434859 10086 raft_consensus.cc:2243] T 0f28bbe10d49494fb80f198923d9f9c0 P cc274c32551b4c1bb7fc056b56dfc034 [term 1 LEADER]: Raft consensus shutting down.
I20260608 09:52:00.435271 10086 raft_consensus.cc:2272] T 0f28bbe10d49494fb80f198923d9f9c0 P cc274c32551b4c1bb7fc056b56dfc034 [term 1 FOLLOWER]: Raft consensus is shut down!
I20260608 09:52:00.453915 10086 tablet_server.cc:196] TabletServer@127.9.217.129:0 shutdown complete.
I20260608 09:52:00.462674 10086 tablet_server.cc:179] TabletServer@127.9.217.130:0 shutting down...
I20260608 09:52:00.479774 10086 ts_tablet_manager.cc:1507] Shutting down tablet manager...
I20260608 09:52:00.480460 10086 tablet_replica.cc:333] T 04118e0088df459a8d1da157ec037732 P ae30de9472794a2c8872cca413834293: stopping tablet replica
I20260608 09:52:00.480983 10086 raft_consensus.cc:2243] T 04118e0088df459a8d1da157ec037732 P ae30de9472794a2c8872cca413834293 [term 1 LEADER]: Raft consensus shutting down.
I20260608 09:52:00.481443 10086 raft_consensus.cc:2272] T 04118e0088df459a8d1da157ec037732 P ae30de9472794a2c8872cca413834293 [term 1 FOLLOWER]: Raft consensus is shut down!
I20260608 09:52:00.499881 10086 tablet_server.cc:196] TabletServer@127.9.217.130:0 shutdown complete.
I20260608 09:52:00.509357 10086 tablet_server.cc:179] TabletServer@127.9.217.131:0 shutting down...
I20260608 09:52:00.528476 10086 ts_tablet_manager.cc:1507] Shutting down tablet manager...
I20260608 09:52:00.529189 10086 tablet_replica.cc:333] T 2db62aaca7c448dfaf2518561ed600aa P f4355cd0af8d4c83a2e15e4d05786301: stopping tablet replica
I20260608 09:52:00.529757 10086 raft_consensus.cc:2243] T 2db62aaca7c448dfaf2518561ed600aa P f4355cd0af8d4c83a2e15e4d05786301 [term 1 LEADER]: Raft consensus shutting down.
I20260608 09:52:00.530355 10086 raft_consensus.cc:2272] T 2db62aaca7c448dfaf2518561ed600aa P f4355cd0af8d4c83a2e15e4d05786301 [term 1 FOLLOWER]: Raft consensus is shut down!
I20260608 09:52:00.548504 10086 tablet_server.cc:196] TabletServer@127.9.217.131:0 shutdown complete.
I20260608 09:52:00.557559 10086 master.cc:562] Master@127.9.217.189:33185 shutting down...
I20260608 09:52:00.571763 10086 raft_consensus.cc:2243] T 00000000000000000000000000000000 P 7a78db5e034541088fe370fd29871905 [term 2 LEADER]: Raft consensus shutting down.
I20260608 09:52:00.572580 10086 pending_rounds.cc:70] T 00000000000000000000000000000000 P 7a78db5e034541088fe370fd29871905: Trying to abort 1 pending ops.
I20260608 09:52:00.572860 10086 pending_rounds.cc:77] T 00000000000000000000000000000000 P 7a78db5e034541088fe370fd29871905: Aborting op as it isn't in flight: id { term: 2 index: 11 } timestamp: 7294616863685353472 op_type: NO_OP noop_request { }
I20260608 09:52:00.573218 10086 raft_consensus.cc:2889] T 00000000000000000000000000000000 P 7a78db5e034541088fe370fd29871905 [term 2 LEADER]: NO_OP replication failed: Aborted: Op aborted
I20260608 09:52:00.573511 10086 raft_consensus.cc:2272] T 00000000000000000000000000000000 P 7a78db5e034541088fe370fd29871905 [term 2 FOLLOWER]: Raft consensus is shut down!
I20260608 09:52:00.573979 10086 tablet_replica.cc:333] T 00000000000000000000000000000000 P 7a78db5e034541088fe370fd29871905: stopping tablet replica
I20260608 09:52:00.593927 10086 master.cc:584] Master@127.9.217.189:33185 shutdown complete.
I20260608 09:52:00.605564 10086 master.cc:562] Master@127.9.217.188:34811 shutting down...
I20260608 09:52:00.620894 10086 raft_consensus.cc:2243] T 00000000000000000000000000000000 P d5fca711ad12423d975b3dac8c4bcd1e [term 2 FOLLOWER]: Raft consensus shutting down.
I20260608 09:52:00.621517 10086 raft_consensus.cc:2272] T 00000000000000000000000000000000 P d5fca711ad12423d975b3dac8c4bcd1e [term 2 FOLLOWER]: Raft consensus is shut down!
I20260608 09:52:00.621871 10086 tablet_replica.cc:333] T 00000000000000000000000000000000 P d5fca711ad12423d975b3dac8c4bcd1e: stopping tablet replica
I20260608 09:52:00.641381 10086 master.cc:584] Master@127.9.217.188:34811 shutdown complete.
[       OK ] AutoRebalancerTest.NextLeaderResumesAutoRebalancing (4749 ms)
[ RUN      ] AutoRebalancerTest.MovesScheduledIfAddTserver
I20260608 09:52:00.666267 10086 internal_mini_cluster.cc:156] Creating distributed mini masters. Addrs: 127.9.217.190:35833
I20260608 09:52:00.667431 10086 file_cache.cc:492] Constructed file cache file cache with capacity 419430
W20260608 09:52:00.672792 11711 instance_detector.cc:116] could not retrieve AWS instance metadata: Network error: curl error: HTTP response code said error: The requested URL returned error: 404
W20260608 09:52:00.672837 11712 instance_detector.cc:116] could not retrieve Azure instance metadata: Network error: curl error: HTTP response code said error: The requested URL returned error: 404
W20260608 09:52:00.674291 11714 instance_detector.cc:116] could not retrieve OpenStack instance metadata: Network error: curl error: HTTP response code said error: The requested URL returned error: 404
I20260608 09:52:00.675446 10086 server_base.cc:1061] running on GCE node
I20260608 09:52:00.676249 10086 hybrid_clock.cc:584] initializing the hybrid clock with 'system_unsync' time source
W20260608 09:52:00.676473 10086 system_unsync_time.cc:38] NTP support is disabled. Clock error bounds will not be accurate. This configuration is not suitable for distributed clusters.
I20260608 09:52:00.676640 10086 hybrid_clock.cc:648] HybridClock initialized: now 1780912320676617 us; error 0 us; skew 500 ppm
I20260608 09:52:00.677260 10086 server_base.cc:861] Flag tcmalloc_max_total_thread_cache_bytes is not working since tcmalloc is not enabled.
I20260608 09:52:00.679677 10086 webserver.cc:533] Webserver started at http://127.9.217.190:40873/ using document root <none> and password file <none>
I20260608 09:52:00.680217 10086 fs_manager.cc:362] Metadata directory not provided
I20260608 09:52:00.680425 10086 fs_manager.cc:368] Using write-ahead log directory (fs_wal_dir) as metadata directory
I20260608 09:52:00.680701 10086 server_base.cc:909] This appears to be a new deployment of Kudu; creating new FS layout
I20260608 09:52:00.681826 10086 fs_manager.cc:1068] Generated new instance metadata in path /tmp/dist-test-taskVYpPs4/test-tmp/auto_rebalancer-test.0.AutoRebalancerTest.MovesScheduledIfAddTserver.1780912301643738-10086-0/minicluster-data/master-0-root/instance:
uuid: "afb30389bd244bbba97258a8786651e2"
format_stamp: "Formatted at 2026-06-08 09:52:00 on dist-test-slave-4cx7"
I20260608 09:52:00.686614 10086 fs_manager.cc:696] Time spent creating directory manager: real 0.004s	user 0.003s	sys 0.001s
I20260608 09:52:00.690284 11719 log_block_manager.cc:4031] Time spent loading block containers with low live blocks: real 0.000s	user 0.000s	sys 0.000s
I20260608 09:52:00.691053 10086 fs_manager.cc:730] Time spent opening block manager: real 0.002s	user 0.002s	sys 0.001s
I20260608 09:52:00.691473 10086 fs_manager.cc:647] Opened local filesystem: /tmp/dist-test-taskVYpPs4/test-tmp/auto_rebalancer-test.0.AutoRebalancerTest.MovesScheduledIfAddTserver.1780912301643738-10086-0/minicluster-data/master-0-root
uuid: "afb30389bd244bbba97258a8786651e2"
format_stamp: "Formatted at 2026-06-08 09:52:00 on dist-test-slave-4cx7"
I20260608 09:52:00.691757 10086 fs_report.cc:389] FS layout report
--------------------
wal directory: /tmp/dist-test-taskVYpPs4/test-tmp/auto_rebalancer-test.0.AutoRebalancerTest.MovesScheduledIfAddTserver.1780912301643738-10086-0/minicluster-data/master-0-root
metadata directory: /tmp/dist-test-taskVYpPs4/test-tmp/auto_rebalancer-test.0.AutoRebalancerTest.MovesScheduledIfAddTserver.1780912301643738-10086-0/minicluster-data/master-0-root
1 data directories: /tmp/dist-test-taskVYpPs4/test-tmp/auto_rebalancer-test.0.AutoRebalancerTest.MovesScheduledIfAddTserver.1780912301643738-10086-0/minicluster-data/master-0-root/data
Total live blocks: 0
Total live bytes: 0
Total live bytes (after alignment): 0
Total number of LBM containers: 0 (0 full)
Did not check for missing blocks
Did not check for orphaned blocks
Total full LBM containers with extra space: 0 (0 repaired)
Total full LBM container extra space in bytes: 0 (0 repaired)
Total incomplete LBM containers: 0 (0 repaired)
Total LBM partial records: 0 (0 repaired)
Total corrupted LBM metadata records in RocksDB: 0 (0 repaired)
I20260608 09:52:00.701366 10086 rpc_server.cc:225] running with OpenSSL 1.1.1  11 Sep 2018
I20260608 09:52:00.702490 10086 kserver.cc:163] Server-wide thread pool size limit: 3276
I20260608 09:52:00.737736 10086 rpc_server.cc:307] RPC server started. Bound to: 127.9.217.190:35833
I20260608 09:52:00.737850 11770 acceptor_pool.cc:272] collecting diagnostics on the listening RPC socket 127.9.217.190:35833 every 8 connection(s)
I20260608 09:52:00.741719 11771 data_dirs.cc:400] Could only allocate 1 dirs of requested 3 for tablet 00000000000000000000000000000000. 1 dirs total, 0 dirs full, 0 dirs failed
I20260608 09:52:00.751269 11771 tablet_bootstrap.cc:492] T 00000000000000000000000000000000 P afb30389bd244bbba97258a8786651e2: Bootstrap starting.
I20260608 09:52:00.755704 11771 tablet_bootstrap.cc:654] T 00000000000000000000000000000000 P afb30389bd244bbba97258a8786651e2: Neither blocks nor log segments found. Creating new log.
I20260608 09:52:00.759637 11771 tablet_bootstrap.cc:492] T 00000000000000000000000000000000 P afb30389bd244bbba97258a8786651e2: No bootstrap required, opened a new log
I20260608 09:52:00.761677 11771 raft_consensus.cc:359] T 00000000000000000000000000000000 P afb30389bd244bbba97258a8786651e2 [term 0 FOLLOWER]: Replica starting. Triggering 0 pending ops. Active config: opid_index: -1 OBSOLETE_local: true peers { permanent_uuid: "afb30389bd244bbba97258a8786651e2" member_type: VOTER }
I20260608 09:52:00.762145 11771 raft_consensus.cc:385] T 00000000000000000000000000000000 P afb30389bd244bbba97258a8786651e2 [term 0 FOLLOWER]: Consensus starting up: Expiring failure detector timer to make a prompt election more likely
I20260608 09:52:00.762406 11771 raft_consensus.cc:740] T 00000000000000000000000000000000 P afb30389bd244bbba97258a8786651e2 [term 0 FOLLOWER]: Becoming Follower/Learner. State: Replica: afb30389bd244bbba97258a8786651e2, State: Initialized, Role: FOLLOWER
I20260608 09:52:00.763006 11771 consensus_queue.cc:260] T 00000000000000000000000000000000 P afb30389bd244bbba97258a8786651e2 [NON_LEADER]: Queue going to NON_LEADER mode. State: All replicated index: 0, Majority replicated index: 0, Committed index: 0, Last appended: 0.0, Last appended by leader: 0, Current term: 0, Majority size: -1, State: 0, Mode: NON_LEADER, active raft config: opid_index: -1 OBSOLETE_local: true peers { permanent_uuid: "afb30389bd244bbba97258a8786651e2" member_type: VOTER }
I20260608 09:52:00.763473 11771 raft_consensus.cc:399] T 00000000000000000000000000000000 P afb30389bd244bbba97258a8786651e2 [term 0 FOLLOWER]: Only one voter in the Raft config. Triggering election immediately
I20260608 09:52:00.763700 11771 raft_consensus.cc:493] T 00000000000000000000000000000000 P afb30389bd244bbba97258a8786651e2 [term 0 FOLLOWER]: Starting leader election (initial election of a single-replica configuration)
I20260608 09:52:00.763980 11771 raft_consensus.cc:3060] T 00000000000000000000000000000000 P afb30389bd244bbba97258a8786651e2 [term 0 FOLLOWER]: Advancing to term 1
I20260608 09:52:00.768373 11771 raft_consensus.cc:515] T 00000000000000000000000000000000 P afb30389bd244bbba97258a8786651e2 [term 1 FOLLOWER]: Starting leader election with config: opid_index: -1 OBSOLETE_local: true peers { permanent_uuid: "afb30389bd244bbba97258a8786651e2" member_type: VOTER }
I20260608 09:52:00.768975 11771 leader_election.cc:304] T 00000000000000000000000000000000 P afb30389bd244bbba97258a8786651e2 [CANDIDATE]: Term 1 election: Election decided. Result: candidate won. Election summary: received 1 responses out of 1 voters: 1 yes votes; 0 no votes. yes voters: afb30389bd244bbba97258a8786651e2; no voters: 
I20260608 09:52:00.770224 11771 leader_election.cc:290] T 00000000000000000000000000000000 P afb30389bd244bbba97258a8786651e2 [CANDIDATE]: Term 1 election: Requested vote from peers 
I20260608 09:52:00.770646 11774 raft_consensus.cc:2804] T 00000000000000000000000000000000 P afb30389bd244bbba97258a8786651e2 [term 1 FOLLOWER]: Leader election won for term 1
I20260608 09:52:00.772099 11774 raft_consensus.cc:697] T 00000000000000000000000000000000 P afb30389bd244bbba97258a8786651e2 [term 1 LEADER]: Becoming Leader. State: Replica: afb30389bd244bbba97258a8786651e2, State: Running, Role: LEADER
I20260608 09:52:00.772830 11774 consensus_queue.cc:237] T 00000000000000000000000000000000 P afb30389bd244bbba97258a8786651e2 [LEADER]: Queue going to LEADER mode. State: All replicated index: 0, Majority replicated index: 0, Committed index: 0, Last appended: 0.0, Last appended by leader: 0, Current term: 1, Majority size: 1, State: 0, Mode: LEADER, active raft config: opid_index: -1 OBSOLETE_local: true peers { permanent_uuid: "afb30389bd244bbba97258a8786651e2" member_type: VOTER }
I20260608 09:52:00.773386 11771 sys_catalog.cc:565] T 00000000000000000000000000000000 P afb30389bd244bbba97258a8786651e2 [sys.catalog]: configured and running, proceeding with master startup.
I20260608 09:52:00.776460 11775 sys_catalog.cc:455] T 00000000000000000000000000000000 P afb30389bd244bbba97258a8786651e2 [sys.catalog]: SysCatalogTable state changed. Reason: RaftConsensus started. Latest consensus state: current_term: 1 leader_uuid: "afb30389bd244bbba97258a8786651e2" committed_config { opid_index: -1 OBSOLETE_local: true peers { permanent_uuid: "afb30389bd244bbba97258a8786651e2" member_type: VOTER } }
I20260608 09:52:00.777200 11775 sys_catalog.cc:458] T 00000000000000000000000000000000 P afb30389bd244bbba97258a8786651e2 [sys.catalog]: This master's current role is: LEADER
I20260608 09:52:00.777108 11776 sys_catalog.cc:455] T 00000000000000000000000000000000 P afb30389bd244bbba97258a8786651e2 [sys.catalog]: SysCatalogTable state changed. Reason: New leader afb30389bd244bbba97258a8786651e2. Latest consensus state: current_term: 1 leader_uuid: "afb30389bd244bbba97258a8786651e2" committed_config { opid_index: -1 OBSOLETE_local: true peers { permanent_uuid: "afb30389bd244bbba97258a8786651e2" member_type: VOTER } }
I20260608 09:52:00.777812 11776 sys_catalog.cc:458] T 00000000000000000000000000000000 P afb30389bd244bbba97258a8786651e2 [sys.catalog]: This master's current role is: LEADER
I20260608 09:52:00.781031 11781 catalog_manager.cc:1510] Loading table and tablet metadata into memory...
I20260608 09:52:00.786159 11781 catalog_manager.cc:1519] Initializing Kudu cluster ID...
I20260608 09:52:00.790060 10086 internal_mini_cluster.cc:184] Waiting to initialize catalog manager on master 0
I20260608 09:52:00.795555 11781 catalog_manager.cc:1382] Generated new cluster ID: ff8fad62507544babaf6fd58ea75198f
I20260608 09:52:00.795862 11781 catalog_manager.cc:1530] Initializing Kudu internal certificate authority...
I20260608 09:52:00.820284 11781 catalog_manager.cc:1405] Generated new certificate authority record
I20260608 09:52:00.821758 11781 catalog_manager.cc:1539] Loading token signing keys...
I20260608 09:52:00.834813 11781 catalog_manager.cc:6069] T 00000000000000000000000000000000 P afb30389bd244bbba97258a8786651e2: Generated new TSK 0
I20260608 09:52:00.835487 11781 catalog_manager.cc:1549] Initializing in-progress tserver states...
I20260608 09:52:00.856935 10086 file_cache.cc:492] Constructed file cache file cache with capacity 419430
W20260608 09:52:00.862876 11792 instance_detector.cc:116] could not retrieve AWS instance metadata: Network error: curl error: HTTP response code said error: The requested URL returned error: 404
W20260608 09:52:00.864104 11793 instance_detector.cc:116] could not retrieve Azure instance metadata: Network error: curl error: HTTP response code said error: The requested URL returned error: 404
I20260608 09:52:00.865967 10086 server_base.cc:1061] running on GCE node
W20260608 09:52:00.866365 11795 instance_detector.cc:116] could not retrieve OpenStack instance metadata: Network error: curl error: HTTP response code said error: The requested URL returned error: 404
I20260608 09:52:00.867238 10086 hybrid_clock.cc:584] initializing the hybrid clock with 'system_unsync' time source
W20260608 09:52:00.867475 10086 system_unsync_time.cc:38] NTP support is disabled. Clock error bounds will not be accurate. This configuration is not suitable for distributed clusters.
I20260608 09:52:00.867663 10086 hybrid_clock.cc:648] HybridClock initialized: now 1780912320867644 us; error 0 us; skew 500 ppm
I20260608 09:52:00.868254 10086 server_base.cc:861] Flag tcmalloc_max_total_thread_cache_bytes is not working since tcmalloc is not enabled.
I20260608 09:52:00.870761 10086 webserver.cc:533] Webserver started at http://127.9.217.129:42423/ using document root <none> and password file <none>
I20260608 09:52:00.871297 10086 fs_manager.cc:362] Metadata directory not provided
I20260608 09:52:00.871500 10086 fs_manager.cc:368] Using write-ahead log directory (fs_wal_dir) as metadata directory
I20260608 09:52:00.871826 10086 server_base.cc:909] This appears to be a new deployment of Kudu; creating new FS layout
I20260608 09:52:00.873131 10086 fs_manager.cc:1068] Generated new instance metadata in path /tmp/dist-test-taskVYpPs4/test-tmp/auto_rebalancer-test.0.AutoRebalancerTest.MovesScheduledIfAddTserver.1780912301643738-10086-0/minicluster-data/ts-0-root/instance:
uuid: "8579bbb622f747af84a0ac94ca1cbf5f"
format_stamp: "Formatted at 2026-06-08 09:52:00 on dist-test-slave-4cx7"
I20260608 09:52:00.878046 10086 fs_manager.cc:696] Time spent creating directory manager: real 0.004s	user 0.007s	sys 0.000s
I20260608 09:52:00.881528 11800 log_block_manager.cc:4031] Time spent loading block containers with low live blocks: real 0.000s	user 0.000s	sys 0.000s
I20260608 09:52:00.882455 10086 fs_manager.cc:730] Time spent opening block manager: real 0.002s	user 0.003s	sys 0.000s
I20260608 09:52:00.882714 10086 fs_manager.cc:647] Opened local filesystem: /tmp/dist-test-taskVYpPs4/test-tmp/auto_rebalancer-test.0.AutoRebalancerTest.MovesScheduledIfAddTserver.1780912301643738-10086-0/minicluster-data/ts-0-root
uuid: "8579bbb622f747af84a0ac94ca1cbf5f"
format_stamp: "Formatted at 2026-06-08 09:52:00 on dist-test-slave-4cx7"
I20260608 09:52:00.882978 10086 fs_report.cc:389] FS layout report
--------------------
wal directory: /tmp/dist-test-taskVYpPs4/test-tmp/auto_rebalancer-test.0.AutoRebalancerTest.MovesScheduledIfAddTserver.1780912301643738-10086-0/minicluster-data/ts-0-root
metadata directory: /tmp/dist-test-taskVYpPs4/test-tmp/auto_rebalancer-test.0.AutoRebalancerTest.MovesScheduledIfAddTserver.1780912301643738-10086-0/minicluster-data/ts-0-root
1 data directories: /tmp/dist-test-taskVYpPs4/test-tmp/auto_rebalancer-test.0.AutoRebalancerTest.MovesScheduledIfAddTserver.1780912301643738-10086-0/minicluster-data/ts-0-root/data
Total live blocks: 0
Total live bytes: 0
Total live bytes (after alignment): 0
Total number of LBM containers: 0 (0 full)
Did not check for missing blocks
Did not check for orphaned blocks
Total full LBM containers with extra space: 0 (0 repaired)
Total full LBM container extra space in bytes: 0 (0 repaired)
Total incomplete LBM containers: 0 (0 repaired)
Total LBM partial records: 0 (0 repaired)
Total corrupted LBM metadata records in RocksDB: 0 (0 repaired)
I20260608 09:52:00.910782 10086 rpc_server.cc:225] running with OpenSSL 1.1.1  11 Sep 2018
I20260608 09:52:00.911835 10086 kserver.cc:163] Server-wide thread pool size limit: 3276
I20260608 09:52:00.913241 10086 txn_system_client.cc:432] TxnSystemClient initialization is disabled...
I20260608 09:52:00.915719 10086 ts_tablet_manager.cc:585] Loaded tablet metadata (0 total tablets, 0 live tablets)
I20260608 09:52:00.915940 10086 ts_tablet_manager.cc:531] Time spent load tablet metadata: real 0.000s	user 0.000s	sys 0.000s
I20260608 09:52:00.916216 10086 ts_tablet_manager.cc:616] Registered 0 tablets
I20260608 09:52:00.916384 10086 ts_tablet_manager.cc:595] Time spent register tablets: real 0.000s	user 0.000s	sys 0.000s
I20260608 09:52:00.954144 10086 rpc_server.cc:307] RPC server started. Bound to: 127.9.217.129:36583
I20260608 09:52:00.954269 11862 acceptor_pool.cc:272] collecting diagnostics on the listening RPC socket 127.9.217.129:36583 every 8 connection(s)
I20260608 09:52:00.959880 10086 file_cache.cc:492] Constructed file cache file cache with capacity 419430
W20260608 09:52:00.967756 11867 instance_detector.cc:116] could not retrieve AWS instance metadata: Network error: curl error: HTTP response code said error: The requested URL returned error: 404
W20260608 09:52:00.968538 11868 instance_detector.cc:116] could not retrieve Azure instance metadata: Network error: curl error: HTTP response code said error: The requested URL returned error: 404
I20260608 09:52:00.971189 10086 server_base.cc:1061] running on GCE node
W20260608 09:52:00.971365 11870 instance_detector.cc:116] could not retrieve OpenStack instance metadata: Network error: curl error: HTTP response code said error: The requested URL returned error: 404
I20260608 09:52:00.972330 10086 hybrid_clock.cc:584] initializing the hybrid clock with 'system_unsync' time source
W20260608 09:52:00.972523 10086 system_unsync_time.cc:38] NTP support is disabled. Clock error bounds will not be accurate. This configuration is not suitable for distributed clusters.
I20260608 09:52:00.972782 10086 hybrid_clock.cc:648] HybridClock initialized: now 1780912320972727 us; error 0 us; skew 500 ppm
I20260608 09:52:00.973404 10086 server_base.cc:861] Flag tcmalloc_max_total_thread_cache_bytes is not working since tcmalloc is not enabled.
I20260608 09:52:00.976563 10086 webserver.cc:533] Webserver started at http://127.9.217.130:36995/ using document root <none> and password file <none>
I20260608 09:52:00.977249 10086 fs_manager.cc:362] Metadata directory not provided
I20260608 09:52:00.977470 10086 fs_manager.cc:368] Using write-ahead log directory (fs_wal_dir) as metadata directory
I20260608 09:52:00.977818 10086 server_base.cc:909] This appears to be a new deployment of Kudu; creating new FS layout
I20260608 09:52:00.978225 11863 heartbeater.cc:344] Connected to a master server at 127.9.217.190:35833
I20260608 09:52:00.978595 11863 heartbeater.cc:461] Registering TS with master...
I20260608 09:52:00.979079 10086 fs_manager.cc:1068] Generated new instance metadata in path /tmp/dist-test-taskVYpPs4/test-tmp/auto_rebalancer-test.0.AutoRebalancerTest.MovesScheduledIfAddTserver.1780912301643738-10086-0/minicluster-data/ts-1-root/instance:
uuid: "19f027335fcd45aa97d399aa7cf3c249"
format_stamp: "Formatted at 2026-06-08 09:52:00 on dist-test-slave-4cx7"
I20260608 09:52:00.979319 11863 heartbeater.cc:507] Master 127.9.217.190:35833 requested a full tablet report, sending...
I20260608 09:52:00.981576 11736 ts_manager.cc:194] Registered new tserver with Master: 8579bbb622f747af84a0ac94ca1cbf5f (127.9.217.129:36583)
I20260608 09:52:00.983732 11736 master_service.cc:502] Signed X509 certificate for tserver {username='slave'} at 127.0.0.1:33494
I20260608 09:52:00.984378 10086 fs_manager.cc:696] Time spent creating directory manager: real 0.005s	user 0.005s	sys 0.000s
I20260608 09:52:00.988509 11875 log_block_manager.cc:4031] Time spent loading block containers with low live blocks: real 0.000s	user 0.000s	sys 0.000s
I20260608 09:52:00.989241 10086 fs_manager.cc:730] Time spent opening block manager: real 0.002s	user 0.000s	sys 0.002s
I20260608 09:52:00.989539 10086 fs_manager.cc:647] Opened local filesystem: /tmp/dist-test-taskVYpPs4/test-tmp/auto_rebalancer-test.0.AutoRebalancerTest.MovesScheduledIfAddTserver.1780912301643738-10086-0/minicluster-data/ts-1-root
uuid: "19f027335fcd45aa97d399aa7cf3c249"
format_stamp: "Formatted at 2026-06-08 09:52:00 on dist-test-slave-4cx7"
I20260608 09:52:00.989818 10086 fs_report.cc:389] FS layout report
--------------------
wal directory: /tmp/dist-test-taskVYpPs4/test-tmp/auto_rebalancer-test.0.AutoRebalancerTest.MovesScheduledIfAddTserver.1780912301643738-10086-0/minicluster-data/ts-1-root
metadata directory: /tmp/dist-test-taskVYpPs4/test-tmp/auto_rebalancer-test.0.AutoRebalancerTest.MovesScheduledIfAddTserver.1780912301643738-10086-0/minicluster-data/ts-1-root
1 data directories: /tmp/dist-test-taskVYpPs4/test-tmp/auto_rebalancer-test.0.AutoRebalancerTest.MovesScheduledIfAddTserver.1780912301643738-10086-0/minicluster-data/ts-1-root/data
Total live blocks: 0
Total live bytes: 0
Total live bytes (after alignment): 0
Total number of LBM containers: 0 (0 full)
Did not check for missing blocks
Did not check for orphaned blocks
Total full LBM containers with extra space: 0 (0 repaired)
Total full LBM container extra space in bytes: 0 (0 repaired)
Total incomplete LBM containers: 0 (0 repaired)
Total LBM partial records: 0 (0 repaired)
Total corrupted LBM metadata records in RocksDB: 0 (0 repaired)
I20260608 09:52:01.029803 10086 rpc_server.cc:225] running with OpenSSL 1.1.1  11 Sep 2018
I20260608 09:52:01.030969 10086 kserver.cc:163] Server-wide thread pool size limit: 3276
I20260608 09:52:01.032503 10086 txn_system_client.cc:432] TxnSystemClient initialization is disabled...
I20260608 09:52:01.034910 10086 ts_tablet_manager.cc:585] Loaded tablet metadata (0 total tablets, 0 live tablets)
I20260608 09:52:01.035135 10086 ts_tablet_manager.cc:531] Time spent load tablet metadata: real 0.000s	user 0.000s	sys 0.000s
I20260608 09:52:01.035391 10086 ts_tablet_manager.cc:616] Registered 0 tablets
I20260608 09:52:01.035563 10086 ts_tablet_manager.cc:595] Time spent register tablets: real 0.000s	user 0.000s	sys 0.000s
I20260608 09:52:01.075578 10086 rpc_server.cc:307] RPC server started. Bound to: 127.9.217.130:41363
I20260608 09:52:01.075726 11937 acceptor_pool.cc:272] collecting diagnostics on the listening RPC socket 127.9.217.130:41363 every 8 connection(s)
I20260608 09:52:01.080647 10086 file_cache.cc:492] Constructed file cache file cache with capacity 419430
W20260608 09:52:01.088130 11942 instance_detector.cc:116] could not retrieve Azure instance metadata: Network error: curl error: HTTP response code said error: The requested URL returned error: 404
W20260608 09:52:01.088936 11941 instance_detector.cc:116] could not retrieve AWS instance metadata: Network error: curl error: HTTP response code said error: The requested URL returned error: 404
W20260608 09:52:01.092861 11944 instance_detector.cc:116] could not retrieve OpenStack instance metadata: Network error: curl error: HTTP response code said error: The requested URL returned error: 404
I20260608 09:52:01.094352 11938 heartbeater.cc:344] Connected to a master server at 127.9.217.190:35833
I20260608 09:52:01.094782 11938 heartbeater.cc:461] Registering TS with master...
I20260608 09:52:01.094782 10086 server_base.cc:1061] running on GCE node
I20260608 09:52:01.095920 11938 heartbeater.cc:507] Master 127.9.217.190:35833 requested a full tablet report, sending...
I20260608 09:52:01.095927 10086 hybrid_clock.cc:584] initializing the hybrid clock with 'system_unsync' time source
W20260608 09:52:01.096463 10086 system_unsync_time.cc:38] NTP support is disabled. Clock error bounds will not be accurate. This configuration is not suitable for distributed clusters.
I20260608 09:52:01.096653 10086 hybrid_clock.cc:648] HybridClock initialized: now 1780912321096634 us; error 0 us; skew 500 ppm
I20260608 09:52:01.097342 10086 server_base.cc:861] Flag tcmalloc_max_total_thread_cache_bytes is not working since tcmalloc is not enabled.
I20260608 09:52:01.098582 11736 ts_manager.cc:194] Registered new tserver with Master: 19f027335fcd45aa97d399aa7cf3c249 (127.9.217.130:41363)
I20260608 09:52:01.100114 10086 webserver.cc:533] Webserver started at http://127.9.217.131:33511/ using document root <none> and password file <none>
I20260608 09:52:01.100373 11736 master_service.cc:502] Signed X509 certificate for tserver {username='slave'} at 127.0.0.1:33510
I20260608 09:52:01.100715 10086 fs_manager.cc:362] Metadata directory not provided
I20260608 09:52:01.100971 10086 fs_manager.cc:368] Using write-ahead log directory (fs_wal_dir) as metadata directory
I20260608 09:52:01.101269 10086 server_base.cc:909] This appears to be a new deployment of Kudu; creating new FS layout
I20260608 09:52:01.102434 10086 fs_manager.cc:1068] Generated new instance metadata in path /tmp/dist-test-taskVYpPs4/test-tmp/auto_rebalancer-test.0.AutoRebalancerTest.MovesScheduledIfAddTserver.1780912301643738-10086-0/minicluster-data/ts-2-root/instance:
uuid: "4253f81203f84414b3de188bc3b7c7b8"
format_stamp: "Formatted at 2026-06-08 09:52:01 on dist-test-slave-4cx7"
I20260608 09:52:01.106981 10086 fs_manager.cc:696] Time spent creating directory manager: real 0.004s	user 0.004s	sys 0.001s
I20260608 09:52:01.110559 11949 log_block_manager.cc:4031] Time spent loading block containers with low live blocks: real 0.000s	user 0.000s	sys 0.000s
I20260608 09:52:01.111347 10086 fs_manager.cc:730] Time spent opening block manager: real 0.002s	user 0.003s	sys 0.001s
I20260608 09:52:01.111667 10086 fs_manager.cc:647] Opened local filesystem: /tmp/dist-test-taskVYpPs4/test-tmp/auto_rebalancer-test.0.AutoRebalancerTest.MovesScheduledIfAddTserver.1780912301643738-10086-0/minicluster-data/ts-2-root
uuid: "4253f81203f84414b3de188bc3b7c7b8"
format_stamp: "Formatted at 2026-06-08 09:52:01 on dist-test-slave-4cx7"
I20260608 09:52:01.111985 10086 fs_report.cc:389] FS layout report
--------------------
wal directory: /tmp/dist-test-taskVYpPs4/test-tmp/auto_rebalancer-test.0.AutoRebalancerTest.MovesScheduledIfAddTserver.1780912301643738-10086-0/minicluster-data/ts-2-root
metadata directory: /tmp/dist-test-taskVYpPs4/test-tmp/auto_rebalancer-test.0.AutoRebalancerTest.MovesScheduledIfAddTserver.1780912301643738-10086-0/minicluster-data/ts-2-root
1 data directories: /tmp/dist-test-taskVYpPs4/test-tmp/auto_rebalancer-test.0.AutoRebalancerTest.MovesScheduledIfAddTserver.1780912301643738-10086-0/minicluster-data/ts-2-root/data
Total live blocks: 0
Total live bytes: 0
Total live bytes (after alignment): 0
Total number of LBM containers: 0 (0 full)
Did not check for missing blocks
Did not check for orphaned blocks
Total full LBM containers with extra space: 0 (0 repaired)
Total full LBM container extra space in bytes: 0 (0 repaired)
Total incomplete LBM containers: 0 (0 repaired)
Total LBM partial records: 0 (0 repaired)
Total corrupted LBM metadata records in RocksDB: 0 (0 repaired)
I20260608 09:52:01.123971 10086 rpc_server.cc:225] running with OpenSSL 1.1.1  11 Sep 2018
I20260608 09:52:01.125128 10086 kserver.cc:163] Server-wide thread pool size limit: 3276
I20260608 09:52:01.126607 10086 txn_system_client.cc:432] TxnSystemClient initialization is disabled...
I20260608 09:52:01.128918 10086 ts_tablet_manager.cc:585] Loaded tablet metadata (0 total tablets, 0 live tablets)
I20260608 09:52:01.129153 10086 ts_tablet_manager.cc:531] Time spent load tablet metadata: real 0.000s	user 0.000s	sys 0.000s
I20260608 09:52:01.129417 10086 ts_tablet_manager.cc:616] Registered 0 tablets
I20260608 09:52:01.129603 10086 ts_tablet_manager.cc:595] Time spent register tablets: real 0.000s	user 0.000s	sys 0.000s
I20260608 09:52:01.168823 10086 rpc_server.cc:307] RPC server started. Bound to: 127.9.217.131:38677
I20260608 09:52:01.168953 12011 acceptor_pool.cc:272] collecting diagnostics on the listening RPC socket 127.9.217.131:38677 every 8 connection(s)
I20260608 09:52:01.184553 12012 heartbeater.cc:344] Connected to a master server at 127.9.217.190:35833
I20260608 09:52:01.184996 12012 heartbeater.cc:461] Registering TS with master...
I20260608 09:52:01.185782 12012 heartbeater.cc:507] Master 127.9.217.190:35833 requested a full tablet report, sending...
I20260608 09:52:01.187856 11736 ts_manager.cc:194] Registered new tserver with Master: 4253f81203f84414b3de188bc3b7c7b8 (127.9.217.131:38677)
I20260608 09:52:01.188895 10086 internal_mini_cluster.cc:371] 3 TS(s) registered with all masters after 0.016252256s
I20260608 09:52:01.189311 11736 master_service.cc:502] Signed X509 certificate for tserver {username='slave'} at 127.0.0.1:33514
I20260608 09:52:01.987035 11863 heartbeater.cc:499] Master 127.9.217.190:35833 was elected leader, sending a full tablet report...
