metadata directory: /tmp/dist-test-task_Rfugv/test-tmp/auto_rebalancer-test.0.AutoRebalancerTest.NextLeaderResumesAutoRebalancing.1780912300818377-28278-0/minicluster-data/ts-0-root
1 data directories: /tmp/dist-test-task_Rfugv/test-tmp/auto_rebalancer-test.0.AutoRebalancerTest.NextLeaderResumesAutoRebalancing.1780912300818377-28278-0/minicluster-data/ts-0-root/data
Total live blocks: 0
Total live bytes: 0
Total live bytes (after alignment): 0
Total number of LBM containers: 0 (0 full)
Did not check for missing blocks
Did not check for orphaned blocks
Total full LBM containers with extra space: 0 (0 repaired)
Total full LBM container extra space in bytes: 0 (0 repaired)
Total incomplete LBM containers: 0 (0 repaired)
Total LBM partial records: 0 (0 repaired)
Total corrupted LBM metadata records in RocksDB: 0 (0 repaired)
I20260608 09:52:00.676832 29623 catalog_manager.cc:1510] Loading table and tablet metadata into memory...
I20260608 09:52:00.683079 29623 catalog_manager.cc:1519] Initializing Kudu cluster ID...
I20260608 09:52:00.691181 28278 rpc_server.cc:225] running with OpenSSL 1.1.1  11 Sep 2018
I20260608 09:52:00.693557 28278 kserver.cc:163] Server-wide thread pool size limit: 3276
I20260608 09:52:00.694164 29544 raft_consensus.cc:1275] T 00000000000000000000000000000000 P 7febbf4eb868427585a9a01acace0207 [term 1 FOLLOWER]: Refusing update from remote peer a80e5b31fb1d42b0a631d1f15b4e48d4: Log matching property violated. Preceding OpId in replica: term: 0 index: 0. Preceding OpId from leader: term: 1 index: 2. (index mismatch)
I20260608 09:52:00.694160 29479 raft_consensus.cc:1275] T 00000000000000000000000000000000 P 218e87741c9e4138ad19d7f1081526d5 [term 1 FOLLOWER]: Refusing update from remote peer a80e5b31fb1d42b0a631d1f15b4e48d4: Log matching property violated. Preceding OpId in replica: term: 0 index: 0. Preceding OpId from leader: term: 1 index: 2. (index mismatch)
I20260608 09:52:00.696125 28278 txn_system_client.cc:432] TxnSystemClient initialization is disabled...
I20260608 09:52:00.696230 29582 consensus_queue.cc:1048] T 00000000000000000000000000000000 P a80e5b31fb1d42b0a631d1f15b4e48d4 [LEADER]: Connected to new peer: Peer: permanent_uuid: "7febbf4eb868427585a9a01acace0207" member_type: VOTER last_known_addr { host: "127.27.157.188" port: 43131 }, Status: LMP_MISMATCH, Last received: 0.0, Next index: 1, Last known committed idx: 0, Time since last communication: 0.001s
I20260608 09:52:00.697062 29619 consensus_queue.cc:1048] T 00000000000000000000000000000000 P a80e5b31fb1d42b0a631d1f15b4e48d4 [LEADER]: Connected to new peer: Peer: permanent_uuid: "218e87741c9e4138ad19d7f1081526d5" member_type: VOTER last_known_addr { host: "127.27.157.189" port: 45965 }, Status: LMP_MISMATCH, Last received: 0.0, Next index: 1, Last known committed idx: 0, Time since last communication: 0.000s
I20260608 09:52:00.700321 28278 ts_tablet_manager.cc:585] Loaded tablet metadata (0 total tablets, 0 live tablets)
I20260608 09:52:00.700690 28278 ts_tablet_manager.cc:531] Time spent load tablet metadata: real 0.000s	user 0.000s	sys 0.000s
I20260608 09:52:00.701192 28278 ts_tablet_manager.cc:616] Registered 0 tablets
I20260608 09:52:00.701546 28278 ts_tablet_manager.cc:595] Time spent register tablets: real 0.000s	user 0.000s	sys 0.000s
I20260608 09:52:00.716781 29574 sys_catalog.cc:455] T 00000000000000000000000000000000 P 218e87741c9e4138ad19d7f1081526d5 [sys.catalog]: SysCatalogTable state changed. Reason: New leader a80e5b31fb1d42b0a631d1f15b4e48d4. Latest consensus state: current_term: 1 leader_uuid: "a80e5b31fb1d42b0a631d1f15b4e48d4" committed_config { opid_index: -1 OBSOLETE_local: false peers { permanent_uuid: "a80e5b31fb1d42b0a631d1f15b4e48d4" member_type: VOTER last_known_addr { host: "127.27.157.190" port: 38133 } } peers { permanent_uuid: "218e87741c9e4138ad19d7f1081526d5" member_type: VOTER last_known_addr { host: "127.27.157.189" port: 45965 } } peers { permanent_uuid: "7febbf4eb868427585a9a01acace0207" member_type: VOTER last_known_addr { host: "127.27.157.188" port: 43131 } } }
I20260608 09:52:00.718041 29574 sys_catalog.cc:458] T 00000000000000000000000000000000 P 218e87741c9e4138ad19d7f1081526d5 [sys.catalog]: This master's current role is: FOLLOWER
I20260608 09:52:00.721940 29593 sys_catalog.cc:455] T 00000000000000000000000000000000 P 7febbf4eb868427585a9a01acace0207 [sys.catalog]: SysCatalogTable state changed. Reason: New leader a80e5b31fb1d42b0a631d1f15b4e48d4. Latest consensus state: current_term: 1 leader_uuid: "a80e5b31fb1d42b0a631d1f15b4e48d4" committed_config { opid_index: -1 OBSOLETE_local: false peers { permanent_uuid: "a80e5b31fb1d42b0a631d1f15b4e48d4" member_type: VOTER last_known_addr { host: "127.27.157.190" port: 38133 } } peers { permanent_uuid: "218e87741c9e4138ad19d7f1081526d5" member_type: VOTER last_known_addr { host: "127.27.157.189" port: 45965 } } peers { permanent_uuid: "7febbf4eb868427585a9a01acace0207" member_type: VOTER last_known_addr { host: "127.27.157.188" port: 43131 } } }
I20260608 09:52:00.723244 29593 sys_catalog.cc:458] T 00000000000000000000000000000000 P 7febbf4eb868427585a9a01acace0207 [sys.catalog]: This master's current role is: FOLLOWER
I20260608 09:52:00.749454 29619 sys_catalog.cc:455] T 00000000000000000000000000000000 P a80e5b31fb1d42b0a631d1f15b4e48d4 [sys.catalog]: SysCatalogTable state changed. Reason: Peer health change. Latest consensus state: current_term: 1 leader_uuid: "a80e5b31fb1d42b0a631d1f15b4e48d4" committed_config { opid_index: -1 OBSOLETE_local: false peers { permanent_uuid: "a80e5b31fb1d42b0a631d1f15b4e48d4" member_type: VOTER last_known_addr { host: "127.27.157.190" port: 38133 } } peers { permanent_uuid: "218e87741c9e4138ad19d7f1081526d5" member_type: VOTER last_known_addr { host: "127.27.157.189" port: 45965 } } peers { permanent_uuid: "7febbf4eb868427585a9a01acace0207" member_type: VOTER last_known_addr { host: "127.27.157.188" port: 43131 } } }
I20260608 09:52:00.750710 29619 sys_catalog.cc:458] T 00000000000000000000000000000000 P a80e5b31fb1d42b0a631d1f15b4e48d4 [sys.catalog]: This master's current role is: LEADER
I20260608 09:52:00.750746 29643 sys_catalog.cc:455] T 00000000000000000000000000000000 P a80e5b31fb1d42b0a631d1f15b4e48d4 [sys.catalog]: SysCatalogTable state changed. Reason: Peer health change. Latest consensus state: current_term: 1 leader_uuid: "a80e5b31fb1d42b0a631d1f15b4e48d4" committed_config { opid_index: -1 OBSOLETE_local: false peers { permanent_uuid: "a80e5b31fb1d42b0a631d1f15b4e48d4" member_type: VOTER last_known_addr { host: "127.27.157.190" port: 38133 } } peers { permanent_uuid: "218e87741c9e4138ad19d7f1081526d5" member_type: VOTER last_known_addr { host: "127.27.157.189" port: 45965 } } peers { permanent_uuid: "7febbf4eb868427585a9a01acace0207" member_type: VOTER last_known_addr { host: "127.27.157.188" port: 43131 } } }
I20260608 09:52:00.756361 29643 sys_catalog.cc:458] T 00000000000000000000000000000000 P a80e5b31fb1d42b0a631d1f15b4e48d4 [sys.catalog]: This master's current role is: LEADER
I20260608 09:52:00.756897 29574 sys_catalog.cc:455] T 00000000000000000000000000000000 P 218e87741c9e4138ad19d7f1081526d5 [sys.catalog]: SysCatalogTable state changed. Reason: Replicated consensus-only round. Latest consensus state: current_term: 1 leader_uuid: "a80e5b31fb1d42b0a631d1f15b4e48d4" committed_config { opid_index: -1 OBSOLETE_local: false peers { permanent_uuid: "a80e5b31fb1d42b0a631d1f15b4e48d4" member_type: VOTER last_known_addr { host: "127.27.157.190" port: 38133 } } peers { permanent_uuid: "218e87741c9e4138ad19d7f1081526d5" member_type: VOTER last_known_addr { host: "127.27.157.189" port: 45965 } } peers { permanent_uuid: "7febbf4eb868427585a9a01acace0207" member_type: VOTER last_known_addr { host: "127.27.157.188" port: 43131 } } }
I20260608 09:52:00.757714 29574 sys_catalog.cc:458] T 00000000000000000000000000000000 P 218e87741c9e4138ad19d7f1081526d5 [sys.catalog]: This master's current role is: FOLLOWER
I20260608 09:52:00.760746 29623 catalog_manager.cc:1382] Generated new cluster ID: d5db9cc3d5e847018d499096c6780437
I20260608 09:52:00.760191 29593 sys_catalog.cc:455] T 00000000000000000000000000000000 P 7febbf4eb868427585a9a01acace0207 [sys.catalog]: SysCatalogTable state changed. Reason: Replicated consensus-only round. Latest consensus state: current_term: 1 leader_uuid: "a80e5b31fb1d42b0a631d1f15b4e48d4" committed_config { opid_index: -1 OBSOLETE_local: false peers { permanent_uuid: "a80e5b31fb1d42b0a631d1f15b4e48d4" member_type: VOTER last_known_addr { host: "127.27.157.190" port: 38133 } } peers { permanent_uuid: "218e87741c9e4138ad19d7f1081526d5" member_type: VOTER last_known_addr { host: "127.27.157.189" port: 45965 } } peers { permanent_uuid: "7febbf4eb868427585a9a01acace0207" member_type: VOTER last_known_addr { host: "127.27.157.188" port: 43131 } } }
I20260608 09:52:00.761135 29623 catalog_manager.cc:1530] Initializing Kudu internal certificate authority...
I20260608 09:52:00.761392 29593 sys_catalog.cc:458] T 00000000000000000000000000000000 P 7febbf4eb868427585a9a01acace0207 [sys.catalog]: This master's current role is: FOLLOWER
I20260608 09:52:00.809247 29623 catalog_manager.cc:1405] Generated new certificate authority record
I20260608 09:52:00.812268 29623 catalog_manager.cc:1539] Loading token signing keys...
I20260608 09:52:00.825356 28278 rpc_server.cc:307] RPC server started. Bound to: 127.27.157.129:37417
I20260608 09:52:00.825618 29694 acceptor_pool.cc:272] collecting diagnostics on the listening RPC socket 127.27.157.129:37417 every 8 connection(s)
I20260608 09:52:00.846596 29623 catalog_manager.cc:6069] T 00000000000000000000000000000000 P a80e5b31fb1d42b0a631d1f15b4e48d4: Generated new TSK 0
I20260608 09:52:00.848165 29623 catalog_manager.cc:1549] Initializing in-progress tserver states...
I20260608 09:52:00.877504 28278 file_cache.cc:492] Constructed file cache file cache with capacity 419430
I20260608 09:52:00.877655 29695 heartbeater.cc:344] Connected to a master server at 127.27.157.188:43131
I20260608 09:52:00.878237 29695 heartbeater.cc:461] Registering TS with master...
I20260608 09:52:00.879560 29695 heartbeater.cc:507] Master 127.27.157.188:43131 requested a full tablet report, sending...
I20260608 09:52:00.883857 29534 ts_manager.cc:194] Registered new tserver with Master: 54c8434453744b99b4bf64181d5304cf (127.27.157.129:37417)
I20260608 09:52:00.892032 29696 heartbeater.cc:344] Connected to a master server at 127.27.157.189:45965
I20260608 09:52:00.892683 29696 heartbeater.cc:461] Registering TS with master...
W20260608 09:52:00.893352 29702 instance_detector.cc:116] could not retrieve AWS instance metadata: Network error: curl error: HTTP response code said error: The requested URL returned error: 404
I20260608 09:52:00.894011 29696 heartbeater.cc:507] Master 127.27.157.189:45965 requested a full tablet report, sending...
W20260608 09:52:00.895298 29703 instance_detector.cc:116] could not retrieve Azure instance metadata: Network error: curl error: HTTP response code said error: The requested URL returned error: 404
I20260608 09:52:00.898476 29469 ts_manager.cc:194] Registered new tserver with Master: 54c8434453744b99b4bf64181d5304cf (127.27.157.129:37417)
W20260608 09:52:00.899930 29705 instance_detector.cc:116] could not retrieve OpenStack instance metadata: Network error: curl error: HTTP response code said error: The requested URL returned error: 404
I20260608 09:52:00.900955 28278 server_base.cc:1061] running on GCE node
I20260608 09:52:00.902410 28278 hybrid_clock.cc:584] initializing the hybrid clock with 'system_unsync' time source
W20260608 09:52:00.902670 28278 system_unsync_time.cc:38] NTP support is disabled. Clock error bounds will not be accurate. This configuration is not suitable for distributed clusters.
I20260608 09:52:00.902902 28278 hybrid_clock.cc:648] HybridClock initialized: now 1780912320902876 us; error 0 us; skew 500 ppm
I20260608 09:52:00.903709 28278 server_base.cc:861] Flag tcmalloc_max_total_thread_cache_bytes is not working since tcmalloc is not enabled.
I20260608 09:52:00.906303 29698 heartbeater.cc:344] Connected to a master server at 127.27.157.190:38133
I20260608 09:52:00.906805 29698 heartbeater.cc:461] Registering TS with master...
I20260608 09:52:00.907289 28278 webserver.cc:533] Webserver started at http://127.27.157.130:41481/ using document root <none> and password file <none>
I20260608 09:52:00.907810 29698 heartbeater.cc:507] Master 127.27.157.190:38133 requested a full tablet report, sending...
I20260608 09:52:00.907984 28278 fs_manager.cc:362] Metadata directory not provided
I20260608 09:52:00.908327 28278 fs_manager.cc:368] Using write-ahead log directory (fs_wal_dir) as metadata directory
I20260608 09:52:00.908646 28278 server_base.cc:909] This appears to be a new deployment of Kudu; creating new FS layout
I20260608 09:52:00.909915 28278 fs_manager.cc:1068] Generated new instance metadata in path /tmp/dist-test-task_Rfugv/test-tmp/auto_rebalancer-test.0.AutoRebalancerTest.NextLeaderResumesAutoRebalancing.1780912300818377-28278-0/minicluster-data/ts-1-root/instance:
uuid: "8518514e92e64307823bf2fb6342afcf"
format_stamp: "Formatted at 2026-06-08 09:52:00 on dist-test-slave-6rrk"
I20260608 09:52:00.910666 29404 ts_manager.cc:194] Registered new tserver with Master: 54c8434453744b99b4bf64181d5304cf (127.27.157.129:37417)
I20260608 09:52:00.912984 29404 master_service.cc:502] Signed X509 certificate for tserver {username='slave'} at 127.0.0.1:43064
I20260608 09:52:00.915992 28278 fs_manager.cc:696] Time spent creating directory manager: real 0.005s	user 0.007s	sys 0.001s
I20260608 09:52:00.921064 29710 log_block_manager.cc:4031] Time spent loading block containers with low live blocks: real 0.000s	user 0.000s	sys 0.000s
I20260608 09:52:00.922084 28278 fs_manager.cc:730] Time spent opening block manager: real 0.003s	user 0.004s	sys 0.000s
I20260608 09:52:00.922510 28278 fs_manager.cc:647] Opened local filesystem: /tmp/dist-test-task_Rfugv/test-tmp/auto_rebalancer-test.0.AutoRebalancerTest.NextLeaderResumesAutoRebalancing.1780912300818377-28278-0/minicluster-data/ts-1-root
uuid: "8518514e92e64307823bf2fb6342afcf"
format_stamp: "Formatted at 2026-06-08 09:52:00 on dist-test-slave-6rrk"
I20260608 09:52:00.922857 28278 fs_report.cc:389] FS layout report
--------------------
wal directory: /tmp/dist-test-task_Rfugv/test-tmp/auto_rebalancer-test.0.AutoRebalancerTest.NextLeaderResumesAutoRebalancing.1780912300818377-28278-0/minicluster-data/ts-1-root
metadata directory: /tmp/dist-test-task_Rfugv/test-tmp/auto_rebalancer-test.0.AutoRebalancerTest.NextLeaderResumesAutoRebalancing.1780912300818377-28278-0/minicluster-data/ts-1-root
1 data directories: /tmp/dist-test-task_Rfugv/test-tmp/auto_rebalancer-test.0.AutoRebalancerTest.NextLeaderResumesAutoRebalancing.1780912300818377-28278-0/minicluster-data/ts-1-root/data
Total live blocks: 0
Total live bytes: 0
Total live bytes (after alignment): 0
Total number of LBM containers: 0 (0 full)
Did not check for missing blocks
Did not check for orphaned blocks
Total full LBM containers with extra space: 0 (0 repaired)
Total full LBM container extra space in bytes: 0 (0 repaired)
Total incomplete LBM containers: 0 (0 repaired)
Total LBM partial records: 0 (0 repaired)
Total corrupted LBM metadata records in RocksDB: 0 (0 repaired)
I20260608 09:52:00.934544 28278 rpc_server.cc:225] running with OpenSSL 1.1.1  11 Sep 2018
I20260608 09:52:00.936136 28278 kserver.cc:163] Server-wide thread pool size limit: 3276
I20260608 09:52:00.937922 28278 txn_system_client.cc:432] TxnSystemClient initialization is disabled...
I20260608 09:52:00.940791 28278 ts_tablet_manager.cc:585] Loaded tablet metadata (0 total tablets, 0 live tablets)
I20260608 09:52:00.941067 28278 ts_tablet_manager.cc:531] Time spent load tablet metadata: real 0.000s	user 0.000s	sys 0.000s
I20260608 09:52:00.941347 28278 ts_tablet_manager.cc:616] Registered 0 tablets
I20260608 09:52:00.941556 28278 ts_tablet_manager.cc:595] Time spent register tablets: real 0.000s	user 0.000s	sys 0.000s
I20260608 09:52:00.997035 28278 rpc_server.cc:307] RPC server started. Bound to: 127.27.157.130:43787
I20260608 09:52:00.997188 29772 acceptor_pool.cc:272] collecting diagnostics on the listening RPC socket 127.27.157.130:43787 every 8 connection(s)
I20260608 09:52:01.021247 28278 file_cache.cc:492] Constructed file cache file cache with capacity 419430
I20260608 09:52:01.036960 29773 heartbeater.cc:344] Connected to a master server at 127.27.157.188:43131
I20260608 09:52:01.037562 29774 heartbeater.cc:344] Connected to a master server at 127.27.157.189:45965
I20260608 09:52:01.037580 29773 heartbeater.cc:461] Registering TS with master...
I20260608 09:52:01.038223 29774 heartbeater.cc:461] Registering TS with master...
I20260608 09:52:01.039440 29773 heartbeater.cc:507] Master 127.27.157.188:43131 requested a full tablet report, sending...
W20260608 09:52:01.039601 29781 instance_detector.cc:116] could not retrieve Azure instance metadata: Network error: curl error: HTTP response code said error: The requested URL returned error: 404
I20260608 09:52:01.042416 29775 heartbeater.cc:344] Connected to a master server at 127.27.157.190:38133
I20260608 09:52:01.042879 29775 heartbeater.cc:461] Registering TS with master...
I20260608 09:52:01.043269 29534 ts_manager.cc:194] Registered new tserver with Master: 8518514e92e64307823bf2fb6342afcf (127.27.157.130:43787)
I20260608 09:52:01.044021 29775 heartbeater.cc:507] Master 127.27.157.190:38133 requested a full tablet report, sending...
I20260608 09:52:01.047355 29404 ts_manager.cc:194] Registered new tserver with Master: 8518514e92e64307823bf2fb6342afcf (127.27.157.130:43787)
W20260608 09:52:01.048314 29780 instance_detector.cc:116] could not retrieve AWS instance metadata: Network error: curl error: HTTP response code said error: The requested URL returned error: 404
I20260608 09:52:01.048373 29774 heartbeater.cc:507] Master 127.27.157.189:45965 requested a full tablet report, sending...
I20260608 09:52:01.049011 28278 server_base.cc:1061] running on GCE node
I20260608 09:52:01.049829 29404 master_service.cc:502] Signed X509 certificate for tserver {username='slave'} at 127.0.0.1:43068
W20260608 09:52:01.050203 29783 instance_detector.cc:116] could not retrieve OpenStack instance metadata: Network error: curl error: HTTP response code said error: The requested URL returned error: 404
I20260608 09:52:01.051872 28278 hybrid_clock.cc:584] initializing the hybrid clock with 'system_unsync' time source
W20260608 09:52:01.052248 28278 system_unsync_time.cc:38] NTP support is disabled. Clock error bounds will not be accurate. This configuration is not suitable for distributed clusters.
I20260608 09:52:01.052505 28278 hybrid_clock.cc:648] HybridClock initialized: now 1780912321052482 us; error 0 us; skew 500 ppm
I20260608 09:52:01.052728 29469 ts_manager.cc:194] Registered new tserver with Master: 8518514e92e64307823bf2fb6342afcf (127.27.157.130:43787)
I20260608 09:52:01.053507 28278 server_base.cc:861] Flag tcmalloc_max_total_thread_cache_bytes is not working since tcmalloc is not enabled.
I20260608 09:52:01.056842 28278 webserver.cc:533] Webserver started at http://127.27.157.131:46139/ using document root <none> and password file <none>
I20260608 09:52:01.057504 28278 fs_manager.cc:362] Metadata directory not provided
I20260608 09:52:01.057754 28278 fs_manager.cc:368] Using write-ahead log directory (fs_wal_dir) as metadata directory
I20260608 09:52:01.058069 28278 server_base.cc:909] This appears to be a new deployment of Kudu; creating new FS layout
I20260608 09:52:01.059451 28278 fs_manager.cc:1068] Generated new instance metadata in path /tmp/dist-test-task_Rfugv/test-tmp/auto_rebalancer-test.0.AutoRebalancerTest.NextLeaderResumesAutoRebalancing.1780912300818377-28278-0/minicluster-data/ts-2-root/instance:
uuid: "dbb94e0bfe3041b5bc57ae4b190a4e35"
format_stamp: "Formatted at 2026-06-08 09:52:01 on dist-test-slave-6rrk"
I20260608 09:52:01.065207 28278 fs_manager.cc:696] Time spent creating directory manager: real 0.005s	user 0.002s	sys 0.003s
I20260608 09:52:01.069480 29788 log_block_manager.cc:4031] Time spent loading block containers with low live blocks: real 0.000s	user 0.000s	sys 0.000s
I20260608 09:52:01.070458 28278 fs_manager.cc:730] Time spent opening block manager: real 0.003s	user 0.004s	sys 0.000s
I20260608 09:52:01.070834 28278 fs_manager.cc:647] Opened local filesystem: /tmp/dist-test-task_Rfugv/test-tmp/auto_rebalancer-test.0.AutoRebalancerTest.NextLeaderResumesAutoRebalancing.1780912300818377-28278-0/minicluster-data/ts-2-root
uuid: "dbb94e0bfe3041b5bc57ae4b190a4e35"
format_stamp: "Formatted at 2026-06-08 09:52:01 on dist-test-slave-6rrk"
I20260608 09:52:01.071187 28278 fs_report.cc:389] FS layout report
--------------------
wal directory: /tmp/dist-test-task_Rfugv/test-tmp/auto_rebalancer-test.0.AutoRebalancerTest.NextLeaderResumesAutoRebalancing.1780912300818377-28278-0/minicluster-data/ts-2-root
metadata directory: /tmp/dist-test-task_Rfugv/test-tmp/auto_rebalancer-test.0.AutoRebalancerTest.NextLeaderResumesAutoRebalancing.1780912300818377-28278-0/minicluster-data/ts-2-root
1 data directories: /tmp/dist-test-task_Rfugv/test-tmp/auto_rebalancer-test.0.AutoRebalancerTest.NextLeaderResumesAutoRebalancing.1780912300818377-28278-0/minicluster-data/ts-2-root/data
Total live blocks: 0
Total live bytes: 0
Total live bytes (after alignment): 0
Total number of LBM containers: 0 (0 full)
Did not check for missing blocks
Did not check for orphaned blocks
Total full LBM containers with extra space: 0 (0 repaired)
Total full LBM container extra space in bytes: 0 (0 repaired)
Total incomplete LBM containers: 0 (0 repaired)
Total LBM partial records: 0 (0 repaired)
Total corrupted LBM metadata records in RocksDB: 0 (0 repaired)
I20260608 09:52:01.082749 28278 rpc_server.cc:225] running with OpenSSL 1.1.1  11 Sep 2018
I20260608 09:52:01.084381 28278 kserver.cc:163] Server-wide thread pool size limit: 3276
I20260608 09:52:01.085803 28278 txn_system_client.cc:432] TxnSystemClient initialization is disabled...
I20260608 09:52:01.088393 28278 ts_tablet_manager.cc:585] Loaded tablet metadata (0 total tablets, 0 live tablets)
I20260608 09:52:01.088647 28278 ts_tablet_manager.cc:531] Time spent load tablet metadata: real 0.000s	user 0.000s	sys 0.000s
I20260608 09:52:01.088928 28278 ts_tablet_manager.cc:616] Registered 0 tablets
I20260608 09:52:01.089126 28278 ts_tablet_manager.cc:595] Time spent register tablets: real 0.000s	user 0.000s	sys 0.000s
I20260608 09:52:01.194149 28278 rpc_server.cc:307] RPC server started. Bound to: 127.27.157.131:35643
I20260608 09:52:01.194279 29851 acceptor_pool.cc:272] collecting diagnostics on the listening RPC socket 127.27.157.131:35643 every 8 connection(s)
I20260608 09:52:01.230899 29854 heartbeater.cc:344] Connected to a master server at 127.27.157.190:38133
I20260608 09:52:01.231575 29854 heartbeater.cc:461] Registering TS with master...
I20260608 09:52:01.233170 29853 heartbeater.cc:344] Connected to a master server at 127.27.157.189:45965
I20260608 09:52:01.233287 29854 heartbeater.cc:507] Master 127.27.157.190:38133 requested a full tablet report, sending...
I20260608 09:52:01.233824 29853 heartbeater.cc:461] Registering TS with master...
I20260608 09:52:01.235037 29853 heartbeater.cc:507] Master 127.27.157.189:45965 requested a full tablet report, sending...
I20260608 09:52:01.235630 29852 heartbeater.cc:344] Connected to a master server at 127.27.157.188:43131
I20260608 09:52:01.236284 29852 heartbeater.cc:461] Registering TS with master...
I20260608 09:52:01.237600 29852 heartbeater.cc:507] Master 127.27.157.188:43131 requested a full tablet report, sending...
I20260608 09:52:01.240098 29469 ts_manager.cc:194] Registered new tserver with Master: dbb94e0bfe3041b5bc57ae4b190a4e35 (127.27.157.131:35643)
I20260608 09:52:01.241446 29404 ts_manager.cc:194] Registered new tserver with Master: dbb94e0bfe3041b5bc57ae4b190a4e35 (127.27.157.131:35643)
I20260608 09:52:01.242463 29534 ts_manager.cc:194] Registered new tserver with Master: dbb94e0bfe3041b5bc57ae4b190a4e35 (127.27.157.131:35643)
I20260608 09:52:01.242820 28278 internal_mini_cluster.cc:371] 3 TS(s) registered with all masters after 0.027961541s
I20260608 09:52:01.244892 29404 master_service.cc:502] Signed X509 certificate for tserver {username='slave'} at 127.0.0.1:43078
I20260608 09:52:01.593604 29589 catalog_manager.cc:1294] Loaded cluster ID: d5db9cc3d5e847018d499096c6780437
I20260608 09:52:01.594027 29589 catalog_manager.cc:1587] T 00000000000000000000000000000000 P 218e87741c9e4138ad19d7f1081526d5: loading cluster ID for follower catalog manager: success
I20260608 09:52:01.599376 29589 catalog_manager.cc:1609] T 00000000000000000000000000000000 P 218e87741c9e4138ad19d7f1081526d5: acquiring CA information for follower catalog manager: success
I20260608 09:52:01.603458 29589 catalog_manager.cc:1637] T 00000000000000000000000000000000 P 218e87741c9e4138ad19d7f1081526d5: importing token verification keys for follower catalog manager: success; most recent TSK sequence number 0
I20260608 09:52:01.637562 29611 catalog_manager.cc:1294] Loaded cluster ID: d5db9cc3d5e847018d499096c6780437
I20260608 09:52:01.637935 29611 catalog_manager.cc:1587] T 00000000000000000000000000000000 P 7febbf4eb868427585a9a01acace0207: loading cluster ID for follower catalog manager: success
I20260608 09:52:01.643496 29611 catalog_manager.cc:1609] T 00000000000000000000000000000000 P 7febbf4eb868427585a9a01acace0207: acquiring CA information for follower catalog manager: success
I20260608 09:52:01.647612 29611 catalog_manager.cc:1637] T 00000000000000000000000000000000 P 7febbf4eb868427585a9a01acace0207: importing token verification keys for follower catalog manager: success; most recent TSK sequence number 0
I20260608 09:52:01.916985 29698 heartbeater.cc:499] Master 127.27.157.190:38133 was elected leader, sending a full tablet report...
I20260608 09:52:02.053565 29775 heartbeater.cc:499] Master 127.27.157.190:38133 was elected leader, sending a full tablet report...
I20260608 09:52:02.250074 29854 heartbeater.cc:499] Master 127.27.157.190:38133 was elected leader, sending a full tablet report...
I20260608 09:52:02.621971 29604 auto_leader_rebalancer.cc:451] All tables' leader rebalancing finished this round
I20260608 09:52:02.855286 29404 catalog_manager.cc:2282] Servicing CreateTable request from {username='slave'} at 127.0.0.1:43092:
name: "test-workload"
schema {
  columns {
    name: "key"
    type: INT32
    is_key: true
    is_nullable: false
    encoding: AUTO_ENCODING
    compression: DEFAULT_COMPRESSION
    cfile_block_size: 0
    immutable: false
  }
  columns {
    name: "int_val"
    type: INT32
    is_key: false
    is_nullable: false
    encoding: AUTO_ENCODING
    compression: DEFAULT_COMPRESSION
    cfile_block_size: 0
    immutable: false
  }
  columns {
    name: "string_val"
    type: STRING
    is_key: false
    is_nullable: true
    encoding: AUTO_ENCODING
    compression: DEFAULT_COMPRESSION
    cfile_block_size: 0
    immutable: false
  }
}
num_replicas: 1
split_rows_range_bounds {
  rows: "\004\001\000\252\252\252*\004\001\000TUUU""\004\001\000\252\252\252*\004\001\000TUUU"
  indirect_data: """"
}
partition_schema {
  range_schema {
    columns {
      name: "key"
    }
  }
}
I20260608 09:52:02.960366 29660 tablet_service.cc:1511] Processing CreateTablet for tablet 2aa84ce5d70341809b4694e74bd5f0b1 (DEFAULT_TABLE table=test-workload [id=7b9f7efc28444e3d8cafaa2be116048f]), partition=RANGE (key) PARTITION VALUES < 715827882
I20260608 09:52:02.962456 29660 data_dirs.cc:400] Could only allocate 1 dirs of requested 3 for tablet 2aa84ce5d70341809b4694e74bd5f0b1. 1 dirs total, 0 dirs full, 0 dirs failed
I20260608 09:52:02.966867 29817 tablet_service.cc:1511] Processing CreateTablet for tablet 24b27e1bed7d4cdeb569b73b92635269 (DEFAULT_TABLE table=test-workload [id=7b9f7efc28444e3d8cafaa2be116048f]), partition=RANGE (key) PARTITION 715827882 <= VALUES < 1431655764
I20260608 09:52:02.970227 29817 data_dirs.cc:400] Could only allocate 1 dirs of requested 3 for tablet 24b27e1bed7d4cdeb569b73b92635269. 1 dirs total, 0 dirs full, 0 dirs failed
I20260608 09:52:02.973104 29738 tablet_service.cc:1511] Processing CreateTablet for tablet f1321f236b7c4d2a88e4163abf3716fb (DEFAULT_TABLE table=test-workload [id=7b9f7efc28444e3d8cafaa2be116048f]), partition=RANGE (key) PARTITION 1431655764 <= VALUES
I20260608 09:52:02.974973 29738 data_dirs.cc:400] Could only allocate 1 dirs of requested 3 for tablet f1321f236b7c4d2a88e4163abf3716fb. 1 dirs total, 0 dirs full, 0 dirs failed
I20260608 09:52:02.984303 29888 tablet_bootstrap.cc:492] T 2aa84ce5d70341809b4694e74bd5f0b1 P 54c8434453744b99b4bf64181d5304cf: Bootstrap starting.
I20260608 09:52:02.997491 29888 tablet_bootstrap.cc:654] T 2aa84ce5d70341809b4694e74bd5f0b1 P 54c8434453744b99b4bf64181d5304cf: Neither blocks nor log segments found. Creating new log.
I20260608 09:52:03.006609 29890 tablet_bootstrap.cc:492] T f1321f236b7c4d2a88e4163abf3716fb P 8518514e92e64307823bf2fb6342afcf: Bootstrap starting.
I20260608 09:52:03.007476 29889 tablet_bootstrap.cc:492] T 24b27e1bed7d4cdeb569b73b92635269 P dbb94e0bfe3041b5bc57ae4b190a4e35: Bootstrap starting.
I20260608 09:52:03.013090 29888 tablet_bootstrap.cc:492] T 2aa84ce5d70341809b4694e74bd5f0b1 P 54c8434453744b99b4bf64181d5304cf: No bootstrap required, opened a new log
I20260608 09:52:03.013916 29888 ts_tablet_manager.cc:1403] T 2aa84ce5d70341809b4694e74bd5f0b1 P 54c8434453744b99b4bf64181d5304cf: Time spent bootstrapping tablet: real 0.030s	user 0.011s	sys 0.010s
I20260608 09:52:03.016810 29890 tablet_bootstrap.cc:654] T f1321f236b7c4d2a88e4163abf3716fb P 8518514e92e64307823bf2fb6342afcf: Neither blocks nor log segments found. Creating new log.
I20260608 09:52:03.018414 29889 tablet_bootstrap.cc:654] T 24b27e1bed7d4cdeb569b73b92635269 P dbb94e0bfe3041b5bc57ae4b190a4e35: Neither blocks nor log segments found. Creating new log.
I20260608 09:52:03.018258 29888 raft_consensus.cc:359] T 2aa84ce5d70341809b4694e74bd5f0b1 P 54c8434453744b99b4bf64181d5304cf [term 0 FOLLOWER]: Replica starting. Triggering 0 pending ops. Active config: opid_index: -1 OBSOLETE_local: true peers { permanent_uuid: "54c8434453744b99b4bf64181d5304cf" member_type: VOTER last_known_addr { host: "127.27.157.129" port: 37417 } }
I20260608 09:52:03.019104 29888 raft_consensus.cc:385] T 2aa84ce5d70341809b4694e74bd5f0b1 P 54c8434453744b99b4bf64181d5304cf [term 0 FOLLOWER]: Consensus starting up: Expiring failure detector timer to make a prompt election more likely
I20260608 09:52:03.019524 29888 raft_consensus.cc:740] T 2aa84ce5d70341809b4694e74bd5f0b1 P 54c8434453744b99b4bf64181d5304cf [term 0 FOLLOWER]: Becoming Follower/Learner. State: Replica: 54c8434453744b99b4bf64181d5304cf, State: Initialized, Role: FOLLOWER
I20260608 09:52:03.020987 29888 consensus_queue.cc:260] T 2aa84ce5d70341809b4694e74bd5f0b1 P 54c8434453744b99b4bf64181d5304cf [NON_LEADER]: Queue going to NON_LEADER mode. State: All replicated index: 0, Majority replicated index: 0, Committed index: 0, Last appended: 0.0, Last appended by leader: 0, Current term: 0, Majority size: -1, State: 0, Mode: NON_LEADER, active raft config: opid_index: -1 OBSOLETE_local: true peers { permanent_uuid: "54c8434453744b99b4bf64181d5304cf" member_type: VOTER last_known_addr { host: "127.27.157.129" port: 37417 } }
I20260608 09:52:03.023525 29890 tablet_bootstrap.cc:492] T f1321f236b7c4d2a88e4163abf3716fb P 8518514e92e64307823bf2fb6342afcf: No bootstrap required, opened a new log
I20260608 09:52:03.023696 29888 raft_consensus.cc:399] T 2aa84ce5d70341809b4694e74bd5f0b1 P 54c8434453744b99b4bf64181d5304cf [term 0 FOLLOWER]: Only one voter in the Raft config. Triggering election immediately
I20260608 09:52:03.024228 29888 raft_consensus.cc:493] T 2aa84ce5d70341809b4694e74bd5f0b1 P 54c8434453744b99b4bf64181d5304cf [term 0 FOLLOWER]: Starting leader election (initial election of a single-replica configuration)
I20260608 09:52:03.024413 29890 ts_tablet_manager.cc:1403] T f1321f236b7c4d2a88e4163abf3716fb P 8518514e92e64307823bf2fb6342afcf: Time spent bootstrapping tablet: real 0.018s	user 0.009s	sys 0.007s
I20260608 09:52:03.024722 29888 raft_consensus.cc:3060] T 2aa84ce5d70341809b4694e74bd5f0b1 P 54c8434453744b99b4bf64181d5304cf [term 0 FOLLOWER]: Advancing to term 1
I20260608 09:52:03.027107 29889 tablet_bootstrap.cc:492] T 24b27e1bed7d4cdeb569b73b92635269 P dbb94e0bfe3041b5bc57ae4b190a4e35: No bootstrap required, opened a new log
I20260608 09:52:03.027774 29889 ts_tablet_manager.cc:1403] T 24b27e1bed7d4cdeb569b73b92635269 P dbb94e0bfe3041b5bc57ae4b190a4e35: Time spent bootstrapping tablet: real 0.021s	user 0.011s	sys 0.007s
I20260608 09:52:03.028190 29890 raft_consensus.cc:359] T f1321f236b7c4d2a88e4163abf3716fb P 8518514e92e64307823bf2fb6342afcf [term 0 FOLLOWER]: Replica starting. Triggering 0 pending ops. Active config: opid_index: -1 OBSOLETE_local: true peers { permanent_uuid: "8518514e92e64307823bf2fb6342afcf" member_type: VOTER last_known_addr { host: "127.27.157.130" port: 43787 } }
I20260608 09:52:03.028908 29890 raft_consensus.cc:385] T f1321f236b7c4d2a88e4163abf3716fb P 8518514e92e64307823bf2fb6342afcf [term 0 FOLLOWER]: Consensus starting up: Expiring failure detector timer to make a prompt election more likely
I20260608 09:52:03.029273 29890 raft_consensus.cc:740] T f1321f236b7c4d2a88e4163abf3716fb P 8518514e92e64307823bf2fb6342afcf [term 0 FOLLOWER]: Becoming Follower/Learner. State: Replica: 8518514e92e64307823bf2fb6342afcf, State: Initialized, Role: FOLLOWER
I20260608 09:52:03.030330 29890 consensus_queue.cc:260] T f1321f236b7c4d2a88e4163abf3716fb P 8518514e92e64307823bf2fb6342afcf [NON_LEADER]: Queue going to NON_LEADER mode. State: All replicated index: 0, Majority replicated index: 0, Committed index: 0, Last appended: 0.0, Last appended by leader: 0, Current term: 0, Majority size: -1, State: 0, Mode: NON_LEADER, active raft config: opid_index: -1 OBSOLETE_local: true peers { permanent_uuid: "8518514e92e64307823bf2fb6342afcf" member_type: VOTER last_known_addr { host: "127.27.157.130" port: 43787 } }
I20260608 09:52:03.031095 29890 raft_consensus.cc:399] T f1321f236b7c4d2a88e4163abf3716fb P 8518514e92e64307823bf2fb6342afcf [term 0 FOLLOWER]: Only one voter in the Raft config. Triggering election immediately
I20260608 09:52:03.031464 29890 raft_consensus.cc:493] T f1321f236b7c4d2a88e4163abf3716fb P 8518514e92e64307823bf2fb6342afcf [term 0 FOLLOWER]: Starting leader election (initial election of a single-replica configuration)
I20260608 09:52:03.031908 29890 raft_consensus.cc:3060] T f1321f236b7c4d2a88e4163abf3716fb P 8518514e92e64307823bf2fb6342afcf [term 0 FOLLOWER]: Advancing to term 1
I20260608 09:52:03.031836 29889 raft_consensus.cc:359] T 24b27e1bed7d4cdeb569b73b92635269 P dbb94e0bfe3041b5bc57ae4b190a4e35 [term 0 FOLLOWER]: Replica starting. Triggering 0 pending ops. Active config: opid_index: -1 OBSOLETE_local: true peers { permanent_uuid: "dbb94e0bfe3041b5bc57ae4b190a4e35" member_type: VOTER last_known_addr { host: "127.27.157.131" port: 35643 } }
I20260608 09:52:03.032732 29889 raft_consensus.cc:385] T 24b27e1bed7d4cdeb569b73b92635269 P dbb94e0bfe3041b5bc57ae4b190a4e35 [term 0 FOLLOWER]: Consensus starting up: Expiring failure detector timer to make a prompt election more likely
I20260608 09:52:03.033071 29889 raft_consensus.cc:740] T 24b27e1bed7d4cdeb569b73b92635269 P dbb94e0bfe3041b5bc57ae4b190a4e35 [term 0 FOLLOWER]: Becoming Follower/Learner. State: Replica: dbb94e0bfe3041b5bc57ae4b190a4e35, State: Initialized, Role: FOLLOWER
I20260608 09:52:03.033465 29888 raft_consensus.cc:515] T 2aa84ce5d70341809b4694e74bd5f0b1 P 54c8434453744b99b4bf64181d5304cf [term 1 FOLLOWER]: Starting leader election with config: opid_index: -1 OBSOLETE_local: true peers { permanent_uuid: "54c8434453744b99b4bf64181d5304cf" member_type: VOTER last_known_addr { host: "127.27.157.129" port: 37417 } }
I20260608 09:52:03.033948 29889 consensus_queue.cc:260] T 24b27e1bed7d4cdeb569b73b92635269 P dbb94e0bfe3041b5bc57ae4b190a4e35 [NON_LEADER]: Queue going to NON_LEADER mode. State: All replicated index: 0, Majority replicated index: 0, Committed index: 0, Last appended: 0.0, Last appended by leader: 0, Current term: 0, Majority size: -1, State: 0, Mode: NON_LEADER, active raft config: opid_index: -1 OBSOLETE_local: true peers { permanent_uuid: "dbb94e0bfe3041b5bc57ae4b190a4e35" member_type: VOTER last_known_addr { host: "127.27.157.131" port: 35643 } }
I20260608 09:52:03.034336 29888 leader_election.cc:304] T 2aa84ce5d70341809b4694e74bd5f0b1 P 54c8434453744b99b4bf64181d5304cf [CANDIDATE]: Term 1 election: Election decided. Result: candidate won. Election summary: received 1 responses out of 1 voters: 1 yes votes; 0 no votes. yes voters: 54c8434453744b99b4bf64181d5304cf; no voters: 
I20260608 09:52:03.034754 29889 raft_consensus.cc:399] T 24b27e1bed7d4cdeb569b73b92635269 P dbb94e0bfe3041b5bc57ae4b190a4e35 [term 0 FOLLOWER]: Only one voter in the Raft config. Triggering election immediately
I20260608 09:52:03.035132 29889 raft_consensus.cc:493] T 24b27e1bed7d4cdeb569b73b92635269 P dbb94e0bfe3041b5bc57ae4b190a4e35 [term 0 FOLLOWER]: Starting leader election (initial election of a single-replica configuration)
I20260608 09:52:03.035604 29889 raft_consensus.cc:3060] T 24b27e1bed7d4cdeb569b73b92635269 P dbb94e0bfe3041b5bc57ae4b190a4e35 [term 0 FOLLOWER]: Advancing to term 1
I20260608 09:52:03.036330 29888 leader_election.cc:290] T 2aa84ce5d70341809b4694e74bd5f0b1 P 54c8434453744b99b4bf64181d5304cf [CANDIDATE]: Term 1 election: Requested vote from peers 
I20260608 09:52:03.037045 29894 raft_consensus.cc:2804] T 2aa84ce5d70341809b4694e74bd5f0b1 P 54c8434453744b99b4bf64181d5304cf [term 1 FOLLOWER]: Leader election won for term 1
I20260608 09:52:03.040481 29890 raft_consensus.cc:515] T f1321f236b7c4d2a88e4163abf3716fb P 8518514e92e64307823bf2fb6342afcf [term 1 FOLLOWER]: Starting leader election with config: opid_index: -1 OBSOLETE_local: true peers { permanent_uuid: "8518514e92e64307823bf2fb6342afcf" member_type: VOTER last_known_addr { host: "127.27.157.130" port: 43787 } }
I20260608 09:52:03.041848 29890 leader_election.cc:304] T f1321f236b7c4d2a88e4163abf3716fb P 8518514e92e64307823bf2fb6342afcf [CANDIDATE]: Term 1 election: Election decided. Result: candidate won. Election summary: received 1 responses out of 1 voters: 1 yes votes; 0 no votes. yes voters: 8518514e92e64307823bf2fb6342afcf; no voters: 
I20260608 09:52:03.045105 29894 raft_consensus.cc:697] T 2aa84ce5d70341809b4694e74bd5f0b1 P 54c8434453744b99b4bf64181d5304cf [term 1 LEADER]: Becoming Leader. State: Replica: 54c8434453744b99b4bf64181d5304cf, State: Running, Role: LEADER
I20260608 09:52:03.046612 29889 raft_consensus.cc:515] T 24b27e1bed7d4cdeb569b73b92635269 P dbb94e0bfe3041b5bc57ae4b190a4e35 [term 1 FOLLOWER]: Starting leader election with config: opid_index: -1 OBSOLETE_local: true peers { permanent_uuid: "dbb94e0bfe3041b5bc57ae4b190a4e35" member_type: VOTER last_known_addr { host: "127.27.157.131" port: 35643 } }
I20260608 09:52:03.048941 29889 leader_election.cc:304] T 24b27e1bed7d4cdeb569b73b92635269 P dbb94e0bfe3041b5bc57ae4b190a4e35 [CANDIDATE]: Term 1 election: Election decided. Result: candidate won. Election summary: received 1 responses out of 1 voters: 1 yes votes; 0 no votes. yes voters: dbb94e0bfe3041b5bc57ae4b190a4e35; no voters: 
I20260608 09:52:03.049479 29888 ts_tablet_manager.cc:1434] T 2aa84ce5d70341809b4694e74bd5f0b1 P 54c8434453744b99b4bf64181d5304cf: Time spent starting tablet: real 0.035s	user 0.014s	sys 0.018s
I20260608 09:52:03.046438 29894 consensus_queue.cc:237] T 2aa84ce5d70341809b4694e74bd5f0b1 P 54c8434453744b99b4bf64181d5304cf [LEADER]: Queue going to LEADER mode. State: All replicated index: 0, Majority replicated index: 0, Committed index: 0, Last appended: 0.0, Last appended by leader: 0, Current term: 1, Majority size: 1, State: 0, Mode: LEADER, active raft config: opid_index: -1 OBSOLETE_local: true peers { permanent_uuid: "54c8434453744b99b4bf64181d5304cf" member_type: VOTER last_known_addr { host: "127.27.157.129" port: 37417 } }
I20260608 09:52:03.054056 29890 leader_election.cc:290] T f1321f236b7c4d2a88e4163abf3716fb P 8518514e92e64307823bf2fb6342afcf [CANDIDATE]: Term 1 election: Requested vote from peers 
I20260608 09:52:03.054745 29897 raft_consensus.cc:2804] T f1321f236b7c4d2a88e4163abf3716fb P 8518514e92e64307823bf2fb6342afcf [term 1 FOLLOWER]: Leader election won for term 1
I20260608 09:52:03.056272 29889 leader_election.cc:290] T 24b27e1bed7d4cdeb569b73b92635269 P dbb94e0bfe3041b5bc57ae4b190a4e35 [CANDIDATE]: Term 1 election: Requested vote from peers 
I20260608 09:52:03.057410 29898 raft_consensus.cc:2804] T 24b27e1bed7d4cdeb569b73b92635269 P dbb94e0bfe3041b5bc57ae4b190a4e35 [term 1 FOLLOWER]: Leader election won for term 1
I20260608 09:52:03.063807 29890 ts_tablet_manager.cc:1434] T f1321f236b7c4d2a88e4163abf3716fb P 8518514e92e64307823bf2fb6342afcf: Time spent starting tablet: real 0.039s	user 0.023s	sys 0.009s
I20260608 09:52:03.064595 29897 raft_consensus.cc:697] T f1321f236b7c4d2a88e4163abf3716fb P 8518514e92e64307823bf2fb6342afcf [term 1 LEADER]: Becoming Leader. State: Replica: 8518514e92e64307823bf2fb6342afcf, State: Running, Role: LEADER
I20260608 09:52:03.074899 29897 consensus_queue.cc:237] T f1321f236b7c4d2a88e4163abf3716fb P 8518514e92e64307823bf2fb6342afcf [LEADER]: Queue going to LEADER mode. State: All replicated index: 0, Majority replicated index: 0, Committed index: 0, Last appended: 0.0, Last appended by leader: 0, Current term: 1, Majority size: 1, State: 0, Mode: LEADER, active raft config: opid_index: -1 OBSOLETE_local: true peers { permanent_uuid: "8518514e92e64307823bf2fb6342afcf" member_type: VOTER last_known_addr { host: "127.27.157.130" port: 43787 } }
I20260608 09:52:03.071632 29404 catalog_manager.cc:5696] T 2aa84ce5d70341809b4694e74bd5f0b1 P 54c8434453744b99b4bf64181d5304cf reported cstate change: term changed from 0 to 1, leader changed from <none> to 54c8434453744b99b4bf64181d5304cf (127.27.157.129). New cstate: current_term: 1 leader_uuid: "54c8434453744b99b4bf64181d5304cf" committed_config { opid_index: -1 OBSOLETE_local: true peers { permanent_uuid: "54c8434453744b99b4bf64181d5304cf" member_type: VOTER last_known_addr { host: "127.27.157.129" port: 37417 } health_report { overall_health: HEALTHY } } }
I20260608 09:52:03.073804 29898 raft_consensus.cc:697] T 24b27e1bed7d4cdeb569b73b92635269 P dbb94e0bfe3041b5bc57ae4b190a4e35 [term 1 LEADER]: Becoming Leader. State: Replica: dbb94e0bfe3041b5bc57ae4b190a4e35, State: Running, Role: LEADER
I20260608 09:52:03.088030 29898 consensus_queue.cc:237] T 24b27e1bed7d4cdeb569b73b92635269 P dbb94e0bfe3041b5bc57ae4b190a4e35 [LEADER]: Queue going to LEADER mode. State: All replicated index: 0, Majority replicated index: 0, Committed index: 0, Last appended: 0.0, Last appended by leader: 0, Current term: 1, Majority size: 1, State: 0, Mode: LEADER, active raft config: opid_index: -1 OBSOLETE_local: true peers { permanent_uuid: "dbb94e0bfe3041b5bc57ae4b190a4e35" member_type: VOTER last_known_addr { host: "127.27.157.131" port: 35643 } }
I20260608 09:52:03.068401 29889 ts_tablet_manager.cc:1434] T 24b27e1bed7d4cdeb569b73b92635269 P dbb94e0bfe3041b5bc57ae4b190a4e35: Time spent starting tablet: real 0.040s	user 0.021s	sys 0.006s
I20260608 09:52:03.091415 29402 catalog_manager.cc:5696] T f1321f236b7c4d2a88e4163abf3716fb P 8518514e92e64307823bf2fb6342afcf reported cstate change: term changed from 0 to 1, leader changed from <none> to 8518514e92e64307823bf2fb6342afcf (127.27.157.130). New cstate: current_term: 1 leader_uuid: "8518514e92e64307823bf2fb6342afcf" committed_config { opid_index: -1 OBSOLETE_local: true peers { permanent_uuid: "8518514e92e64307823bf2fb6342afcf" member_type: VOTER last_known_addr { host: "127.27.157.130" port: 43787 } health_report { overall_health: HEALTHY } } }
I20260608 09:52:03.124712 29404 catalog_manager.cc:5696] T 24b27e1bed7d4cdeb569b73b92635269 P dbb94e0bfe3041b5bc57ae4b190a4e35 reported cstate change: term changed from 0 to 1, leader changed from <none> to dbb94e0bfe3041b5bc57ae4b190a4e35 (127.27.157.131). New cstate: current_term: 1 leader_uuid: "dbb94e0bfe3041b5bc57ae4b190a4e35" committed_config { opid_index: -1 OBSOLETE_local: true peers { permanent_uuid: "dbb94e0bfe3041b5bc57ae4b190a4e35" member_type: VOTER last_known_addr { host: "127.27.157.131" port: 35643 } health_report { overall_health: HEALTHY } } }
I20260608 09:52:03.174870 28278 master.cc:562] Master@127.27.157.190:38133 shutting down...
I20260608 09:52:03.207463 28278 raft_consensus.cc:2243] T 00000000000000000000000000000000 P a80e5b31fb1d42b0a631d1f15b4e48d4 [term 1 LEADER]: Raft consensus shutting down.
I20260608 09:52:03.208778 28278 raft_consensus.cc:2272] T 00000000000000000000000000000000 P a80e5b31fb1d42b0a631d1f15b4e48d4 [term 1 FOLLOWER]: Raft consensus is shut down!
I20260608 09:52:03.209380 28278 tablet_replica.cc:333] T 00000000000000000000000000000000 P a80e5b31fb1d42b0a631d1f15b4e48d4: stopping tablet replica
I20260608 09:52:03.235420 28278 master.cc:584] Master@127.27.157.190:38133 shutdown complete.
W20260608 09:52:04.129117 29698 heartbeater.cc:646] Failed to heartbeat to 127.27.157.190:38133 (0 consecutive failures): Network error: Failed to send heartbeat to master: Client connection negotiation failed: client connection to 127.27.157.190:38133: connect: Connection refused (error 111)
I20260608 09:52:04.647235 29911 raft_consensus.cc:493] T 00000000000000000000000000000000 P 7febbf4eb868427585a9a01acace0207 [term 1 FOLLOWER]: Starting pre-election (detected failure of leader a80e5b31fb1d42b0a631d1f15b4e48d4)
I20260608 09:52:04.648118 29911 raft_consensus.cc:515] T 00000000000000000000000000000000 P 7febbf4eb868427585a9a01acace0207 [term 1 FOLLOWER]: Starting pre-election with config: opid_index: -1 OBSOLETE_local: false peers { permanent_uuid: "a80e5b31fb1d42b0a631d1f15b4e48d4" member_type: VOTER last_known_addr { host: "127.27.157.190" port: 38133 } } peers { permanent_uuid: "218e87741c9e4138ad19d7f1081526d5" member_type: VOTER last_known_addr { host: "127.27.157.189" port: 45965 } } peers { permanent_uuid: "7febbf4eb868427585a9a01acace0207" member_type: VOTER last_known_addr { host: "127.27.157.188" port: 43131 } }
I20260608 09:52:04.650461 29911 leader_election.cc:290] T 00000000000000000000000000000000 P 7febbf4eb868427585a9a01acace0207 [CANDIDATE]: Term 2 pre-election: Requested pre-vote from peers a80e5b31fb1d42b0a631d1f15b4e48d4 (127.27.157.190:38133), 218e87741c9e4138ad19d7f1081526d5 (127.27.157.189:45965)
I20260608 09:52:04.652045 29479 tablet_service.cc:1917] Received RequestConsensusVote() RPC: tablet_id: "00000000000000000000000000000000" candidate_uuid: "7febbf4eb868427585a9a01acace0207" candidate_term: 2 candidate_status { last_received { term: 1 index: 9 } } ignore_live_leader: false dest_uuid: "218e87741c9e4138ad19d7f1081526d5" is_pre_election: true
W20260608 09:52:04.653524 29518 proxy.cc:239] Call had error, refreshing address and retrying: Network error: Client connection negotiation failed: client connection to 127.27.157.190:38133: connect: Connection refused (error 111) [suppressed 11 similar messages]
W20260608 09:52:04.658056 29518 leader_election.cc:336] T 00000000000000000000000000000000 P 7febbf4eb868427585a9a01acace0207 [CANDIDATE]: Term 2 pre-election: RPC error from VoteRequest() call to peer a80e5b31fb1d42b0a631d1f15b4e48d4 (127.27.157.190:38133): Network error: Client connection negotiation failed: client connection to 127.27.157.190:38133: connect: Connection refused (error 111)
I20260608 09:52:04.658540 29518 leader_election.cc:304] T 00000000000000000000000000000000 P 7febbf4eb868427585a9a01acace0207 [CANDIDATE]: Term 2 pre-election: Election decided. Result: candidate lost. Election summary: received 3 responses out of 3 voters: 1 yes votes; 2 no votes. yes voters: 7febbf4eb868427585a9a01acace0207; no voters: 218e87741c9e4138ad19d7f1081526d5, a80e5b31fb1d42b0a631d1f15b4e48d4
I20260608 09:52:04.659368 29911 raft_consensus.cc:2749] T 00000000000000000000000000000000 P 7febbf4eb868427585a9a01acace0207 [term 1 FOLLOWER]: Leader pre-election lost for term 2. Reason: could not achieve majority
I20260608 09:52:04.663151 29914 raft_consensus.cc:493] T 00000000000000000000000000000000 P 218e87741c9e4138ad19d7f1081526d5 [term 1 FOLLOWER]: Starting pre-election (detected failure of leader a80e5b31fb1d42b0a631d1f15b4e48d4)
I20260608 09:52:04.663924 29914 raft_consensus.cc:515] T 00000000000000000000000000000000 P 218e87741c9e4138ad19d7f1081526d5 [term 1 FOLLOWER]: Starting pre-election with config: opid_index: -1 OBSOLETE_local: false peers { permanent_uuid: "a80e5b31fb1d42b0a631d1f15b4e48d4" member_type: VOTER last_known_addr { host: "127.27.157.190" port: 38133 } } peers { permanent_uuid: "218e87741c9e4138ad19d7f1081526d5" member_type: VOTER last_known_addr { host: "127.27.157.189" port: 45965 } } peers { permanent_uuid: "7febbf4eb868427585a9a01acace0207" member_type: VOTER last_known_addr { host: "127.27.157.188" port: 43131 } }
I20260608 09:52:04.666440 29914 leader_election.cc:290] T 00000000000000000000000000000000 P 218e87741c9e4138ad19d7f1081526d5 [CANDIDATE]: Term 2 pre-election: Requested pre-vote from peers a80e5b31fb1d42b0a631d1f15b4e48d4 (127.27.157.190:38133), 7febbf4eb868427585a9a01acace0207 (127.27.157.188:43131)
I20260608 09:52:04.668120 29544 tablet_service.cc:1917] Received RequestConsensusVote() RPC: tablet_id: "00000000000000000000000000000000" candidate_uuid: "218e87741c9e4138ad19d7f1081526d5" candidate_term: 2 candidate_status { last_received { term: 1 index: 9 } } ignore_live_leader: false dest_uuid: "7febbf4eb868427585a9a01acace0207" is_pre_election: true
