I20260608 09:51:47.676599 14075 tablet_bootstrap.cc:492] T 28061a8c3acf4bd6b1e017af4d860032 P 1ad8a722cd3448feb4cc6fc60064b9ed: No bootstrap required, opened a new log
I20260608 09:51:47.677273 14075 ts_tablet_manager.cc:1403] T 28061a8c3acf4bd6b1e017af4d860032 P 1ad8a722cd3448feb4cc6fc60064b9ed: Time spent bootstrapping tablet: real 0.058s	user 0.015s	sys 0.006s
I20260608 09:51:47.679826 14076 raft_consensus.cc:359] T 16e0aed16d304b67b5dd1c0de18826e4 P 4d6d419278de480a8dd795f8766844b5 [term 0 FOLLOWER]: Replica starting. Triggering 0 pending ops. Active config: opid_index: -1 OBSOLETE_local: false peers { permanent_uuid: "51d31ebde8f24ba3ad1462bc4c559177" member_type: VOTER last_known_addr { host: "127.12.230.193" port: 36801 } } peers { permanent_uuid: "1ad8a722cd3448feb4cc6fc60064b9ed" member_type: VOTER last_known_addr { host: "127.12.230.194" port: 41585 } } peers { permanent_uuid: "4d6d419278de480a8dd795f8766844b5" member_type: VOTER last_known_addr { host: "127.12.230.195" port: 39901 } }
I20260608 09:51:47.683552 14076 raft_consensus.cc:385] T 16e0aed16d304b67b5dd1c0de18826e4 P 4d6d419278de480a8dd795f8766844b5 [term 0 FOLLOWER]: Consensus starting up: Expiring failure detector timer to make a prompt election more likely
I20260608 09:51:47.683461 13879 tablet_service.cc:1917] Received RequestConsensusVote() RPC: tablet_id: "10f7bd26062a494ea7dc70ac92f1686d" candidate_uuid: "1ad8a722cd3448feb4cc6fc60064b9ed" candidate_term: 1 candidate_status { last_received { term: 0 index: 0 } } ignore_live_leader: false dest_uuid: "51d31ebde8f24ba3ad1462bc4c559177" is_pre_election: true
I20260608 09:51:47.683718 14103 raft_consensus.cc:493] T 37b312e71a2e48bf8c401ca1fe278707 P 4d6d419278de480a8dd795f8766844b5 [term 0 FOLLOWER]: Starting pre-election (no leader contacted us within the election timeout)
I20260608 09:51:47.682068 14084 raft_consensus.cc:493] T 16e0aed16d304b67b5dd1c0de18826e4 P 1ad8a722cd3448feb4cc6fc60064b9ed [term 0 FOLLOWER]: Starting pre-election (no leader contacted us within the election timeout)
I20260608 09:51:47.684165 13879 raft_consensus.cc:2468] T 10f7bd26062a494ea7dc70ac92f1686d P 51d31ebde8f24ba3ad1462bc4c559177 [term 0 FOLLOWER]: Leader pre-election vote request: Granting yes vote for candidate 1ad8a722cd3448feb4cc6fc60064b9ed in term 0.
I20260608 09:51:47.683946 14076 raft_consensus.cc:740] T 16e0aed16d304b67b5dd1c0de18826e4 P 4d6d419278de480a8dd795f8766844b5 [term 0 FOLLOWER]: Becoming Follower/Learner. State: Replica: 4d6d419278de480a8dd795f8766844b5, State: Initialized, Role: FOLLOWER
I20260608 09:51:47.684535 14084 raft_consensus.cc:515] T 16e0aed16d304b67b5dd1c0de18826e4 P 1ad8a722cd3448feb4cc6fc60064b9ed [term 0 FOLLOWER]: Starting pre-election with config: opid_index: -1 OBSOLETE_local: false peers { permanent_uuid: "51d31ebde8f24ba3ad1462bc4c559177" member_type: VOTER last_known_addr { host: "127.12.230.193" port: 36801 } } peers { permanent_uuid: "1ad8a722cd3448feb4cc6fc60064b9ed" member_type: VOTER last_known_addr { host: "127.12.230.194" port: 41585 } } peers { permanent_uuid: "4d6d419278de480a8dd795f8766844b5" member_type: VOTER last_known_addr { host: "127.12.230.195" port: 39901 } }
I20260608 09:51:47.685060 14076 consensus_queue.cc:260] T 16e0aed16d304b67b5dd1c0de18826e4 P 4d6d419278de480a8dd795f8766844b5 [NON_LEADER]: Queue going to NON_LEADER mode. State: All replicated index: 0, Majority replicated index: 0, Committed index: 0, Last appended: 0.0, Last appended by leader: 0, Current term: 0, Majority size: -1, State: 0, Mode: NON_LEADER, active raft config: opid_index: -1 OBSOLETE_local: false peers { permanent_uuid: "51d31ebde8f24ba3ad1462bc4c559177" member_type: VOTER last_known_addr { host: "127.12.230.193" port: 36801 } } peers { permanent_uuid: "1ad8a722cd3448feb4cc6fc60064b9ed" member_type: VOTER last_known_addr { host: "127.12.230.194" port: 41585 } } peers { permanent_uuid: "4d6d419278de480a8dd795f8766844b5" member_type: VOTER last_known_addr { host: "127.12.230.195" port: 39901 } }
I20260608 09:51:47.685811 13918 leader_election.cc:304] T 10f7bd26062a494ea7dc70ac92f1686d P 1ad8a722cd3448feb4cc6fc60064b9ed [CANDIDATE]: Term 1 pre-election: Election decided. Result: candidate won. Election summary: received 2 responses out of 3 voters: 2 yes votes; 0 no votes. yes voters: 1ad8a722cd3448feb4cc6fc60064b9ed, 51d31ebde8f24ba3ad1462bc4c559177; no voters: 
I20260608 09:51:47.681304 14075 raft_consensus.cc:359] T 28061a8c3acf4bd6b1e017af4d860032 P 1ad8a722cd3448feb4cc6fc60064b9ed [term 0 FOLLOWER]: Replica starting. Triggering 0 pending ops. Active config: opid_index: -1 OBSOLETE_local: false peers { permanent_uuid: "51d31ebde8f24ba3ad1462bc4c559177" member_type: VOTER last_known_addr { host: "127.12.230.193" port: 36801 } } peers { permanent_uuid: "1ad8a722cd3448feb4cc6fc60064b9ed" member_type: VOTER last_known_addr { host: "127.12.230.194" port: 41585 } } peers { permanent_uuid: "4d6d419278de480a8dd795f8766844b5" member_type: VOTER last_known_addr { host: "127.12.230.195" port: 39901 } }
I20260608 09:51:47.686426 14075 raft_consensus.cc:385] T 28061a8c3acf4bd6b1e017af4d860032 P 1ad8a722cd3448feb4cc6fc60064b9ed [term 0 FOLLOWER]: Consensus starting up: Expiring failure detector timer to make a prompt election more likely
I20260608 09:51:47.686774 14075 raft_consensus.cc:740] T 28061a8c3acf4bd6b1e017af4d860032 P 1ad8a722cd3448feb4cc6fc60064b9ed [term 0 FOLLOWER]: Becoming Follower/Learner. State: Replica: 1ad8a722cd3448feb4cc6fc60064b9ed, State: Initialized, Role: FOLLOWER
I20260608 09:51:47.687537 14084 leader_election.cc:290] T 16e0aed16d304b67b5dd1c0de18826e4 P 1ad8a722cd3448feb4cc6fc60064b9ed [CANDIDATE]: Term 1 pre-election: Requested pre-vote from peers 51d31ebde8f24ba3ad1462bc4c559177 (127.12.230.193:36801), 4d6d419278de480a8dd795f8766844b5 (127.12.230.195:39901)
I20260608 09:51:47.688230 14084 raft_consensus.cc:2804] T 10f7bd26062a494ea7dc70ac92f1686d P 1ad8a722cd3448feb4cc6fc60064b9ed [term 0 FOLLOWER]: Leader pre-election won for term 1
I20260608 09:51:47.688933 14084 raft_consensus.cc:493] T 10f7bd26062a494ea7dc70ac92f1686d P 1ad8a722cd3448feb4cc6fc60064b9ed [term 0 FOLLOWER]: Starting leader election (no leader contacted us within the election timeout)
I20260608 09:51:47.688212 14075 consensus_queue.cc:260] T 28061a8c3acf4bd6b1e017af4d860032 P 1ad8a722cd3448feb4cc6fc60064b9ed [NON_LEADER]: Queue going to NON_LEADER mode. State: All replicated index: 0, Majority replicated index: 0, Committed index: 0, Last appended: 0.0, Last appended by leader: 0, Current term: 0, Majority size: -1, State: 0, Mode: NON_LEADER, active raft config: opid_index: -1 OBSOLETE_local: false peers { permanent_uuid: "51d31ebde8f24ba3ad1462bc4c559177" member_type: VOTER last_known_addr { host: "127.12.230.193" port: 36801 } } peers { permanent_uuid: "1ad8a722cd3448feb4cc6fc60064b9ed" member_type: VOTER last_known_addr { host: "127.12.230.194" port: 41585 } } peers { permanent_uuid: "4d6d419278de480a8dd795f8766844b5" member_type: VOTER last_known_addr { host: "127.12.230.195" port: 39901 } }
I20260608 09:51:47.689396 14084 raft_consensus.cc:3060] T 10f7bd26062a494ea7dc70ac92f1686d P 1ad8a722cd3448feb4cc6fc60064b9ed [term 0 FOLLOWER]: Advancing to term 1
I20260608 09:51:47.693105 14075 ts_tablet_manager.cc:1434] T 28061a8c3acf4bd6b1e017af4d860032 P 1ad8a722cd3448feb4cc6fc60064b9ed: Time spent starting tablet: real 0.015s	user 0.007s	sys 0.004s
I20260608 09:51:47.684511 14103 raft_consensus.cc:515] T 37b312e71a2e48bf8c401ca1fe278707 P 4d6d419278de480a8dd795f8766844b5 [term 0 FOLLOWER]: Starting pre-election with config: opid_index: -1 OBSOLETE_local: false peers { permanent_uuid: "51d31ebde8f24ba3ad1462bc4c559177" member_type: VOTER last_known_addr { host: "127.12.230.193" port: 36801 } } peers { permanent_uuid: "1ad8a722cd3448feb4cc6fc60064b9ed" member_type: VOTER last_known_addr { host: "127.12.230.194" port: 41585 } } peers { permanent_uuid: "4d6d419278de480a8dd795f8766844b5" member_type: VOTER last_known_addr { host: "127.12.230.195" port: 39901 } }
I20260608 09:51:47.697914 14075 tablet_bootstrap.cc:492] T 2537fedd03c6493bbdd1917161b80fc8 P 1ad8a722cd3448feb4cc6fc60064b9ed: Bootstrap starting.
I20260608 09:51:47.698546 13879 tablet_service.cc:1917] Received RequestConsensusVote() RPC: tablet_id: "37b312e71a2e48bf8c401ca1fe278707" candidate_uuid: "4d6d419278de480a8dd795f8766844b5" candidate_term: 1 candidate_status { last_received { term: 0 index: 0 } } ignore_live_leader: false dest_uuid: "51d31ebde8f24ba3ad1462bc4c559177" is_pre_election: true
I20260608 09:51:47.699446 13879 raft_consensus.cc:2468] T 37b312e71a2e48bf8c401ca1fe278707 P 51d31ebde8f24ba3ad1462bc4c559177 [term 0 FOLLOWER]: Leader pre-election vote request: Granting yes vote for candidate 4d6d419278de480a8dd795f8766844b5 in term 0.
I20260608 09:51:47.701004 13992 leader_election.cc:304] T 37b312e71a2e48bf8c401ca1fe278707 P 4d6d419278de480a8dd795f8766844b5 [CANDIDATE]: Term 1 pre-election: Election decided. Result: candidate won. Election summary: received 2 responses out of 3 voters: 2 yes votes; 0 no votes. yes voters: 4d6d419278de480a8dd795f8766844b5, 51d31ebde8f24ba3ad1462bc4c559177; no voters: 
I20260608 09:51:47.709846 14075 tablet_bootstrap.cc:654] T 2537fedd03c6493bbdd1917161b80fc8 P 1ad8a722cd3448feb4cc6fc60064b9ed: Neither blocks nor log segments found. Creating new log.
I20260608 09:51:47.714689 14080 raft_consensus.cc:2804] T 37b312e71a2e48bf8c401ca1fe278707 P 4d6d419278de480a8dd795f8766844b5 [term 0 FOLLOWER]: Leader pre-election won for term 1
I20260608 09:51:47.716948 14080 raft_consensus.cc:493] T 37b312e71a2e48bf8c401ca1fe278707 P 4d6d419278de480a8dd795f8766844b5 [term 0 FOLLOWER]: Starting leader election (no leader contacted us within the election timeout)
I20260608 09:51:47.718255 14080 raft_consensus.cc:3060] T 37b312e71a2e48bf8c401ca1fe278707 P 4d6d419278de480a8dd795f8766844b5 [term 0 FOLLOWER]: Advancing to term 1
I20260608 09:51:47.718708 13777 catalog_manager.cc:5696] T 4eec00877411418ab437da902f860047 P 4d6d419278de480a8dd795f8766844b5 reported cstate change: term changed from 0 to 1, leader changed from <none> to 4d6d419278de480a8dd795f8766844b5 (127.12.230.195). New cstate: current_term: 1 leader_uuid: "4d6d419278de480a8dd795f8766844b5" committed_config { opid_index: -1 OBSOLETE_local: false peers { permanent_uuid: "51d31ebde8f24ba3ad1462bc4c559177" member_type: VOTER last_known_addr { host: "127.12.230.193" port: 36801 } health_report { overall_health: UNKNOWN } } peers { permanent_uuid: "1ad8a722cd3448feb4cc6fc60064b9ed" member_type: VOTER last_known_addr { host: "127.12.230.194" port: 41585 } health_report { overall_health: UNKNOWN } } peers { permanent_uuid: "4d6d419278de480a8dd795f8766844b5" member_type: VOTER last_known_addr { host: "127.12.230.195" port: 39901 } health_report { overall_health: HEALTHY } } }
I20260608 09:51:47.723105 14075 tablet_bootstrap.cc:492] T 2537fedd03c6493bbdd1917161b80fc8 P 1ad8a722cd3448feb4cc6fc60064b9ed: No bootstrap required, opened a new log
I20260608 09:51:47.723671 14075 ts_tablet_manager.cc:1403] T 2537fedd03c6493bbdd1917161b80fc8 P 1ad8a722cd3448feb4cc6fc60064b9ed: Time spent bootstrapping tablet: real 0.026s	user 0.002s	sys 0.011s
I20260608 09:51:47.727563 14075 raft_consensus.cc:359] T 2537fedd03c6493bbdd1917161b80fc8 P 1ad8a722cd3448feb4cc6fc60064b9ed [term 0 FOLLOWER]: Replica starting. Triggering 0 pending ops. Active config: opid_index: -1 OBSOLETE_local: false peers { permanent_uuid: "51d31ebde8f24ba3ad1462bc4c559177" member_type: VOTER last_known_addr { host: "127.12.230.193" port: 36801 } } peers { permanent_uuid: "1ad8a722cd3448feb4cc6fc60064b9ed" member_type: VOTER last_known_addr { host: "127.12.230.194" port: 41585 } } peers { permanent_uuid: "4d6d419278de480a8dd795f8766844b5" member_type: VOTER last_known_addr { host: "127.12.230.195" port: 39901 } }
I20260608 09:51:47.728273 14075 raft_consensus.cc:385] T 2537fedd03c6493bbdd1917161b80fc8 P 1ad8a722cd3448feb4cc6fc60064b9ed [term 0 FOLLOWER]: Consensus starting up: Expiring failure detector timer to make a prompt election more likely
I20260608 09:51:47.728649 14075 raft_consensus.cc:740] T 2537fedd03c6493bbdd1917161b80fc8 P 1ad8a722cd3448feb4cc6fc60064b9ed [term 0 FOLLOWER]: Becoming Follower/Learner. State: Replica: 1ad8a722cd3448feb4cc6fc60064b9ed, State: Initialized, Role: FOLLOWER
I20260608 09:51:47.729465 14084 raft_consensus.cc:515] T 10f7bd26062a494ea7dc70ac92f1686d P 1ad8a722cd3448feb4cc6fc60064b9ed [term 1 FOLLOWER]: Starting leader election with config: opid_index: -1 OBSOLETE_local: false peers { permanent_uuid: "51d31ebde8f24ba3ad1462bc4c559177" member_type: VOTER last_known_addr { host: "127.12.230.193" port: 36801 } } peers { permanent_uuid: "1ad8a722cd3448feb4cc6fc60064b9ed" member_type: VOTER last_known_addr { host: "127.12.230.194" port: 41585 } } peers { permanent_uuid: "4d6d419278de480a8dd795f8766844b5" member_type: VOTER last_known_addr { host: "127.12.230.195" port: 39901 } }
I20260608 09:51:47.729768 14075 consensus_queue.cc:260] T 2537fedd03c6493bbdd1917161b80fc8 P 1ad8a722cd3448feb4cc6fc60064b9ed [NON_LEADER]: Queue going to NON_LEADER mode. State: All replicated index: 0, Majority replicated index: 0, Committed index: 0, Last appended: 0.0, Last appended by leader: 0, Current term: 0, Majority size: -1, State: 0, Mode: NON_LEADER, active raft config: opid_index: -1 OBSOLETE_local: false peers { permanent_uuid: "51d31ebde8f24ba3ad1462bc4c559177" member_type: VOTER last_known_addr { host: "127.12.230.193" port: 36801 } } peers { permanent_uuid: "1ad8a722cd3448feb4cc6fc60064b9ed" member_type: VOTER last_known_addr { host: "127.12.230.194" port: 41585 } } peers { permanent_uuid: "4d6d419278de480a8dd795f8766844b5" member_type: VOTER last_known_addr { host: "127.12.230.195" port: 39901 } }
I20260608 09:51:47.731091 14103 leader_election.cc:290] T 37b312e71a2e48bf8c401ca1fe278707 P 4d6d419278de480a8dd795f8766844b5 [CANDIDATE]: Term 1 pre-election: Requested pre-vote from peers 51d31ebde8f24ba3ad1462bc4c559177 (127.12.230.193:36801), 1ad8a722cd3448feb4cc6fc60064b9ed (127.12.230.194:41585)
W20260608 09:51:47.733249 13918 outbound_call.cc:321] RPC callback for RPC call kudu.consensus.ConsensusService.RequestConsensusVote -> {remote=127.12.230.193:36801, user_credentials={real_user=slave}} blocked reactor thread for 47671.2us
I20260608 09:51:47.734833 14103 raft_consensus.cc:493] T e94bc941024a48f68dacc7a89a49d832 P 4d6d419278de480a8dd795f8766844b5 [term 0 FOLLOWER]: Starting pre-election (no leader contacted us within the election timeout)
I20260608 09:51:47.737461 14028 tablet_service.cc:1917] Received RequestConsensusVote() RPC: tablet_id: "10f7bd26062a494ea7dc70ac92f1686d" candidate_uuid: "1ad8a722cd3448feb4cc6fc60064b9ed" candidate_term: 1 candidate_status { last_received { term: 0 index: 0 } } ignore_live_leader: false dest_uuid: "4d6d419278de480a8dd795f8766844b5" is_pre_election: true
I20260608 09:51:47.738675 14027 tablet_service.cc:1917] Received RequestConsensusVote() RPC: tablet_id: "16e0aed16d304b67b5dd1c0de18826e4" candidate_uuid: "1ad8a722cd3448feb4cc6fc60064b9ed" candidate_term: 1 candidate_status { last_received { term: 0 index: 0 } } ignore_live_leader: false dest_uuid: "4d6d419278de480a8dd795f8766844b5" is_pre_election: true
I20260608 09:51:47.739591 14027 raft_consensus.cc:2468] T 16e0aed16d304b67b5dd1c0de18826e4 P 4d6d419278de480a8dd795f8766844b5 [term 0 FOLLOWER]: Leader pre-election vote request: Granting yes vote for candidate 1ad8a722cd3448feb4cc6fc60064b9ed in term 0.
I20260608 09:51:47.739388 14103 raft_consensus.cc:515] T e94bc941024a48f68dacc7a89a49d832 P 4d6d419278de480a8dd795f8766844b5 [term 0 FOLLOWER]: Starting pre-election with config: opid_index: -1 OBSOLETE_local: false peers { permanent_uuid: "51d31ebde8f24ba3ad1462bc4c559177" member_type: VOTER last_known_addr { host: "127.12.230.193" port: 36801 } } peers { permanent_uuid: "1ad8a722cd3448feb4cc6fc60064b9ed" member_type: VOTER last_known_addr { host: "127.12.230.194" port: 41585 } } peers { permanent_uuid: "4d6d419278de480a8dd795f8766844b5" member_type: VOTER last_known_addr { host: "127.12.230.195" port: 39901 } }
I20260608 09:51:47.741130 14080 raft_consensus.cc:515] T 37b312e71a2e48bf8c401ca1fe278707 P 4d6d419278de480a8dd795f8766844b5 [term 1 FOLLOWER]: Starting leader election with config: opid_index: -1 OBSOLETE_local: false peers { permanent_uuid: "51d31ebde8f24ba3ad1462bc4c559177" member_type: VOTER last_known_addr { host: "127.12.230.193" port: 36801 } } peers { permanent_uuid: "1ad8a722cd3448feb4cc6fc60064b9ed" member_type: VOTER last_known_addr { host: "127.12.230.194" port: 41585 } } peers { permanent_uuid: "4d6d419278de480a8dd795f8766844b5" member_type: VOTER last_known_addr { host: "127.12.230.195" port: 39901 } }
I20260608 09:51:47.742128 13953 tablet_service.cc:1917] Received RequestConsensusVote() RPC: tablet_id: "37b312e71a2e48bf8c401ca1fe278707" candidate_uuid: "4d6d419278de480a8dd795f8766844b5" candidate_term: 1 candidate_status { last_received { term: 0 index: 0 } } ignore_live_leader: false dest_uuid: "1ad8a722cd3448feb4cc6fc60064b9ed" is_pre_election: true
I20260608 09:51:47.743600 13953 raft_consensus.cc:2468] T 37b312e71a2e48bf8c401ca1fe278707 P 1ad8a722cd3448feb4cc6fc60064b9ed [term 0 FOLLOWER]: Leader pre-election vote request: Granting yes vote for candidate 4d6d419278de480a8dd795f8766844b5 in term 0.
I20260608 09:51:47.743643 13878 tablet_service.cc:1917] Received RequestConsensusVote() RPC: tablet_id: "e94bc941024a48f68dacc7a89a49d832" candidate_uuid: "4d6d419278de480a8dd795f8766844b5" candidate_term: 1 candidate_status { last_received { term: 0 index: 0 } } ignore_live_leader: false dest_uuid: "51d31ebde8f24ba3ad1462bc4c559177" is_pre_election: true
W20260608 09:51:47.747485 13917 leader_election.cc:343] T 10f7bd26062a494ea7dc70ac92f1686d P 1ad8a722cd3448feb4cc6fc60064b9ed [CANDIDATE]: Term 1 pre-election: Tablet error from VoteRequest() call to peer 4d6d419278de480a8dd795f8766844b5 (127.12.230.195:39901): Illegal state: must be running to vote when last-logged opid is not known
I20260608 09:51:47.751505 14080 leader_election.cc:290] T 37b312e71a2e48bf8c401ca1fe278707 P 4d6d419278de480a8dd795f8766844b5 [CANDIDATE]: Term 1 election: Requested vote from peers 51d31ebde8f24ba3ad1462bc4c559177 (127.12.230.193:36801), 1ad8a722cd3448feb4cc6fc60064b9ed (127.12.230.194:41585)
W20260608 09:51:47.751910 13992 leader_election.cc:343] T e94bc941024a48f68dacc7a89a49d832 P 4d6d419278de480a8dd795f8766844b5 [CANDIDATE]: Term 1 pre-election: Tablet error from VoteRequest() call to peer 51d31ebde8f24ba3ad1462bc4c559177 (127.12.230.193:36801): Illegal state: must be running to vote when last-logged opid is not known
I20260608 09:51:47.746832 13879 tablet_service.cc:1917] Received RequestConsensusVote() RPC: tablet_id: "16e0aed16d304b67b5dd1c0de18826e4" candidate_uuid: "1ad8a722cd3448feb4cc6fc60064b9ed" candidate_term: 1 candidate_status { last_received { term: 0 index: 0 } } ignore_live_leader: false dest_uuid: "51d31ebde8f24ba3ad1462bc4c559177" is_pre_election: true
I20260608 09:51:47.752815 13879 raft_consensus.cc:2468] T 16e0aed16d304b67b5dd1c0de18826e4 P 51d31ebde8f24ba3ad1462bc4c559177 [term 0 FOLLOWER]: Leader pre-election vote request: Granting yes vote for candidate 1ad8a722cd3448feb4cc6fc60064b9ed in term 0.
I20260608 09:51:47.749706 14108 raft_consensus.cc:493] T 28061a8c3acf4bd6b1e017af4d860032 P 4d6d419278de480a8dd795f8766844b5 [term 0 FOLLOWER]: Starting pre-election (no leader contacted us within the election timeout)
I20260608 09:51:47.753969 14108 raft_consensus.cc:515] T 28061a8c3acf4bd6b1e017af4d860032 P 4d6d419278de480a8dd795f8766844b5 [term 0 FOLLOWER]: Starting pre-election with config: opid_index: -1 OBSOLETE_local: false peers { permanent_uuid: "51d31ebde8f24ba3ad1462bc4c559177" member_type: VOTER last_known_addr { host: "127.12.230.193" port: 36801 } } peers { permanent_uuid: "1ad8a722cd3448feb4cc6fc60064b9ed" member_type: VOTER last_known_addr { host: "127.12.230.194" port: 41585 } } peers { permanent_uuid: "4d6d419278de480a8dd795f8766844b5" member_type: VOTER last_known_addr { host: "127.12.230.195" port: 39901 } }
I20260608 09:51:47.754317 13878 tablet_service.cc:1917] Received RequestConsensusVote() RPC: tablet_id: "37b312e71a2e48bf8c401ca1fe278707" candidate_uuid: "4d6d419278de480a8dd795f8766844b5" candidate_term: 1 candidate_status { last_received { term: 0 index: 0 } } ignore_live_leader: false dest_uuid: "51d31ebde8f24ba3ad1462bc4c559177"
I20260608 09:51:47.755187 13878 raft_consensus.cc:3060] T 37b312e71a2e48bf8c401ca1fe278707 P 51d31ebde8f24ba3ad1462bc4c559177 [term 0 FOLLOWER]: Advancing to term 1
I20260608 09:51:47.755975 14108 leader_election.cc:290] T 28061a8c3acf4bd6b1e017af4d860032 P 4d6d419278de480a8dd795f8766844b5 [CANDIDATE]: Term 1 pre-election: Requested pre-vote from peers 51d31ebde8f24ba3ad1462bc4c559177 (127.12.230.193:36801), 1ad8a722cd3448feb4cc6fc60064b9ed (127.12.230.194:41585)
I20260608 09:51:47.759075 13917 leader_election.cc:304] T 16e0aed16d304b67b5dd1c0de18826e4 P 1ad8a722cd3448feb4cc6fc60064b9ed [CANDIDATE]: Term 1 pre-election: Election decided. Result: candidate won. Election summary: received 2 responses out of 3 voters: 2 yes votes; 0 no votes. yes voters: 1ad8a722cd3448feb4cc6fc60064b9ed, 4d6d419278de480a8dd795f8766844b5; no voters: 
I20260608 09:51:47.760722 14107 raft_consensus.cc:2804] T 16e0aed16d304b67b5dd1c0de18826e4 P 1ad8a722cd3448feb4cc6fc60064b9ed [term 0 FOLLOWER]: Leader pre-election won for term 1
I20260608 09:51:47.761166 14107 raft_consensus.cc:493] T 16e0aed16d304b67b5dd1c0de18826e4 P 1ad8a722cd3448feb4cc6fc60064b9ed [term 0 FOLLOWER]: Starting leader election (no leader contacted us within the election timeout)
I20260608 09:51:47.761555 14107 raft_consensus.cc:3060] T 16e0aed16d304b67b5dd1c0de18826e4 P 1ad8a722cd3448feb4cc6fc60064b9ed [term 0 FOLLOWER]: Advancing to term 1
I20260608 09:51:47.762960 14103 leader_election.cc:290] T e94bc941024a48f68dacc7a89a49d832 P 4d6d419278de480a8dd795f8766844b5 [CANDIDATE]: Term 1 pre-election: Requested pre-vote from peers 51d31ebde8f24ba3ad1462bc4c559177 (127.12.230.193:36801), 1ad8a722cd3448feb4cc6fc60064b9ed (127.12.230.194:41585)
I20260608 09:51:47.764866 14076 ts_tablet_manager.cc:1434] T 16e0aed16d304b67b5dd1c0de18826e4 P 4d6d419278de480a8dd795f8766844b5: Time spent starting tablet: real 0.094s	user 0.015s	sys 0.024s
I20260608 09:51:47.765148 14075 ts_tablet_manager.cc:1434] T 2537fedd03c6493bbdd1917161b80fc8 P 1ad8a722cd3448feb4cc6fc60064b9ed: Time spent starting tablet: real 0.041s	user 0.010s	sys 0.009s
I20260608 09:51:47.765686 13879 tablet_service.cc:1917] Received RequestConsensusVote() RPC: tablet_id: "28061a8c3acf4bd6b1e017af4d860032" candidate_uuid: "4d6d419278de480a8dd795f8766844b5" candidate_term: 1 candidate_status { last_received { term: 0 index: 0 } } ignore_live_leader: false dest_uuid: "51d31ebde8f24ba3ad1462bc4c559177" is_pre_election: true
I20260608 09:51:47.766229 14076 tablet_bootstrap.cc:492] T 10f7bd26062a494ea7dc70ac92f1686d P 4d6d419278de480a8dd795f8766844b5: Bootstrap starting.
I20260608 09:51:47.766341 13879 raft_consensus.cc:2468] T 28061a8c3acf4bd6b1e017af4d860032 P 51d31ebde8f24ba3ad1462bc4c559177 [term 0 FOLLOWER]: Leader pre-election vote request: Granting yes vote for candidate 4d6d419278de480a8dd795f8766844b5 in term 0.
I20260608 09:51:47.767211 13953 tablet_service.cc:1917] Received RequestConsensusVote() RPC: tablet_id: "37b312e71a2e48bf8c401ca1fe278707" candidate_uuid: "4d6d419278de480a8dd795f8766844b5" candidate_term: 1 candidate_status { last_received { term: 0 index: 0 } } ignore_live_leader: false dest_uuid: "1ad8a722cd3448feb4cc6fc60064b9ed"
I20260608 09:51:47.767624 13954 tablet_service.cc:1917] Received RequestConsensusVote() RPC: tablet_id: "28061a8c3acf4bd6b1e017af4d860032" candidate_uuid: "4d6d419278de480a8dd795f8766844b5" candidate_term: 1 candidate_status { last_received { term: 0 index: 0 } } ignore_live_leader: false dest_uuid: "1ad8a722cd3448feb4cc6fc60064b9ed" is_pre_election: true
I20260608 09:51:47.767791 13953 raft_consensus.cc:3060] T 37b312e71a2e48bf8c401ca1fe278707 P 1ad8a722cd3448feb4cc6fc60064b9ed [term 0 FOLLOWER]: Advancing to term 1
I20260608 09:51:47.768241 13954 raft_consensus.cc:2468] T 28061a8c3acf4bd6b1e017af4d860032 P 1ad8a722cd3448feb4cc6fc60064b9ed [term 0 FOLLOWER]: Leader pre-election vote request: Granting yes vote for candidate 4d6d419278de480a8dd795f8766844b5 in term 0.
I20260608 09:51:47.777355 14075 tablet_bootstrap.cc:492] T e94bc941024a48f68dacc7a89a49d832 P 1ad8a722cd3448feb4cc6fc60064b9ed: Bootstrap starting.
I20260608 09:51:47.775341 13952 tablet_service.cc:1917] Received RequestConsensusVote() RPC: tablet_id: "e94bc941024a48f68dacc7a89a49d832" candidate_uuid: "4d6d419278de480a8dd795f8766844b5" candidate_term: 1 candidate_status { last_received { term: 0 index: 0 } } ignore_live_leader: false dest_uuid: "1ad8a722cd3448feb4cc6fc60064b9ed" is_pre_election: true
I20260608 09:51:47.779822 13879 tablet_service.cc:1917] Received RequestConsensusVote() RPC: tablet_id: "10f7bd26062a494ea7dc70ac92f1686d" candidate_uuid: "1ad8a722cd3448feb4cc6fc60064b9ed" candidate_term: 1 candidate_status { last_received { term: 0 index: 0 } } ignore_live_leader: false dest_uuid: "51d31ebde8f24ba3ad1462bc4c559177"
I20260608 09:51:47.775840 13992 leader_election.cc:304] T 28061a8c3acf4bd6b1e017af4d860032 P 4d6d419278de480a8dd795f8766844b5 [CANDIDATE]: Term 1 pre-election: Election decided. Result: candidate won. Election summary: received 2 responses out of 3 voters: 2 yes votes; 0 no votes. yes voters: 4d6d419278de480a8dd795f8766844b5, 51d31ebde8f24ba3ad1462bc4c559177; no voters: 
I20260608 09:51:47.780592 13879 raft_consensus.cc:3060] T 10f7bd26062a494ea7dc70ac92f1686d P 51d31ebde8f24ba3ad1462bc4c559177 [term 0 FOLLOWER]: Advancing to term 1
I20260608 09:51:47.783002 14106 raft_consensus.cc:2804] T 28061a8c3acf4bd6b1e017af4d860032 P 4d6d419278de480a8dd795f8766844b5 [term 0 FOLLOWER]: Leader pre-election won for term 1
I20260608 09:51:47.783519 14106 raft_consensus.cc:493] T 28061a8c3acf4bd6b1e017af4d860032 P 4d6d419278de480a8dd795f8766844b5 [term 0 FOLLOWER]: Starting leader election (no leader contacted us within the election timeout)
I20260608 09:51:47.783965 14106 raft_consensus.cc:3060] T 28061a8c3acf4bd6b1e017af4d860032 P 4d6d419278de480a8dd795f8766844b5 [term 0 FOLLOWER]: Advancing to term 1
I20260608 09:51:47.789357 14084 leader_election.cc:290] T 10f7bd26062a494ea7dc70ac92f1686d P 1ad8a722cd3448feb4cc6fc60064b9ed [CANDIDATE]: Term 1 election: Requested vote from peers 51d31ebde8f24ba3ad1462bc4c559177 (127.12.230.193:36801), 4d6d419278de480a8dd795f8766844b5 (127.12.230.195:39901)
W20260608 09:51:47.785161 13992 leader_election.cc:343] T e94bc941024a48f68dacc7a89a49d832 P 4d6d419278de480a8dd795f8766844b5 [CANDIDATE]: Term 1 pre-election: Tablet error from VoteRequest() call to peer 1ad8a722cd3448feb4cc6fc60064b9ed (127.12.230.194:41585): Illegal state: must be running to vote when last-logged opid is not known
I20260608 09:51:47.793699 14073 tablet_bootstrap.cc:492] T 2537fedd03c6493bbdd1917161b80fc8 P 51d31ebde8f24ba3ad1462bc4c559177: No bootstrap required, opened a new log
I20260608 09:51:47.793804 13992 leader_election.cc:304] T e94bc941024a48f68dacc7a89a49d832 P 4d6d419278de480a8dd795f8766844b5 [CANDIDATE]: Term 1 pre-election: Election decided. Result: candidate lost. Election summary: received 3 responses out of 3 voters: 1 yes votes; 2 no votes. yes voters: 4d6d419278de480a8dd795f8766844b5; no voters: 1ad8a722cd3448feb4cc6fc60064b9ed, 51d31ebde8f24ba3ad1462bc4c559177
I20260608 09:51:47.790944 13879 raft_consensus.cc:2468] T 10f7bd26062a494ea7dc70ac92f1686d P 51d31ebde8f24ba3ad1462bc4c559177 [term 1 FOLLOWER]: Leader election vote request: Granting yes vote for candidate 1ad8a722cd3448feb4cc6fc60064b9ed in term 1.
I20260608 09:51:47.796099 14103 raft_consensus.cc:2749] T e94bc941024a48f68dacc7a89a49d832 P 4d6d419278de480a8dd795f8766844b5 [term 0 FOLLOWER]: Leader pre-election lost for term 1. Reason: could not achieve majority
I20260608 09:51:47.794461 14073 ts_tablet_manager.cc:1403] T 2537fedd03c6493bbdd1917161b80fc8 P 51d31ebde8f24ba3ad1462bc4c559177: Time spent bootstrapping tablet: real 0.157s	user 0.053s	sys 0.024s
I20260608 09:51:47.788879 13953 raft_consensus.cc:2468] T 37b312e71a2e48bf8c401ca1fe278707 P 1ad8a722cd3448feb4cc6fc60064b9ed [term 1 FOLLOWER]: Leader election vote request: Granting yes vote for candidate 4d6d419278de480a8dd795f8766844b5 in term 1.
I20260608 09:51:47.794281 14076 tablet_bootstrap.cc:654] T 10f7bd26062a494ea7dc70ac92f1686d P 4d6d419278de480a8dd795f8766844b5: Neither blocks nor log segments found. Creating new log.
I20260608 09:51:47.798218 13918 leader_election.cc:304] T 10f7bd26062a494ea7dc70ac92f1686d P 1ad8a722cd3448feb4cc6fc60064b9ed [CANDIDATE]: Term 1 election: Election decided. Result: candidate won. Election summary: received 2 responses out of 3 voters: 2 yes votes; 0 no votes. yes voters: 1ad8a722cd3448feb4cc6fc60064b9ed, 51d31ebde8f24ba3ad1462bc4c559177; no voters: 
I20260608 09:51:47.799386 14084 raft_consensus.cc:2804] T 10f7bd26062a494ea7dc70ac92f1686d P 1ad8a722cd3448feb4cc6fc60064b9ed [term 1 FOLLOWER]: Leader election won for term 1
I20260608 09:51:47.799515 14027 tablet_service.cc:1917] Received RequestConsensusVote() RPC: tablet_id: "10f7bd26062a494ea7dc70ac92f1686d" candidate_uuid: "1ad8a722cd3448feb4cc6fc60064b9ed" candidate_term: 1 candidate_status { last_received { term: 0 index: 0 } } ignore_live_leader: false dest_uuid: "4d6d419278de480a8dd795f8766844b5"
I20260608 09:51:47.793725 14113 raft_consensus.cc:493] T 6280f085aef849d98c7c4da0ab7dbdd7 P 1ad8a722cd3448feb4cc6fc60064b9ed [term 0 FOLLOWER]: Starting pre-election (no leader contacted us within the election timeout)
W20260608 09:51:47.801882 13917 leader_election.cc:343] T 10f7bd26062a494ea7dc70ac92f1686d P 1ad8a722cd3448feb4cc6fc60064b9ed [CANDIDATE]: Term 1 election: Tablet error from VoteRequest() call to peer 4d6d419278de480a8dd795f8766844b5 (127.12.230.195:39901): Illegal state: must be running to vote when last-logged opid is not known
I20260608 09:51:47.800998 14112 raft_consensus.cc:493] T 2537fedd03c6493bbdd1917161b80fc8 P 1ad8a722cd3448feb4cc6fc60064b9ed [term 0 FOLLOWER]: Starting pre-election (no leader contacted us within the election timeout)
I20260608 09:51:47.802711 14112 raft_consensus.cc:515] T 2537fedd03c6493bbdd1917161b80fc8 P 1ad8a722cd3448feb4cc6fc60064b9ed [term 0 FOLLOWER]: Starting pre-election with config: opid_index: -1 OBSOLETE_local: false peers { permanent_uuid: "51d31ebde8f24ba3ad1462bc4c559177" member_type: VOTER last_known_addr { host: "127.12.230.193" port: 36801 } } peers { permanent_uuid: "1ad8a722cd3448feb4cc6fc60064b9ed" member_type: VOTER last_known_addr { host: "127.12.230.194" port: 41585 } } peers { permanent_uuid: "4d6d419278de480a8dd795f8766844b5" member_type: VOTER last_known_addr { host: "127.12.230.195" port: 39901 } }
I20260608 09:51:47.803385 14073 raft_consensus.cc:359] T 2537fedd03c6493bbdd1917161b80fc8 P 51d31ebde8f24ba3ad1462bc4c559177 [term 0 FOLLOWER]: Replica starting. Triggering 0 pending ops. Active config: opid_index: -1 OBSOLETE_local: false peers { permanent_uuid: "51d31ebde8f24ba3ad1462bc4c559177" member_type: VOTER last_known_addr { host: "127.12.230.193" port: 36801 } } peers { permanent_uuid: "1ad8a722cd3448feb4cc6fc60064b9ed" member_type: VOTER last_known_addr { host: "127.12.230.194" port: 41585 } } peers { permanent_uuid: "4d6d419278de480a8dd795f8766844b5" member_type: VOTER last_known_addr { host: "127.12.230.195" port: 39901 } }
I20260608 09:51:47.804134 14073 raft_consensus.cc:385] T 2537fedd03c6493bbdd1917161b80fc8 P 51d31ebde8f24ba3ad1462bc4c559177 [term 0 FOLLOWER]: Consensus starting up: Expiring failure detector timer to make a prompt election more likely
I20260608 09:51:47.804415 14073 raft_consensus.cc:740] T 2537fedd03c6493bbdd1917161b80fc8 P 51d31ebde8f24ba3ad1462bc4c559177 [term 0 FOLLOWER]: Becoming Follower/Learner. State: Replica: 51d31ebde8f24ba3ad1462bc4c559177, State: Initialized, Role: FOLLOWER
I20260608 09:51:47.789706 13878 raft_consensus.cc:2468] T 37b312e71a2e48bf8c401ca1fe278707 P 51d31ebde8f24ba3ad1462bc4c559177 [term 1 FOLLOWER]: Leader election vote request: Granting yes vote for candidate 4d6d419278de480a8dd795f8766844b5 in term 1.
I20260608 09:51:47.784739 14107 raft_consensus.cc:515] T 16e0aed16d304b67b5dd1c0de18826e4 P 1ad8a722cd3448feb4cc6fc60064b9ed [term 1 FOLLOWER]: Starting leader election with config: opid_index: -1 OBSOLETE_local: false peers { permanent_uuid: "51d31ebde8f24ba3ad1462bc4c559177" member_type: VOTER last_known_addr { host: "127.12.230.193" port: 36801 } } peers { permanent_uuid: "1ad8a722cd3448feb4cc6fc60064b9ed" member_type: VOTER last_known_addr { host: "127.12.230.194" port: 41585 } } peers { permanent_uuid: "4d6d419278de480a8dd795f8766844b5" member_type: VOTER last_known_addr { host: "127.12.230.195" port: 39901 } }
I20260608 09:51:47.801776 14113 raft_consensus.cc:515] T 6280f085aef849d98c7c4da0ab7dbdd7 P 1ad8a722cd3448feb4cc6fc60064b9ed [term 0 FOLLOWER]: Starting pre-election with config: opid_index: -1 OBSOLETE_local: false peers { permanent_uuid: "51d31ebde8f24ba3ad1462bc4c559177" member_type: VOTER last_known_addr { host: "127.12.230.193" port: 36801 } } peers { permanent_uuid: "1ad8a722cd3448feb4cc6fc60064b9ed" member_type: VOTER last_known_addr { host: "127.12.230.194" port: 41585 } } peers { permanent_uuid: "4d6d419278de480a8dd795f8766844b5" member_type: VOTER last_known_addr { host: "127.12.230.195" port: 39901 } }
I20260608 09:51:47.807255 13992 leader_election.cc:304] T 37b312e71a2e48bf8c401ca1fe278707 P 4d6d419278de480a8dd795f8766844b5 [CANDIDATE]: Term 1 election: Election decided. Result: candidate won. Election summary: received 2 responses out of 3 voters: 2 yes votes; 0 no votes. yes voters: 1ad8a722cd3448feb4cc6fc60064b9ed, 4d6d419278de480a8dd795f8766844b5; no voters: 
I20260608 09:51:47.809362 14103 raft_consensus.cc:2804] T 37b312e71a2e48bf8c401ca1fe278707 P 4d6d419278de480a8dd795f8766844b5 [term 1 FOLLOWER]: Leader election won for term 1
I20260608 09:51:47.809512 13878 tablet_service.cc:1917] Received RequestConsensusVote() RPC: tablet_id: "16e0aed16d304b67b5dd1c0de18826e4" candidate_uuid: "1ad8a722cd3448feb4cc6fc60064b9ed" candidate_term: 1 candidate_status { last_received { term: 0 index: 0 } } ignore_live_leader: false dest_uuid: "51d31ebde8f24ba3ad1462bc4c559177"
I20260608 09:51:47.809944 14103 raft_consensus.cc:697] T 37b312e71a2e48bf8c401ca1fe278707 P 4d6d419278de480a8dd795f8766844b5 [term 1 LEADER]: Becoming Leader. State: Replica: 4d6d419278de480a8dd795f8766844b5, State: Running, Role: LEADER
I20260608 09:51:47.813964 14103 consensus_queue.cc:237] T 37b312e71a2e48bf8c401ca1fe278707 P 4d6d419278de480a8dd795f8766844b5 [LEADER]: Queue going to LEADER mode. State: All replicated index: 0, Majority replicated index: 0, Committed index: 0, Last appended: 0.0, Last appended by leader: 0, Current term: 1, Majority size: 2, State: 0, Mode: LEADER, active raft config: opid_index: -1 OBSOLETE_local: false peers { permanent_uuid: "51d31ebde8f24ba3ad1462bc4c559177" member_type: VOTER last_known_addr { host: "127.12.230.193" port: 36801 } } peers { permanent_uuid: "1ad8a722cd3448feb4cc6fc60064b9ed" member_type: VOTER last_known_addr { host: "127.12.230.194" port: 41585 } } peers { permanent_uuid: "4d6d419278de480a8dd795f8766844b5" member_type: VOTER last_known_addr { host: "127.12.230.195" port: 39901 } }
I20260608 09:51:47.813491 13879 tablet_service.cc:1917] Received RequestConsensusVote() RPC: tablet_id: "2537fedd03c6493bbdd1917161b80fc8" candidate_uuid: "1ad8a722cd3448feb4cc6fc60064b9ed" candidate_term: 1 candidate_status { last_received { term: 0 index: 0 } } ignore_live_leader: false dest_uuid: "51d31ebde8f24ba3ad1462bc4c559177" is_pre_election: true
I20260608 09:51:47.815196 14027 tablet_service.cc:1917] Received RequestConsensusVote() RPC: tablet_id: "16e0aed16d304b67b5dd1c0de18826e4" candidate_uuid: "1ad8a722cd3448feb4cc6fc60064b9ed" candidate_term: 1 candidate_status { last_received { term: 0 index: 0 } } ignore_live_leader: false dest_uuid: "4d6d419278de480a8dd795f8766844b5"
I20260608 09:51:47.815979 14027 raft_consensus.cc:3060] T 16e0aed16d304b67b5dd1c0de18826e4 P 4d6d419278de480a8dd795f8766844b5 [term 0 FOLLOWER]: Advancing to term 1
I20260608 09:51:47.812556 13878 raft_consensus.cc:3060] T 16e0aed16d304b67b5dd1c0de18826e4 P 51d31ebde8f24ba3ad1462bc4c559177 [term 0 FOLLOWER]: Advancing to term 1
I20260608 09:51:47.810586 14084 raft_consensus.cc:697] T 10f7bd26062a494ea7dc70ac92f1686d P 1ad8a722cd3448feb4cc6fc60064b9ed [term 1 LEADER]: Becoming Leader. State: Replica: 1ad8a722cd3448feb4cc6fc60064b9ed, State: Running, Role: LEADER
I20260608 09:51:47.815768 14107 leader_election.cc:290] T 16e0aed16d304b67b5dd1c0de18826e4 P 1ad8a722cd3448feb4cc6fc60064b9ed [CANDIDATE]: Term 1 election: Requested vote from peers 51d31ebde8f24ba3ad1462bc4c559177 (127.12.230.193:36801), 4d6d419278de480a8dd795f8766844b5 (127.12.230.195:39901)
I20260608 09:51:47.818735 14112 leader_election.cc:290] T 2537fedd03c6493bbdd1917161b80fc8 P 1ad8a722cd3448feb4cc6fc60064b9ed [CANDIDATE]: Term 1 pre-election: Requested pre-vote from peers 51d31ebde8f24ba3ad1462bc4c559177 (127.12.230.193:36801), 4d6d419278de480a8dd795f8766844b5 (127.12.230.195:39901)
I20260608 09:51:47.818624 14084 consensus_queue.cc:237] T 10f7bd26062a494ea7dc70ac92f1686d P 1ad8a722cd3448feb4cc6fc60064b9ed [LEADER]: Queue going to LEADER mode. State: All replicated index: 0, Majority replicated index: 0, Committed index: 0, Last appended: 0.0, Last appended by leader: 0, Current term: 1, Majority size: 2, State: 0, Mode: LEADER, active raft config: opid_index: -1 OBSOLETE_local: false peers { permanent_uuid: "51d31ebde8f24ba3ad1462bc4c559177" member_type: VOTER last_known_addr { host: "127.12.230.193" port: 36801 } } peers { permanent_uuid: "1ad8a722cd3448feb4cc6fc60064b9ed" member_type: VOTER last_known_addr { host: "127.12.230.194" port: 41585 } } peers { permanent_uuid: "4d6d419278de480a8dd795f8766844b5" member_type: VOTER last_known_addr { host: "127.12.230.195" port: 39901 } }
I20260608 09:51:47.820842 14028 tablet_service.cc:1917] Received RequestConsensusVote() RPC: tablet_id: "2537fedd03c6493bbdd1917161b80fc8" candidate_uuid: "1ad8a722cd3448feb4cc6fc60064b9ed" candidate_term: 1 candidate_status { last_received { term: 0 index: 0 } } ignore_live_leader: false dest_uuid: "4d6d419278de480a8dd795f8766844b5" is_pre_election: true
I20260608 09:51:47.821803 14028 raft_consensus.cc:2468] T 2537fedd03c6493bbdd1917161b80fc8 P 4d6d419278de480a8dd795f8766844b5 [term 0 FOLLOWER]: Leader pre-election vote request: Granting yes vote for candidate 1ad8a722cd3448feb4cc6fc60064b9ed in term 0.
I20260608 09:51:47.822734 14075 tablet_bootstrap.cc:654] T e94bc941024a48f68dacc7a89a49d832 P 1ad8a722cd3448feb4cc6fc60064b9ed: Neither blocks nor log segments found. Creating new log.
I20260608 09:51:47.821085 14073 consensus_queue.cc:260] T 2537fedd03c6493bbdd1917161b80fc8 P 51d31ebde8f24ba3ad1462bc4c559177 [NON_LEADER]: Queue going to NON_LEADER mode. State: All replicated index: 0, Majority replicated index: 0, Committed index: 0, Last appended: 0.0, Last appended by leader: 0, Current term: 0, Majority size: -1, State: 0, Mode: NON_LEADER, active raft config: opid_index: -1 OBSOLETE_local: false peers { permanent_uuid: "51d31ebde8f24ba3ad1462bc4c559177" member_type: VOTER last_known_addr { host: "127.12.230.193" port: 36801 } } peers { permanent_uuid: "1ad8a722cd3448feb4cc6fc60064b9ed" member_type: VOTER last_known_addr { host: "127.12.230.194" port: 41585 } } peers { permanent_uuid: "4d6d419278de480a8dd795f8766844b5" member_type: VOTER last_known_addr { host: "127.12.230.195" port: 39901 } }
I20260608 09:51:47.831645 13879 raft_consensus.cc:2468] T 2537fedd03c6493bbdd1917161b80fc8 P 51d31ebde8f24ba3ad1462bc4c559177 [term 0 FOLLOWER]: Leader pre-election vote request: Granting yes vote for candidate 1ad8a722cd3448feb4cc6fc60064b9ed in term 0.
I20260608 09:51:47.833289 14073 ts_tablet_manager.cc:1434] T 2537fedd03c6493bbdd1917161b80fc8 P 51d31ebde8f24ba3ad1462bc4c559177: Time spent starting tablet: real 0.037s	user 0.006s	sys 0.000s
I20260608 09:51:47.835078 13918 leader_election.cc:304] T 2537fedd03c6493bbdd1917161b80fc8 P 1ad8a722cd3448feb4cc6fc60064b9ed [CANDIDATE]: Term 1 pre-election: Election decided. Result: candidate won. Election summary: received 2 responses out of 3 voters: 2 yes votes; 0 no votes. yes voters: 1ad8a722cd3448feb4cc6fc60064b9ed, 51d31ebde8f24ba3ad1462bc4c559177; no voters: 
I20260608 09:51:47.836376 14113 leader_election.cc:290] T 6280f085aef849d98c7c4da0ab7dbdd7 P 1ad8a722cd3448feb4cc6fc60064b9ed [CANDIDATE]: Term 1 pre-election: Requested pre-vote from peers 51d31ebde8f24ba3ad1462bc4c559177 (127.12.230.193:36801), 4d6d419278de480a8dd795f8766844b5 (127.12.230.195:39901)
I20260608 09:51:47.838471 14112 raft_consensus.cc:2804] T 2537fedd03c6493bbdd1917161b80fc8 P 1ad8a722cd3448feb4cc6fc60064b9ed [term 0 FOLLOWER]: Leader pre-election won for term 1
I20260608 09:51:47.838914 14112 raft_consensus.cc:493] T 2537fedd03c6493bbdd1917161b80fc8 P 1ad8a722cd3448feb4cc6fc60064b9ed [term 0 FOLLOWER]: Starting leader election (no leader contacted us within the election timeout)
I20260608 09:51:47.839409 14112 raft_consensus.cc:3060] T 2537fedd03c6493bbdd1917161b80fc8 P 1ad8a722cd3448feb4cc6fc60064b9ed [term 0 FOLLOWER]: Advancing to term 1
I20260608 09:51:47.839680 13879 tablet_service.cc:1917] Received RequestConsensusVote() RPC: tablet_id: "6280f085aef849d98c7c4da0ab7dbdd7" candidate_uuid: "1ad8a722cd3448feb4cc6fc60064b9ed" candidate_term: 1 candidate_status { last_received { term: 0 index: 0 } } ignore_live_leader: false dest_uuid: "51d31ebde8f24ba3ad1462bc4c559177" is_pre_election: true
I20260608 09:51:47.840349 13879 raft_consensus.cc:2468] T 6280f085aef849d98c7c4da0ab7dbdd7 P 51d31ebde8f24ba3ad1462bc4c559177 [term 0 FOLLOWER]: Leader pre-election vote request: Granting yes vote for candidate 1ad8a722cd3448feb4cc6fc60064b9ed in term 0.
I20260608 09:51:47.842674 13918 leader_election.cc:304] T 6280f085aef849d98c7c4da0ab7dbdd7 P 1ad8a722cd3448feb4cc6fc60064b9ed [CANDIDATE]: Term 1 pre-election: Election decided. Result: candidate won. Election summary: received 2 responses out of 3 voters: 2 yes votes; 0 no votes. yes voters: 1ad8a722cd3448feb4cc6fc60064b9ed, 51d31ebde8f24ba3ad1462bc4c559177; no voters: 
I20260608 09:51:47.841079 14073 tablet_bootstrap.cc:492] T e94bc941024a48f68dacc7a89a49d832 P 51d31ebde8f24ba3ad1462bc4c559177: Bootstrap starting.
I20260608 09:51:47.847033 14113 raft_consensus.cc:2804] T 6280f085aef849d98c7c4da0ab7dbdd7 P 1ad8a722cd3448feb4cc6fc60064b9ed [term 0 FOLLOWER]: Leader pre-election won for term 1
I20260608 09:51:47.850935 14113 raft_consensus.cc:493] T 6280f085aef849d98c7c4da0ab7dbdd7 P 1ad8a722cd3448feb4cc6fc60064b9ed [term 0 FOLLOWER]: Starting leader election (no leader contacted us within the election timeout)
I20260608 09:51:47.851764 14113 raft_consensus.cc:3060] T 6280f085aef849d98c7c4da0ab7dbdd7 P 1ad8a722cd3448feb4cc6fc60064b9ed [term 0 FOLLOWER]: Advancing to term 1
I20260608 09:51:47.840879 14027 raft_consensus.cc:2468] T 16e0aed16d304b67b5dd1c0de18826e4 P 4d6d419278de480a8dd795f8766844b5 [term 1 FOLLOWER]: Leader election vote request: Granting yes vote for candidate 1ad8a722cd3448feb4cc6fc60064b9ed in term 1.
I20260608 09:51:47.845780 13878 raft_consensus.cc:2468] T 16e0aed16d304b67b5dd1c0de18826e4 P 51d31ebde8f24ba3ad1462bc4c559177 [term 1 FOLLOWER]: Leader election vote request: Granting yes vote for candidate 1ad8a722cd3448feb4cc6fc60064b9ed in term 1.
I20260608 09:51:47.857928 13918 leader_election.cc:304] T 16e0aed16d304b67b5dd1c0de18826e4 P 1ad8a722cd3448feb4cc6fc60064b9ed [CANDIDATE]: Term 1 election: Election decided. Result: candidate won. Election summary: received 2 responses out of 3 voters: 2 yes votes; 0 no votes. yes voters: 1ad8a722cd3448feb4cc6fc60064b9ed, 51d31ebde8f24ba3ad1462bc4c559177; no voters: 
I20260608 09:51:47.860236 14076 tablet_bootstrap.cc:492] T 10f7bd26062a494ea7dc70ac92f1686d P 4d6d419278de480a8dd795f8766844b5: No bootstrap required, opened a new log
I20260608 09:51:47.860751 14076 ts_tablet_manager.cc:1403] T 10f7bd26062a494ea7dc70ac92f1686d P 4d6d419278de480a8dd795f8766844b5: Time spent bootstrapping tablet: real 0.095s	user 0.019s	sys 0.013s
I20260608 09:51:47.860518 14106 raft_consensus.cc:515] T 28061a8c3acf4bd6b1e017af4d860032 P 4d6d419278de480a8dd795f8766844b5 [term 1 FOLLOWER]: Starting leader election with config: opid_index: -1 OBSOLETE_local: false peers { permanent_uuid: "51d31ebde8f24ba3ad1462bc4c559177" member_type: VOTER last_known_addr { host: "127.12.230.193" port: 36801 } } peers { permanent_uuid: "1ad8a722cd3448feb4cc6fc60064b9ed" member_type: VOTER last_known_addr { host: "127.12.230.194" port: 41585 } } peers { permanent_uuid: "4d6d419278de480a8dd795f8766844b5" member_type: VOTER last_known_addr { host: "127.12.230.195" port: 39901 } }
I20260608 09:51:47.859246 14084 raft_consensus.cc:2804] T 16e0aed16d304b67b5dd1c0de18826e4 P 1ad8a722cd3448feb4cc6fc60064b9ed [term 1 FOLLOWER]: Leader election won for term 1
I20260608 09:51:47.866997 14027 tablet_service.cc:1917] Received RequestConsensusVote() RPC: tablet_id: "6280f085aef849d98c7c4da0ab7dbdd7" candidate_uuid: "1ad8a722cd3448feb4cc6fc60064b9ed" candidate_term: 1 candidate_status { last_received { term: 0 index: 0 } } ignore_live_leader: false dest_uuid: "4d6d419278de480a8dd795f8766844b5" is_pre_election: true
I20260608 09:51:47.868824 14084 raft_consensus.cc:697] T 16e0aed16d304b67b5dd1c0de18826e4 P 1ad8a722cd3448feb4cc6fc60064b9ed [term 1 LEADER]: Becoming Leader. State: Replica: 1ad8a722cd3448feb4cc6fc60064b9ed, State: Running, Role: LEADER
I20260608 09:51:47.869825 14112 raft_consensus.cc:515] T 2537fedd03c6493bbdd1917161b80fc8 P 1ad8a722cd3448feb4cc6fc60064b9ed [term 1 FOLLOWER]: Starting leader election with config: opid_index: -1 OBSOLETE_local: false peers { permanent_uuid: "51d31ebde8f24ba3ad1462bc4c559177" member_type: VOTER last_known_addr { host: "127.12.230.193" port: 36801 } } peers { permanent_uuid: "1ad8a722cd3448feb4cc6fc60064b9ed" member_type: VOTER last_known_addr { host: "127.12.230.194" port: 41585 } } peers { permanent_uuid: "4d6d419278de480a8dd795f8766844b5" member_type: VOTER last_known_addr { host: "127.12.230.195" port: 39901 } }
I20260608 09:51:47.871098 14084 consensus_queue.cc:237] T 16e0aed16d304b67b5dd1c0de18826e4 P 1ad8a722cd3448feb4cc6fc60064b9ed [LEADER]: Queue going to LEADER mode. State: All replicated index: 0, Majority replicated index: 0, Committed index: 0, Last appended: 0.0, Last appended by leader: 0, Current term: 1, Majority size: 2, State: 0, Mode: LEADER, active raft config: opid_index: -1 OBSOLETE_local: false peers { permanent_uuid: "51d31ebde8f24ba3ad1462bc4c559177" member_type: VOTER last_known_addr { host: "127.12.230.193" port: 36801 } } peers { permanent_uuid: "1ad8a722cd3448feb4cc6fc60064b9ed" member_type: VOTER last_known_addr { host: "127.12.230.194" port: 41585 } } peers { permanent_uuid: "4d6d419278de480a8dd795f8766844b5" member_type: VOTER last_known_addr { host: "127.12.230.195" port: 39901 } }
I20260608 09:51:47.873299 13878 tablet_service.cc:1917] Received RequestConsensusVote() RPC: tablet_id: "2537fedd03c6493bbdd1917161b80fc8" candidate_uuid: "1ad8a722cd3448feb4cc6fc60064b9ed" candidate_term: 1 candidate_status { last_received { term: 0 index: 0 } } ignore_live_leader: false dest_uuid: "51d31ebde8f24ba3ad1462bc4c559177"
I20260608 09:51:47.873934 13878 raft_consensus.cc:3060] T 2537fedd03c6493bbdd1917161b80fc8 P 51d31ebde8f24ba3ad1462bc4c559177 [term 0 FOLLOWER]: Advancing to term 1
I20260608 09:51:47.875037 14106 leader_election.cc:290] T 28061a8c3acf4bd6b1e017af4d860032 P 4d6d419278de480a8dd795f8766844b5 [CANDIDATE]: Term 1 election: Requested vote from peers 51d31ebde8f24ba3ad1462bc4c559177 (127.12.230.193:36801), 1ad8a722cd3448feb4cc6fc60064b9ed (127.12.230.194:41585)
I20260608 09:51:47.875743 13879 tablet_service.cc:1917] Received RequestConsensusVote() RPC: tablet_id: "28061a8c3acf4bd6b1e017af4d860032" candidate_uuid: "4d6d419278de480a8dd795f8766844b5" candidate_term: 1 candidate_status { last_received { term: 0 index: 0 } } ignore_live_leader: false dest_uuid: "51d31ebde8f24ba3ad1462bc4c559177"
I20260608 09:51:47.877377 13953 tablet_service.cc:1917] Received RequestConsensusVote() RPC: tablet_id: "28061a8c3acf4bd6b1e017af4d860032" candidate_uuid: "4d6d419278de480a8dd795f8766844b5" candidate_term: 1 candidate_status { last_received { term: 0 index: 0 } } ignore_live_leader: false dest_uuid: "1ad8a722cd3448feb4cc6fc60064b9ed"
I20260608 09:51:47.879129 13879 raft_consensus.cc:3060] T 28061a8c3acf4bd6b1e017af4d860032 P 51d31ebde8f24ba3ad1462bc4c559177 [term 0 FOLLOWER]: Advancing to term 1
I20260608 09:51:47.879225 13953 raft_consensus.cc:3060] T 28061a8c3acf4bd6b1e017af4d860032 P 1ad8a722cd3448feb4cc6fc60064b9ed [term 0 FOLLOWER]: Advancing to term 1
I20260608 09:51:47.881740 13878 raft_consensus.cc:2468] T 2537fedd03c6493bbdd1917161b80fc8 P 51d31ebde8f24ba3ad1462bc4c559177 [term 1 FOLLOWER]: Leader election vote request: Granting yes vote for candidate 1ad8a722cd3448feb4cc6fc60064b9ed in term 1.
I20260608 09:51:47.883005 13918 leader_election.cc:304] T 2537fedd03c6493bbdd1917161b80fc8 P 1ad8a722cd3448feb4cc6fc60064b9ed [CANDIDATE]: Term 1 election: Election decided. Result: candidate won. Election summary: received 2 responses out of 3 voters: 2 yes votes; 0 no votes. yes voters: 1ad8a722cd3448feb4cc6fc60064b9ed, 51d31ebde8f24ba3ad1462bc4c559177; no voters: 
I20260608 09:51:47.883977 14107 raft_consensus.cc:2804] T 2537fedd03c6493bbdd1917161b80fc8 P 1ad8a722cd3448feb4cc6fc60064b9ed [term 1 FOLLOWER]: Leader election won for term 1
