I20260608 09:53:03.066255 16072 tablet_bootstrap.cc:492] T d934da51724347e89dbcd6933c02500d P 2999353b2b99403aa963d39cb632c37b: Bootstrap starting.
I20260608 09:53:03.069885 16076 leader_election.cc:290] T 47ab4eba514a4f8fb7cd18d657457bec P eae2948004e547e2a7a8b4e508a8fca7 [CANDIDATE]: Term 1 election: Requested vote from peers 2999353b2b99403aa963d39cb632c37b (127.12.230.193:39527), 8ee96703919a483491db4c0ae0fa3e0e (127.12.230.195:38271)
I20260608 09:53:03.070600 16076 raft_consensus.cc:2804] T 47ab4eba514a4f8fb7cd18d657457bec P eae2948004e547e2a7a8b4e508a8fca7 [term 1 FOLLOWER]: Leader election won for term 1
I20260608 09:53:03.071205 16076 raft_consensus.cc:697] T 47ab4eba514a4f8fb7cd18d657457bec P eae2948004e547e2a7a8b4e508a8fca7 [term 1 LEADER]: Becoming Leader. State: Replica: eae2948004e547e2a7a8b4e508a8fca7, State: Running, Role: LEADER
I20260608 09:53:03.072208 16076 consensus_queue.cc:237] T 47ab4eba514a4f8fb7cd18d657457bec P eae2948004e547e2a7a8b4e508a8fca7 [LEADER]: Queue going to LEADER mode. State: All replicated index: 0, Majority replicated index: 0, Committed index: 0, Last appended: 0.0, Last appended by leader: 0, Current term: 1, Majority size: 2, State: 0, Mode: LEADER, active raft config: opid_index: -1 OBSOLETE_local: false peers { permanent_uuid: "2999353b2b99403aa963d39cb632c37b" member_type: VOTER last_known_addr { host: "127.12.230.193" port: 39527 } } peers { permanent_uuid: "eae2948004e547e2a7a8b4e508a8fca7" member_type: VOTER last_known_addr { host: "127.12.230.194" port: 37775 } } peers { permanent_uuid: "8ee96703919a483491db4c0ae0fa3e0e" member_type: VOTER last_known_addr { host: "127.12.230.195" port: 38271 } }
I20260608 09:53:03.076745 16071 ts_tablet_manager.cc:1434] T 9a4a937c3eea4d3994ac6493619b501f P eae2948004e547e2a7a8b4e508a8fca7: Time spent starting tablet: real 0.051s	user 0.011s	sys 0.015s
I20260608 09:53:03.078234 16071 tablet_bootstrap.cc:492] T fb39527463374401abd3f964d7e56b4c P eae2948004e547e2a7a8b4e508a8fca7: Bootstrap starting.
I20260608 09:53:03.086575 16071 tablet_bootstrap.cc:654] T fb39527463374401abd3f964d7e56b4c P eae2948004e547e2a7a8b4e508a8fca7: Neither blocks nor log segments found. Creating new log.
I20260608 09:53:03.086365 16026 tablet_service.cc:1917] Received RequestConsensusVote() RPC: tablet_id: "47ab4eba514a4f8fb7cd18d657457bec" candidate_uuid: "eae2948004e547e2a7a8b4e508a8fca7" candidate_term: 1 candidate_status { last_received { term: 0 index: 0 } } ignore_live_leader: false dest_uuid: "8ee96703919a483491db4c0ae0fa3e0e"
I20260608 09:53:03.087052 16026 raft_consensus.cc:3060] T 47ab4eba514a4f8fb7cd18d657457bec P 8ee96703919a483491db4c0ae0fa3e0e [term 0 FOLLOWER]: Advancing to term 1
I20260608 09:53:03.087495 16072 tablet_bootstrap.cc:654] T d934da51724347e89dbcd6933c02500d P 2999353b2b99403aa963d39cb632c37b: Neither blocks nor log segments found. Creating new log.
I20260608 09:53:03.087805 16075 tablet_bootstrap.cc:492] T d934da51724347e89dbcd6933c02500d P 8ee96703919a483491db4c0ae0fa3e0e: No bootstrap required, opened a new log
I20260608 09:53:03.088294 16075 ts_tablet_manager.cc:1403] T d934da51724347e89dbcd6933c02500d P 8ee96703919a483491db4c0ae0fa3e0e: Time spent bootstrapping tablet: real 0.041s	user 0.018s	sys 0.012s
I20260608 09:53:03.094066 16075 raft_consensus.cc:359] T d934da51724347e89dbcd6933c02500d P 8ee96703919a483491db4c0ae0fa3e0e [term 0 FOLLOWER]: Replica starting. Triggering 0 pending ops. Active config: opid_index: -1 OBSOLETE_local: false peers { permanent_uuid: "2999353b2b99403aa963d39cb632c37b" member_type: VOTER last_known_addr { host: "127.12.230.193" port: 39527 } } peers { permanent_uuid: "eae2948004e547e2a7a8b4e508a8fca7" member_type: VOTER last_known_addr { host: "127.12.230.194" port: 37775 } } peers { permanent_uuid: "8ee96703919a483491db4c0ae0fa3e0e" member_type: VOTER last_known_addr { host: "127.12.230.195" port: 38271 } }
I20260608 09:53:03.095100 16075 raft_consensus.cc:385] T d934da51724347e89dbcd6933c02500d P 8ee96703919a483491db4c0ae0fa3e0e [term 0 FOLLOWER]: Consensus starting up: Expiring failure detector timer to make a prompt election more likely
I20260608 09:53:03.095501 16075 raft_consensus.cc:740] T d934da51724347e89dbcd6933c02500d P 8ee96703919a483491db4c0ae0fa3e0e [term 0 FOLLOWER]: Becoming Follower/Learner. State: Replica: 8ee96703919a483491db4c0ae0fa3e0e, State: Initialized, Role: FOLLOWER
I20260608 09:53:03.096616 16075 consensus_queue.cc:260] T d934da51724347e89dbcd6933c02500d P 8ee96703919a483491db4c0ae0fa3e0e [NON_LEADER]: Queue going to NON_LEADER mode. State: All replicated index: 0, Majority replicated index: 0, Committed index: 0, Last appended: 0.0, Last appended by leader: 0, Current term: 0, Majority size: -1, State: 0, Mode: NON_LEADER, active raft config: opid_index: -1 OBSOLETE_local: false peers { permanent_uuid: "2999353b2b99403aa963d39cb632c37b" member_type: VOTER last_known_addr { host: "127.12.230.193" port: 39527 } } peers { permanent_uuid: "eae2948004e547e2a7a8b4e508a8fca7" member_type: VOTER last_known_addr { host: "127.12.230.194" port: 37775 } } peers { permanent_uuid: "8ee96703919a483491db4c0ae0fa3e0e" member_type: VOTER last_known_addr { host: "127.12.230.195" port: 38271 } }
I20260608 09:53:03.098977 16026 raft_consensus.cc:2468] T 47ab4eba514a4f8fb7cd18d657457bec P 8ee96703919a483491db4c0ae0fa3e0e [term 1 FOLLOWER]: Leader election vote request: Granting yes vote for candidate eae2948004e547e2a7a8b4e508a8fca7 in term 1.
I20260608 09:53:03.103389 16075 ts_tablet_manager.cc:1434] T d934da51724347e89dbcd6933c02500d P 8ee96703919a483491db4c0ae0fa3e0e: Time spent starting tablet: real 0.015s	user 0.010s	sys 0.000s
I20260608 09:53:03.109196 16071 tablet_bootstrap.cc:492] T fb39527463374401abd3f964d7e56b4c P eae2948004e547e2a7a8b4e508a8fca7: No bootstrap required, opened a new log
I20260608 09:53:03.109195 16072 tablet_bootstrap.cc:492] T d934da51724347e89dbcd6933c02500d P 2999353b2b99403aa963d39cb632c37b: No bootstrap required, opened a new log
I20260608 09:53:03.109930 16071 ts_tablet_manager.cc:1403] T fb39527463374401abd3f964d7e56b4c P eae2948004e547e2a7a8b4e508a8fca7: Time spent bootstrapping tablet: real 0.032s	user 0.016s	sys 0.012s
I20260608 09:53:03.110005 16072 ts_tablet_manager.cc:1403] T d934da51724347e89dbcd6933c02500d P 2999353b2b99403aa963d39cb632c37b: Time spent bootstrapping tablet: real 0.044s	user 0.004s	sys 0.023s
I20260608 09:53:03.111941 15772 catalog_manager.cc:5696] T 47ab4eba514a4f8fb7cd18d657457bec P eae2948004e547e2a7a8b4e508a8fca7 reported cstate change: term changed from 0 to 1, leader changed from <none> to eae2948004e547e2a7a8b4e508a8fca7 (127.12.230.194). New cstate: current_term: 1 leader_uuid: "eae2948004e547e2a7a8b4e508a8fca7" committed_config { opid_index: -1 OBSOLETE_local: false peers { permanent_uuid: "2999353b2b99403aa963d39cb632c37b" member_type: VOTER last_known_addr { host: "127.12.230.193" port: 39527 } health_report { overall_health: UNKNOWN } } peers { permanent_uuid: "eae2948004e547e2a7a8b4e508a8fca7" member_type: VOTER last_known_addr { host: "127.12.230.194" port: 37775 } health_report { overall_health: HEALTHY } } peers { permanent_uuid: "8ee96703919a483491db4c0ae0fa3e0e" member_type: VOTER last_known_addr { host: "127.12.230.195" port: 38271 } health_report { overall_health: UNKNOWN } } }
I20260608 09:53:03.113508 16071 raft_consensus.cc:359] T fb39527463374401abd3f964d7e56b4c P eae2948004e547e2a7a8b4e508a8fca7 [term 0 FOLLOWER]: Replica starting. Triggering 0 pending ops. Active config: opid_index: -1 OBSOLETE_local: false peers { permanent_uuid: "eae2948004e547e2a7a8b4e508a8fca7" member_type: VOTER last_known_addr { host: "127.12.230.194" port: 37775 } } peers { permanent_uuid: "2999353b2b99403aa963d39cb632c37b" member_type: VOTER last_known_addr { host: "127.12.230.193" port: 39527 } } peers { permanent_uuid: "8ee96703919a483491db4c0ae0fa3e0e" member_type: VOTER last_known_addr { host: "127.12.230.195" port: 38271 } }
I20260608 09:53:03.113827 16072 raft_consensus.cc:359] T d934da51724347e89dbcd6933c02500d P 2999353b2b99403aa963d39cb632c37b [term 0 FOLLOWER]: Replica starting. Triggering 0 pending ops. Active config: opid_index: -1 OBSOLETE_local: false peers { permanent_uuid: "2999353b2b99403aa963d39cb632c37b" member_type: VOTER last_known_addr { host: "127.12.230.193" port: 39527 } } peers { permanent_uuid: "eae2948004e547e2a7a8b4e508a8fca7" member_type: VOTER last_known_addr { host: "127.12.230.194" port: 37775 } } peers { permanent_uuid: "8ee96703919a483491db4c0ae0fa3e0e" member_type: VOTER last_known_addr { host: "127.12.230.195" port: 38271 } }
I20260608 09:53:03.114305 16071 raft_consensus.cc:385] T fb39527463374401abd3f964d7e56b4c P eae2948004e547e2a7a8b4e508a8fca7 [term 0 FOLLOWER]: Consensus starting up: Expiring failure detector timer to make a prompt election more likely
I20260608 09:53:03.114727 16072 raft_consensus.cc:385] T d934da51724347e89dbcd6933c02500d P 2999353b2b99403aa963d39cb632c37b [term 0 FOLLOWER]: Consensus starting up: Expiring failure detector timer to make a prompt election more likely
I20260608 09:53:03.114755 16071 raft_consensus.cc:740] T fb39527463374401abd3f964d7e56b4c P eae2948004e547e2a7a8b4e508a8fca7 [term 0 FOLLOWER]: Becoming Follower/Learner. State: Replica: eae2948004e547e2a7a8b4e508a8fca7, State: Initialized, Role: FOLLOWER
I20260608 09:53:03.115298 16072 raft_consensus.cc:740] T d934da51724347e89dbcd6933c02500d P 2999353b2b99403aa963d39cb632c37b [term 0 FOLLOWER]: Becoming Follower/Learner. State: Replica: 2999353b2b99403aa963d39cb632c37b, State: Initialized, Role: FOLLOWER
I20260608 09:53:03.115846 16071 consensus_queue.cc:260] T fb39527463374401abd3f964d7e56b4c P eae2948004e547e2a7a8b4e508a8fca7 [NON_LEADER]: Queue going to NON_LEADER mode. State: All replicated index: 0, Majority replicated index: 0, Committed index: 0, Last appended: 0.0, Last appended by leader: 0, Current term: 0, Majority size: -1, State: 0, Mode: NON_LEADER, active raft config: opid_index: -1 OBSOLETE_local: false peers { permanent_uuid: "eae2948004e547e2a7a8b4e508a8fca7" member_type: VOTER last_known_addr { host: "127.12.230.194" port: 37775 } } peers { permanent_uuid: "2999353b2b99403aa963d39cb632c37b" member_type: VOTER last_known_addr { host: "127.12.230.193" port: 39527 } } peers { permanent_uuid: "8ee96703919a483491db4c0ae0fa3e0e" member_type: VOTER last_known_addr { host: "127.12.230.195" port: 38271 } }
I20260608 09:53:03.116212 16072 consensus_queue.cc:260] T d934da51724347e89dbcd6933c02500d P 2999353b2b99403aa963d39cb632c37b [NON_LEADER]: Queue going to NON_LEADER mode. State: All replicated index: 0, Majority replicated index: 0, Committed index: 0, Last appended: 0.0, Last appended by leader: 0, Current term: 0, Majority size: -1, State: 0, Mode: NON_LEADER, active raft config: opid_index: -1 OBSOLETE_local: false peers { permanent_uuid: "2999353b2b99403aa963d39cb632c37b" member_type: VOTER last_known_addr { host: "127.12.230.193" port: 39527 } } peers { permanent_uuid: "eae2948004e547e2a7a8b4e508a8fca7" member_type: VOTER last_known_addr { host: "127.12.230.194" port: 37775 } } peers { permanent_uuid: "8ee96703919a483491db4c0ae0fa3e0e" member_type: VOTER last_known_addr { host: "127.12.230.195" port: 38271 } }
I20260608 09:53:03.118185 16071 ts_tablet_manager.cc:1434] T fb39527463374401abd3f964d7e56b4c P eae2948004e547e2a7a8b4e508a8fca7: Time spent starting tablet: real 0.008s	user 0.007s	sys 0.000s
I20260608 09:53:03.118798 16072 ts_tablet_manager.cc:1434] T d934da51724347e89dbcd6933c02500d P 2999353b2b99403aa963d39cb632c37b: Time spent starting tablet: real 0.008s	user 0.002s	sys 0.005s
I20260608 09:53:03.164168 16080 raft_consensus.cc:493] T 9a4a937c3eea4d3994ac6493619b501f P 8ee96703919a483491db4c0ae0fa3e0e [term 0 FOLLOWER]: Starting pre-election (no leader contacted us within the election timeout)
I20260608 09:53:03.164649 16080 raft_consensus.cc:515] T 9a4a937c3eea4d3994ac6493619b501f P 8ee96703919a483491db4c0ae0fa3e0e [term 0 FOLLOWER]: Starting pre-election with config: opid_index: -1 OBSOLETE_local: false peers { permanent_uuid: "2999353b2b99403aa963d39cb632c37b" member_type: VOTER last_known_addr { host: "127.12.230.193" port: 39527 } } peers { permanent_uuid: "eae2948004e547e2a7a8b4e508a8fca7" member_type: VOTER last_known_addr { host: "127.12.230.194" port: 37775 } } peers { permanent_uuid: "8ee96703919a483491db4c0ae0fa3e0e" member_type: VOTER last_known_addr { host: "127.12.230.195" port: 38271 } }
I20260608 09:53:03.167171 16080 leader_election.cc:290] T 9a4a937c3eea4d3994ac6493619b501f P 8ee96703919a483491db4c0ae0fa3e0e [CANDIDATE]: Term 1 pre-election: Requested pre-vote from peers 2999353b2b99403aa963d39cb632c37b (127.12.230.193:39527), eae2948004e547e2a7a8b4e508a8fca7 (127.12.230.194:37775)
I20260608 09:53:03.177992 15877 tablet_service.cc:1917] Received RequestConsensusVote() RPC: tablet_id: "9a4a937c3eea4d3994ac6493619b501f" candidate_uuid: "8ee96703919a483491db4c0ae0fa3e0e" candidate_term: 1 candidate_status { last_received { term: 0 index: 0 } } ignore_live_leader: false dest_uuid: "2999353b2b99403aa963d39cb632c37b" is_pre_election: true
I20260608 09:53:03.178100 15952 tablet_service.cc:1917] Received RequestConsensusVote() RPC: tablet_id: "9a4a937c3eea4d3994ac6493619b501f" candidate_uuid: "8ee96703919a483491db4c0ae0fa3e0e" candidate_term: 1 candidate_status { last_received { term: 0 index: 0 } } ignore_live_leader: false dest_uuid: "eae2948004e547e2a7a8b4e508a8fca7" is_pre_election: true
I20260608 09:53:03.178745 16077 raft_consensus.cc:493] T d934da51724347e89dbcd6933c02500d P 2999353b2b99403aa963d39cb632c37b [term 0 FOLLOWER]: Starting pre-election (no leader contacted us within the election timeout)
I20260608 09:53:03.178817 15877 raft_consensus.cc:2468] T 9a4a937c3eea4d3994ac6493619b501f P 2999353b2b99403aa963d39cb632c37b [term 0 FOLLOWER]: Leader pre-election vote request: Granting yes vote for candidate 8ee96703919a483491db4c0ae0fa3e0e in term 0.
I20260608 09:53:03.178942 15952 raft_consensus.cc:2468] T 9a4a937c3eea4d3994ac6493619b501f P eae2948004e547e2a7a8b4e508a8fca7 [term 0 FOLLOWER]: Leader pre-election vote request: Granting yes vote for candidate 8ee96703919a483491db4c0ae0fa3e0e in term 0.
I20260608 09:53:03.179363 16077 raft_consensus.cc:515] T d934da51724347e89dbcd6933c02500d P 2999353b2b99403aa963d39cb632c37b [term 0 FOLLOWER]: Starting pre-election with config: opid_index: -1 OBSOLETE_local: false peers { permanent_uuid: "2999353b2b99403aa963d39cb632c37b" member_type: VOTER last_known_addr { host: "127.12.230.193" port: 39527 } } peers { permanent_uuid: "eae2948004e547e2a7a8b4e508a8fca7" member_type: VOTER last_known_addr { host: "127.12.230.194" port: 37775 } } peers { permanent_uuid: "8ee96703919a483491db4c0ae0fa3e0e" member_type: VOTER last_known_addr { host: "127.12.230.195" port: 38271 } }
I20260608 09:53:03.180241 15992 leader_election.cc:304] T 9a4a937c3eea4d3994ac6493619b501f P 8ee96703919a483491db4c0ae0fa3e0e [CANDIDATE]: Term 1 pre-election: Election decided. Result: candidate won. Election summary: received 2 responses out of 3 voters: 2 yes votes; 0 no votes. yes voters: 2999353b2b99403aa963d39cb632c37b, 8ee96703919a483491db4c0ae0fa3e0e; no voters: 
I20260608 09:53:03.181034 16080 raft_consensus.cc:2804] T 9a4a937c3eea4d3994ac6493619b501f P 8ee96703919a483491db4c0ae0fa3e0e [term 0 FOLLOWER]: Leader pre-election won for term 1
I20260608 09:53:03.181350 16080 raft_consensus.cc:493] T 9a4a937c3eea4d3994ac6493619b501f P 8ee96703919a483491db4c0ae0fa3e0e [term 0 FOLLOWER]: Starting leader election (no leader contacted us within the election timeout)
I20260608 09:53:03.181635 16080 raft_consensus.cc:3060] T 9a4a937c3eea4d3994ac6493619b501f P 8ee96703919a483491db4c0ae0fa3e0e [term 0 FOLLOWER]: Advancing to term 1
I20260608 09:53:03.185765 16077 leader_election.cc:290] T d934da51724347e89dbcd6933c02500d P 2999353b2b99403aa963d39cb632c37b [CANDIDATE]: Term 1 pre-election: Requested pre-vote from peers eae2948004e547e2a7a8b4e508a8fca7 (127.12.230.194:37775), 8ee96703919a483491db4c0ae0fa3e0e (127.12.230.195:38271)
I20260608 09:53:03.189054 16080 raft_consensus.cc:515] T 9a4a937c3eea4d3994ac6493619b501f P 8ee96703919a483491db4c0ae0fa3e0e [term 1 FOLLOWER]: Starting leader election with config: opid_index: -1 OBSOLETE_local: false peers { permanent_uuid: "2999353b2b99403aa963d39cb632c37b" member_type: VOTER last_known_addr { host: "127.12.230.193" port: 39527 } } peers { permanent_uuid: "eae2948004e547e2a7a8b4e508a8fca7" member_type: VOTER last_known_addr { host: "127.12.230.194" port: 37775 } } peers { permanent_uuid: "8ee96703919a483491db4c0ae0fa3e0e" member_type: VOTER last_known_addr { host: "127.12.230.195" port: 38271 } }
I20260608 09:53:03.192694 16080 leader_election.cc:290] T 9a4a937c3eea4d3994ac6493619b501f P 8ee96703919a483491db4c0ae0fa3e0e [CANDIDATE]: Term 1 election: Requested vote from peers 2999353b2b99403aa963d39cb632c37b (127.12.230.193:39527), eae2948004e547e2a7a8b4e508a8fca7 (127.12.230.194:37775)
I20260608 09:53:03.192579 15877 tablet_service.cc:1917] Received RequestConsensusVote() RPC: tablet_id: "9a4a937c3eea4d3994ac6493619b501f" candidate_uuid: "8ee96703919a483491db4c0ae0fa3e0e" candidate_term: 1 candidate_status { last_received { term: 0 index: 0 } } ignore_live_leader: false dest_uuid: "2999353b2b99403aa963d39cb632c37b"
I20260608 09:53:03.193358 15877 raft_consensus.cc:3060] T 9a4a937c3eea4d3994ac6493619b501f P 2999353b2b99403aa963d39cb632c37b [term 0 FOLLOWER]: Advancing to term 1
I20260608 09:53:03.192579 15952 tablet_service.cc:1917] Received RequestConsensusVote() RPC: tablet_id: "9a4a937c3eea4d3994ac6493619b501f" candidate_uuid: "8ee96703919a483491db4c0ae0fa3e0e" candidate_term: 1 candidate_status { last_received { term: 0 index: 0 } } ignore_live_leader: false dest_uuid: "eae2948004e547e2a7a8b4e508a8fca7"
I20260608 09:53:03.195096 15952 raft_consensus.cc:3060] T 9a4a937c3eea4d3994ac6493619b501f P eae2948004e547e2a7a8b4e508a8fca7 [term 0 FOLLOWER]: Advancing to term 1
I20260608 09:53:03.196599 15951 tablet_service.cc:1917] Received RequestConsensusVote() RPC: tablet_id: "d934da51724347e89dbcd6933c02500d" candidate_uuid: "2999353b2b99403aa963d39cb632c37b" candidate_term: 1 candidate_status { last_received { term: 0 index: 0 } } ignore_live_leader: false dest_uuid: "eae2948004e547e2a7a8b4e508a8fca7" is_pre_election: true
I20260608 09:53:03.197292 15951 raft_consensus.cc:2468] T d934da51724347e89dbcd6933c02500d P eae2948004e547e2a7a8b4e508a8fca7 [term 0 FOLLOWER]: Leader pre-election vote request: Granting yes vote for candidate 2999353b2b99403aa963d39cb632c37b in term 0.
I20260608 09:53:03.198885 15842 leader_election.cc:304] T d934da51724347e89dbcd6933c02500d P 2999353b2b99403aa963d39cb632c37b [CANDIDATE]: Term 1 pre-election: Election decided. Result: candidate won. Election summary: received 2 responses out of 3 voters: 2 yes votes; 0 no votes. yes voters: 2999353b2b99403aa963d39cb632c37b, eae2948004e547e2a7a8b4e508a8fca7; no voters: 
I20260608 09:53:03.199380 16026 tablet_service.cc:1917] Received RequestConsensusVote() RPC: tablet_id: "d934da51724347e89dbcd6933c02500d" candidate_uuid: "2999353b2b99403aa963d39cb632c37b" candidate_term: 1 candidate_status { last_received { term: 0 index: 0 } } ignore_live_leader: false dest_uuid: "8ee96703919a483491db4c0ae0fa3e0e" is_pre_election: true
I20260608 09:53:03.199658 16077 raft_consensus.cc:2804] T d934da51724347e89dbcd6933c02500d P 2999353b2b99403aa963d39cb632c37b [term 0 FOLLOWER]: Leader pre-election won for term 1
I20260608 09:53:03.200032 16026 raft_consensus.cc:2468] T d934da51724347e89dbcd6933c02500d P 8ee96703919a483491db4c0ae0fa3e0e [term 0 FOLLOWER]: Leader pre-election vote request: Granting yes vote for candidate 2999353b2b99403aa963d39cb632c37b in term 0.
I20260608 09:53:03.200094 16077 raft_consensus.cc:493] T d934da51724347e89dbcd6933c02500d P 2999353b2b99403aa963d39cb632c37b [term 0 FOLLOWER]: Starting leader election (no leader contacted us within the election timeout)
I20260608 09:53:03.201020 16077 raft_consensus.cc:3060] T d934da51724347e89dbcd6933c02500d P 2999353b2b99403aa963d39cb632c37b [term 0 FOLLOWER]: Advancing to term 1
I20260608 09:53:03.202551 15877 raft_consensus.cc:2468] T 9a4a937c3eea4d3994ac6493619b501f P 2999353b2b99403aa963d39cb632c37b [term 1 FOLLOWER]: Leader election vote request: Granting yes vote for candidate 8ee96703919a483491db4c0ae0fa3e0e in term 1.
I20260608 09:53:03.202732 15952 raft_consensus.cc:2468] T 9a4a937c3eea4d3994ac6493619b501f P eae2948004e547e2a7a8b4e508a8fca7 [term 1 FOLLOWER]: Leader election vote request: Granting yes vote for candidate 8ee96703919a483491db4c0ae0fa3e0e in term 1.
I20260608 09:53:03.203816 15992 leader_election.cc:304] T 9a4a937c3eea4d3994ac6493619b501f P 8ee96703919a483491db4c0ae0fa3e0e [CANDIDATE]: Term 1 election: Election decided. Result: candidate won. Election summary: received 2 responses out of 3 voters: 2 yes votes; 0 no votes. yes voters: 2999353b2b99403aa963d39cb632c37b, 8ee96703919a483491db4c0ae0fa3e0e; no voters: 
I20260608 09:53:03.204703 16080 raft_consensus.cc:2804] T 9a4a937c3eea4d3994ac6493619b501f P 8ee96703919a483491db4c0ae0fa3e0e [term 1 FOLLOWER]: Leader election won for term 1
I20260608 09:53:03.206024 16080 raft_consensus.cc:697] T 9a4a937c3eea4d3994ac6493619b501f P 8ee96703919a483491db4c0ae0fa3e0e [term 1 LEADER]: Becoming Leader. State: Replica: 8ee96703919a483491db4c0ae0fa3e0e, State: Running, Role: LEADER
I20260608 09:53:03.206955 16080 consensus_queue.cc:237] T 9a4a937c3eea4d3994ac6493619b501f P 8ee96703919a483491db4c0ae0fa3e0e [LEADER]: Queue going to LEADER mode. State: All replicated index: 0, Majority replicated index: 0, Committed index: 0, Last appended: 0.0, Last appended by leader: 0, Current term: 1, Majority size: 2, State: 0, Mode: LEADER, active raft config: opid_index: -1 OBSOLETE_local: false peers { permanent_uuid: "2999353b2b99403aa963d39cb632c37b" member_type: VOTER last_known_addr { host: "127.12.230.193" port: 39527 } } peers { permanent_uuid: "eae2948004e547e2a7a8b4e508a8fca7" member_type: VOTER last_known_addr { host: "127.12.230.194" port: 37775 } } peers { permanent_uuid: "8ee96703919a483491db4c0ae0fa3e0e" member_type: VOTER last_known_addr { host: "127.12.230.195" port: 38271 } }
I20260608 09:53:03.207800 16077 raft_consensus.cc:515] T d934da51724347e89dbcd6933c02500d P 2999353b2b99403aa963d39cb632c37b [term 1 FOLLOWER]: Starting leader election with config: opid_index: -1 OBSOLETE_local: false peers { permanent_uuid: "2999353b2b99403aa963d39cb632c37b" member_type: VOTER last_known_addr { host: "127.12.230.193" port: 39527 } } peers { permanent_uuid: "eae2948004e547e2a7a8b4e508a8fca7" member_type: VOTER last_known_addr { host: "127.12.230.194" port: 37775 } } peers { permanent_uuid: "8ee96703919a483491db4c0ae0fa3e0e" member_type: VOTER last_known_addr { host: "127.12.230.195" port: 38271 } }
I20260608 09:53:03.210295 16077 leader_election.cc:290] T d934da51724347e89dbcd6933c02500d P 2999353b2b99403aa963d39cb632c37b [CANDIDATE]: Term 1 election: Requested vote from peers eae2948004e547e2a7a8b4e508a8fca7 (127.12.230.194:37775), 8ee96703919a483491db4c0ae0fa3e0e (127.12.230.195:38271)
I20260608 09:53:03.210896 15952 tablet_service.cc:1917] Received RequestConsensusVote() RPC: tablet_id: "d934da51724347e89dbcd6933c02500d" candidate_uuid: "2999353b2b99403aa963d39cb632c37b" candidate_term: 1 candidate_status { last_received { term: 0 index: 0 } } ignore_live_leader: false dest_uuid: "eae2948004e547e2a7a8b4e508a8fca7"
I20260608 09:53:03.211604 15952 raft_consensus.cc:3060] T d934da51724347e89dbcd6933c02500d P eae2948004e547e2a7a8b4e508a8fca7 [term 0 FOLLOWER]: Advancing to term 1
I20260608 09:53:03.211283 16026 tablet_service.cc:1917] Received RequestConsensusVote() RPC: tablet_id: "d934da51724347e89dbcd6933c02500d" candidate_uuid: "2999353b2b99403aa963d39cb632c37b" candidate_term: 1 candidate_status { last_received { term: 0 index: 0 } } ignore_live_leader: false dest_uuid: "8ee96703919a483491db4c0ae0fa3e0e"
I20260608 09:53:03.212215 16026 raft_consensus.cc:3060] T d934da51724347e89dbcd6933c02500d P 8ee96703919a483491db4c0ae0fa3e0e [term 0 FOLLOWER]: Advancing to term 1
I20260608 09:53:03.218953 15952 raft_consensus.cc:2468] T d934da51724347e89dbcd6933c02500d P eae2948004e547e2a7a8b4e508a8fca7 [term 1 FOLLOWER]: Leader election vote request: Granting yes vote for candidate 2999353b2b99403aa963d39cb632c37b in term 1.
I20260608 09:53:03.219537 16026 raft_consensus.cc:2468] T d934da51724347e89dbcd6933c02500d P 8ee96703919a483491db4c0ae0fa3e0e [term 1 FOLLOWER]: Leader election vote request: Granting yes vote for candidate 2999353b2b99403aa963d39cb632c37b in term 1.
I20260608 09:53:03.220024 15842 leader_election.cc:304] T d934da51724347e89dbcd6933c02500d P 2999353b2b99403aa963d39cb632c37b [CANDIDATE]: Term 1 election: Election decided. Result: candidate won. Election summary: received 2 responses out of 3 voters: 2 yes votes; 0 no votes. yes voters: 2999353b2b99403aa963d39cb632c37b, eae2948004e547e2a7a8b4e508a8fca7; no voters: 
I20260608 09:53:03.220889 16077 raft_consensus.cc:2804] T d934da51724347e89dbcd6933c02500d P 2999353b2b99403aa963d39cb632c37b [term 1 FOLLOWER]: Leader election won for term 1
I20260608 09:53:03.220695 15772 catalog_manager.cc:5696] T 9a4a937c3eea4d3994ac6493619b501f P 8ee96703919a483491db4c0ae0fa3e0e reported cstate change: term changed from 0 to 1, leader changed from <none> to 8ee96703919a483491db4c0ae0fa3e0e (127.12.230.195). New cstate: current_term: 1 leader_uuid: "8ee96703919a483491db4c0ae0fa3e0e" committed_config { opid_index: -1 OBSOLETE_local: false peers { permanent_uuid: "2999353b2b99403aa963d39cb632c37b" member_type: VOTER last_known_addr { host: "127.12.230.193" port: 39527 } health_report { overall_health: UNKNOWN } } peers { permanent_uuid: "eae2948004e547e2a7a8b4e508a8fca7" member_type: VOTER last_known_addr { host: "127.12.230.194" port: 37775 } health_report { overall_health: UNKNOWN } } peers { permanent_uuid: "8ee96703919a483491db4c0ae0fa3e0e" member_type: VOTER last_known_addr { host: "127.12.230.195" port: 38271 } health_report { overall_health: HEALTHY } } }
I20260608 09:53:03.222918 16077 raft_consensus.cc:697] T d934da51724347e89dbcd6933c02500d P 2999353b2b99403aa963d39cb632c37b [term 1 LEADER]: Becoming Leader. State: Replica: 2999353b2b99403aa963d39cb632c37b, State: Running, Role: LEADER
I20260608 09:53:03.224187 16077 consensus_queue.cc:237] T d934da51724347e89dbcd6933c02500d P 2999353b2b99403aa963d39cb632c37b [LEADER]: Queue going to LEADER mode. State: All replicated index: 0, Majority replicated index: 0, Committed index: 0, Last appended: 0.0, Last appended by leader: 0, Current term: 1, Majority size: 2, State: 0, Mode: LEADER, active raft config: opid_index: -1 OBSOLETE_local: false peers { permanent_uuid: "2999353b2b99403aa963d39cb632c37b" member_type: VOTER last_known_addr { host: "127.12.230.193" port: 39527 } } peers { permanent_uuid: "eae2948004e547e2a7a8b4e508a8fca7" member_type: VOTER last_known_addr { host: "127.12.230.194" port: 37775 } } peers { permanent_uuid: "8ee96703919a483491db4c0ae0fa3e0e" member_type: VOTER last_known_addr { host: "127.12.230.195" port: 38271 } }
I20260608 09:53:03.232569 15772 catalog_manager.cc:5696] T d934da51724347e89dbcd6933c02500d P 2999353b2b99403aa963d39cb632c37b reported cstate change: term changed from 0 to 1, leader changed from <none> to 2999353b2b99403aa963d39cb632c37b (127.12.230.193). New cstate: current_term: 1 leader_uuid: "2999353b2b99403aa963d39cb632c37b" committed_config { opid_index: -1 OBSOLETE_local: false peers { permanent_uuid: "2999353b2b99403aa963d39cb632c37b" member_type: VOTER last_known_addr { host: "127.12.230.193" port: 39527 } health_report { overall_health: HEALTHY } } peers { permanent_uuid: "eae2948004e547e2a7a8b4e508a8fca7" member_type: VOTER last_known_addr { host: "127.12.230.194" port: 37775 } health_report { overall_health: UNKNOWN } } peers { permanent_uuid: "8ee96703919a483491db4c0ae0fa3e0e" member_type: VOTER last_known_addr { host: "127.12.230.195" port: 38271 } health_report { overall_health: UNKNOWN } } }
W20260608 09:53:03.248210 15823 auto_rebalancer.cc:259] Could not retrieve cluster info: Service unavailable: Tablet not running
I20260608 09:53:03.251853 15828 auto_leader_rebalancer.cc:140] leader rebalance for table range_aware_auto_rebalancer_test
W20260608 09:53:03.252779 15828 auto_leader_rebalancer.cc:460] the master instance isn't leader: Service unavailable: Tablet not running
I20260608 09:53:03.363636 16077 raft_consensus.cc:493] T fb39527463374401abd3f964d7e56b4c P 2999353b2b99403aa963d39cb632c37b [term 0 FOLLOWER]: Starting pre-election (no leader contacted us within the election timeout)
I20260608 09:53:03.364264 16077 raft_consensus.cc:515] T fb39527463374401abd3f964d7e56b4c P 2999353b2b99403aa963d39cb632c37b [term 0 FOLLOWER]: Starting pre-election with config: opid_index: -1 OBSOLETE_local: false peers { permanent_uuid: "eae2948004e547e2a7a8b4e508a8fca7" member_type: VOTER last_known_addr { host: "127.12.230.194" port: 37775 } } peers { permanent_uuid: "2999353b2b99403aa963d39cb632c37b" member_type: VOTER last_known_addr { host: "127.12.230.193" port: 39527 } } peers { permanent_uuid: "8ee96703919a483491db4c0ae0fa3e0e" member_type: VOTER last_known_addr { host: "127.12.230.195" port: 38271 } }
I20260608 09:53:03.366906 16077 leader_election.cc:290] T fb39527463374401abd3f964d7e56b4c P 2999353b2b99403aa963d39cb632c37b [CANDIDATE]: Term 1 pre-election: Requested pre-vote from peers eae2948004e547e2a7a8b4e508a8fca7 (127.12.230.194:37775), 8ee96703919a483491db4c0ae0fa3e0e (127.12.230.195:38271)
I20260608 09:53:03.367849 15952 tablet_service.cc:1917] Received RequestConsensusVote() RPC: tablet_id: "fb39527463374401abd3f964d7e56b4c" candidate_uuid: "2999353b2b99403aa963d39cb632c37b" candidate_term: 1 candidate_status { last_received { term: 0 index: 0 } } ignore_live_leader: false dest_uuid: "eae2948004e547e2a7a8b4e508a8fca7" is_pre_election: true
I20260608 09:53:03.368518 15952 raft_consensus.cc:2468] T fb39527463374401abd3f964d7e56b4c P eae2948004e547e2a7a8b4e508a8fca7 [term 0 FOLLOWER]: Leader pre-election vote request: Granting yes vote for candidate 2999353b2b99403aa963d39cb632c37b in term 0.
I20260608 09:53:03.368808 16026 tablet_service.cc:1917] Received RequestConsensusVote() RPC: tablet_id: "fb39527463374401abd3f964d7e56b4c" candidate_uuid: "2999353b2b99403aa963d39cb632c37b" candidate_term: 1 candidate_status { last_received { term: 0 index: 0 } } ignore_live_leader: false dest_uuid: "8ee96703919a483491db4c0ae0fa3e0e" is_pre_election: true
I20260608 09:53:03.369444 16026 raft_consensus.cc:2468] T fb39527463374401abd3f964d7e56b4c P 8ee96703919a483491db4c0ae0fa3e0e [term 0 FOLLOWER]: Leader pre-election vote request: Granting yes vote for candidate 2999353b2b99403aa963d39cb632c37b in term 0.
I20260608 09:53:03.369652 15842 leader_election.cc:304] T fb39527463374401abd3f964d7e56b4c P 2999353b2b99403aa963d39cb632c37b [CANDIDATE]: Term 1 pre-election: Election decided. Result: candidate won. Election summary: received 2 responses out of 3 voters: 2 yes votes; 0 no votes. yes voters: 2999353b2b99403aa963d39cb632c37b, eae2948004e547e2a7a8b4e508a8fca7; no voters: 
I20260608 09:53:03.370584 16077 raft_consensus.cc:2804] T fb39527463374401abd3f964d7e56b4c P 2999353b2b99403aa963d39cb632c37b [term 0 FOLLOWER]: Leader pre-election won for term 1
I20260608 09:53:03.371016 16077 raft_consensus.cc:493] T fb39527463374401abd3f964d7e56b4c P 2999353b2b99403aa963d39cb632c37b [term 0 FOLLOWER]: Starting leader election (no leader contacted us within the election timeout)
I20260608 09:53:03.371405 16077 raft_consensus.cc:3060] T fb39527463374401abd3f964d7e56b4c P 2999353b2b99403aa963d39cb632c37b [term 0 FOLLOWER]: Advancing to term 1
I20260608 09:53:03.377034 16077 raft_consensus.cc:515] T fb39527463374401abd3f964d7e56b4c P 2999353b2b99403aa963d39cb632c37b [term 1 FOLLOWER]: Starting leader election with config: opid_index: -1 OBSOLETE_local: false peers { permanent_uuid: "eae2948004e547e2a7a8b4e508a8fca7" member_type: VOTER last_known_addr { host: "127.12.230.194" port: 37775 } } peers { permanent_uuid: "2999353b2b99403aa963d39cb632c37b" member_type: VOTER last_known_addr { host: "127.12.230.193" port: 39527 } } peers { permanent_uuid: "8ee96703919a483491db4c0ae0fa3e0e" member_type: VOTER last_known_addr { host: "127.12.230.195" port: 38271 } }
I20260608 09:53:03.378909 16077 leader_election.cc:290] T fb39527463374401abd3f964d7e56b4c P 2999353b2b99403aa963d39cb632c37b [CANDIDATE]: Term 1 election: Requested vote from peers eae2948004e547e2a7a8b4e508a8fca7 (127.12.230.194:37775), 8ee96703919a483491db4c0ae0fa3e0e (127.12.230.195:38271)
I20260608 09:53:03.379739 15952 tablet_service.cc:1917] Received RequestConsensusVote() RPC: tablet_id: "fb39527463374401abd3f964d7e56b4c" candidate_uuid: "2999353b2b99403aa963d39cb632c37b" candidate_term: 1 candidate_status { last_received { term: 0 index: 0 } } ignore_live_leader: false dest_uuid: "eae2948004e547e2a7a8b4e508a8fca7"
I20260608 09:53:03.380035 16026 tablet_service.cc:1917] Received RequestConsensusVote() RPC: tablet_id: "fb39527463374401abd3f964d7e56b4c" candidate_uuid: "2999353b2b99403aa963d39cb632c37b" candidate_term: 1 candidate_status { last_received { term: 0 index: 0 } } ignore_live_leader: false dest_uuid: "8ee96703919a483491db4c0ae0fa3e0e"
I20260608 09:53:03.380246 15952 raft_consensus.cc:3060] T fb39527463374401abd3f964d7e56b4c P eae2948004e547e2a7a8b4e508a8fca7 [term 0 FOLLOWER]: Advancing to term 1
I20260608 09:53:03.380716 16026 raft_consensus.cc:3060] T fb39527463374401abd3f964d7e56b4c P 8ee96703919a483491db4c0ae0fa3e0e [term 0 FOLLOWER]: Advancing to term 1
I20260608 09:53:03.384946 15952 raft_consensus.cc:2468] T fb39527463374401abd3f964d7e56b4c P eae2948004e547e2a7a8b4e508a8fca7 [term 1 FOLLOWER]: Leader election vote request: Granting yes vote for candidate 2999353b2b99403aa963d39cb632c37b in term 1.
I20260608 09:53:03.385571 16026 raft_consensus.cc:2468] T fb39527463374401abd3f964d7e56b4c P 8ee96703919a483491db4c0ae0fa3e0e [term 1 FOLLOWER]: Leader election vote request: Granting yes vote for candidate 2999353b2b99403aa963d39cb632c37b in term 1.
I20260608 09:53:03.386147 15842 leader_election.cc:304] T fb39527463374401abd3f964d7e56b4c P 2999353b2b99403aa963d39cb632c37b [CANDIDATE]: Term 1 election: Election decided. Result: candidate won. Election summary: received 2 responses out of 3 voters: 2 yes votes; 0 no votes. yes voters: 2999353b2b99403aa963d39cb632c37b, eae2948004e547e2a7a8b4e508a8fca7; no voters: 
I20260608 09:53:03.387132 16077 raft_consensus.cc:2804] T fb39527463374401abd3f964d7e56b4c P 2999353b2b99403aa963d39cb632c37b [term 1 FOLLOWER]: Leader election won for term 1
I20260608 09:53:03.387552 16077 raft_consensus.cc:697] T fb39527463374401abd3f964d7e56b4c P 2999353b2b99403aa963d39cb632c37b [term 1 LEADER]: Becoming Leader. State: Replica: 2999353b2b99403aa963d39cb632c37b, State: Running, Role: LEADER
I20260608 09:53:03.388206 16077 consensus_queue.cc:237] T fb39527463374401abd3f964d7e56b4c P 2999353b2b99403aa963d39cb632c37b [LEADER]: Queue going to LEADER mode. State: All replicated index: 0, Majority replicated index: 0, Committed index: 0, Last appended: 0.0, Last appended by leader: 0, Current term: 1, Majority size: 2, State: 0, Mode: LEADER, active raft config: opid_index: -1 OBSOLETE_local: false peers { permanent_uuid: "eae2948004e547e2a7a8b4e508a8fca7" member_type: VOTER last_known_addr { host: "127.12.230.194" port: 37775 } } peers { permanent_uuid: "2999353b2b99403aa963d39cb632c37b" member_type: VOTER last_known_addr { host: "127.12.230.193" port: 39527 } } peers { permanent_uuid: "8ee96703919a483491db4c0ae0fa3e0e" member_type: VOTER last_known_addr { host: "127.12.230.195" port: 38271 } }
I20260608 09:53:03.395805 15772 catalog_manager.cc:5696] T fb39527463374401abd3f964d7e56b4c P 2999353b2b99403aa963d39cb632c37b reported cstate change: term changed from 0 to 1, leader changed from <none> to 2999353b2b99403aa963d39cb632c37b (127.12.230.193). New cstate: current_term: 1 leader_uuid: "2999353b2b99403aa963d39cb632c37b" committed_config { opid_index: -1 OBSOLETE_local: false peers { permanent_uuid: "eae2948004e547e2a7a8b4e508a8fca7" member_type: VOTER last_known_addr { host: "127.12.230.194" port: 37775 } health_report { overall_health: UNKNOWN } } peers { permanent_uuid: "2999353b2b99403aa963d39cb632c37b" member_type: VOTER last_known_addr { host: "127.12.230.193" port: 39527 } health_report { overall_health: HEALTHY } } peers { permanent_uuid: "8ee96703919a483491db4c0ae0fa3e0e" member_type: VOTER last_known_addr { host: "127.12.230.195" port: 38271 } health_report { overall_health: UNKNOWN } } }
I20260608 09:53:03.425987 13211 tablet_server.cc:179] TabletServer@127.12.230.193:0 shutting down...
I20260608 09:53:03.446636 13211 ts_tablet_manager.cc:1507] Shutting down tablet manager...
I20260608 09:53:03.447517 13211 tablet_replica.cc:333] T 9a4a937c3eea4d3994ac6493619b501f P 2999353b2b99403aa963d39cb632c37b: stopping tablet replica
I20260608 09:53:03.448163 13211 raft_consensus.cc:2243] T 9a4a937c3eea4d3994ac6493619b501f P 2999353b2b99403aa963d39cb632c37b [term 1 FOLLOWER]: Raft consensus shutting down.
I20260608 09:53:03.448683 13211 raft_consensus.cc:2272] T 9a4a937c3eea4d3994ac6493619b501f P 2999353b2b99403aa963d39cb632c37b [term 1 FOLLOWER]: Raft consensus is shut down!
I20260608 09:53:03.451121 13211 tablet_replica.cc:333] T fb39527463374401abd3f964d7e56b4c P 2999353b2b99403aa963d39cb632c37b: stopping tablet replica
I20260608 09:53:03.451730 13211 raft_consensus.cc:2243] T fb39527463374401abd3f964d7e56b4c P 2999353b2b99403aa963d39cb632c37b [term 1 LEADER]: Raft consensus shutting down.
I20260608 09:53:03.452396 13211 pending_rounds.cc:70] T fb39527463374401abd3f964d7e56b4c P 2999353b2b99403aa963d39cb632c37b: Trying to abort 1 pending ops.
I20260608 09:53:03.452682 13211 pending_rounds.cc:77] T fb39527463374401abd3f964d7e56b4c P 2999353b2b99403aa963d39cb632c37b: Aborting op as it isn't in flight: id { term: 1 index: 1 } timestamp: 7294617122365431808 op_type: NO_OP noop_request { }
I20260608 09:53:03.453081 13211 raft_consensus.cc:2889] T fb39527463374401abd3f964d7e56b4c P 2999353b2b99403aa963d39cb632c37b [term 1 LEADER]: NO_OP replication failed: Aborted: Op aborted
I20260608 09:53:03.453413 13211 raft_consensus.cc:2272] T fb39527463374401abd3f964d7e56b4c P 2999353b2b99403aa963d39cb632c37b [term 1 FOLLOWER]: Raft consensus is shut down!
I20260608 09:53:03.456059 13211 tablet_replica.cc:333] T d934da51724347e89dbcd6933c02500d P 2999353b2b99403aa963d39cb632c37b: stopping tablet replica
I20260608 09:53:03.456719 13211 raft_consensus.cc:2243] T d934da51724347e89dbcd6933c02500d P 2999353b2b99403aa963d39cb632c37b [term 1 LEADER]: Raft consensus shutting down.
I20260608 09:53:03.457356 13211 pending_rounds.cc:70] T d934da51724347e89dbcd6933c02500d P 2999353b2b99403aa963d39cb632c37b: Trying to abort 1 pending ops.
I20260608 09:53:03.457580 13211 pending_rounds.cc:77] T d934da51724347e89dbcd6933c02500d P 2999353b2b99403aa963d39cb632c37b: Aborting op as it isn't in flight: id { term: 1 index: 1 } timestamp: 7294617121695035392 op_type: NO_OP noop_request { }
I20260608 09:53:03.457883 13211 raft_consensus.cc:2889] T d934da51724347e89dbcd6933c02500d P 2999353b2b99403aa963d39cb632c37b [term 1 LEADER]: NO_OP replication failed: Aborted: Op aborted
I20260608 09:53:03.458185 13211 raft_consensus.cc:2272] T d934da51724347e89dbcd6933c02500d P 2999353b2b99403aa963d39cb632c37b [term 1 FOLLOWER]: Raft consensus is shut down!
I20260608 09:53:03.460697 13211 tablet_replica.cc:333] T 47ab4eba514a4f8fb7cd18d657457bec P 2999353b2b99403aa963d39cb632c37b: stopping tablet replica
I20260608 09:53:03.461411 13211 raft_consensus.cc:2243] T 47ab4eba514a4f8fb7cd18d657457bec P 2999353b2b99403aa963d39cb632c37b [term 1 FOLLOWER]: Raft consensus shutting down.
I20260608 09:53:03.461827 13211 raft_consensus.cc:2272] T 47ab4eba514a4f8fb7cd18d657457bec P 2999353b2b99403aa963d39cb632c37b [term 1 FOLLOWER]: Raft consensus is shut down!
W20260608 09:53:03.462659 15918 proxy.cc:239] Call had error, refreshing address and retrying: Remote error: Service unavailable: service kudu.consensus.ConsensusService not registered on TabletServer [suppressed 1 similar messages]
W20260608 09:53:03.465631 15918 consensus_peers.cc:597] T 47ab4eba514a4f8fb7cd18d657457bec P eae2948004e547e2a7a8b4e508a8fca7 -> Peer 2999353b2b99403aa963d39cb632c37b (127.12.230.193:39527): Couldn't send request to peer 2999353b2b99403aa963d39cb632c37b. Status: Remote error: Service unavailable: service kudu.consensus.ConsensusService not registered on TabletServer. This is attempt 1: this message will repeat every 5th retry.
I20260608 09:53:03.484711 13211 tablet_server.cc:196] TabletServer@127.12.230.193:0 shutdown complete.
I20260608 09:53:03.496145 13211 tablet_server.cc:179] TabletServer@127.12.230.194:0 shutting down...
I20260608 09:53:03.516368 13211 ts_tablet_manager.cc:1507] Shutting down tablet manager...
I20260608 09:53:03.517300 13211 tablet_replica.cc:333] T fb39527463374401abd3f964d7e56b4c P eae2948004e547e2a7a8b4e508a8fca7: stopping tablet replica
I20260608 09:53:03.517918 13211 raft_consensus.cc:2243] T fb39527463374401abd3f964d7e56b4c P eae2948004e547e2a7a8b4e508a8fca7 [term 1 FOLLOWER]: Raft consensus shutting down.
I20260608 09:53:03.518338 13211 raft_consensus.cc:2272] T fb39527463374401abd3f964d7e56b4c P eae2948004e547e2a7a8b4e508a8fca7 [term 1 FOLLOWER]: Raft consensus is shut down!
I20260608 09:53:03.520466 13211 tablet_replica.cc:333] T 9a4a937c3eea4d3994ac6493619b501f P eae2948004e547e2a7a8b4e508a8fca7: stopping tablet replica
I20260608 09:53:03.521049 13211 raft_consensus.cc:2243] T 9a4a937c3eea4d3994ac6493619b501f P eae2948004e547e2a7a8b4e508a8fca7 [term 1 FOLLOWER]: Raft consensus shutting down.
I20260608 09:53:03.521443 13211 raft_consensus.cc:2272] T 9a4a937c3eea4d3994ac6493619b501f P eae2948004e547e2a7a8b4e508a8fca7 [term 1 FOLLOWER]: Raft consensus is shut down!
I20260608 09:53:03.523479 13211 tablet_replica.cc:333] T d934da51724347e89dbcd6933c02500d P eae2948004e547e2a7a8b4e508a8fca7: stopping tablet replica
I20260608 09:53:03.523993 13211 raft_consensus.cc:2243] T d934da51724347e89dbcd6933c02500d P eae2948004e547e2a7a8b4e508a8fca7 [term 1 FOLLOWER]: Raft consensus shutting down.
I20260608 09:53:03.524351 13211 raft_consensus.cc:2272] T d934da51724347e89dbcd6933c02500d P eae2948004e547e2a7a8b4e508a8fca7 [term 1 FOLLOWER]: Raft consensus is shut down!
I20260608 09:53:03.526177 13211 tablet_replica.cc:333] T 47ab4eba514a4f8fb7cd18d657457bec P eae2948004e547e2a7a8b4e508a8fca7: stopping tablet replica
I20260608 09:53:03.526683 13211 raft_consensus.cc:2243] T 47ab4eba514a4f8fb7cd18d657457bec P eae2948004e547e2a7a8b4e508a8fca7 [term 1 LEADER]: Raft consensus shutting down.
I20260608 09:53:03.527343 13211 pending_rounds.cc:70] T 47ab4eba514a4f8fb7cd18d657457bec P eae2948004e547e2a7a8b4e508a8fca7: Trying to abort 1 pending ops.
I20260608 09:53:03.527552 13211 pending_rounds.cc:77] T 47ab4eba514a4f8fb7cd18d657457bec P eae2948004e547e2a7a8b4e508a8fca7: Aborting op as it isn't in flight: id { term: 1 index: 1 } timestamp: 7294617121097289728 op_type: NO_OP noop_request { }
I20260608 09:53:03.527815 13211 raft_consensus.cc:2889] T 47ab4eba514a4f8fb7cd18d657457bec P eae2948004e547e2a7a8b4e508a8fca7 [term 1 LEADER]: NO_OP replication failed: Aborted: Op aborted
I20260608 09:53:03.528115 13211 raft_consensus.cc:2272] T 47ab4eba514a4f8fb7cd18d657457bec P eae2948004e547e2a7a8b4e508a8fca7 [term 1 FOLLOWER]: Raft consensus is shut down!
I20260608 09:53:03.551353 13211 tablet_server.cc:196] TabletServer@127.12.230.194:0 shutdown complete.
I20260608 09:53:03.563370 13211 tablet_server.cc:179] TabletServer@127.12.230.195:0 shutting down...
I20260608 09:53:03.583393 13211 ts_tablet_manager.cc:1507] Shutting down tablet manager...
I20260608 09:53:03.584331 13211 tablet_replica.cc:333] T fb39527463374401abd3f964d7e56b4c P 8ee96703919a483491db4c0ae0fa3e0e: stopping tablet replica
I20260608 09:53:03.584951 13211 raft_consensus.cc:2243] T fb39527463374401abd3f964d7e56b4c P 8ee96703919a483491db4c0ae0fa3e0e [term 1 FOLLOWER]: Raft consensus shutting down.
I20260608 09:53:03.585412 13211 raft_consensus.cc:2272] T fb39527463374401abd3f964d7e56b4c P 8ee96703919a483491db4c0ae0fa3e0e [term 1 FOLLOWER]: Raft consensus is shut down!
I20260608 09:53:03.587437 13211 tablet_replica.cc:333] T 9a4a937c3eea4d3994ac6493619b501f P 8ee96703919a483491db4c0ae0fa3e0e: stopping tablet replica
I20260608 09:53:03.588019 13211 raft_consensus.cc:2243] T 9a4a937c3eea4d3994ac6493619b501f P 8ee96703919a483491db4c0ae0fa3e0e [term 1 LEADER]: Raft consensus shutting down.
I20260608 09:53:03.588660 13211 pending_rounds.cc:70] T 9a4a937c3eea4d3994ac6493619b501f P 8ee96703919a483491db4c0ae0fa3e0e: Trying to abort 1 pending ops.
I20260608 09:53:03.588842 13211 pending_rounds.cc:77] T 9a4a937c3eea4d3994ac6493619b501f P 8ee96703919a483491db4c0ae0fa3e0e: Aborting op as it isn't in flight: id { term: 1 index: 1 } timestamp: 7294617121625980928 op_type: NO_OP noop_request { }
I20260608 09:53:03.589152 13211 raft_consensus.cc:2889] T 9a4a937c3eea4d3994ac6493619b501f P 8ee96703919a483491db4c0ae0fa3e0e [term 1 LEADER]: NO_OP replication failed: Aborted: Op aborted
I20260608 09:53:03.589512 13211 raft_consensus.cc:2272] T 9a4a937c3eea4d3994ac6493619b501f P 8ee96703919a483491db4c0ae0fa3e0e [term 1 FOLLOWER]: Raft consensus is shut down!
I20260608 09:53:03.592026 13211 tablet_replica.cc:333] T d934da51724347e89dbcd6933c02500d P 8ee96703919a483491db4c0ae0fa3e0e: stopping tablet replica
I20260608 09:53:03.592582 13211 raft_consensus.cc:2243] T d934da51724347e89dbcd6933c02500d P 8ee96703919a483491db4c0ae0fa3e0e [term 1 FOLLOWER]: Raft consensus shutting down.
I20260608 09:53:03.593003 13211 raft_consensus.cc:2272] T d934da51724347e89dbcd6933c02500d P 8ee96703919a483491db4c0ae0fa3e0e [term 1 FOLLOWER]: Raft consensus is shut down!
I20260608 09:53:03.594743 13211 tablet_replica.cc:333] T 47ab4eba514a4f8fb7cd18d657457bec P 8ee96703919a483491db4c0ae0fa3e0e: stopping tablet replica
I20260608 09:53:03.595227 13211 raft_consensus.cc:2243] T 47ab4eba514a4f8fb7cd18d657457bec P 8ee96703919a483491db4c0ae0fa3e0e [term 1 FOLLOWER]: Raft consensus shutting down.
I20260608 09:53:03.595598 13211 raft_consensus.cc:2272] T 47ab4eba514a4f8fb7cd18d657457bec P 8ee96703919a483491db4c0ae0fa3e0e [term 1 FOLLOWER]: Raft consensus is shut down!
I20260608 09:53:03.617658 13211 tablet_server.cc:196] TabletServer@127.12.230.195:0 shutdown complete.
I20260608 09:53:03.629968 13211 master.cc:562] Master@127.12.230.254:45151 shutting down...
I20260608 09:53:03.645439 13211 raft_consensus.cc:2243] T 00000000000000000000000000000000 P 1682a286759e4fc7a3ad7c18e3eae520 [term 1 LEADER]: Raft consensus shutting down.
I20260608 09:53:03.646013 13211 raft_consensus.cc:2272] T 00000000000000000000000000000000 P 1682a286759e4fc7a3ad7c18e3eae520 [term 1 FOLLOWER]: Raft consensus is shut down!
I20260608 09:53:03.646374 13211 tablet_replica.cc:333] T 00000000000000000000000000000000 P 1682a286759e4fc7a3ad7c18e3eae520: stopping tablet replica
I20260608 09:53:03.664954 13211 master.cc:584] Master@127.12.230.254:45151 shutdown complete.
[       OK ] AutoRebalancerTest.RangeAwareBuildClusterInfoGroupsByRange (2587 ms)
[ RUN      ] AutoRebalancerTest.RangeAwareRebalancesNewRangeReplicas
I20260608 09:53:03.699453 13211 internal_mini_cluster.cc:156] Creating distributed mini masters. Addrs: 127.12.230.254:38419
I20260608 09:53:03.700773 13211 file_cache.cc:492] Constructed file cache file cache with capacity 419430
W20260608 09:53:03.706259 16104 instance_detector.cc:116] could not retrieve AWS instance metadata: Network error: curl error: HTTP response code said error: The requested URL returned error: 404
W20260608 09:53:03.707278 16105 instance_detector.cc:116] could not retrieve Azure instance metadata: Network error: curl error: HTTP response code said error: The requested URL returned error: 404
W20260608 09:53:03.708103 16107 instance_detector.cc:116] could not retrieve OpenStack instance metadata: Network error: curl error: HTTP response code said error: The requested URL returned error: 404
I20260608 09:53:03.708814 13211 server_base.cc:1061] running on GCE node
I20260608 09:53:03.709848 13211 hybrid_clock.cc:584] initializing the hybrid clock with 'system_unsync' time source
W20260608 09:53:03.710070 13211 system_unsync_time.cc:38] NTP support is disabled. Clock error bounds will not be accurate. This configuration is not suitable for distributed clusters.
I20260608 09:53:03.710191 13211 hybrid_clock.cc:648] HybridClock initialized: now 1780912383710179 us; error 0 us; skew 500 ppm
I20260608 09:53:03.710951 13211 server_base.cc:861] Flag tcmalloc_max_total_thread_cache_bytes is not working since tcmalloc is not enabled.
I20260608 09:53:03.713563 13211 webserver.cc:533] Webserver started at http://127.12.230.254:41479/ using document root <none> and password file <none>
I20260608 09:53:03.714052 13211 fs_manager.cc:362] Metadata directory not provided
I20260608 09:53:03.714269 13211 fs_manager.cc:368] Using write-ahead log directory (fs_wal_dir) as metadata directory
I20260608 09:53:03.714564 13211 server_base.cc:909] This appears to be a new deployment of Kudu; creating new FS layout
I20260608 09:53:03.715615 13211 fs_manager.cc:1068] Generated new instance metadata in path /tmp/dist-test-taskkPp66l/test-tmp/auto_rebalancer-test.0.AutoRebalancerTest.RangeAwareRebalancesNewRangeReplicas.1780912300383889-13211-0/minicluster-data/master-0-root/instance:
uuid: "a0503ad69bae42ebb9d9d4f7f659b87e"
format_stamp: "Formatted at 2026-06-08 09:53:03 on dist-test-slave-72g0"
I20260608 09:53:03.720288 13211 fs_manager.cc:696] Time spent creating directory manager: real 0.004s	user 0.005s	sys 0.000s
