I20260608 09:52:00.956306 22446 fs_manager.cc:368] Using write-ahead log directory (fs_wal_dir) as metadata directory
I20260608 09:52:00.956524 22446 server_base.cc:909] This appears to be a new deployment of Kudu; creating new FS layout
I20260608 09:52:00.957772 22446 fs_manager.cc:1068] Generated new instance metadata in path /tmp/dist-test-taskri3mMq/test-tmp/auto_rebalancer-test.0.AutoRebalancerTest.MovesScheduledIfAddTserver.1780912299761906-22446-0/minicluster-data/master-0-root/instance:
uuid: "3b5e76067d5c4275a19d3e5e240f632e"
format_stamp: "Formatted at 2026-06-08 09:52:00 on dist-test-slave-chcn"
I20260608 09:52:00.962680 22446 fs_manager.cc:696] Time spent creating directory manager: real 0.004s	user 0.005s	sys 0.000s
I20260608 09:52:00.966055 24099 log_block_manager.cc:4031] Time spent loading block containers with low live blocks: real 0.000s	user 0.000s	sys 0.000s
I20260608 09:52:00.966797 22446 fs_manager.cc:730] Time spent opening block manager: real 0.002s	user 0.000s	sys 0.003s
I20260608 09:52:00.967157 22446 fs_manager.cc:647] Opened local filesystem: /tmp/dist-test-taskri3mMq/test-tmp/auto_rebalancer-test.0.AutoRebalancerTest.MovesScheduledIfAddTserver.1780912299761906-22446-0/minicluster-data/master-0-root
uuid: "3b5e76067d5c4275a19d3e5e240f632e"
format_stamp: "Formatted at 2026-06-08 09:52:00 on dist-test-slave-chcn"
I20260608 09:52:00.967425 22446 fs_report.cc:389] FS layout report
--------------------
wal directory: /tmp/dist-test-taskri3mMq/test-tmp/auto_rebalancer-test.0.AutoRebalancerTest.MovesScheduledIfAddTserver.1780912299761906-22446-0/minicluster-data/master-0-root
metadata directory: /tmp/dist-test-taskri3mMq/test-tmp/auto_rebalancer-test.0.AutoRebalancerTest.MovesScheduledIfAddTserver.1780912299761906-22446-0/minicluster-data/master-0-root
1 data directories: /tmp/dist-test-taskri3mMq/test-tmp/auto_rebalancer-test.0.AutoRebalancerTest.MovesScheduledIfAddTserver.1780912299761906-22446-0/minicluster-data/master-0-root/data
Total live blocks: 0
Total live bytes: 0
Total live bytes (after alignment): 0
Total number of LBM containers: 0 (0 full)
Did not check for missing blocks
Did not check for orphaned blocks
Total full LBM containers with extra space: 0 (0 repaired)
Total full LBM container extra space in bytes: 0 (0 repaired)
Total incomplete LBM containers: 0 (0 repaired)
Total LBM partial records: 0 (0 repaired)
Total corrupted LBM metadata records in RocksDB: 0 (0 repaired)
I20260608 09:52:00.976508 22446 rpc_server.cc:225] running with OpenSSL 1.1.1  11 Sep 2018
I20260608 09:52:00.977732 22446 kserver.cc:163] Server-wide thread pool size limit: 3276
I20260608 09:52:01.016223 22446 rpc_server.cc:307] RPC server started. Bound to: 127.21.235.190:43747
I20260608 09:52:01.016320 24150 acceptor_pool.cc:272] collecting diagnostics on the listening RPC socket 127.21.235.190:43747 every 8 connection(s)
I20260608 09:52:01.020418 24151 data_dirs.cc:400] Could only allocate 1 dirs of requested 3 for tablet 00000000000000000000000000000000. 1 dirs total, 0 dirs full, 0 dirs failed
I20260608 09:52:01.030886 24151 tablet_bootstrap.cc:492] T 00000000000000000000000000000000 P 3b5e76067d5c4275a19d3e5e240f632e: Bootstrap starting.
I20260608 09:52:01.035516 24151 tablet_bootstrap.cc:654] T 00000000000000000000000000000000 P 3b5e76067d5c4275a19d3e5e240f632e: Neither blocks nor log segments found. Creating new log.
I20260608 09:52:01.040362 24151 tablet_bootstrap.cc:492] T 00000000000000000000000000000000 P 3b5e76067d5c4275a19d3e5e240f632e: No bootstrap required, opened a new log
I20260608 09:52:01.042582 24151 raft_consensus.cc:359] T 00000000000000000000000000000000 P 3b5e76067d5c4275a19d3e5e240f632e [term 0 FOLLOWER]: Replica starting. Triggering 0 pending ops. Active config: opid_index: -1 OBSOLETE_local: true peers { permanent_uuid: "3b5e76067d5c4275a19d3e5e240f632e" member_type: VOTER }
I20260608 09:52:01.042971 24151 raft_consensus.cc:385] T 00000000000000000000000000000000 P 3b5e76067d5c4275a19d3e5e240f632e [term 0 FOLLOWER]: Consensus starting up: Expiring failure detector timer to make a prompt election more likely
I20260608 09:52:01.043159 24151 raft_consensus.cc:740] T 00000000000000000000000000000000 P 3b5e76067d5c4275a19d3e5e240f632e [term 0 FOLLOWER]: Becoming Follower/Learner. State: Replica: 3b5e76067d5c4275a19d3e5e240f632e, State: Initialized, Role: FOLLOWER
I20260608 09:52:01.043778 24151 consensus_queue.cc:260] T 00000000000000000000000000000000 P 3b5e76067d5c4275a19d3e5e240f632e [NON_LEADER]: Queue going to NON_LEADER mode. State: All replicated index: 0, Majority replicated index: 0, Committed index: 0, Last appended: 0.0, Last appended by leader: 0, Current term: 0, Majority size: -1, State: 0, Mode: NON_LEADER, active raft config: opid_index: -1 OBSOLETE_local: true peers { permanent_uuid: "3b5e76067d5c4275a19d3e5e240f632e" member_type: VOTER }
I20260608 09:52:01.044201 24151 raft_consensus.cc:399] T 00000000000000000000000000000000 P 3b5e76067d5c4275a19d3e5e240f632e [term 0 FOLLOWER]: Only one voter in the Raft config. Triggering election immediately
I20260608 09:52:01.044394 24151 raft_consensus.cc:493] T 00000000000000000000000000000000 P 3b5e76067d5c4275a19d3e5e240f632e [term 0 FOLLOWER]: Starting leader election (initial election of a single-replica configuration)
I20260608 09:52:01.044607 24151 raft_consensus.cc:3060] T 00000000000000000000000000000000 P 3b5e76067d5c4275a19d3e5e240f632e [term 0 FOLLOWER]: Advancing to term 1
I20260608 09:52:01.049003 24151 raft_consensus.cc:515] T 00000000000000000000000000000000 P 3b5e76067d5c4275a19d3e5e240f632e [term 1 FOLLOWER]: Starting leader election with config: opid_index: -1 OBSOLETE_local: true peers { permanent_uuid: "3b5e76067d5c4275a19d3e5e240f632e" member_type: VOTER }
I20260608 09:52:01.049461 24151 leader_election.cc:304] T 00000000000000000000000000000000 P 3b5e76067d5c4275a19d3e5e240f632e [CANDIDATE]: Term 1 election: Election decided. Result: candidate won. Election summary: received 1 responses out of 1 voters: 1 yes votes; 0 no votes. yes voters: 3b5e76067d5c4275a19d3e5e240f632e; no voters: 
I20260608 09:52:01.050525 24151 leader_election.cc:290] T 00000000000000000000000000000000 P 3b5e76067d5c4275a19d3e5e240f632e [CANDIDATE]: Term 1 election: Requested vote from peers 
I20260608 09:52:01.050909 24154 raft_consensus.cc:2804] T 00000000000000000000000000000000 P 3b5e76067d5c4275a19d3e5e240f632e [term 1 FOLLOWER]: Leader election won for term 1
I20260608 09:52:01.052290 24154 raft_consensus.cc:697] T 00000000000000000000000000000000 P 3b5e76067d5c4275a19d3e5e240f632e [term 1 LEADER]: Becoming Leader. State: Replica: 3b5e76067d5c4275a19d3e5e240f632e, State: Running, Role: LEADER
I20260608 09:52:01.052984 24154 consensus_queue.cc:237] T 00000000000000000000000000000000 P 3b5e76067d5c4275a19d3e5e240f632e [LEADER]: Queue going to LEADER mode. State: All replicated index: 0, Majority replicated index: 0, Committed index: 0, Last appended: 0.0, Last appended by leader: 0, Current term: 1, Majority size: 1, State: 0, Mode: LEADER, active raft config: opid_index: -1 OBSOLETE_local: true peers { permanent_uuid: "3b5e76067d5c4275a19d3e5e240f632e" member_type: VOTER }
I20260608 09:52:01.053637 24151 sys_catalog.cc:565] T 00000000000000000000000000000000 P 3b5e76067d5c4275a19d3e5e240f632e [sys.catalog]: configured and running, proceeding with master startup.
I20260608 09:52:01.057761 24155 sys_catalog.cc:455] T 00000000000000000000000000000000 P 3b5e76067d5c4275a19d3e5e240f632e [sys.catalog]: SysCatalogTable state changed. Reason: RaftConsensus started. Latest consensus state: current_term: 1 leader_uuid: "3b5e76067d5c4275a19d3e5e240f632e" committed_config { opid_index: -1 OBSOLETE_local: true peers { permanent_uuid: "3b5e76067d5c4275a19d3e5e240f632e" member_type: VOTER } }
I20260608 09:52:01.058513 24155 sys_catalog.cc:458] T 00000000000000000000000000000000 P 3b5e76067d5c4275a19d3e5e240f632e [sys.catalog]: This master's current role is: LEADER
I20260608 09:52:01.058503 24156 sys_catalog.cc:455] T 00000000000000000000000000000000 P 3b5e76067d5c4275a19d3e5e240f632e [sys.catalog]: SysCatalogTable state changed. Reason: New leader 3b5e76067d5c4275a19d3e5e240f632e. Latest consensus state: current_term: 1 leader_uuid: "3b5e76067d5c4275a19d3e5e240f632e" committed_config { opid_index: -1 OBSOLETE_local: true peers { permanent_uuid: "3b5e76067d5c4275a19d3e5e240f632e" member_type: VOTER } }
I20260608 09:52:01.059634 24156 sys_catalog.cc:458] T 00000000000000000000000000000000 P 3b5e76067d5c4275a19d3e5e240f632e [sys.catalog]: This master's current role is: LEADER
I20260608 09:52:01.061168 24162 catalog_manager.cc:1510] Loading table and tablet metadata into memory...
I20260608 09:52:01.066491 24162 catalog_manager.cc:1519] Initializing Kudu cluster ID...
I20260608 09:52:01.069180 22446 internal_mini_cluster.cc:184] Waiting to initialize catalog manager on master 0
I20260608 09:52:01.075994 24162 catalog_manager.cc:1382] Generated new cluster ID: 9d359c8422d2407c85ac626892234abd
I20260608 09:52:01.076324 24162 catalog_manager.cc:1530] Initializing Kudu internal certificate authority...
I20260608 09:52:01.107950 24162 catalog_manager.cc:1405] Generated new certificate authority record
I20260608 09:52:01.109326 24162 catalog_manager.cc:1539] Loading token signing keys...
I20260608 09:52:01.126281 24162 catalog_manager.cc:6069] T 00000000000000000000000000000000 P 3b5e76067d5c4275a19d3e5e240f632e: Generated new TSK 0
I20260608 09:52:01.126883 24162 catalog_manager.cc:1549] Initializing in-progress tserver states...
I20260608 09:52:01.135571 22446 file_cache.cc:492] Constructed file cache file cache with capacity 419430
W20260608 09:52:01.141726 24172 instance_detector.cc:116] could not retrieve AWS instance metadata: Network error: curl error: HTTP response code said error: The requested URL returned error: 404
W20260608 09:52:01.142843 24173 instance_detector.cc:116] could not retrieve Azure instance metadata: Network error: curl error: HTTP response code said error: The requested URL returned error: 404
W20260608 09:52:01.144630 24175 instance_detector.cc:116] could not retrieve OpenStack instance metadata: Network error: curl error: HTTP response code said error: The requested URL returned error: 404
I20260608 09:52:01.145154 22446 server_base.cc:1061] running on GCE node
I20260608 09:52:01.146098 22446 hybrid_clock.cc:584] initializing the hybrid clock with 'system_unsync' time source
W20260608 09:52:01.146307 22446 system_unsync_time.cc:38] NTP support is disabled. Clock error bounds will not be accurate. This configuration is not suitable for distributed clusters.
I20260608 09:52:01.146445 22446 hybrid_clock.cc:648] HybridClock initialized: now 1780912321146433 us; error 0 us; skew 500 ppm
I20260608 09:52:01.147024 22446 server_base.cc:861] Flag tcmalloc_max_total_thread_cache_bytes is not working since tcmalloc is not enabled.
I20260608 09:52:01.149500 22446 webserver.cc:533] Webserver started at http://127.21.235.129:46797/ using document root <none> and password file <none>
I20260608 09:52:01.150018 22446 fs_manager.cc:362] Metadata directory not provided
I20260608 09:52:01.150187 22446 fs_manager.cc:368] Using write-ahead log directory (fs_wal_dir) as metadata directory
I20260608 09:52:01.150440 22446 server_base.cc:909] This appears to be a new deployment of Kudu; creating new FS layout
I20260608 09:52:01.151587 22446 fs_manager.cc:1068] Generated new instance metadata in path /tmp/dist-test-taskri3mMq/test-tmp/auto_rebalancer-test.0.AutoRebalancerTest.MovesScheduledIfAddTserver.1780912299761906-22446-0/minicluster-data/ts-0-root/instance:
uuid: "16d3bbda11ee49f4ace6bd610dc0b5f3"
format_stamp: "Formatted at 2026-06-08 09:52:01 on dist-test-slave-chcn"
I20260608 09:52:01.156656 22446 fs_manager.cc:696] Time spent creating directory manager: real 0.005s	user 0.003s	sys 0.004s
I20260608 09:52:01.160346 24180 log_block_manager.cc:4031] Time spent loading block containers with low live blocks: real 0.000s	user 0.000s	sys 0.000s
I20260608 09:52:01.161303 22446 fs_manager.cc:730] Time spent opening block manager: real 0.002s	user 0.003s	sys 0.000s
I20260608 09:52:01.161652 22446 fs_manager.cc:647] Opened local filesystem: /tmp/dist-test-taskri3mMq/test-tmp/auto_rebalancer-test.0.AutoRebalancerTest.MovesScheduledIfAddTserver.1780912299761906-22446-0/minicluster-data/ts-0-root
uuid: "16d3bbda11ee49f4ace6bd610dc0b5f3"
format_stamp: "Formatted at 2026-06-08 09:52:01 on dist-test-slave-chcn"
I20260608 09:52:01.161980 22446 fs_report.cc:389] FS layout report
--------------------
wal directory: /tmp/dist-test-taskri3mMq/test-tmp/auto_rebalancer-test.0.AutoRebalancerTest.MovesScheduledIfAddTserver.1780912299761906-22446-0/minicluster-data/ts-0-root
metadata directory: /tmp/dist-test-taskri3mMq/test-tmp/auto_rebalancer-test.0.AutoRebalancerTest.MovesScheduledIfAddTserver.1780912299761906-22446-0/minicluster-data/ts-0-root
1 data directories: /tmp/dist-test-taskri3mMq/test-tmp/auto_rebalancer-test.0.AutoRebalancerTest.MovesScheduledIfAddTserver.1780912299761906-22446-0/minicluster-data/ts-0-root/data
Total live blocks: 0
Total live bytes: 0
Total live bytes (after alignment): 0
Total number of LBM containers: 0 (0 full)
Did not check for missing blocks
Did not check for orphaned blocks
Total full LBM containers with extra space: 0 (0 repaired)
Total full LBM container extra space in bytes: 0 (0 repaired)
Total incomplete LBM containers: 0 (0 repaired)
Total LBM partial records: 0 (0 repaired)
Total corrupted LBM metadata records in RocksDB: 0 (0 repaired)
I20260608 09:52:01.180564 22446 rpc_server.cc:225] running with OpenSSL 1.1.1  11 Sep 2018
I20260608 09:52:01.181898 22446 kserver.cc:163] Server-wide thread pool size limit: 3276
I20260608 09:52:01.183440 22446 txn_system_client.cc:432] TxnSystemClient initialization is disabled...
I20260608 09:52:01.185880 22446 ts_tablet_manager.cc:585] Loaded tablet metadata (0 total tablets, 0 live tablets)
I20260608 09:52:01.186085 22446 ts_tablet_manager.cc:531] Time spent load tablet metadata: real 0.000s	user 0.000s	sys 0.000s
I20260608 09:52:01.186362 22446 ts_tablet_manager.cc:616] Registered 0 tablets
I20260608 09:52:01.186529 22446 ts_tablet_manager.cc:595] Time spent register tablets: real 0.000s	user 0.000s	sys 0.000s
I20260608 09:52:01.226655 22446 rpc_server.cc:307] RPC server started. Bound to: 127.21.235.129:44031
I20260608 09:52:01.226770 24242 acceptor_pool.cc:272] collecting diagnostics on the listening RPC socket 127.21.235.129:44031 every 8 connection(s)
I20260608 09:52:01.233479 22446 file_cache.cc:492] Constructed file cache file cache with capacity 419430
W20260608 09:52:01.240042 24247 instance_detector.cc:116] could not retrieve AWS instance metadata: Network error: curl error: HTTP response code said error: The requested URL returned error: 404
W20260608 09:52:01.240996 24248 instance_detector.cc:116] could not retrieve Azure instance metadata: Network error: curl error: HTTP response code said error: The requested URL returned error: 404
I20260608 09:52:01.244863 22446 server_base.cc:1061] running on GCE node
W20260608 09:52:01.244956 24250 instance_detector.cc:116] could not retrieve OpenStack instance metadata: Network error: curl error: HTTP response code said error: The requested URL returned error: 404
I20260608 09:52:01.246053 22446 hybrid_clock.cc:584] initializing the hybrid clock with 'system_unsync' time source
W20260608 09:52:01.246332 22446 system_unsync_time.cc:38] NTP support is disabled. Clock error bounds will not be accurate. This configuration is not suitable for distributed clusters.
I20260608 09:52:01.246522 22446 hybrid_clock.cc:648] HybridClock initialized: now 1780912321246498 us; error 0 us; skew 500 ppm
I20260608 09:52:01.247102 22446 server_base.cc:861] Flag tcmalloc_max_total_thread_cache_bytes is not working since tcmalloc is not enabled.
I20260608 09:52:01.250291 22446 webserver.cc:533] Webserver started at http://127.21.235.130:46221/ using document root <none> and password file <none>
I20260608 09:52:01.250926 22446 fs_manager.cc:362] Metadata directory not provided
I20260608 09:52:01.251197 22446 fs_manager.cc:368] Using write-ahead log directory (fs_wal_dir) as metadata directory
I20260608 09:52:01.251099 24243 heartbeater.cc:344] Connected to a master server at 127.21.235.190:43747
I20260608 09:52:01.251602 22446 server_base.cc:909] This appears to be a new deployment of Kudu; creating new FS layout
I20260608 09:52:01.251652 24243 heartbeater.cc:461] Registering TS with master...
I20260608 09:52:01.252521 24243 heartbeater.cc:507] Master 127.21.235.190:43747 requested a full tablet report, sending...
I20260608 09:52:01.252908 22446 fs_manager.cc:1068] Generated new instance metadata in path /tmp/dist-test-taskri3mMq/test-tmp/auto_rebalancer-test.0.AutoRebalancerTest.MovesScheduledIfAddTserver.1780912299761906-22446-0/minicluster-data/ts-1-root/instance:
uuid: "b8d91ab21b394adba05c25e916b23956"
format_stamp: "Formatted at 2026-06-08 09:52:01 on dist-test-slave-chcn"
I20260608 09:52:01.254925 24116 ts_manager.cc:194] Registered new tserver with Master: 16d3bbda11ee49f4ace6bd610dc0b5f3 (127.21.235.129:44031)
I20260608 09:52:01.256899 24116 master_service.cc:502] Signed X509 certificate for tserver {username='slave'} at 127.0.0.1:60380
I20260608 09:52:01.258231 22446 fs_manager.cc:696] Time spent creating directory manager: real 0.005s	user 0.004s	sys 0.000s
I20260608 09:52:01.261812 24255 log_block_manager.cc:4031] Time spent loading block containers with low live blocks: real 0.000s	user 0.000s	sys 0.000s
I20260608 09:52:01.262641 22446 fs_manager.cc:730] Time spent opening block manager: real 0.002s	user 0.002s	sys 0.001s
I20260608 09:52:01.262951 22446 fs_manager.cc:647] Opened local filesystem: /tmp/dist-test-taskri3mMq/test-tmp/auto_rebalancer-test.0.AutoRebalancerTest.MovesScheduledIfAddTserver.1780912299761906-22446-0/minicluster-data/ts-1-root
uuid: "b8d91ab21b394adba05c25e916b23956"
format_stamp: "Formatted at 2026-06-08 09:52:01 on dist-test-slave-chcn"
I20260608 09:52:01.263231 22446 fs_report.cc:389] FS layout report
--------------------
wal directory: /tmp/dist-test-taskri3mMq/test-tmp/auto_rebalancer-test.0.AutoRebalancerTest.MovesScheduledIfAddTserver.1780912299761906-22446-0/minicluster-data/ts-1-root
metadata directory: /tmp/dist-test-taskri3mMq/test-tmp/auto_rebalancer-test.0.AutoRebalancerTest.MovesScheduledIfAddTserver.1780912299761906-22446-0/minicluster-data/ts-1-root
1 data directories: /tmp/dist-test-taskri3mMq/test-tmp/auto_rebalancer-test.0.AutoRebalancerTest.MovesScheduledIfAddTserver.1780912299761906-22446-0/minicluster-data/ts-1-root/data
Total live blocks: 0
Total live bytes: 0
Total live bytes (after alignment): 0
Total number of LBM containers: 0 (0 full)
Did not check for missing blocks
Did not check for orphaned blocks
Total full LBM containers with extra space: 0 (0 repaired)
Total full LBM container extra space in bytes: 0 (0 repaired)
Total incomplete LBM containers: 0 (0 repaired)
Total LBM partial records: 0 (0 repaired)
Total corrupted LBM metadata records in RocksDB: 0 (0 repaired)
I20260608 09:52:01.279680 22446 rpc_server.cc:225] running with OpenSSL 1.1.1  11 Sep 2018
I20260608 09:52:01.280939 22446 kserver.cc:163] Server-wide thread pool size limit: 3276
I20260608 09:52:01.282377 22446 txn_system_client.cc:432] TxnSystemClient initialization is disabled...
I20260608 09:52:01.284618 22446 ts_tablet_manager.cc:585] Loaded tablet metadata (0 total tablets, 0 live tablets)
I20260608 09:52:01.284900 22446 ts_tablet_manager.cc:531] Time spent load tablet metadata: real 0.000s	user 0.000s	sys 0.000s
I20260608 09:52:01.285146 22446 ts_tablet_manager.cc:616] Registered 0 tablets
I20260608 09:52:01.285331 22446 ts_tablet_manager.cc:595] Time spent register tablets: real 0.000s	user 0.000s	sys 0.000s
I20260608 09:52:01.326442 22446 rpc_server.cc:307] RPC server started. Bound to: 127.21.235.130:40143
I20260608 09:52:01.326579 24317 acceptor_pool.cc:272] collecting diagnostics on the listening RPC socket 127.21.235.130:40143 every 8 connection(s)
I20260608 09:52:01.331480 22446 file_cache.cc:492] Constructed file cache file cache with capacity 419430
W20260608 09:52:01.339745 24322 instance_detector.cc:116] could not retrieve Azure instance metadata: Network error: curl error: HTTP response code said error: The requested URL returned error: 404
W20260608 09:52:01.340608 24321 instance_detector.cc:116] could not retrieve AWS instance metadata: Network error: curl error: HTTP response code said error: The requested URL returned error: 404
W20260608 09:52:01.343452 24324 instance_detector.cc:116] could not retrieve OpenStack instance metadata: Network error: curl error: HTTP response code said error: The requested URL returned error: 404
I20260608 09:52:01.343627 22446 server_base.cc:1061] running on GCE node
I20260608 09:52:01.344682 22446 hybrid_clock.cc:584] initializing the hybrid clock with 'system_unsync' time source
W20260608 09:52:01.345017 22446 system_unsync_time.cc:38] NTP support is disabled. Clock error bounds will not be accurate. This configuration is not suitable for distributed clusters.
I20260608 09:52:01.345244 22446 hybrid_clock.cc:648] HybridClock initialized: now 1780912321345224 us; error 0 us; skew 500 ppm
I20260608 09:52:01.345862 22446 server_base.cc:861] Flag tcmalloc_max_total_thread_cache_bytes is not working since tcmalloc is not enabled.
I20260608 09:52:01.346351 24318 heartbeater.cc:344] Connected to a master server at 127.21.235.190:43747
I20260608 09:52:01.346719 24318 heartbeater.cc:461] Registering TS with master...
I20260608 09:52:01.347577 24318 heartbeater.cc:507] Master 127.21.235.190:43747 requested a full tablet report, sending...
I20260608 09:52:01.348600 22446 webserver.cc:533] Webserver started at http://127.21.235.131:40835/ using document root <none> and password file <none>
I20260608 09:52:01.349241 22446 fs_manager.cc:362] Metadata directory not provided
I20260608 09:52:01.349459 22446 fs_manager.cc:368] Using write-ahead log directory (fs_wal_dir) as metadata directory
I20260608 09:52:01.349761 22446 server_base.cc:909] This appears to be a new deployment of Kudu; creating new FS layout
I20260608 09:52:01.349903 24116 ts_manager.cc:194] Registered new tserver with Master: b8d91ab21b394adba05c25e916b23956 (127.21.235.130:40143)
I20260608 09:52:01.350951 22446 fs_manager.cc:1068] Generated new instance metadata in path /tmp/dist-test-taskri3mMq/test-tmp/auto_rebalancer-test.0.AutoRebalancerTest.MovesScheduledIfAddTserver.1780912299761906-22446-0/minicluster-data/ts-2-root/instance:
uuid: "c560df6850d14d36aba78d83a50f333c"
format_stamp: "Formatted at 2026-06-08 09:52:01 on dist-test-slave-chcn"
I20260608 09:52:01.351390 24116 master_service.cc:502] Signed X509 certificate for tserver {username='slave'} at 127.0.0.1:60386
I20260608 09:52:01.355726 22446 fs_manager.cc:696] Time spent creating directory manager: real 0.004s	user 0.005s	sys 0.001s
I20260608 09:52:01.359170 24329 log_block_manager.cc:4031] Time spent loading block containers with low live blocks: real 0.000s	user 0.000s	sys 0.000s
I20260608 09:52:01.360107 22446 fs_manager.cc:730] Time spent opening block manager: real 0.002s	user 0.002s	sys 0.000s
I20260608 09:52:01.360404 22446 fs_manager.cc:647] Opened local filesystem: /tmp/dist-test-taskri3mMq/test-tmp/auto_rebalancer-test.0.AutoRebalancerTest.MovesScheduledIfAddTserver.1780912299761906-22446-0/minicluster-data/ts-2-root
uuid: "c560df6850d14d36aba78d83a50f333c"
format_stamp: "Formatted at 2026-06-08 09:52:01 on dist-test-slave-chcn"
I20260608 09:52:01.360687 22446 fs_report.cc:389] FS layout report
--------------------
wal directory: /tmp/dist-test-taskri3mMq/test-tmp/auto_rebalancer-test.0.AutoRebalancerTest.MovesScheduledIfAddTserver.1780912299761906-22446-0/minicluster-data/ts-2-root
metadata directory: /tmp/dist-test-taskri3mMq/test-tmp/auto_rebalancer-test.0.AutoRebalancerTest.MovesScheduledIfAddTserver.1780912299761906-22446-0/minicluster-data/ts-2-root
1 data directories: /tmp/dist-test-taskri3mMq/test-tmp/auto_rebalancer-test.0.AutoRebalancerTest.MovesScheduledIfAddTserver.1780912299761906-22446-0/minicluster-data/ts-2-root/data
Total live blocks: 0
Total live bytes: 0
Total live bytes (after alignment): 0
Total number of LBM containers: 0 (0 full)
Did not check for missing blocks
Did not check for orphaned blocks
Total full LBM containers with extra space: 0 (0 repaired)
Total full LBM container extra space in bytes: 0 (0 repaired)
Total incomplete LBM containers: 0 (0 repaired)
Total LBM partial records: 0 (0 repaired)
Total corrupted LBM metadata records in RocksDB: 0 (0 repaired)
I20260608 09:52:01.369666 22446 rpc_server.cc:225] running with OpenSSL 1.1.1  11 Sep 2018
I20260608 09:52:01.370810 22446 kserver.cc:163] Server-wide thread pool size limit: 3276
I20260608 09:52:01.372193 22446 txn_system_client.cc:432] TxnSystemClient initialization is disabled...
I20260608 09:52:01.374495 22446 ts_tablet_manager.cc:585] Loaded tablet metadata (0 total tablets, 0 live tablets)
I20260608 09:52:01.374725 22446 ts_tablet_manager.cc:531] Time spent load tablet metadata: real 0.000s	user 0.000s	sys 0.000s
I20260608 09:52:01.374984 22446 ts_tablet_manager.cc:616] Registered 0 tablets
I20260608 09:52:01.375175 22446 ts_tablet_manager.cc:595] Time spent register tablets: real 0.000s	user 0.000s	sys 0.000s
I20260608 09:52:01.414914 22446 rpc_server.cc:307] RPC server started. Bound to: 127.21.235.131:38459
I20260608 09:52:01.415023 24391 acceptor_pool.cc:272] collecting diagnostics on the listening RPC socket 127.21.235.131:38459 every 8 connection(s)
I20260608 09:52:01.428752 24392 heartbeater.cc:344] Connected to a master server at 127.21.235.190:43747
I20260608 09:52:01.429143 24392 heartbeater.cc:461] Registering TS with master...
I20260608 09:52:01.429860 24392 heartbeater.cc:507] Master 127.21.235.190:43747 requested a full tablet report, sending...
I20260608 09:52:01.431783 24116 ts_manager.cc:194] Registered new tserver with Master: c560df6850d14d36aba78d83a50f333c (127.21.235.131:38459)
I20260608 09:52:01.432659 22446 internal_mini_cluster.cc:371] 3 TS(s) registered with all masters after 0.014545597s
I20260608 09:52:01.433347 24116 master_service.cc:502] Signed X509 certificate for tserver {username='slave'} at 127.0.0.1:60402
I20260608 09:52:02.259876 24243 heartbeater.cc:499] Master 127.21.235.190:43747 was elected leader, sending a full tablet report...
I20260608 09:52:02.353881 24318 heartbeater.cc:499] Master 127.21.235.190:43747 was elected leader, sending a full tablet report...
I20260608 09:52:02.436043 24392 heartbeater.cc:499] Master 127.21.235.190:43747 was elected leader, sending a full tablet report...
I20260608 09:52:02.488304 24116 catalog_manager.cc:2282] Servicing CreateTable request from {username='slave'} at 127.0.0.1:39870:
name: "test-workload"
schema {
  columns {
    name: "key"
    type: INT32
    is_key: true
    is_nullable: false
    encoding: AUTO_ENCODING
    compression: DEFAULT_COMPRESSION
    cfile_block_size: 0
    immutable: false
  }
  columns {
    name: "int_val"
    type: INT32
    is_key: false
    is_nullable: false
    encoding: AUTO_ENCODING
    compression: DEFAULT_COMPRESSION
    cfile_block_size: 0
    immutable: false
  }
  columns {
    name: "string_val"
    type: STRING
    is_key: false
    is_nullable: true
    encoding: AUTO_ENCODING
    compression: DEFAULT_COMPRESSION
    cfile_block_size: 0
    immutable: false
  }
}
num_replicas: 3
split_rows_range_bounds {
  rows: "\004\001\000\377\377\377?""\004\001\000\377\377\377?"
  indirect_data: """"
}
partition_schema {
  range_schema {
    columns {
      name: "key"
    }
  }
}
W20260608 09:52:02.490563 24116 catalog_manager.cc:7076] The number of live tablet servers is not enough to re-replicate a tablet replica of the newly created table test-workload in case of a server failure: 4 tablet servers would be needed, 3 are available. Consider bringing up more tablet servers.
I20260608 09:52:02.549320 24283 tablet_service.cc:1511] Processing CreateTablet for tablet 79480ccb08e54e4c946f9667b4e86ab4 (DEFAULT_TABLE table=test-workload [id=d389148c27e74c8082b38a270aff1f18]), partition=RANGE (key) PARTITION VALUES < 1073741823
I20260608 09:52:02.550916 24283 data_dirs.cc:400] Could only allocate 1 dirs of requested 3 for tablet 79480ccb08e54e4c946f9667b4e86ab4. 1 dirs total, 0 dirs full, 0 dirs failed
I20260608 09:52:02.552601 24282 tablet_service.cc:1511] Processing CreateTablet for tablet 908356730c1c4c3b95c3ac428f2e53df (DEFAULT_TABLE table=test-workload [id=d389148c27e74c8082b38a270aff1f18]), partition=RANGE (key) PARTITION 1073741823 <= VALUES
I20260608 09:52:02.554926 24282 data_dirs.cc:400] Could only allocate 1 dirs of requested 3 for tablet 908356730c1c4c3b95c3ac428f2e53df. 1 dirs total, 0 dirs full, 0 dirs failed
I20260608 09:52:02.559917 24357 tablet_service.cc:1511] Processing CreateTablet for tablet 79480ccb08e54e4c946f9667b4e86ab4 (DEFAULT_TABLE table=test-workload [id=d389148c27e74c8082b38a270aff1f18]), partition=RANGE (key) PARTITION VALUES < 1073741823
I20260608 09:52:02.561493 24357 data_dirs.cc:400] Could only allocate 1 dirs of requested 3 for tablet 79480ccb08e54e4c946f9667b4e86ab4. 1 dirs total, 0 dirs full, 0 dirs failed
I20260608 09:52:02.561633 24356 tablet_service.cc:1511] Processing CreateTablet for tablet 908356730c1c4c3b95c3ac428f2e53df (DEFAULT_TABLE table=test-workload [id=d389148c27e74c8082b38a270aff1f18]), partition=RANGE (key) PARTITION 1073741823 <= VALUES
I20260608 09:52:02.562963 24356 data_dirs.cc:400] Could only allocate 1 dirs of requested 3 for tablet 908356730c1c4c3b95c3ac428f2e53df. 1 dirs total, 0 dirs full, 0 dirs failed
I20260608 09:52:02.569089 24208 tablet_service.cc:1511] Processing CreateTablet for tablet 79480ccb08e54e4c946f9667b4e86ab4 (DEFAULT_TABLE table=test-workload [id=d389148c27e74c8082b38a270aff1f18]), partition=RANGE (key) PARTITION VALUES < 1073741823
I20260608 09:52:02.570448 24208 data_dirs.cc:400] Could only allocate 1 dirs of requested 3 for tablet 79480ccb08e54e4c946f9667b4e86ab4. 1 dirs total, 0 dirs full, 0 dirs failed
I20260608 09:52:02.586359 24207 tablet_service.cc:1511] Processing CreateTablet for tablet 908356730c1c4c3b95c3ac428f2e53df (DEFAULT_TABLE table=test-workload [id=d389148c27e74c8082b38a270aff1f18]), partition=RANGE (key) PARTITION 1073741823 <= VALUES
I20260608 09:52:02.587888 24207 data_dirs.cc:400] Could only allocate 1 dirs of requested 3 for tablet 908356730c1c4c3b95c3ac428f2e53df. 1 dirs total, 0 dirs full, 0 dirs failed
I20260608 09:52:02.587947 24412 tablet_bootstrap.cc:492] T 79480ccb08e54e4c946f9667b4e86ab4 P b8d91ab21b394adba05c25e916b23956: Bootstrap starting.
I20260608 09:52:02.601660 24412 tablet_bootstrap.cc:654] T 79480ccb08e54e4c946f9667b4e86ab4 P b8d91ab21b394adba05c25e916b23956: Neither blocks nor log segments found. Creating new log.
I20260608 09:52:02.614724 24415 tablet_bootstrap.cc:492] T 908356730c1c4c3b95c3ac428f2e53df P 16d3bbda11ee49f4ace6bd610dc0b5f3: Bootstrap starting.
I20260608 09:52:02.624799 24413 tablet_bootstrap.cc:492] T 908356730c1c4c3b95c3ac428f2e53df P c560df6850d14d36aba78d83a50f333c: Bootstrap starting.
I20260608 09:52:02.624923 24415 tablet_bootstrap.cc:654] T 908356730c1c4c3b95c3ac428f2e53df P 16d3bbda11ee49f4ace6bd610dc0b5f3: Neither blocks nor log segments found. Creating new log.
I20260608 09:52:02.636186 24413 tablet_bootstrap.cc:654] T 908356730c1c4c3b95c3ac428f2e53df P c560df6850d14d36aba78d83a50f333c: Neither blocks nor log segments found. Creating new log.
I20260608 09:52:02.640161 24415 tablet_bootstrap.cc:492] T 908356730c1c4c3b95c3ac428f2e53df P 16d3bbda11ee49f4ace6bd610dc0b5f3: No bootstrap required, opened a new log
I20260608 09:52:02.640744 24415 ts_tablet_manager.cc:1403] T 908356730c1c4c3b95c3ac428f2e53df P 16d3bbda11ee49f4ace6bd610dc0b5f3: Time spent bootstrapping tablet: real 0.028s	user 0.012s	sys 0.007s
I20260608 09:52:02.643007 24412 tablet_bootstrap.cc:492] T 79480ccb08e54e4c946f9667b4e86ab4 P b8d91ab21b394adba05c25e916b23956: No bootstrap required, opened a new log
I20260608 09:52:02.643659 24412 ts_tablet_manager.cc:1403] T 79480ccb08e54e4c946f9667b4e86ab4 P b8d91ab21b394adba05c25e916b23956: Time spent bootstrapping tablet: real 0.056s	user 0.013s	sys 0.028s
I20260608 09:52:02.643877 24415 raft_consensus.cc:359] T 908356730c1c4c3b95c3ac428f2e53df P 16d3bbda11ee49f4ace6bd610dc0b5f3 [term 0 FOLLOWER]: Replica starting. Triggering 0 pending ops. Active config: opid_index: -1 OBSOLETE_local: false peers { permanent_uuid: "16d3bbda11ee49f4ace6bd610dc0b5f3" member_type: VOTER last_known_addr { host: "127.21.235.129" port: 44031 } } peers { permanent_uuid: "b8d91ab21b394adba05c25e916b23956" member_type: VOTER last_known_addr { host: "127.21.235.130" port: 40143 } } peers { permanent_uuid: "c560df6850d14d36aba78d83a50f333c" member_type: VOTER last_known_addr { host: "127.21.235.131" port: 38459 } }
I20260608 09:52:02.644639 24415 raft_consensus.cc:385] T 908356730c1c4c3b95c3ac428f2e53df P 16d3bbda11ee49f4ace6bd610dc0b5f3 [term 0 FOLLOWER]: Consensus starting up: Expiring failure detector timer to make a prompt election more likely
I20260608 09:52:02.644972 24415 raft_consensus.cc:740] T 908356730c1c4c3b95c3ac428f2e53df P 16d3bbda11ee49f4ace6bd610dc0b5f3 [term 0 FOLLOWER]: Becoming Follower/Learner. State: Replica: 16d3bbda11ee49f4ace6bd610dc0b5f3, State: Initialized, Role: FOLLOWER
I20260608 09:52:02.645108 24413 tablet_bootstrap.cc:492] T 908356730c1c4c3b95c3ac428f2e53df P c560df6850d14d36aba78d83a50f333c: No bootstrap required, opened a new log
I20260608 09:52:02.645612 24413 ts_tablet_manager.cc:1403] T 908356730c1c4c3b95c3ac428f2e53df P c560df6850d14d36aba78d83a50f333c: Time spent bootstrapping tablet: real 0.021s	user 0.010s	sys 0.003s
I20260608 09:52:02.645743 24415 consensus_queue.cc:260] T 908356730c1c4c3b95c3ac428f2e53df P 16d3bbda11ee49f4ace6bd610dc0b5f3 [NON_LEADER]: Queue going to NON_LEADER mode. State: All replicated index: 0, Majority replicated index: 0, Committed index: 0, Last appended: 0.0, Last appended by leader: 0, Current term: 0, Majority size: -1, State: 0, Mode: NON_LEADER, active raft config: opid_index: -1 OBSOLETE_local: false peers { permanent_uuid: "16d3bbda11ee49f4ace6bd610dc0b5f3" member_type: VOTER last_known_addr { host: "127.21.235.129" port: 44031 } } peers { permanent_uuid: "b8d91ab21b394adba05c25e916b23956" member_type: VOTER last_known_addr { host: "127.21.235.130" port: 40143 } } peers { permanent_uuid: "c560df6850d14d36aba78d83a50f333c" member_type: VOTER last_known_addr { host: "127.21.235.131" port: 38459 } }
I20260608 09:52:02.646723 24412 raft_consensus.cc:359] T 79480ccb08e54e4c946f9667b4e86ab4 P b8d91ab21b394adba05c25e916b23956 [term 0 FOLLOWER]: Replica starting. Triggering 0 pending ops. Active config: opid_index: -1 OBSOLETE_local: false peers { permanent_uuid: "b8d91ab21b394adba05c25e916b23956" member_type: VOTER last_known_addr { host: "127.21.235.130" port: 40143 } } peers { permanent_uuid: "16d3bbda11ee49f4ace6bd610dc0b5f3" member_type: VOTER last_known_addr { host: "127.21.235.129" port: 44031 } } peers { permanent_uuid: "c560df6850d14d36aba78d83a50f333c" member_type: VOTER last_known_addr { host: "127.21.235.131" port: 38459 } }
I20260608 09:52:02.647521 24412 raft_consensus.cc:385] T 79480ccb08e54e4c946f9667b4e86ab4 P b8d91ab21b394adba05c25e916b23956 [term 0 FOLLOWER]: Consensus starting up: Expiring failure detector timer to make a prompt election more likely
I20260608 09:52:02.647905 24412 raft_consensus.cc:740] T 79480ccb08e54e4c946f9667b4e86ab4 P b8d91ab21b394adba05c25e916b23956 [term 0 FOLLOWER]: Becoming Follower/Learner. State: Replica: b8d91ab21b394adba05c25e916b23956, State: Initialized, Role: FOLLOWER
I20260608 09:52:02.648785 24415 ts_tablet_manager.cc:1434] T 908356730c1c4c3b95c3ac428f2e53df P 16d3bbda11ee49f4ace6bd610dc0b5f3: Time spent starting tablet: real 0.008s	user 0.007s	sys 0.001s
I20260608 09:52:02.648677 24413 raft_consensus.cc:359] T 908356730c1c4c3b95c3ac428f2e53df P c560df6850d14d36aba78d83a50f333c [term 0 FOLLOWER]: Replica starting. Triggering 0 pending ops. Active config: opid_index: -1 OBSOLETE_local: false peers { permanent_uuid: "16d3bbda11ee49f4ace6bd610dc0b5f3" member_type: VOTER last_known_addr { host: "127.21.235.129" port: 44031 } } peers { permanent_uuid: "b8d91ab21b394adba05c25e916b23956" member_type: VOTER last_known_addr { host: "127.21.235.130" port: 40143 } } peers { permanent_uuid: "c560df6850d14d36aba78d83a50f333c" member_type: VOTER last_known_addr { host: "127.21.235.131" port: 38459 } }
I20260608 09:52:02.648788 24412 consensus_queue.cc:260] T 79480ccb08e54e4c946f9667b4e86ab4 P b8d91ab21b394adba05c25e916b23956 [NON_LEADER]: Queue going to NON_LEADER mode. State: All replicated index: 0, Majority replicated index: 0, Committed index: 0, Last appended: 0.0, Last appended by leader: 0, Current term: 0, Majority size: -1, State: 0, Mode: NON_LEADER, active raft config: opid_index: -1 OBSOLETE_local: false peers { permanent_uuid: "b8d91ab21b394adba05c25e916b23956" member_type: VOTER last_known_addr { host: "127.21.235.130" port: 40143 } } peers { permanent_uuid: "16d3bbda11ee49f4ace6bd610dc0b5f3" member_type: VOTER last_known_addr { host: "127.21.235.129" port: 44031 } } peers { permanent_uuid: "c560df6850d14d36aba78d83a50f333c" member_type: VOTER last_known_addr { host: "127.21.235.131" port: 38459 } }
I20260608 09:52:02.649734 24413 raft_consensus.cc:385] T 908356730c1c4c3b95c3ac428f2e53df P c560df6850d14d36aba78d83a50f333c [term 0 FOLLOWER]: Consensus starting up: Expiring failure detector timer to make a prompt election more likely
I20260608 09:52:02.650108 24413 raft_consensus.cc:740] T 908356730c1c4c3b95c3ac428f2e53df P c560df6850d14d36aba78d83a50f333c [term 0 FOLLOWER]: Becoming Follower/Learner. State: Replica: c560df6850d14d36aba78d83a50f333c, State: Initialized, Role: FOLLOWER
I20260608 09:52:02.650103 24415 tablet_bootstrap.cc:492] T 79480ccb08e54e4c946f9667b4e86ab4 P 16d3bbda11ee49f4ace6bd610dc0b5f3: Bootstrap starting.
I20260608 09:52:02.651399 24413 consensus_queue.cc:260] T 908356730c1c4c3b95c3ac428f2e53df P c560df6850d14d36aba78d83a50f333c [NON_LEADER]: Queue going to NON_LEADER mode. State: All replicated index: 0, Majority replicated index: 0, Committed index: 0, Last appended: 0.0, Last appended by leader: 0, Current term: 0, Majority size: -1, State: 0, Mode: NON_LEADER, active raft config: opid_index: -1 OBSOLETE_local: false peers { permanent_uuid: "16d3bbda11ee49f4ace6bd610dc0b5f3" member_type: VOTER last_known_addr { host: "127.21.235.129" port: 44031 } } peers { permanent_uuid: "b8d91ab21b394adba05c25e916b23956" member_type: VOTER last_known_addr { host: "127.21.235.130" port: 40143 } } peers { permanent_uuid: "c560df6850d14d36aba78d83a50f333c" member_type: VOTER last_known_addr { host: "127.21.235.131" port: 38459 } }
I20260608 09:52:02.657478 24415 tablet_bootstrap.cc:654] T 79480ccb08e54e4c946f9667b4e86ab4 P 16d3bbda11ee49f4ace6bd610dc0b5f3: Neither blocks nor log segments found. Creating new log.
I20260608 09:52:02.659821 24412 ts_tablet_manager.cc:1434] T 79480ccb08e54e4c946f9667b4e86ab4 P b8d91ab21b394adba05c25e916b23956: Time spent starting tablet: real 0.016s	user 0.014s	sys 0.000s
I20260608 09:52:02.663437 24412 tablet_bootstrap.cc:492] T 908356730c1c4c3b95c3ac428f2e53df P b8d91ab21b394adba05c25e916b23956: Bootstrap starting.
I20260608 09:52:02.661923 24413 ts_tablet_manager.cc:1434] T 908356730c1c4c3b95c3ac428f2e53df P c560df6850d14d36aba78d83a50f333c: Time spent starting tablet: real 0.016s	user 0.015s	sys 0.001s
I20260608 09:52:02.670275 24412 tablet_bootstrap.cc:654] T 908356730c1c4c3b95c3ac428f2e53df P b8d91ab21b394adba05c25e916b23956: Neither blocks nor log segments found. Creating new log.
I20260608 09:52:02.671460 24413 tablet_bootstrap.cc:492] T 79480ccb08e54e4c946f9667b4e86ab4 P c560df6850d14d36aba78d83a50f333c: Bootstrap starting.
I20260608 09:52:02.680261 24413 tablet_bootstrap.cc:654] T 79480ccb08e54e4c946f9667b4e86ab4 P c560df6850d14d36aba78d83a50f333c: Neither blocks nor log segments found. Creating new log.
I20260608 09:52:02.683488 24412 tablet_bootstrap.cc:492] T 908356730c1c4c3b95c3ac428f2e53df P b8d91ab21b394adba05c25e916b23956: No bootstrap required, opened a new log
I20260608 09:52:02.683909 24415 tablet_bootstrap.cc:492] T 79480ccb08e54e4c946f9667b4e86ab4 P 16d3bbda11ee49f4ace6bd610dc0b5f3: No bootstrap required, opened a new log
I20260608 09:52:02.684064 24412 ts_tablet_manager.cc:1403] T 908356730c1c4c3b95c3ac428f2e53df P b8d91ab21b394adba05c25e916b23956: Time spent bootstrapping tablet: real 0.021s	user 0.013s	sys 0.007s
I20260608 09:52:02.684413 24415 ts_tablet_manager.cc:1403] T 79480ccb08e54e4c946f9667b4e86ab4 P 16d3bbda11ee49f4ace6bd610dc0b5f3: Time spent bootstrapping tablet: real 0.035s	user 0.005s	sys 0.018s
I20260608 09:52:02.685626 24413 tablet_bootstrap.cc:492] T 79480ccb08e54e4c946f9667b4e86ab4 P c560df6850d14d36aba78d83a50f333c: No bootstrap required, opened a new log
I20260608 09:52:02.686045 24413 ts_tablet_manager.cc:1403] T 79480ccb08e54e4c946f9667b4e86ab4 P c560df6850d14d36aba78d83a50f333c: Time spent bootstrapping tablet: real 0.015s	user 0.011s	sys 0.001s
I20260608 09:52:02.687204 24412 raft_consensus.cc:359] T 908356730c1c4c3b95c3ac428f2e53df P b8d91ab21b394adba05c25e916b23956 [term 0 FOLLOWER]: Replica starting. Triggering 0 pending ops. Active config: opid_index: -1 OBSOLETE_local: false peers { permanent_uuid: "16d3bbda11ee49f4ace6bd610dc0b5f3" member_type: VOTER last_known_addr { host: "127.21.235.129" port: 44031 } } peers { permanent_uuid: "b8d91ab21b394adba05c25e916b23956" member_type: VOTER last_known_addr { host: "127.21.235.130" port: 40143 } } peers { permanent_uuid: "c560df6850d14d36aba78d83a50f333c" member_type: VOTER last_known_addr { host: "127.21.235.131" port: 38459 } }
I20260608 09:52:02.687310 24415 raft_consensus.cc:359] T 79480ccb08e54e4c946f9667b4e86ab4 P 16d3bbda11ee49f4ace6bd610dc0b5f3 [term 0 FOLLOWER]: Replica starting. Triggering 0 pending ops. Active config: opid_index: -1 OBSOLETE_local: false peers { permanent_uuid: "b8d91ab21b394adba05c25e916b23956" member_type: VOTER last_known_addr { host: "127.21.235.130" port: 40143 } } peers { permanent_uuid: "16d3bbda11ee49f4ace6bd610dc0b5f3" member_type: VOTER last_known_addr { host: "127.21.235.129" port: 44031 } } peers { permanent_uuid: "c560df6850d14d36aba78d83a50f333c" member_type: VOTER last_known_addr { host: "127.21.235.131" port: 38459 } }
I20260608 09:52:02.688041 24412 raft_consensus.cc:385] T 908356730c1c4c3b95c3ac428f2e53df P b8d91ab21b394adba05c25e916b23956 [term 0 FOLLOWER]: Consensus starting up: Expiring failure detector timer to make a prompt election more likely
I20260608 09:52:02.688138 24415 raft_consensus.cc:385] T 79480ccb08e54e4c946f9667b4e86ab4 P 16d3bbda11ee49f4ace6bd610dc0b5f3 [term 0 FOLLOWER]: Consensus starting up: Expiring failure detector timer to make a prompt election more likely
I20260608 09:52:02.688447 24412 raft_consensus.cc:740] T 908356730c1c4c3b95c3ac428f2e53df P b8d91ab21b394adba05c25e916b23956 [term 0 FOLLOWER]: Becoming Follower/Learner. State: Replica: b8d91ab21b394adba05c25e916b23956, State: Initialized, Role: FOLLOWER
I20260608 09:52:02.688545 24415 raft_consensus.cc:740] T 79480ccb08e54e4c946f9667b4e86ab4 P 16d3bbda11ee49f4ace6bd610dc0b5f3 [term 0 FOLLOWER]: Becoming Follower/Learner. State: Replica: 16d3bbda11ee49f4ace6bd610dc0b5f3, State: Initialized, Role: FOLLOWER
I20260608 09:52:02.688269 24413 raft_consensus.cc:359] T 79480ccb08e54e4c946f9667b4e86ab4 P c560df6850d14d36aba78d83a50f333c [term 0 FOLLOWER]: Replica starting. Triggering 0 pending ops. Active config: opid_index: -1 OBSOLETE_local: false peers { permanent_uuid: "b8d91ab21b394adba05c25e916b23956" member_type: VOTER last_known_addr { host: "127.21.235.130" port: 40143 } } peers { permanent_uuid: "16d3bbda11ee49f4ace6bd610dc0b5f3" member_type: VOTER last_known_addr { host: "127.21.235.129" port: 44031 } } peers { permanent_uuid: "c560df6850d14d36aba78d83a50f333c" member_type: VOTER last_known_addr { host: "127.21.235.131" port: 38459 } }
I20260608 09:52:02.689381 24413 raft_consensus.cc:385] T 79480ccb08e54e4c946f9667b4e86ab4 P c560df6850d14d36aba78d83a50f333c [term 0 FOLLOWER]: Consensus starting up: Expiring failure detector timer to make a prompt election more likely
I20260608 09:52:02.689782 24413 raft_consensus.cc:740] T 79480ccb08e54e4c946f9667b4e86ab4 P c560df6850d14d36aba78d83a50f333c [term 0 FOLLOWER]: Becoming Follower/Learner. State: Replica: c560df6850d14d36aba78d83a50f333c, State: Initialized, Role: FOLLOWER
I20260608 09:52:02.689567 24412 consensus_queue.cc:260] T 908356730c1c4c3b95c3ac428f2e53df P b8d91ab21b394adba05c25e916b23956 [NON_LEADER]: Queue going to NON_LEADER mode. State: All replicated index: 0, Majority replicated index: 0, Committed index: 0, Last appended: 0.0, Last appended by leader: 0, Current term: 0, Majority size: -1, State: 0, Mode: NON_LEADER, active raft config: opid_index: -1 OBSOLETE_local: false peers { permanent_uuid: "16d3bbda11ee49f4ace6bd610dc0b5f3" member_type: VOTER last_known_addr { host: "127.21.235.129" port: 44031 } } peers { permanent_uuid: "b8d91ab21b394adba05c25e916b23956" member_type: VOTER last_known_addr { host: "127.21.235.130" port: 40143 } } peers { permanent_uuid: "c560df6850d14d36aba78d83a50f333c" member_type: VOTER last_known_addr { host: "127.21.235.131" port: 38459 } }
I20260608 09:52:02.689841 24415 consensus_queue.cc:260] T 79480ccb08e54e4c946f9667b4e86ab4 P 16d3bbda11ee49f4ace6bd610dc0b5f3 [NON_LEADER]: Queue going to NON_LEADER mode. State: All replicated index: 0, Majority replicated index: 0, Committed index: 0, Last appended: 0.0, Last appended by leader: 0, Current term: 0, Majority size: -1, State: 0, Mode: NON_LEADER, active raft config: opid_index: -1 OBSOLETE_local: false peers { permanent_uuid: "b8d91ab21b394adba05c25e916b23956" member_type: VOTER last_known_addr { host: "127.21.235.130" port: 40143 } } peers { permanent_uuid: "16d3bbda11ee49f4ace6bd610dc0b5f3" member_type: VOTER last_known_addr { host: "127.21.235.129" port: 44031 } } peers { permanent_uuid: "c560df6850d14d36aba78d83a50f333c" member_type: VOTER last_known_addr { host: "127.21.235.131" port: 38459 } }
I20260608 09:52:02.690956 24413 consensus_queue.cc:260] T 79480ccb08e54e4c946f9667b4e86ab4 P c560df6850d14d36aba78d83a50f333c [NON_LEADER]: Queue going to NON_LEADER mode. State: All replicated index: 0, Majority replicated index: 0, Committed index: 0, Last appended: 0.0, Last appended by leader: 0, Current term: 0, Majority size: -1, State: 0, Mode: NON_LEADER, active raft config: opid_index: -1 OBSOLETE_local: false peers { permanent_uuid: "b8d91ab21b394adba05c25e916b23956" member_type: VOTER last_known_addr { host: "127.21.235.130" port: 40143 } } peers { permanent_uuid: "16d3bbda11ee49f4ace6bd610dc0b5f3" member_type: VOTER last_known_addr { host: "127.21.235.129" port: 44031 } } peers { permanent_uuid: "c560df6850d14d36aba78d83a50f333c" member_type: VOTER last_known_addr { host: "127.21.235.131" port: 38459 } }
I20260608 09:52:02.692353 24415 ts_tablet_manager.cc:1434] T 79480ccb08e54e4c946f9667b4e86ab4 P 16d3bbda11ee49f4ace6bd610dc0b5f3: Time spent starting tablet: real 0.008s	user 0.005s	sys 0.000s
I20260608 09:52:02.693302 24413 ts_tablet_manager.cc:1434] T 79480ccb08e54e4c946f9667b4e86ab4 P c560df6850d14d36aba78d83a50f333c: Time spent starting tablet: real 0.007s	user 0.008s	sys 0.000s
I20260608 09:52:02.693389 24419 raft_consensus.cc:493] T 79480ccb08e54e4c946f9667b4e86ab4 P b8d91ab21b394adba05c25e916b23956 [term 0 FOLLOWER]: Starting pre-election (no leader contacted us within the election timeout)
I20260608 09:52:02.694852 24412 ts_tablet_manager.cc:1434] T 908356730c1c4c3b95c3ac428f2e53df P b8d91ab21b394adba05c25e916b23956: Time spent starting tablet: real 0.010s	user 0.007s	sys 0.000s
I20260608 09:52:02.694020 24419 raft_consensus.cc:515] T 79480ccb08e54e4c946f9667b4e86ab4 P b8d91ab21b394adba05c25e916b23956 [term 0 FOLLOWER]: Starting pre-election with config: opid_index: -1 OBSOLETE_local: false peers { permanent_uuid: "b8d91ab21b394adba05c25e916b23956" member_type: VOTER last_known_addr { host: "127.21.235.130" port: 40143 } } peers { permanent_uuid: "16d3bbda11ee49f4ace6bd610dc0b5f3" member_type: VOTER last_known_addr { host: "127.21.235.129" port: 44031 } } peers { permanent_uuid: "c560df6850d14d36aba78d83a50f333c" member_type: VOTER last_known_addr { host: "127.21.235.131" port: 38459 } }
I20260608 09:52:02.699545 24419 leader_election.cc:290] T 79480ccb08e54e4c946f9667b4e86ab4 P b8d91ab21b394adba05c25e916b23956 [CANDIDATE]: Term 1 pre-election: Requested pre-vote from peers 16d3bbda11ee49f4ace6bd610dc0b5f3 (127.21.235.129:44031), c560df6850d14d36aba78d83a50f333c (127.21.235.131:38459)
I20260608 09:52:02.711355 24218 tablet_service.cc:1917] Received RequestConsensusVote() RPC: tablet_id: "79480ccb08e54e4c946f9667b4e86ab4" candidate_uuid: "b8d91ab21b394adba05c25e916b23956" candidate_term: 1 candidate_status { last_received { term: 0 index: 0 } } ignore_live_leader: false dest_uuid: "16d3bbda11ee49f4ace6bd610dc0b5f3" is_pre_election: true
I20260608 09:52:02.711988 24218 raft_consensus.cc:2468] T 79480ccb08e54e4c946f9667b4e86ab4 P 16d3bbda11ee49f4ace6bd610dc0b5f3 [term 0 FOLLOWER]: Leader pre-election vote request: Granting yes vote for candidate b8d91ab21b394adba05c25e916b23956 in term 0.
I20260608 09:52:02.713265 24257 leader_election.cc:304] T 79480ccb08e54e4c946f9667b4e86ab4 P b8d91ab21b394adba05c25e916b23956 [CANDIDATE]: Term 1 pre-election: Election decided. Result: candidate won. Election summary: received 2 responses out of 3 voters: 2 yes votes; 0 no votes. yes voters: 16d3bbda11ee49f4ace6bd610dc0b5f3, b8d91ab21b394adba05c25e916b23956; no voters: 
