I20260608 09:53:31.710058 11144 master_service.cc:502] Signed X509 certificate for tserver {username='slave'} at 127.0.0.1:45360
I20260608 09:53:32.532527 11271 heartbeater.cc:499] Master 127.6.217.62:44975 was elected leader, sending a full tablet report...
I20260608 09:53:32.624882 11346 heartbeater.cc:499] Master 127.6.217.62:44975 was elected leader, sending a full tablet report...
I20260608 09:53:32.713043 11420 heartbeater.cc:499] Master 127.6.217.62:44975 was elected leader, sending a full tablet report...
I20260608 09:53:32.782539 11144 catalog_manager.cc:2282] Servicing CreateTable request from {username='slave'} at 127.0.0.1:45378:
name: "test-workload"
schema {
  columns {
    name: "key"
    type: INT32
    is_key: true
    is_nullable: false
    encoding: AUTO_ENCODING
    compression: DEFAULT_COMPRESSION
    cfile_block_size: 0
    immutable: false
  }
  columns {
    name: "int_val"
    type: INT32
    is_key: false
    is_nullable: false
    encoding: AUTO_ENCODING
    compression: DEFAULT_COMPRESSION
    cfile_block_size: 0
    immutable: false
  }
  columns {
    name: "string_val"
    type: STRING
    is_key: false
    is_nullable: true
    encoding: AUTO_ENCODING
    compression: DEFAULT_COMPRESSION
    cfile_block_size: 0
    immutable: false
  }
}
num_replicas: 3
split_rows_range_bounds {
}
partition_schema {
  range_schema {
    columns {
      name: "key"
    }
  }
}
W20260608 09:53:32.784578 11144 catalog_manager.cc:7076] The number of live tablet servers is not enough to re-replicate a tablet replica of the newly created table test-workload in case of a server failure: 4 tablet servers would be needed, 3 are available. Consider bringing up more tablet servers.
I20260608 09:53:32.826821 11385 tablet_service.cc:1511] Processing CreateTablet for tablet 1ea0908a86564463acfd57c22020b603 (DEFAULT_TABLE table=test-workload [id=cc64b4a5dbd14196932b39eab15b0417]), partition=RANGE (key) PARTITION UNBOUNDED
I20260608 09:53:32.828193 11385 data_dirs.cc:400] Could only allocate 1 dirs of requested 3 for tablet 1ea0908a86564463acfd57c22020b603. 1 dirs total, 0 dirs full, 0 dirs failed
I20260608 09:53:32.834008 11311 tablet_service.cc:1511] Processing CreateTablet for tablet 1ea0908a86564463acfd57c22020b603 (DEFAULT_TABLE table=test-workload [id=cc64b4a5dbd14196932b39eab15b0417]), partition=RANGE (key) PARTITION UNBOUNDED
I20260608 09:53:32.835294 11311 data_dirs.cc:400] Could only allocate 1 dirs of requested 3 for tablet 1ea0908a86564463acfd57c22020b603. 1 dirs total, 0 dirs full, 0 dirs failed
I20260608 09:53:32.847277 11236 tablet_service.cc:1511] Processing CreateTablet for tablet 1ea0908a86564463acfd57c22020b603 (DEFAULT_TABLE table=test-workload [id=cc64b4a5dbd14196932b39eab15b0417]), partition=RANGE (key) PARTITION UNBOUNDED
I20260608 09:53:32.848660 11236 data_dirs.cc:400] Could only allocate 1 dirs of requested 3 for tablet 1ea0908a86564463acfd57c22020b603. 1 dirs total, 0 dirs full, 0 dirs failed
I20260608 09:53:32.854146 11441 tablet_bootstrap.cc:492] T 1ea0908a86564463acfd57c22020b603 P dc00e1dba674439a96d2d750677eeb0d: Bootstrap starting.
I20260608 09:53:32.855834 11442 tablet_bootstrap.cc:492] T 1ea0908a86564463acfd57c22020b603 P 0e4dc5d4ec1f4e4ea9c2697e91b70cd9: Bootstrap starting.
I20260608 09:53:32.861863 11441 tablet_bootstrap.cc:654] T 1ea0908a86564463acfd57c22020b603 P dc00e1dba674439a96d2d750677eeb0d: Neither blocks nor log segments found. Creating new log.
I20260608 09:53:32.863185 11442 tablet_bootstrap.cc:654] T 1ea0908a86564463acfd57c22020b603 P 0e4dc5d4ec1f4e4ea9c2697e91b70cd9: Neither blocks nor log segments found. Creating new log.
I20260608 09:53:32.865540 11443 tablet_bootstrap.cc:492] T 1ea0908a86564463acfd57c22020b603 P 40b5f730b33141e0beab1968f5aa4df0: Bootstrap starting.
I20260608 09:53:32.869261 11442 tablet_bootstrap.cc:492] T 1ea0908a86564463acfd57c22020b603 P 0e4dc5d4ec1f4e4ea9c2697e91b70cd9: No bootstrap required, opened a new log
I20260608 09:53:32.869719 11442 ts_tablet_manager.cc:1403] T 1ea0908a86564463acfd57c22020b603 P 0e4dc5d4ec1f4e4ea9c2697e91b70cd9: Time spent bootstrapping tablet: real 0.014s	user 0.008s	sys 0.004s
I20260608 09:53:32.869730 11441 tablet_bootstrap.cc:492] T 1ea0908a86564463acfd57c22020b603 P dc00e1dba674439a96d2d750677eeb0d: No bootstrap required, opened a new log
I20260608 09:53:32.870311 11441 ts_tablet_manager.cc:1403] T 1ea0908a86564463acfd57c22020b603 P dc00e1dba674439a96d2d750677eeb0d: Time spent bootstrapping tablet: real 0.016s	user 0.003s	sys 0.011s
I20260608 09:53:32.872306 11442 raft_consensus.cc:359] T 1ea0908a86564463acfd57c22020b603 P 0e4dc5d4ec1f4e4ea9c2697e91b70cd9 [term 0 FOLLOWER]: Replica starting. Triggering 0 pending ops. Active config: opid_index: -1 OBSOLETE_local: false peers { permanent_uuid: "dc00e1dba674439a96d2d750677eeb0d" member_type: VOTER last_known_addr { host: "127.6.217.3" port: 39939 } } peers { permanent_uuid: "0e4dc5d4ec1f4e4ea9c2697e91b70cd9" member_type: VOTER last_known_addr { host: "127.6.217.2" port: 41893 } } peers { permanent_uuid: "40b5f730b33141e0beab1968f5aa4df0" member_type: VOTER last_known_addr { host: "127.6.217.1" port: 38483 } }
I20260608 09:53:32.872900 11442 raft_consensus.cc:385] T 1ea0908a86564463acfd57c22020b603 P 0e4dc5d4ec1f4e4ea9c2697e91b70cd9 [term 0 FOLLOWER]: Consensus starting up: Expiring failure detector timer to make a prompt election more likely
I20260608 09:53:32.873057 11443 tablet_bootstrap.cc:654] T 1ea0908a86564463acfd57c22020b603 P 40b5f730b33141e0beab1968f5aa4df0: Neither blocks nor log segments found. Creating new log.
I20260608 09:53:32.873253 11442 raft_consensus.cc:740] T 1ea0908a86564463acfd57c22020b603 P 0e4dc5d4ec1f4e4ea9c2697e91b70cd9 [term 0 FOLLOWER]: Becoming Follower/Learner. State: Replica: 0e4dc5d4ec1f4e4ea9c2697e91b70cd9, State: Initialized, Role: FOLLOWER
I20260608 09:53:32.873350 11441 raft_consensus.cc:359] T 1ea0908a86564463acfd57c22020b603 P dc00e1dba674439a96d2d750677eeb0d [term 0 FOLLOWER]: Replica starting. Triggering 0 pending ops. Active config: opid_index: -1 OBSOLETE_local: false peers { permanent_uuid: "dc00e1dba674439a96d2d750677eeb0d" member_type: VOTER last_known_addr { host: "127.6.217.3" port: 39939 } } peers { permanent_uuid: "0e4dc5d4ec1f4e4ea9c2697e91b70cd9" member_type: VOTER last_known_addr { host: "127.6.217.2" port: 41893 } } peers { permanent_uuid: "40b5f730b33141e0beab1968f5aa4df0" member_type: VOTER last_known_addr { host: "127.6.217.1" port: 38483 } }
I20260608 09:53:32.874229 11441 raft_consensus.cc:385] T 1ea0908a86564463acfd57c22020b603 P dc00e1dba674439a96d2d750677eeb0d [term 0 FOLLOWER]: Consensus starting up: Expiring failure detector timer to make a prompt election more likely
I20260608 09:53:32.874182 11442 consensus_queue.cc:260] T 1ea0908a86564463acfd57c22020b603 P 0e4dc5d4ec1f4e4ea9c2697e91b70cd9 [NON_LEADER]: Queue going to NON_LEADER mode. State: All replicated index: 0, Majority replicated index: 0, Committed index: 0, Last appended: 0.0, Last appended by leader: 0, Current term: 0, Majority size: -1, State: 0, Mode: NON_LEADER, active raft config: opid_index: -1 OBSOLETE_local: false peers { permanent_uuid: "dc00e1dba674439a96d2d750677eeb0d" member_type: VOTER last_known_addr { host: "127.6.217.3" port: 39939 } } peers { permanent_uuid: "0e4dc5d4ec1f4e4ea9c2697e91b70cd9" member_type: VOTER last_known_addr { host: "127.6.217.2" port: 41893 } } peers { permanent_uuid: "40b5f730b33141e0beab1968f5aa4df0" member_type: VOTER last_known_addr { host: "127.6.217.1" port: 38483 } }
I20260608 09:53:32.874768 11441 raft_consensus.cc:740] T 1ea0908a86564463acfd57c22020b603 P dc00e1dba674439a96d2d750677eeb0d [term 0 FOLLOWER]: Becoming Follower/Learner. State: Replica: dc00e1dba674439a96d2d750677eeb0d, State: Initialized, Role: FOLLOWER
I20260608 09:53:32.875855 11441 consensus_queue.cc:260] T 1ea0908a86564463acfd57c22020b603 P dc00e1dba674439a96d2d750677eeb0d [NON_LEADER]: Queue going to NON_LEADER mode. State: All replicated index: 0, Majority replicated index: 0, Committed index: 0, Last appended: 0.0, Last appended by leader: 0, Current term: 0, Majority size: -1, State: 0, Mode: NON_LEADER, active raft config: opid_index: -1 OBSOLETE_local: false peers { permanent_uuid: "dc00e1dba674439a96d2d750677eeb0d" member_type: VOTER last_known_addr { host: "127.6.217.3" port: 39939 } } peers { permanent_uuid: "0e4dc5d4ec1f4e4ea9c2697e91b70cd9" member_type: VOTER last_known_addr { host: "127.6.217.2" port: 41893 } } peers { permanent_uuid: "40b5f730b33141e0beab1968f5aa4df0" member_type: VOTER last_known_addr { host: "127.6.217.1" port: 38483 } }
I20260608 09:53:32.878523 11442 ts_tablet_manager.cc:1434] T 1ea0908a86564463acfd57c22020b603 P 0e4dc5d4ec1f4e4ea9c2697e91b70cd9: Time spent starting tablet: real 0.008s	user 0.004s	sys 0.006s
I20260608 09:53:32.880330 11443 tablet_bootstrap.cc:492] T 1ea0908a86564463acfd57c22020b603 P 40b5f730b33141e0beab1968f5aa4df0: No bootstrap required, opened a new log
I20260608 09:53:32.880892 11443 ts_tablet_manager.cc:1403] T 1ea0908a86564463acfd57c22020b603 P 40b5f730b33141e0beab1968f5aa4df0: Time spent bootstrapping tablet: real 0.016s	user 0.010s	sys 0.004s
I20260608 09:53:32.883899 11443 raft_consensus.cc:359] T 1ea0908a86564463acfd57c22020b603 P 40b5f730b33141e0beab1968f5aa4df0 [term 0 FOLLOWER]: Replica starting. Triggering 0 pending ops. Active config: opid_index: -1 OBSOLETE_local: false peers { permanent_uuid: "dc00e1dba674439a96d2d750677eeb0d" member_type: VOTER last_known_addr { host: "127.6.217.3" port: 39939 } } peers { permanent_uuid: "0e4dc5d4ec1f4e4ea9c2697e91b70cd9" member_type: VOTER last_known_addr { host: "127.6.217.2" port: 41893 } } peers { permanent_uuid: "40b5f730b33141e0beab1968f5aa4df0" member_type: VOTER last_known_addr { host: "127.6.217.1" port: 38483 } }
I20260608 09:53:32.884613 11443 raft_consensus.cc:385] T 1ea0908a86564463acfd57c22020b603 P 40b5f730b33141e0beab1968f5aa4df0 [term 0 FOLLOWER]: Consensus starting up: Expiring failure detector timer to make a prompt election more likely
I20260608 09:53:32.885128 11443 raft_consensus.cc:740] T 1ea0908a86564463acfd57c22020b603 P 40b5f730b33141e0beab1968f5aa4df0 [term 0 FOLLOWER]: Becoming Follower/Learner. State: Replica: 40b5f730b33141e0beab1968f5aa4df0, State: Initialized, Role: FOLLOWER
I20260608 09:53:32.884661 11441 ts_tablet_manager.cc:1434] T 1ea0908a86564463acfd57c22020b603 P dc00e1dba674439a96d2d750677eeb0d: Time spent starting tablet: real 0.013s	user 0.008s	sys 0.003s
I20260608 09:53:32.886536 11443 consensus_queue.cc:260] T 1ea0908a86564463acfd57c22020b603 P 40b5f730b33141e0beab1968f5aa4df0 [NON_LEADER]: Queue going to NON_LEADER mode. State: All replicated index: 0, Majority replicated index: 0, Committed index: 0, Last appended: 0.0, Last appended by leader: 0, Current term: 0, Majority size: -1, State: 0, Mode: NON_LEADER, active raft config: opid_index: -1 OBSOLETE_local: false peers { permanent_uuid: "dc00e1dba674439a96d2d750677eeb0d" member_type: VOTER last_known_addr { host: "127.6.217.3" port: 39939 } } peers { permanent_uuid: "0e4dc5d4ec1f4e4ea9c2697e91b70cd9" member_type: VOTER last_known_addr { host: "127.6.217.2" port: 41893 } } peers { permanent_uuid: "40b5f730b33141e0beab1968f5aa4df0" member_type: VOTER last_known_addr { host: "127.6.217.1" port: 38483 } }
I20260608 09:53:32.891029 11443 ts_tablet_manager.cc:1434] T 1ea0908a86564463acfd57c22020b603 P 40b5f730b33141e0beab1968f5aa4df0: Time spent starting tablet: real 0.010s	user 0.005s	sys 0.003s
W20260608 09:53:32.946516 11421 tablet.cc:2404] T 1ea0908a86564463acfd57c22020b603 P dc00e1dba674439a96d2d750677eeb0d: Can't schedule compaction. Clean time has not been advanced past its initial value.
I20260608 09:53:33.055186 11446 raft_consensus.cc:493] T 1ea0908a86564463acfd57c22020b603 P 0e4dc5d4ec1f4e4ea9c2697e91b70cd9 [term 0 FOLLOWER]: Starting pre-election (no leader contacted us within the election timeout)
I20260608 09:53:33.055747 11446 raft_consensus.cc:515] T 1ea0908a86564463acfd57c22020b603 P 0e4dc5d4ec1f4e4ea9c2697e91b70cd9 [term 0 FOLLOWER]: Starting pre-election with config: opid_index: -1 OBSOLETE_local: false peers { permanent_uuid: "dc00e1dba674439a96d2d750677eeb0d" member_type: VOTER last_known_addr { host: "127.6.217.3" port: 39939 } } peers { permanent_uuid: "0e4dc5d4ec1f4e4ea9c2697e91b70cd9" member_type: VOTER last_known_addr { host: "127.6.217.2" port: 41893 } } peers { permanent_uuid: "40b5f730b33141e0beab1968f5aa4df0" member_type: VOTER last_known_addr { host: "127.6.217.1" port: 38483 } }
I20260608 09:53:33.058215 11446 leader_election.cc:290] T 1ea0908a86564463acfd57c22020b603 P 0e4dc5d4ec1f4e4ea9c2697e91b70cd9 [CANDIDATE]: Term 1 pre-election: Requested pre-vote from peers dc00e1dba674439a96d2d750677eeb0d (127.6.217.3:39939), 40b5f730b33141e0beab1968f5aa4df0 (127.6.217.1:38483)
I20260608 09:53:33.069864 11395 tablet_service.cc:1917] Received RequestConsensusVote() RPC: tablet_id: "1ea0908a86564463acfd57c22020b603" candidate_uuid: "0e4dc5d4ec1f4e4ea9c2697e91b70cd9" candidate_term: 1 candidate_status { last_received { term: 0 index: 0 } } ignore_live_leader: false dest_uuid: "dc00e1dba674439a96d2d750677eeb0d" is_pre_election: true
I20260608 09:53:33.070842 11395 raft_consensus.cc:2468] T 1ea0908a86564463acfd57c22020b603 P dc00e1dba674439a96d2d750677eeb0d [term 0 FOLLOWER]: Leader pre-election vote request: Granting yes vote for candidate 0e4dc5d4ec1f4e4ea9c2697e91b70cd9 in term 0.
I20260608 09:53:33.071831 11246 tablet_service.cc:1917] Received RequestConsensusVote() RPC: tablet_id: "1ea0908a86564463acfd57c22020b603" candidate_uuid: "0e4dc5d4ec1f4e4ea9c2697e91b70cd9" candidate_term: 1 candidate_status { last_received { term: 0 index: 0 } } ignore_live_leader: false dest_uuid: "40b5f730b33141e0beab1968f5aa4df0" is_pre_election: true
I20260608 09:53:33.072543 11246 raft_consensus.cc:2468] T 1ea0908a86564463acfd57c22020b603 P 40b5f730b33141e0beab1968f5aa4df0 [term 0 FOLLOWER]: Leader pre-election vote request: Granting yes vote for candidate 0e4dc5d4ec1f4e4ea9c2697e91b70cd9 in term 0.
I20260608 09:53:33.073506 11287 leader_election.cc:304] T 1ea0908a86564463acfd57c22020b603 P 0e4dc5d4ec1f4e4ea9c2697e91b70cd9 [CANDIDATE]: Term 1 pre-election: Election decided. Result: candidate won. Election summary: received 2 responses out of 3 voters: 2 yes votes; 0 no votes. yes voters: 0e4dc5d4ec1f4e4ea9c2697e91b70cd9, dc00e1dba674439a96d2d750677eeb0d; no voters: 
I20260608 09:53:33.074203 11446 raft_consensus.cc:2804] T 1ea0908a86564463acfd57c22020b603 P 0e4dc5d4ec1f4e4ea9c2697e91b70cd9 [term 0 FOLLOWER]: Leader pre-election won for term 1
I20260608 09:53:33.074561 11446 raft_consensus.cc:493] T 1ea0908a86564463acfd57c22020b603 P 0e4dc5d4ec1f4e4ea9c2697e91b70cd9 [term 0 FOLLOWER]: Starting leader election (no leader contacted us within the election timeout)
I20260608 09:53:33.074841 11446 raft_consensus.cc:3060] T 1ea0908a86564463acfd57c22020b603 P 0e4dc5d4ec1f4e4ea9c2697e91b70cd9 [term 0 FOLLOWER]: Advancing to term 1
I20260608 09:53:33.080014 11446 raft_consensus.cc:515] T 1ea0908a86564463acfd57c22020b603 P 0e4dc5d4ec1f4e4ea9c2697e91b70cd9 [term 1 FOLLOWER]: Starting leader election with config: opid_index: -1 OBSOLETE_local: false peers { permanent_uuid: "dc00e1dba674439a96d2d750677eeb0d" member_type: VOTER last_known_addr { host: "127.6.217.3" port: 39939 } } peers { permanent_uuid: "0e4dc5d4ec1f4e4ea9c2697e91b70cd9" member_type: VOTER last_known_addr { host: "127.6.217.2" port: 41893 } } peers { permanent_uuid: "40b5f730b33141e0beab1968f5aa4df0" member_type: VOTER last_known_addr { host: "127.6.217.1" port: 38483 } }
I20260608 09:53:33.081606 11446 leader_election.cc:290] T 1ea0908a86564463acfd57c22020b603 P 0e4dc5d4ec1f4e4ea9c2697e91b70cd9 [CANDIDATE]: Term 1 election: Requested vote from peers dc00e1dba674439a96d2d750677eeb0d (127.6.217.3:39939), 40b5f730b33141e0beab1968f5aa4df0 (127.6.217.1:38483)
I20260608 09:53:33.082501 11395 tablet_service.cc:1917] Received RequestConsensusVote() RPC: tablet_id: "1ea0908a86564463acfd57c22020b603" candidate_uuid: "0e4dc5d4ec1f4e4ea9c2697e91b70cd9" candidate_term: 1 candidate_status { last_received { term: 0 index: 0 } } ignore_live_leader: false dest_uuid: "dc00e1dba674439a96d2d750677eeb0d"
I20260608 09:53:33.082779 11246 tablet_service.cc:1917] Received RequestConsensusVote() RPC: tablet_id: "1ea0908a86564463acfd57c22020b603" candidate_uuid: "0e4dc5d4ec1f4e4ea9c2697e91b70cd9" candidate_term: 1 candidate_status { last_received { term: 0 index: 0 } } ignore_live_leader: false dest_uuid: "40b5f730b33141e0beab1968f5aa4df0"
I20260608 09:53:33.083109 11395 raft_consensus.cc:3060] T 1ea0908a86564463acfd57c22020b603 P dc00e1dba674439a96d2d750677eeb0d [term 0 FOLLOWER]: Advancing to term 1
I20260608 09:53:33.083308 11246 raft_consensus.cc:3060] T 1ea0908a86564463acfd57c22020b603 P 40b5f730b33141e0beab1968f5aa4df0 [term 0 FOLLOWER]: Advancing to term 1
I20260608 09:53:33.090518 11246 raft_consensus.cc:2468] T 1ea0908a86564463acfd57c22020b603 P 40b5f730b33141e0beab1968f5aa4df0 [term 1 FOLLOWER]: Leader election vote request: Granting yes vote for candidate 0e4dc5d4ec1f4e4ea9c2697e91b70cd9 in term 1.
I20260608 09:53:33.090512 11395 raft_consensus.cc:2468] T 1ea0908a86564463acfd57c22020b603 P dc00e1dba674439a96d2d750677eeb0d [term 1 FOLLOWER]: Leader election vote request: Granting yes vote for candidate 0e4dc5d4ec1f4e4ea9c2697e91b70cd9 in term 1.
I20260608 09:53:33.091790 11287 leader_election.cc:304] T 1ea0908a86564463acfd57c22020b603 P 0e4dc5d4ec1f4e4ea9c2697e91b70cd9 [CANDIDATE]: Term 1 election: Election decided. Result: candidate won. Election summary: received 2 responses out of 3 voters: 2 yes votes; 0 no votes. yes voters: 0e4dc5d4ec1f4e4ea9c2697e91b70cd9, dc00e1dba674439a96d2d750677eeb0d; no voters: 
I20260608 09:53:33.092454 11446 raft_consensus.cc:2804] T 1ea0908a86564463acfd57c22020b603 P 0e4dc5d4ec1f4e4ea9c2697e91b70cd9 [term 1 FOLLOWER]: Leader election won for term 1
I20260608 09:53:33.093485 11446 raft_consensus.cc:697] T 1ea0908a86564463acfd57c22020b603 P 0e4dc5d4ec1f4e4ea9c2697e91b70cd9 [term 1 LEADER]: Becoming Leader. State: Replica: 0e4dc5d4ec1f4e4ea9c2697e91b70cd9, State: Running, Role: LEADER
I20260608 09:53:33.094364 11446 consensus_queue.cc:237] T 1ea0908a86564463acfd57c22020b603 P 0e4dc5d4ec1f4e4ea9c2697e91b70cd9 [LEADER]: Queue going to LEADER mode. State: All replicated index: 0, Majority replicated index: 0, Committed index: 0, Last appended: 0.0, Last appended by leader: 0, Current term: 1, Majority size: 2, State: 0, Mode: LEADER, active raft config: opid_index: -1 OBSOLETE_local: false peers { permanent_uuid: "dc00e1dba674439a96d2d750677eeb0d" member_type: VOTER last_known_addr { host: "127.6.217.3" port: 39939 } } peers { permanent_uuid: "0e4dc5d4ec1f4e4ea9c2697e91b70cd9" member_type: VOTER last_known_addr { host: "127.6.217.2" port: 41893 } } peers { permanent_uuid: "40b5f730b33141e0beab1968f5aa4df0" member_type: VOTER last_known_addr { host: "127.6.217.1" port: 38483 } }
I20260608 09:53:33.101392 11143 catalog_manager.cc:5696] T 1ea0908a86564463acfd57c22020b603 P 0e4dc5d4ec1f4e4ea9c2697e91b70cd9 reported cstate change: term changed from 0 to 1, leader changed from <none> to 0e4dc5d4ec1f4e4ea9c2697e91b70cd9 (127.6.217.2). New cstate: current_term: 1 leader_uuid: "0e4dc5d4ec1f4e4ea9c2697e91b70cd9" committed_config { opid_index: -1 OBSOLETE_local: false peers { permanent_uuid: "dc00e1dba674439a96d2d750677eeb0d" member_type: VOTER last_known_addr { host: "127.6.217.3" port: 39939 } health_report { overall_health: UNKNOWN } } peers { permanent_uuid: "0e4dc5d4ec1f4e4ea9c2697e91b70cd9" member_type: VOTER last_known_addr { host: "127.6.217.2" port: 41893 } health_report { overall_health: HEALTHY } } peers { permanent_uuid: "40b5f730b33141e0beab1968f5aa4df0" member_type: VOTER last_known_addr { host: "127.6.217.1" port: 38483 } health_report { overall_health: UNKNOWN } } }
I20260608 09:53:33.348690 11192 placement_policy_util.cc:407] tablet 1ea0908a86564463acfd57c22020b603: detected majority of replicas (2 of 3) at location L0
I20260608 09:53:33.349674 11197 auto_leader_rebalancer.cc:140] leader rebalance for table test-workload
I20260608 09:53:33.351583 11197 auto_leader_rebalancer.cc:388] table: test-workload, leader rebalance finish, leader transfer count: 0
I20260608 09:53:33.351964 11197 auto_leader_rebalancer.cc:451] All tables' leader rebalancing finished this round
I20260608 09:53:33.565025 11446 consensus_queue.cc:1048] T 1ea0908a86564463acfd57c22020b603 P 0e4dc5d4ec1f4e4ea9c2697e91b70cd9 [LEADER]: Connected to new peer: Peer: permanent_uuid: "40b5f730b33141e0beab1968f5aa4df0" member_type: VOTER last_known_addr { host: "127.6.217.1" port: 38483 }, Status: LMP_MISMATCH, Last received: 0.0, Next index: 1, Last known committed idx: 0, Time since last communication: 0.000s
I20260608 09:53:33.579447 11457 consensus_queue.cc:1048] T 1ea0908a86564463acfd57c22020b603 P 0e4dc5d4ec1f4e4ea9c2697e91b70cd9 [LEADER]: Connected to new peer: Peer: permanent_uuid: "dc00e1dba674439a96d2d750677eeb0d" member_type: VOTER last_known_addr { host: "127.6.217.3" port: 39939 }, Status: LMP_MISMATCH, Last received: 0.0, Next index: 1, Last known committed idx: 0, Time since last communication: 0.000s
I20260608 09:53:34.359340 11192 placement_policy_util.cc:407] tablet 1ea0908a86564463acfd57c22020b603: detected majority of replicas (2 of 3) at location L0
I20260608 09:53:35.352886 11197 auto_leader_rebalancer.cc:140] leader rebalance for table test-workload
I20260608 09:53:35.354182 11197 auto_leader_rebalancer.cc:388] table: test-workload, leader rebalance finish, leader transfer count: 0
I20260608 09:53:35.354503 11197 auto_leader_rebalancer.cc:451] All tables' leader rebalancing finished this round
I20260608 09:53:35.367861 11192 placement_policy_util.cc:407] tablet 1ea0908a86564463acfd57c22020b603: detected majority of replicas (2 of 3) at location L0
I20260608 09:53:36.376262 11192 placement_policy_util.cc:407] tablet 1ea0908a86564463acfd57c22020b603: detected majority of replicas (2 of 3) at location L0
I20260608 09:53:37.355382 11197 auto_leader_rebalancer.cc:140] leader rebalance for table test-workload
I20260608 09:53:37.356721 11197 auto_leader_rebalancer.cc:388] table: test-workload, leader rebalance finish, leader transfer count: 0
I20260608 09:53:37.356992 11197 auto_leader_rebalancer.cc:451] All tables' leader rebalancing finished this round
I20260608 09:53:37.385617 11192 placement_policy_util.cc:407] tablet 1ea0908a86564463acfd57c22020b603: detected majority of replicas (2 of 3) at location L0
I20260608 09:53:38.394276 11192 placement_policy_util.cc:407] tablet 1ea0908a86564463acfd57c22020b603: detected majority of replicas (2 of 3) at location L0
I20260608 09:53:39.357864 11197 auto_leader_rebalancer.cc:140] leader rebalance for table test-workload
I20260608 09:53:39.359253 11197 auto_leader_rebalancer.cc:388] table: test-workload, leader rebalance finish, leader transfer count: 0
I20260608 09:53:39.359519 11197 auto_leader_rebalancer.cc:451] All tables' leader rebalancing finished this round
I20260608 09:53:39.403074 11192 placement_policy_util.cc:407] tablet 1ea0908a86564463acfd57c22020b603: detected majority of replicas (2 of 3) at location L0
I20260608 09:53:40.412365 11192 placement_policy_util.cc:407] tablet 1ea0908a86564463acfd57c22020b603: detected majority of replicas (2 of 3) at location L0
I20260608 09:53:41.360661 11197 auto_leader_rebalancer.cc:140] leader rebalance for table test-workload
I20260608 09:53:41.362156 11197 auto_leader_rebalancer.cc:388] table: test-workload, leader rebalance finish, leader transfer count: 0
I20260608 09:53:41.362520 11197 auto_leader_rebalancer.cc:451] All tables' leader rebalancing finished this round
I20260608 09:53:41.420651 11192 placement_policy_util.cc:407] tablet 1ea0908a86564463acfd57c22020b603: detected majority of replicas (2 of 3) at location L0
I20260608 09:53:42.427649 11192 placement_policy_util.cc:407] tablet 1ea0908a86564463acfd57c22020b603: detected majority of replicas (2 of 3) at location L0
I20260608 09:53:43.363423 11197 auto_leader_rebalancer.cc:140] leader rebalance for table test-workload
I20260608 09:53:43.364886 11197 auto_leader_rebalancer.cc:388] table: test-workload, leader rebalance finish, leader transfer count: 0
I20260608 09:53:43.365209 11197 auto_leader_rebalancer.cc:451] All tables' leader rebalancing finished this round
I20260608 09:53:43.434965 11192 placement_policy_util.cc:407] tablet 1ea0908a86564463acfd57c22020b603: detected majority of replicas (2 of 3) at location L0
I20260608 09:53:44.194756  7012 tablet_server.cc:179] TabletServer@127.6.217.1:0 shutting down...
W20260608 09:53:44.213897 11287 proxy.cc:239] Call had error, refreshing address and retrying: Remote error: Service unavailable: service kudu.consensus.ConsensusService not registered on TabletServer [suppressed 2 similar messages]
W20260608 09:53:44.220759 11287 consensus_peers.cc:597] T 1ea0908a86564463acfd57c22020b603 P 0e4dc5d4ec1f4e4ea9c2697e91b70cd9 -> Peer 40b5f730b33141e0beab1968f5aa4df0 (127.6.217.1:38483): Couldn't send request to peer 40b5f730b33141e0beab1968f5aa4df0. Status: Remote error: Service unavailable: service kudu.consensus.ConsensusService not registered on TabletServer. This is attempt 1: this message will repeat every 5th retry.
I20260608 09:53:44.227792  7012 ts_tablet_manager.cc:1507] Shutting down tablet manager...
I20260608 09:53:44.228749  7012 tablet_replica.cc:333] T 1ea0908a86564463acfd57c22020b603 P 40b5f730b33141e0beab1968f5aa4df0: stopping tablet replica
I20260608 09:53:44.229660  7012 raft_consensus.cc:2243] T 1ea0908a86564463acfd57c22020b603 P 40b5f730b33141e0beab1968f5aa4df0 [term 1 FOLLOWER]: Raft consensus shutting down.
I20260608 09:53:44.230505  7012 raft_consensus.cc:2272] T 1ea0908a86564463acfd57c22020b603 P 40b5f730b33141e0beab1968f5aa4df0 [term 1 FOLLOWER]: Raft consensus is shut down!
I20260608 09:53:44.251421  7012 tablet_server.cc:196] TabletServer@127.6.217.1:0 shutdown complete.
I20260608 09:53:44.264084  7012 tablet_server.cc:179] TabletServer@127.6.217.2:0 shutting down...
I20260608 09:53:44.285566  7012 ts_tablet_manager.cc:1507] Shutting down tablet manager...
I20260608 09:53:44.286262  7012 tablet_replica.cc:333] T 1ea0908a86564463acfd57c22020b603 P 0e4dc5d4ec1f4e4ea9c2697e91b70cd9: stopping tablet replica
I20260608 09:53:44.286875  7012 raft_consensus.cc:2243] T 1ea0908a86564463acfd57c22020b603 P 0e4dc5d4ec1f4e4ea9c2697e91b70cd9 [term 1 LEADER]: Raft consensus shutting down.
I20260608 09:53:44.287752  7012 raft_consensus.cc:2272] T 1ea0908a86564463acfd57c22020b603 P 0e4dc5d4ec1f4e4ea9c2697e91b70cd9 [term 1 FOLLOWER]: Raft consensus is shut down!
I20260608 09:53:44.307226  7012 tablet_server.cc:196] TabletServer@127.6.217.2:0 shutdown complete.
I20260608 09:53:44.319017  7012 tablet_server.cc:179] TabletServer@127.6.217.3:0 shutting down...
I20260608 09:53:44.340684  7012 ts_tablet_manager.cc:1507] Shutting down tablet manager...
I20260608 09:53:44.341389  7012 tablet_replica.cc:333] T 1ea0908a86564463acfd57c22020b603 P dc00e1dba674439a96d2d750677eeb0d: stopping tablet replica
I20260608 09:53:44.341940  7012 raft_consensus.cc:2243] T 1ea0908a86564463acfd57c22020b603 P dc00e1dba674439a96d2d750677eeb0d [term 1 FOLLOWER]: Raft consensus shutting down.
I20260608 09:53:44.342417  7012 raft_consensus.cc:2272] T 1ea0908a86564463acfd57c22020b603 P dc00e1dba674439a96d2d750677eeb0d [term 1 FOLLOWER]: Raft consensus is shut down!
I20260608 09:53:44.362291  7012 tablet_server.cc:196] TabletServer@127.6.217.3:0 shutdown complete.
I20260608 09:53:44.373015  7012 master.cc:562] Master@127.6.217.62:44975 shutting down...
I20260608 09:53:44.395237  7012 raft_consensus.cc:2243] T 00000000000000000000000000000000 P bfefbb3a296044358fbb6ec08735f9f2 [term 1 LEADER]: Raft consensus shutting down.
I20260608 09:53:44.395898  7012 raft_consensus.cc:2272] T 00000000000000000000000000000000 P bfefbb3a296044358fbb6ec08735f9f2 [term 1 FOLLOWER]: Raft consensus is shut down!
I20260608 09:53:44.396258  7012 tablet_replica.cc:333] T 00000000000000000000000000000000 P bfefbb3a296044358fbb6ec08735f9f2: stopping tablet replica
I20260608 09:53:44.415311  7012 master.cc:584] Master@127.6.217.62:44975 shutdown complete.
[       OK ] AutoRebalancerTest.NoReplicaMovesIfCannotFixPlacementPolicy (13238 ms)
[ RUN      ] AutoRebalancerTest.TestMaxMovesPerServer
I20260608 09:53:44.450911  7012 internal_mini_cluster.cc:156] Creating distributed mini masters. Addrs: 127.6.217.62:41131
I20260608 09:53:44.452096  7012 file_cache.cc:492] Constructed file cache file cache with capacity 419430
W20260608 09:53:44.457808 11467 instance_detector.cc:116] could not retrieve AWS instance metadata: Network error: curl error: HTTP response code said error: The requested URL returned error: 404
W20260608 09:53:44.457818 11468 instance_detector.cc:116] could not retrieve Azure instance metadata: Network error: curl error: HTTP response code said error: The requested URL returned error: 404
W20260608 09:53:44.459308 11470 instance_detector.cc:116] could not retrieve OpenStack instance metadata: Network error: curl error: HTTP response code said error: The requested URL returned error: 404
I20260608 09:53:44.460804  7012 server_base.cc:1061] running on GCE node
I20260608 09:53:44.461572  7012 hybrid_clock.cc:584] initializing the hybrid clock with 'system_unsync' time source
W20260608 09:53:44.461748  7012 system_unsync_time.cc:38] NTP support is disabled. Clock error bounds will not be accurate. This configuration is not suitable for distributed clusters.
I20260608 09:53:44.461858  7012 hybrid_clock.cc:648] HybridClock initialized: now 1780912424461847 us; error 0 us; skew 500 ppm
I20260608 09:53:44.462340  7012 server_base.cc:861] Flag tcmalloc_max_total_thread_cache_bytes is not working since tcmalloc is not enabled.
I20260608 09:53:44.464946  7012 webserver.cc:533] Webserver started at http://127.6.217.62:38075/ using document root <none> and password file <none>
I20260608 09:53:44.465408  7012 fs_manager.cc:362] Metadata directory not provided
I20260608 09:53:44.465579  7012 fs_manager.cc:368] Using write-ahead log directory (fs_wal_dir) as metadata directory
I20260608 09:53:44.465792  7012 server_base.cc:909] This appears to be a new deployment of Kudu; creating new FS layout
I20260608 09:53:44.466976  7012 fs_manager.cc:1068] Generated new instance metadata in path /tmp/dist-test-taskNanV8l/test-tmp/auto_rebalancer-test.0.AutoRebalancerTest.TestMaxMovesPerServer.1780912299431541-7012-0/minicluster-data/master-0-root/instance:
uuid: "7c536c30a5a140a0b309eb57fc43df4e"
format_stamp: "Formatted at 2026-06-08 09:53:44 on dist-test-slave-7lqj"
I20260608 09:53:44.471513  7012 fs_manager.cc:696] Time spent creating directory manager: real 0.004s	user 0.001s	sys 0.003s
I20260608 09:53:44.474833 11475 log_block_manager.cc:4031] Time spent loading block containers with low live blocks: real 0.000s	user 0.000s	sys 0.000s
I20260608 09:53:44.475582  7012 fs_manager.cc:730] Time spent opening block manager: real 0.002s	user 0.002s	sys 0.002s
I20260608 09:53:44.475858  7012 fs_manager.cc:647] Opened local filesystem: /tmp/dist-test-taskNanV8l/test-tmp/auto_rebalancer-test.0.AutoRebalancerTest.TestMaxMovesPerServer.1780912299431541-7012-0/minicluster-data/master-0-root
uuid: "7c536c30a5a140a0b309eb57fc43df4e"
format_stamp: "Formatted at 2026-06-08 09:53:44 on dist-test-slave-7lqj"
I20260608 09:53:44.476143  7012 fs_report.cc:389] FS layout report
--------------------
wal directory: /tmp/dist-test-taskNanV8l/test-tmp/auto_rebalancer-test.0.AutoRebalancerTest.TestMaxMovesPerServer.1780912299431541-7012-0/minicluster-data/master-0-root
metadata directory: /tmp/dist-test-taskNanV8l/test-tmp/auto_rebalancer-test.0.AutoRebalancerTest.TestMaxMovesPerServer.1780912299431541-7012-0/minicluster-data/master-0-root
1 data directories: /tmp/dist-test-taskNanV8l/test-tmp/auto_rebalancer-test.0.AutoRebalancerTest.TestMaxMovesPerServer.1780912299431541-7012-0/minicluster-data/master-0-root/data
Total live blocks: 0
Total live bytes: 0
Total live bytes (after alignment): 0
Total number of LBM containers: 0 (0 full)
Did not check for missing blocks
Did not check for orphaned blocks
Total full LBM containers with extra space: 0 (0 repaired)
Total full LBM container extra space in bytes: 0 (0 repaired)
Total incomplete LBM containers: 0 (0 repaired)
Total LBM partial records: 0 (0 repaired)
Total corrupted LBM metadata records in RocksDB: 0 (0 repaired)
I20260608 09:53:44.495874  7012 rpc_server.cc:225] running with OpenSSL 1.1.1  11 Sep 2018
I20260608 09:53:44.497119  7012 kserver.cc:163] Server-wide thread pool size limit: 3276
I20260608 09:53:44.535579  7012 rpc_server.cc:307] RPC server started. Bound to: 127.6.217.62:41131
I20260608 09:53:44.535710 11526 acceptor_pool.cc:272] collecting diagnostics on the listening RPC socket 127.6.217.62:41131 every 8 connection(s)
I20260608 09:53:44.539901 11527 data_dirs.cc:400] Could only allocate 1 dirs of requested 3 for tablet 00000000000000000000000000000000. 1 dirs total, 0 dirs full, 0 dirs failed
I20260608 09:53:44.550777 11527 tablet_bootstrap.cc:492] T 00000000000000000000000000000000 P 7c536c30a5a140a0b309eb57fc43df4e: Bootstrap starting.
I20260608 09:53:44.555454 11527 tablet_bootstrap.cc:654] T 00000000000000000000000000000000 P 7c536c30a5a140a0b309eb57fc43df4e: Neither blocks nor log segments found. Creating new log.
I20260608 09:53:44.559621 11527 tablet_bootstrap.cc:492] T 00000000000000000000000000000000 P 7c536c30a5a140a0b309eb57fc43df4e: No bootstrap required, opened a new log
I20260608 09:53:44.561802 11527 raft_consensus.cc:359] T 00000000000000000000000000000000 P 7c536c30a5a140a0b309eb57fc43df4e [term 0 FOLLOWER]: Replica starting. Triggering 0 pending ops. Active config: opid_index: -1 OBSOLETE_local: true peers { permanent_uuid: "7c536c30a5a140a0b309eb57fc43df4e" member_type: VOTER }
I20260608 09:53:44.562209 11527 raft_consensus.cc:385] T 00000000000000000000000000000000 P 7c536c30a5a140a0b309eb57fc43df4e [term 0 FOLLOWER]: Consensus starting up: Expiring failure detector timer to make a prompt election more likely
I20260608 09:53:44.562388 11527 raft_consensus.cc:740] T 00000000000000000000000000000000 P 7c536c30a5a140a0b309eb57fc43df4e [term 0 FOLLOWER]: Becoming Follower/Learner. State: Replica: 7c536c30a5a140a0b309eb57fc43df4e, State: Initialized, Role: FOLLOWER
I20260608 09:53:44.562933 11527 consensus_queue.cc:260] T 00000000000000000000000000000000 P 7c536c30a5a140a0b309eb57fc43df4e [NON_LEADER]: Queue going to NON_LEADER mode. State: All replicated index: 0, Majority replicated index: 0, Committed index: 0, Last appended: 0.0, Last appended by leader: 0, Current term: 0, Majority size: -1, State: 0, Mode: NON_LEADER, active raft config: opid_index: -1 OBSOLETE_local: true peers { permanent_uuid: "7c536c30a5a140a0b309eb57fc43df4e" member_type: VOTER }
I20260608 09:53:44.563369 11527 raft_consensus.cc:399] T 00000000000000000000000000000000 P 7c536c30a5a140a0b309eb57fc43df4e [term 0 FOLLOWER]: Only one voter in the Raft config. Triggering election immediately
I20260608 09:53:44.563557 11527 raft_consensus.cc:493] T 00000000000000000000000000000000 P 7c536c30a5a140a0b309eb57fc43df4e [term 0 FOLLOWER]: Starting leader election (initial election of a single-replica configuration)
I20260608 09:53:44.563917 11527 raft_consensus.cc:3060] T 00000000000000000000000000000000 P 7c536c30a5a140a0b309eb57fc43df4e [term 0 FOLLOWER]: Advancing to term 1
I20260608 09:53:44.568305 11527 raft_consensus.cc:515] T 00000000000000000000000000000000 P 7c536c30a5a140a0b309eb57fc43df4e [term 1 FOLLOWER]: Starting leader election with config: opid_index: -1 OBSOLETE_local: true peers { permanent_uuid: "7c536c30a5a140a0b309eb57fc43df4e" member_type: VOTER }
I20260608 09:53:44.568818 11527 leader_election.cc:304] T 00000000000000000000000000000000 P 7c536c30a5a140a0b309eb57fc43df4e [CANDIDATE]: Term 1 election: Election decided. Result: candidate won. Election summary: received 1 responses out of 1 voters: 1 yes votes; 0 no votes. yes voters: 7c536c30a5a140a0b309eb57fc43df4e; no voters: 
I20260608 09:53:44.569962 11527 leader_election.cc:290] T 00000000000000000000000000000000 P 7c536c30a5a140a0b309eb57fc43df4e [CANDIDATE]: Term 1 election: Requested vote from peers 
I20260608 09:53:44.570340 11530 raft_consensus.cc:2804] T 00000000000000000000000000000000 P 7c536c30a5a140a0b309eb57fc43df4e [term 1 FOLLOWER]: Leader election won for term 1
I20260608 09:53:44.571802 11530 raft_consensus.cc:697] T 00000000000000000000000000000000 P 7c536c30a5a140a0b309eb57fc43df4e [term 1 LEADER]: Becoming Leader. State: Replica: 7c536c30a5a140a0b309eb57fc43df4e, State: Running, Role: LEADER
I20260608 09:53:44.572430 11530 consensus_queue.cc:237] T 00000000000000000000000000000000 P 7c536c30a5a140a0b309eb57fc43df4e [LEADER]: Queue going to LEADER mode. State: All replicated index: 0, Majority replicated index: 0, Committed index: 0, Last appended: 0.0, Last appended by leader: 0, Current term: 1, Majority size: 1, State: 0, Mode: LEADER, active raft config: opid_index: -1 OBSOLETE_local: true peers { permanent_uuid: "7c536c30a5a140a0b309eb57fc43df4e" member_type: VOTER }
I20260608 09:53:44.572943 11527 sys_catalog.cc:565] T 00000000000000000000000000000000 P 7c536c30a5a140a0b309eb57fc43df4e [sys.catalog]: configured and running, proceeding with master startup.
I20260608 09:53:44.575719 11532 sys_catalog.cc:455] T 00000000000000000000000000000000 P 7c536c30a5a140a0b309eb57fc43df4e [sys.catalog]: SysCatalogTable state changed. Reason: New leader 7c536c30a5a140a0b309eb57fc43df4e. Latest consensus state: current_term: 1 leader_uuid: "7c536c30a5a140a0b309eb57fc43df4e" committed_config { opid_index: -1 OBSOLETE_local: true peers { permanent_uuid: "7c536c30a5a140a0b309eb57fc43df4e" member_type: VOTER } }
I20260608 09:53:44.575618 11531 sys_catalog.cc:455] T 00000000000000000000000000000000 P 7c536c30a5a140a0b309eb57fc43df4e [sys.catalog]: SysCatalogTable state changed. Reason: RaftConsensus started. Latest consensus state: current_term: 1 leader_uuid: "7c536c30a5a140a0b309eb57fc43df4e" committed_config { opid_index: -1 OBSOLETE_local: true peers { permanent_uuid: "7c536c30a5a140a0b309eb57fc43df4e" member_type: VOTER } }
I20260608 09:53:44.576421 11531 sys_catalog.cc:458] T 00000000000000000000000000000000 P 7c536c30a5a140a0b309eb57fc43df4e [sys.catalog]: This master's current role is: LEADER
I20260608 09:53:44.577023 11532 sys_catalog.cc:458] T 00000000000000000000000000000000 P 7c536c30a5a140a0b309eb57fc43df4e [sys.catalog]: This master's current role is: LEADER
I20260608 09:53:44.585722 11536 catalog_manager.cc:1510] Loading table and tablet metadata into memory...
I20260608 09:53:44.590960 11536 catalog_manager.cc:1519] Initializing Kudu cluster ID...
I20260608 09:53:44.592075  7012 internal_mini_cluster.cc:184] Waiting to initialize catalog manager on master 0
I20260608 09:53:44.600351 11536 catalog_manager.cc:1382] Generated new cluster ID: 7aa9ca34e5984f859dc283d2e57f7e68
I20260608 09:53:44.600621 11536 catalog_manager.cc:1530] Initializing Kudu internal certificate authority...
I20260608 09:53:44.630808 11536 catalog_manager.cc:1405] Generated new certificate authority record
I20260608 09:53:44.632119 11536 catalog_manager.cc:1539] Loading token signing keys...
I20260608 09:53:44.645201 11536 catalog_manager.cc:6069] T 00000000000000000000000000000000 P 7c536c30a5a140a0b309eb57fc43df4e: Generated new TSK 0
I20260608 09:53:44.645750 11536 catalog_manager.cc:1549] Initializing in-progress tserver states...
I20260608 09:53:44.658475  7012 file_cache.cc:492] Constructed file cache file cache with capacity 419430
W20260608 09:53:44.664878 11548 instance_detector.cc:116] could not retrieve AWS instance metadata: Network error: curl error: HTTP response code said error: The requested URL returned error: 404
W20260608 09:53:44.665946 11549 instance_detector.cc:116] could not retrieve Azure instance metadata: Network error: curl error: HTTP response code said error: The requested URL returned error: 404
W20260608 09:53:44.667483 11551 instance_detector.cc:116] could not retrieve OpenStack instance metadata: Network error: curl error: HTTP response code said error: The requested URL returned error: 404
I20260608 09:53:44.667618  7012 server_base.cc:1061] running on GCE node
I20260608 09:53:44.668512  7012 hybrid_clock.cc:584] initializing the hybrid clock with 'system_unsync' time source
W20260608 09:53:44.668699  7012 system_unsync_time.cc:38] NTP support is disabled. Clock error bounds will not be accurate. This configuration is not suitable for distributed clusters.
I20260608 09:53:44.668875  7012 hybrid_clock.cc:648] HybridClock initialized: now 1780912424668855 us; error 0 us; skew 500 ppm
I20260608 09:53:44.669454  7012 server_base.cc:861] Flag tcmalloc_max_total_thread_cache_bytes is not working since tcmalloc is not enabled.
I20260608 09:53:44.671766  7012 webserver.cc:533] Webserver started at http://127.6.217.1:45287/ using document root <none> and password file <none>
I20260608 09:53:44.672292  7012 fs_manager.cc:362] Metadata directory not provided
I20260608 09:53:44.672640  7012 fs_manager.cc:368] Using write-ahead log directory (fs_wal_dir) as metadata directory
I20260608 09:53:44.672933  7012 server_base.cc:909] This appears to be a new deployment of Kudu; creating new FS layout
I20260608 09:53:44.674194  7012 fs_manager.cc:1068] Generated new instance metadata in path /tmp/dist-test-taskNanV8l/test-tmp/auto_rebalancer-test.0.AutoRebalancerTest.TestMaxMovesPerServer.1780912299431541-7012-0/minicluster-data/ts-0-root/instance:
uuid: "5245e5de4e9d4385b9372e54b46df6d2"
format_stamp: "Formatted at 2026-06-08 09:53:44 on dist-test-slave-7lqj"
I20260608 09:53:44.678862  7012 fs_manager.cc:696] Time spent creating directory manager: real 0.004s	user 0.002s	sys 0.001s
I20260608 09:53:44.682277 11556 log_block_manager.cc:4031] Time spent loading block containers with low live blocks: real 0.000s	user 0.000s	sys 0.000s
I20260608 09:53:44.683138  7012 fs_manager.cc:730] Time spent opening block manager: real 0.002s	user 0.002s	sys 0.001s
I20260608 09:53:44.683418  7012 fs_manager.cc:647] Opened local filesystem: /tmp/dist-test-taskNanV8l/test-tmp/auto_rebalancer-test.0.AutoRebalancerTest.TestMaxMovesPerServer.1780912299431541-7012-0/minicluster-data/ts-0-root
uuid: "5245e5de4e9d4385b9372e54b46df6d2"
format_stamp: "Formatted at 2026-06-08 09:53:44 on dist-test-slave-7lqj"
I20260608 09:53:44.683657  7012 fs_report.cc:389] FS layout report
--------------------
wal directory: /tmp/dist-test-taskNanV8l/test-tmp/auto_rebalancer-test.0.AutoRebalancerTest.TestMaxMovesPerServer.1780912299431541-7012-0/minicluster-data/ts-0-root
metadata directory: /tmp/dist-test-taskNanV8l/test-tmp/auto_rebalancer-test.0.AutoRebalancerTest.TestMaxMovesPerServer.1780912299431541-7012-0/minicluster-data/ts-0-root
1 data directories: /tmp/dist-test-taskNanV8l/test-tmp/auto_rebalancer-test.0.AutoRebalancerTest.TestMaxMovesPerServer.1780912299431541-7012-0/minicluster-data/ts-0-root/data
Total live blocks: 0
Total live bytes: 0
Total live bytes (after alignment): 0
Total number of LBM containers: 0 (0 full)
Did not check for missing blocks
Did not check for orphaned blocks
Total full LBM containers with extra space: 0 (0 repaired)
Total full LBM container extra space in bytes: 0 (0 repaired)
Total incomplete LBM containers: 0 (0 repaired)
Total LBM partial records: 0 (0 repaired)
Total corrupted LBM metadata records in RocksDB: 0 (0 repaired)
I20260608 09:53:44.709342  7012 rpc_server.cc:225] running with OpenSSL 1.1.1  11 Sep 2018
I20260608 09:53:44.710878  7012 kserver.cc:163] Server-wide thread pool size limit: 3276
I20260608 09:53:44.712507  7012 txn_system_client.cc:432] TxnSystemClient initialization is disabled...
I20260608 09:53:44.714864  7012 ts_tablet_manager.cc:585] Loaded tablet metadata (0 total tablets, 0 live tablets)
I20260608 09:53:44.715068  7012 ts_tablet_manager.cc:531] Time spent load tablet metadata: real 0.000s	user 0.000s	sys 0.000s
I20260608 09:53:44.715328  7012 ts_tablet_manager.cc:616] Registered 0 tablets
I20260608 09:53:44.715483  7012 ts_tablet_manager.cc:595] Time spent register tablets: real 0.000s	user 0.000s	sys 0.000s
I20260608 09:53:44.757107  7012 rpc_server.cc:307] RPC server started. Bound to: 127.6.217.1:42985
I20260608 09:53:44.757280 11618 acceptor_pool.cc:272] collecting diagnostics on the listening RPC socket 127.6.217.1:42985 every 8 connection(s)
I20260608 09:53:44.762559  7012 file_cache.cc:492] Constructed file cache file cache with capacity 419430
W20260608 09:53:44.769994 11623 instance_detector.cc:116] could not retrieve AWS instance metadata: Network error: curl error: HTTP response code said error: The requested URL returned error: 404
W20260608 09:53:44.772169 11624 instance_detector.cc:116] could not retrieve Azure instance metadata: Network error: curl error: HTTP response code said error: The requested URL returned error: 404
W20260608 09:53:44.773165 11626 instance_detector.cc:116] could not retrieve OpenStack instance metadata: Network error: curl error: HTTP response code said error: The requested URL returned error: 404
I20260608 09:53:44.774405  7012 server_base.cc:1061] running on GCE node
I20260608 09:53:44.775645  7012 hybrid_clock.cc:584] initializing the hybrid clock with 'system_unsync' time source
W20260608 09:53:44.775938  7012 system_unsync_time.cc:38] NTP support is disabled. Clock error bounds will not be accurate. This configuration is not suitable for distributed clusters.
I20260608 09:53:44.776191  7012 hybrid_clock.cc:648] HybridClock initialized: now 1780912424776167 us; error 0 us; skew 500 ppm
I20260608 09:53:44.777069  7012 server_base.cc:861] Flag tcmalloc_max_total_thread_cache_bytes is not working since tcmalloc is not enabled.
I20260608 09:53:44.779313 11619 heartbeater.cc:344] Connected to a master server at 127.6.217.62:41131
I20260608 09:53:44.779706 11619 heartbeater.cc:461] Registering TS with master...
I20260608 09:53:44.780074  7012 webserver.cc:533] Webserver started at http://127.6.217.2:38363/ using document root <none> and password file <none>
I20260608 09:53:44.780536 11619 heartbeater.cc:507] Master 127.6.217.62:41131 requested a full tablet report, sending...
I20260608 09:53:44.780704  7012 fs_manager.cc:362] Metadata directory not provided
I20260608 09:53:44.781015  7012 fs_manager.cc:368] Using write-ahead log directory (fs_wal_dir) as metadata directory
I20260608 09:53:44.781306  7012 server_base.cc:909] This appears to be a new deployment of Kudu; creating new FS layout
I20260608 09:53:44.783054  7012 fs_manager.cc:1068] Generated new instance metadata in path /tmp/dist-test-taskNanV8l/test-tmp/auto_rebalancer-test.0.AutoRebalancerTest.TestMaxMovesPerServer.1780912299431541-7012-0/minicluster-data/ts-1-root/instance:
uuid: "d17543b7f9e348de8a5c27524463c55a"
format_stamp: "Formatted at 2026-06-08 09:53:44 on dist-test-slave-7lqj"
I20260608 09:53:44.783056 11492 ts_manager.cc:194] Registered new tserver with Master: 5245e5de4e9d4385b9372e54b46df6d2 (127.6.217.1:42985)
I20260608 09:53:44.785290 11492 master_service.cc:502] Signed X509 certificate for tserver {username='slave'} at 127.0.0.1:57388
I20260608 09:53:44.788537  7012 fs_manager.cc:696] Time spent creating directory manager: real 0.005s	user 0.005s	sys 0.000s
I20260608 09:53:44.792325 11631 log_block_manager.cc:4031] Time spent loading block containers with low live blocks: real 0.000s	user 0.000s	sys 0.000s
I20260608 09:53:44.793082  7012 fs_manager.cc:730] Time spent opening block manager: real 0.002s	user 0.001s	sys 0.000s
I20260608 09:53:44.793378  7012 fs_manager.cc:647] Opened local filesystem: /tmp/dist-test-taskNanV8l/test-tmp/auto_rebalancer-test.0.AutoRebalancerTest.TestMaxMovesPerServer.1780912299431541-7012-0/minicluster-data/ts-1-root
uuid: "d17543b7f9e348de8a5c27524463c55a"
format_stamp: "Formatted at 2026-06-08 09:53:44 on dist-test-slave-7lqj"
I20260608 09:53:44.793663  7012 fs_report.cc:389] FS layout report
--------------------
wal directory: /tmp/dist-test-taskNanV8l/test-tmp/auto_rebalancer-test.0.AutoRebalancerTest.TestMaxMovesPerServer.1780912299431541-7012-0/minicluster-data/ts-1-root
metadata directory: /tmp/dist-test-taskNanV8l/test-tmp/auto_rebalancer-test.0.AutoRebalancerTest.TestMaxMovesPerServer.1780912299431541-7012-0/minicluster-data/ts-1-root
1 data directories: /tmp/dist-test-taskNanV8l/test-tmp/auto_rebalancer-test.0.AutoRebalancerTest.TestMaxMovesPerServer.1780912299431541-7012-0/minicluster-data/ts-1-root/data
Total live blocks: 0
Total live bytes: 0
Total live bytes (after alignment): 0
Total number of LBM containers: 0 (0 full)
Did not check for missing blocks
Did not check for orphaned blocks
Total full LBM containers with extra space: 0 (0 repaired)
Total full LBM container extra space in bytes: 0 (0 repaired)
Total incomplete LBM containers: 0 (0 repaired)
Total LBM partial records: 0 (0 repaired)
Total corrupted LBM metadata records in RocksDB: 0 (0 repaired)
I20260608 09:53:44.811170  7012 rpc_server.cc:225] running with OpenSSL 1.1.1  11 Sep 2018
I20260608 09:53:44.812335  7012 kserver.cc:163] Server-wide thread pool size limit: 3276
I20260608 09:53:44.813745  7012 txn_system_client.cc:432] TxnSystemClient initialization is disabled...
I20260608 09:53:44.815999  7012 ts_tablet_manager.cc:585] Loaded tablet metadata (0 total tablets, 0 live tablets)
I20260608 09:53:44.816216  7012 ts_tablet_manager.cc:531] Time spent load tablet metadata: real 0.000s	user 0.000s	sys 0.000s
I20260608 09:53:44.816442  7012 ts_tablet_manager.cc:616] Registered 0 tablets
I20260608 09:53:44.816623  7012 ts_tablet_manager.cc:595] Time spent register tablets: real 0.000s	user 0.000s	sys 0.000s
I20260608 09:53:44.855566  7012 rpc_server.cc:307] RPC server started. Bound to: 127.6.217.2:34869
