I20260608 09:53:35.033634 25232 ts_tablet_manager.cc:1403] T aa9d67c3b633410280b27eec15c9a40a P a9f80e958eab49e7bde32c2c69c2b1e7: Time spent bootstrapping tablet: real 0.031s	user 0.012s	sys 0.003s
I20260608 09:53:35.029829 25024 tablet_service.cc:1511] Processing CreateTablet for tablet 61d07046576f4f758c8e2c6c913b9b69 (DEFAULT_TABLE table=test-workload [id=2f956998987b46e0ba4eb72ab3263464]), partition=RANGE (key) PARTITION 1789569700 <= VALUES < 1968526670
I20260608 09:53:35.035048 25024 data_dirs.cc:400] Could only allocate 1 dirs of requested 3 for tablet 61d07046576f4f758c8e2c6c913b9b69. 1 dirs total, 0 dirs full, 0 dirs failed
I20260608 09:53:35.037017 25232 raft_consensus.cc:359] T aa9d67c3b633410280b27eec15c9a40a P a9f80e958eab49e7bde32c2c69c2b1e7 [term 0 FOLLOWER]: Replica starting. Triggering 0 pending ops. Active config: opid_index: -1 OBSOLETE_local: false peers { permanent_uuid: "ccb82db722a84620968d36b643561cb2" member_type: VOTER last_known_addr { host: "127.20.8.129" port: 44639 } } peers { permanent_uuid: "a9f80e958eab49e7bde32c2c69c2b1e7" member_type: VOTER last_known_addr { host: "127.20.8.130" port: 46769 } } peers { permanent_uuid: "f10d6145b2dd49b68f416f1b5c9629bc" member_type: VOTER last_known_addr { host: "127.20.8.131" port: 45245 } }
I20260608 09:53:35.037810 25232 raft_consensus.cc:385] T aa9d67c3b633410280b27eec15c9a40a P a9f80e958eab49e7bde32c2c69c2b1e7 [term 0 FOLLOWER]: Consensus starting up: Expiring failure detector timer to make a prompt election more likely
I20260608 09:53:35.038170 25232 raft_consensus.cc:740] T aa9d67c3b633410280b27eec15c9a40a P a9f80e958eab49e7bde32c2c69c2b1e7 [term 0 FOLLOWER]: Becoming Follower/Learner. State: Replica: a9f80e958eab49e7bde32c2c69c2b1e7, State: Initialized, Role: FOLLOWER
I20260608 09:53:35.038089 25027 tablet_service.cc:1511] Processing CreateTablet for tablet 05b9733389ab4e2bbf2571611ccd40f6 (DEFAULT_TABLE table=test-workload [id=2f956998987b46e0ba4eb72ab3263464]), partition=RANGE (key) PARTITION 1968526670 <= VALUES
I20260608 09:53:35.039525 25027 data_dirs.cc:400] Could only allocate 1 dirs of requested 3 for tablet 05b9733389ab4e2bbf2571611ccd40f6. 1 dirs total, 0 dirs full, 0 dirs failed
I20260608 09:53:35.031659 25234 ts_tablet_manager.cc:1434] T 3fb2ddafcc7f4375a42714db8b965ab2 P f10d6145b2dd49b68f416f1b5c9629bc: Time spent starting tablet: real 0.010s	user 0.003s	sys 0.003s
I20260608 09:53:35.039333 25232 consensus_queue.cc:260] T aa9d67c3b633410280b27eec15c9a40a P a9f80e958eab49e7bde32c2c69c2b1e7 [NON_LEADER]: Queue going to NON_LEADER mode. State: All replicated index: 0, Majority replicated index: 0, Committed index: 0, Last appended: 0.0, Last appended by leader: 0, Current term: 0, Majority size: -1, State: 0, Mode: NON_LEADER, active raft config: opid_index: -1 OBSOLETE_local: false peers { permanent_uuid: "ccb82db722a84620968d36b643561cb2" member_type: VOTER last_known_addr { host: "127.20.8.129" port: 44639 } } peers { permanent_uuid: "a9f80e958eab49e7bde32c2c69c2b1e7" member_type: VOTER last_known_addr { host: "127.20.8.130" port: 46769 } } peers { permanent_uuid: "f10d6145b2dd49b68f416f1b5c9629bc" member_type: VOTER last_known_addr { host: "127.20.8.131" port: 45245 } }
I20260608 09:53:35.044679 25234 tablet_bootstrap.cc:492] T 0ff4a05428c64e95a754489bf81b9f60 P f10d6145b2dd49b68f416f1b5c9629bc: Bootstrap starting.
I20260608 09:53:35.050967 25232 ts_tablet_manager.cc:1434] T aa9d67c3b633410280b27eec15c9a40a P a9f80e958eab49e7bde32c2c69c2b1e7: Time spent starting tablet: real 0.017s	user 0.005s	sys 0.002s
I20260608 09:53:35.051054 25234 tablet_bootstrap.cc:654] T 0ff4a05428c64e95a754489bf81b9f60 P f10d6145b2dd49b68f416f1b5c9629bc: Neither blocks nor log segments found. Creating new log.
I20260608 09:53:35.057821 25233 tablet_bootstrap.cc:492] T aa9d67c3b633410280b27eec15c9a40a P ccb82db722a84620968d36b643561cb2: No bootstrap required, opened a new log
I20260608 09:53:35.062376 25233 ts_tablet_manager.cc:1403] T aa9d67c3b633410280b27eec15c9a40a P ccb82db722a84620968d36b643561cb2: Time spent bootstrapping tablet: real 0.099s	user 0.007s	sys 0.005s
I20260608 09:53:35.066591 25233 raft_consensus.cc:359] T aa9d67c3b633410280b27eec15c9a40a P ccb82db722a84620968d36b643561cb2 [term 0 FOLLOWER]: Replica starting. Triggering 0 pending ops. Active config: opid_index: -1 OBSOLETE_local: false peers { permanent_uuid: "ccb82db722a84620968d36b643561cb2" member_type: VOTER last_known_addr { host: "127.20.8.129" port: 44639 } } peers { permanent_uuid: "a9f80e958eab49e7bde32c2c69c2b1e7" member_type: VOTER last_known_addr { host: "127.20.8.130" port: 46769 } } peers { permanent_uuid: "f10d6145b2dd49b68f416f1b5c9629bc" member_type: VOTER last_known_addr { host: "127.20.8.131" port: 45245 } }
I20260608 09:53:35.061460 25102 tablet_service.cc:1511] Processing CreateTablet for tablet 05b9733389ab4e2bbf2571611ccd40f6 (DEFAULT_TABLE table=test-workload [id=2f956998987b46e0ba4eb72ab3263464]), partition=RANGE (key) PARTITION 1968526670 <= VALUES
I20260608 09:53:35.062700 25232 tablet_bootstrap.cc:492] T e69e7d3acffc4f73ba71610faba753ae P a9f80e958eab49e7bde32c2c69c2b1e7: Bootstrap starting.
I20260608 09:53:35.067358 25233 raft_consensus.cc:385] T aa9d67c3b633410280b27eec15c9a40a P ccb82db722a84620968d36b643561cb2 [term 0 FOLLOWER]: Consensus starting up: Expiring failure detector timer to make a prompt election more likely
I20260608 09:53:35.067701 25233 raft_consensus.cc:740] T aa9d67c3b633410280b27eec15c9a40a P ccb82db722a84620968d36b643561cb2 [term 0 FOLLOWER]: Becoming Follower/Learner. State: Replica: ccb82db722a84620968d36b643561cb2, State: Initialized, Role: FOLLOWER
I20260608 09:53:35.068614 25233 consensus_queue.cc:260] T aa9d67c3b633410280b27eec15c9a40a P ccb82db722a84620968d36b643561cb2 [NON_LEADER]: Queue going to NON_LEADER mode. State: All replicated index: 0, Majority replicated index: 0, Committed index: 0, Last appended: 0.0, Last appended by leader: 0, Current term: 0, Majority size: -1, State: 0, Mode: NON_LEADER, active raft config: opid_index: -1 OBSOLETE_local: false peers { permanent_uuid: "ccb82db722a84620968d36b643561cb2" member_type: VOTER last_known_addr { host: "127.20.8.129" port: 44639 } } peers { permanent_uuid: "a9f80e958eab49e7bde32c2c69c2b1e7" member_type: VOTER last_known_addr { host: "127.20.8.130" port: 46769 } } peers { permanent_uuid: "f10d6145b2dd49b68f416f1b5c9629bc" member_type: VOTER last_known_addr { host: "127.20.8.131" port: 45245 } }
I20260608 09:53:35.069267 25234 tablet_bootstrap.cc:492] T 0ff4a05428c64e95a754489bf81b9f60 P f10d6145b2dd49b68f416f1b5c9629bc: No bootstrap required, opened a new log
I20260608 09:53:35.069859 25234 ts_tablet_manager.cc:1403] T 0ff4a05428c64e95a754489bf81b9f60 P f10d6145b2dd49b68f416f1b5c9629bc: Time spent bootstrapping tablet: real 0.025s	user 0.009s	sys 0.007s
I20260608 09:53:35.073148 25234 raft_consensus.cc:359] T 0ff4a05428c64e95a754489bf81b9f60 P f10d6145b2dd49b68f416f1b5c9629bc [term 0 FOLLOWER]: Replica starting. Triggering 0 pending ops. Active config: opid_index: -1 OBSOLETE_local: false peers { permanent_uuid: "ccb82db722a84620968d36b643561cb2" member_type: VOTER last_known_addr { host: "127.20.8.129" port: 44639 } } peers { permanent_uuid: "f10d6145b2dd49b68f416f1b5c9629bc" member_type: VOTER last_known_addr { host: "127.20.8.131" port: 45245 } } peers { permanent_uuid: "a9f80e958eab49e7bde32c2c69c2b1e7" member_type: VOTER last_known_addr { host: "127.20.8.130" port: 46769 } }
I20260608 09:53:35.073906 25234 raft_consensus.cc:385] T 0ff4a05428c64e95a754489bf81b9f60 P f10d6145b2dd49b68f416f1b5c9629bc [term 0 FOLLOWER]: Consensus starting up: Expiring failure detector timer to make a prompt election more likely
I20260608 09:53:35.074249 25234 raft_consensus.cc:740] T 0ff4a05428c64e95a754489bf81b9f60 P f10d6145b2dd49b68f416f1b5c9629bc [term 0 FOLLOWER]: Becoming Follower/Learner. State: Replica: f10d6145b2dd49b68f416f1b5c9629bc, State: Initialized, Role: FOLLOWER
I20260608 09:53:35.075559 25232 tablet_bootstrap.cc:654] T e69e7d3acffc4f73ba71610faba753ae P a9f80e958eab49e7bde32c2c69c2b1e7: Neither blocks nor log segments found. Creating new log.
I20260608 09:53:35.075166 25234 consensus_queue.cc:260] T 0ff4a05428c64e95a754489bf81b9f60 P f10d6145b2dd49b68f416f1b5c9629bc [NON_LEADER]: Queue going to NON_LEADER mode. State: All replicated index: 0, Majority replicated index: 0, Committed index: 0, Last appended: 0.0, Last appended by leader: 0, Current term: 0, Majority size: -1, State: 0, Mode: NON_LEADER, active raft config: opid_index: -1 OBSOLETE_local: false peers { permanent_uuid: "ccb82db722a84620968d36b643561cb2" member_type: VOTER last_known_addr { host: "127.20.8.129" port: 44639 } } peers { permanent_uuid: "f10d6145b2dd49b68f416f1b5c9629bc" member_type: VOTER last_known_addr { host: "127.20.8.131" port: 45245 } } peers { permanent_uuid: "a9f80e958eab49e7bde32c2c69c2b1e7" member_type: VOTER last_known_addr { host: "127.20.8.130" port: 46769 } }
I20260608 09:53:35.076372 25102 data_dirs.cc:400] Could only allocate 1 dirs of requested 3 for tablet 05b9733389ab4e2bbf2571611ccd40f6. 1 dirs total, 0 dirs full, 0 dirs failed
I20260608 09:53:35.078724 25233 ts_tablet_manager.cc:1434] T aa9d67c3b633410280b27eec15c9a40a P ccb82db722a84620968d36b643561cb2: Time spent starting tablet: real 0.015s	user 0.007s	sys 0.000s
I20260608 09:53:35.085891 25173 tablet_service.cc:1511] Processing CreateTablet for tablet 05b9733389ab4e2bbf2571611ccd40f6 (DEFAULT_TABLE table=test-workload [id=2f956998987b46e0ba4eb72ab3263464]), partition=RANGE (key) PARTITION 1968526670 <= VALUES
I20260608 09:53:35.087251 25173 data_dirs.cc:400] Could only allocate 1 dirs of requested 3 for tablet 05b9733389ab4e2bbf2571611ccd40f6. 1 dirs total, 0 dirs full, 0 dirs failed
I20260608 09:53:35.089293 25234 ts_tablet_manager.cc:1434] T 0ff4a05428c64e95a754489bf81b9f60 P f10d6145b2dd49b68f416f1b5c9629bc: Time spent starting tablet: real 0.019s	user 0.006s	sys 0.002s
I20260608 09:53:35.092051 25233 tablet_bootstrap.cc:492] T c4908ed3f73e48da97993c442cdbbc1f P ccb82db722a84620968d36b643561cb2: Bootstrap starting.
I20260608 09:53:35.093626 25234 tablet_bootstrap.cc:492] T c4908ed3f73e48da97993c442cdbbc1f P f10d6145b2dd49b68f416f1b5c9629bc: Bootstrap starting.
I20260608 09:53:35.099277 25238 raft_consensus.cc:493] T e69e7d3acffc4f73ba71610faba753ae P f10d6145b2dd49b68f416f1b5c9629bc [term 0 FOLLOWER]: Starting pre-election (no leader contacted us within the election timeout)
I20260608 09:53:35.099843 25238 raft_consensus.cc:515] T e69e7d3acffc4f73ba71610faba753ae P f10d6145b2dd49b68f416f1b5c9629bc [term 0 FOLLOWER]: Starting pre-election with config: opid_index: -1 OBSOLETE_local: false peers { permanent_uuid: "ccb82db722a84620968d36b643561cb2" member_type: VOTER last_known_addr { host: "127.20.8.129" port: 44639 } } peers { permanent_uuid: "a9f80e958eab49e7bde32c2c69c2b1e7" member_type: VOTER last_known_addr { host: "127.20.8.130" port: 46769 } } peers { permanent_uuid: "f10d6145b2dd49b68f416f1b5c9629bc" member_type: VOTER last_known_addr { host: "127.20.8.131" port: 45245 } }
I20260608 09:53:35.102764 25238 leader_election.cc:290] T e69e7d3acffc4f73ba71610faba753ae P f10d6145b2dd49b68f416f1b5c9629bc [CANDIDATE]: Term 1 pre-election: Requested pre-vote from peers ccb82db722a84620968d36b643561cb2 (127.20.8.129:44639), a9f80e958eab49e7bde32c2c69c2b1e7 (127.20.8.130:46769)
I20260608 09:53:35.106086 25233 tablet_bootstrap.cc:654] T c4908ed3f73e48da97993c442cdbbc1f P ccb82db722a84620968d36b643561cb2: Neither blocks nor log segments found. Creating new log.
I20260608 09:53:35.106101 25232 tablet_bootstrap.cc:492] T e69e7d3acffc4f73ba71610faba753ae P a9f80e958eab49e7bde32c2c69c2b1e7: No bootstrap required, opened a new log
I20260608 09:53:35.108707 25232 ts_tablet_manager.cc:1403] T e69e7d3acffc4f73ba71610faba753ae P a9f80e958eab49e7bde32c2c69c2b1e7: Time spent bootstrapping tablet: real 0.046s	user 0.013s	sys 0.019s
I20260608 09:53:35.111924 25232 raft_consensus.cc:359] T e69e7d3acffc4f73ba71610faba753ae P a9f80e958eab49e7bde32c2c69c2b1e7 [term 0 FOLLOWER]: Replica starting. Triggering 0 pending ops. Active config: opid_index: -1 OBSOLETE_local: false peers { permanent_uuid: "ccb82db722a84620968d36b643561cb2" member_type: VOTER last_known_addr { host: "127.20.8.129" port: 44639 } } peers { permanent_uuid: "a9f80e958eab49e7bde32c2c69c2b1e7" member_type: VOTER last_known_addr { host: "127.20.8.130" port: 46769 } } peers { permanent_uuid: "f10d6145b2dd49b68f416f1b5c9629bc" member_type: VOTER last_known_addr { host: "127.20.8.131" port: 45245 } }
I20260608 09:53:35.112684 25232 raft_consensus.cc:385] T e69e7d3acffc4f73ba71610faba753ae P a9f80e958eab49e7bde32c2c69c2b1e7 [term 0 FOLLOWER]: Consensus starting up: Expiring failure detector timer to make a prompt election more likely
I20260608 09:53:35.113070 25232 raft_consensus.cc:740] T e69e7d3acffc4f73ba71610faba753ae P a9f80e958eab49e7bde32c2c69c2b1e7 [term 0 FOLLOWER]: Becoming Follower/Learner. State: Replica: a9f80e958eab49e7bde32c2c69c2b1e7, State: Initialized, Role: FOLLOWER
I20260608 09:53:35.114858 25234 tablet_bootstrap.cc:654] T c4908ed3f73e48da97993c442cdbbc1f P f10d6145b2dd49b68f416f1b5c9629bc: Neither blocks nor log segments found. Creating new log.
I20260608 09:53:35.115404 25232 consensus_queue.cc:260] T e69e7d3acffc4f73ba71610faba753ae P a9f80e958eab49e7bde32c2c69c2b1e7 [NON_LEADER]: Queue going to NON_LEADER mode. State: All replicated index: 0, Majority replicated index: 0, Committed index: 0, Last appended: 0.0, Last appended by leader: 0, Current term: 0, Majority size: -1, State: 0, Mode: NON_LEADER, active raft config: opid_index: -1 OBSOLETE_local: false peers { permanent_uuid: "ccb82db722a84620968d36b643561cb2" member_type: VOTER last_known_addr { host: "127.20.8.129" port: 44639 } } peers { permanent_uuid: "a9f80e958eab49e7bde32c2c69c2b1e7" member_type: VOTER last_known_addr { host: "127.20.8.130" port: 46769 } } peers { permanent_uuid: "f10d6145b2dd49b68f416f1b5c9629bc" member_type: VOTER last_known_addr { host: "127.20.8.131" port: 45245 } }
I20260608 09:53:35.124504 25240 raft_consensus.cc:493] T 3fb2ddafcc7f4375a42714db8b965ab2 P ccb82db722a84620968d36b643561cb2 [term 0 FOLLOWER]: Starting pre-election (no leader contacted us within the election timeout)
I20260608 09:53:35.124964 25232 ts_tablet_manager.cc:1434] T e69e7d3acffc4f73ba71610faba753ae P a9f80e958eab49e7bde32c2c69c2b1e7: Time spent starting tablet: real 0.016s	user 0.006s	sys 0.000s
I20260608 09:53:35.125257 25240 raft_consensus.cc:515] T 3fb2ddafcc7f4375a42714db8b965ab2 P ccb82db722a84620968d36b643561cb2 [term 0 FOLLOWER]: Starting pre-election with config: opid_index: -1 OBSOLETE_local: false peers { permanent_uuid: "ccb82db722a84620968d36b643561cb2" member_type: VOTER last_known_addr { host: "127.20.8.129" port: 44639 } } peers { permanent_uuid: "a9f80e958eab49e7bde32c2c69c2b1e7" member_type: VOTER last_known_addr { host: "127.20.8.130" port: 46769 } } peers { permanent_uuid: "f10d6145b2dd49b68f416f1b5c9629bc" member_type: VOTER last_known_addr { host: "127.20.8.131" port: 45245 } }
I20260608 09:53:35.126135 25232 tablet_bootstrap.cc:492] T 0ff4a05428c64e95a754489bf81b9f60 P a9f80e958eab49e7bde32c2c69c2b1e7: Bootstrap starting.
I20260608 09:53:35.131317 25240 leader_election.cc:290] T 3fb2ddafcc7f4375a42714db8b965ab2 P ccb82db722a84620968d36b643561cb2 [CANDIDATE]: Term 1 pre-election: Requested pre-vote from peers a9f80e958eab49e7bde32c2c69c2b1e7 (127.20.8.130:46769), f10d6145b2dd49b68f416f1b5c9629bc (127.20.8.131:45245)
W20260608 09:53:35.132016 24984 auto_rebalancer.cc:259] Could not retrieve cluster info: Service unavailable: Tablet not running
I20260608 09:53:35.133335 25239 raft_consensus.cc:493] T aa9d67c3b633410280b27eec15c9a40a P a9f80e958eab49e7bde32c2c69c2b1e7 [term 0 FOLLOWER]: Starting pre-election (no leader contacted us within the election timeout)
I20260608 09:53:35.134016 25239 raft_consensus.cc:515] T aa9d67c3b633410280b27eec15c9a40a P a9f80e958eab49e7bde32c2c69c2b1e7 [term 0 FOLLOWER]: Starting pre-election with config: opid_index: -1 OBSOLETE_local: false peers { permanent_uuid: "ccb82db722a84620968d36b643561cb2" member_type: VOTER last_known_addr { host: "127.20.8.129" port: 44639 } } peers { permanent_uuid: "a9f80e958eab49e7bde32c2c69c2b1e7" member_type: VOTER last_known_addr { host: "127.20.8.130" port: 46769 } } peers { permanent_uuid: "f10d6145b2dd49b68f416f1b5c9629bc" member_type: VOTER last_known_addr { host: "127.20.8.131" port: 45245 } }
I20260608 09:53:35.141286 25113 tablet_service.cc:1917] Received RequestConsensusVote() RPC: tablet_id: "e69e7d3acffc4f73ba71610faba753ae" candidate_uuid: "f10d6145b2dd49b68f416f1b5c9629bc" candidate_term: 1 candidate_status { last_received { term: 0 index: 0 } } ignore_live_leader: false dest_uuid: "a9f80e958eab49e7bde32c2c69c2b1e7" is_pre_election: true
I20260608 09:53:35.142149 25113 raft_consensus.cc:2468] T e69e7d3acffc4f73ba71610faba753ae P a9f80e958eab49e7bde32c2c69c2b1e7 [term 0 FOLLOWER]: Leader pre-election vote request: Granting yes vote for candidate f10d6145b2dd49b68f416f1b5c9629bc in term 0.
I20260608 09:53:35.143451 25233 tablet_bootstrap.cc:492] T c4908ed3f73e48da97993c442cdbbc1f P ccb82db722a84620968d36b643561cb2: No bootstrap required, opened a new log
I20260608 09:53:35.143842 25150 leader_election.cc:304] T e69e7d3acffc4f73ba71610faba753ae P f10d6145b2dd49b68f416f1b5c9629bc [CANDIDATE]: Term 1 pre-election: Election decided. Result: candidate won. Election summary: received 2 responses out of 3 voters: 2 yes votes; 0 no votes. yes voters: a9f80e958eab49e7bde32c2c69c2b1e7, f10d6145b2dd49b68f416f1b5c9629bc; no voters: 
I20260608 09:53:35.145051 25238 raft_consensus.cc:2804] T e69e7d3acffc4f73ba71610faba753ae P f10d6145b2dd49b68f416f1b5c9629bc [term 0 FOLLOWER]: Leader pre-election won for term 1
I20260608 09:53:35.145542 25238 raft_consensus.cc:493] T e69e7d3acffc4f73ba71610faba753ae P f10d6145b2dd49b68f416f1b5c9629bc [term 0 FOLLOWER]: Starting leader election (no leader contacted us within the election timeout)
I20260608 09:53:35.145956 25238 raft_consensus.cc:3060] T e69e7d3acffc4f73ba71610faba753ae P f10d6145b2dd49b68f416f1b5c9629bc [term 0 FOLLOWER]: Advancing to term 1
I20260608 09:53:35.160450 25038 tablet_service.cc:1917] Received RequestConsensusVote() RPC: tablet_id: "e69e7d3acffc4f73ba71610faba753ae" candidate_uuid: "f10d6145b2dd49b68f416f1b5c9629bc" candidate_term: 1 candidate_status { last_received { term: 0 index: 0 } } ignore_live_leader: false dest_uuid: "ccb82db722a84620968d36b643561cb2" is_pre_election: true
I20260608 09:53:35.160995 25234 tablet_bootstrap.cc:492] T c4908ed3f73e48da97993c442cdbbc1f P f10d6145b2dd49b68f416f1b5c9629bc: No bootstrap required, opened a new log
I20260608 09:53:35.161795 25234 ts_tablet_manager.cc:1403] T c4908ed3f73e48da97993c442cdbbc1f P f10d6145b2dd49b68f416f1b5c9629bc: Time spent bootstrapping tablet: real 0.069s	user 0.022s	sys 0.016s
W20260608 09:53:35.162737 25150 leader_election.cc:343] T e69e7d3acffc4f73ba71610faba753ae P f10d6145b2dd49b68f416f1b5c9629bc [CANDIDATE]: Term 1 pre-election: Tablet error from VoteRequest() call to peer ccb82db722a84620968d36b643561cb2 (127.20.8.129:44639): Illegal state: must be running to vote when last-logged opid is not known
I20260608 09:53:35.163591 25255 raft_consensus.cc:493] T 3fb2ddafcc7f4375a42714db8b965ab2 P a9f80e958eab49e7bde32c2c69c2b1e7 [term 0 FOLLOWER]: Starting pre-election (no leader contacted us within the election timeout)
I20260608 09:53:35.164139 25255 raft_consensus.cc:515] T 3fb2ddafcc7f4375a42714db8b965ab2 P a9f80e958eab49e7bde32c2c69c2b1e7 [term 0 FOLLOWER]: Starting pre-election with config: opid_index: -1 OBSOLETE_local: false peers { permanent_uuid: "ccb82db722a84620968d36b643561cb2" member_type: VOTER last_known_addr { host: "127.20.8.129" port: 44639 } } peers { permanent_uuid: "a9f80e958eab49e7bde32c2c69c2b1e7" member_type: VOTER last_known_addr { host: "127.20.8.130" port: 46769 } } peers { permanent_uuid: "f10d6145b2dd49b68f416f1b5c9629bc" member_type: VOTER last_known_addr { host: "127.20.8.131" port: 45245 } }
I20260608 09:53:35.144001 25233 ts_tablet_manager.cc:1403] T c4908ed3f73e48da97993c442cdbbc1f P ccb82db722a84620968d36b643561cb2: Time spent bootstrapping tablet: real 0.052s	user 0.015s	sys 0.015s
I20260608 09:53:35.165294 25234 raft_consensus.cc:359] T c4908ed3f73e48da97993c442cdbbc1f P f10d6145b2dd49b68f416f1b5c9629bc [term 0 FOLLOWER]: Replica starting. Triggering 0 pending ops. Active config: opid_index: -1 OBSOLETE_local: false peers { permanent_uuid: "ccb82db722a84620968d36b643561cb2" member_type: VOTER last_known_addr { host: "127.20.8.129" port: 44639 } } peers { permanent_uuid: "a9f80e958eab49e7bde32c2c69c2b1e7" member_type: VOTER last_known_addr { host: "127.20.8.130" port: 46769 } } peers { permanent_uuid: "f10d6145b2dd49b68f416f1b5c9629bc" member_type: VOTER last_known_addr { host: "127.20.8.131" port: 45245 } }
I20260608 09:53:35.166112 25234 raft_consensus.cc:385] T c4908ed3f73e48da97993c442cdbbc1f P f10d6145b2dd49b68f416f1b5c9629bc [term 0 FOLLOWER]: Consensus starting up: Expiring failure detector timer to make a prompt election more likely
I20260608 09:53:35.166478 25234 raft_consensus.cc:740] T c4908ed3f73e48da97993c442cdbbc1f P f10d6145b2dd49b68f416f1b5c9629bc [term 0 FOLLOWER]: Becoming Follower/Learner. State: Replica: f10d6145b2dd49b68f416f1b5c9629bc, State: Initialized, Role: FOLLOWER
I20260608 09:53:35.143951 25239 leader_election.cc:290] T aa9d67c3b633410280b27eec15c9a40a P a9f80e958eab49e7bde32c2c69c2b1e7 [CANDIDATE]: Term 1 pre-election: Requested pre-vote from peers ccb82db722a84620968d36b643561cb2 (127.20.8.129:44639), f10d6145b2dd49b68f416f1b5c9629bc (127.20.8.131:45245)
I20260608 09:53:35.167368 25234 consensus_queue.cc:260] T c4908ed3f73e48da97993c442cdbbc1f P f10d6145b2dd49b68f416f1b5c9629bc [NON_LEADER]: Queue going to NON_LEADER mode. State: All replicated index: 0, Majority replicated index: 0, Committed index: 0, Last appended: 0.0, Last appended by leader: 0, Current term: 0, Majority size: -1, State: 0, Mode: NON_LEADER, active raft config: opid_index: -1 OBSOLETE_local: false peers { permanent_uuid: "ccb82db722a84620968d36b643561cb2" member_type: VOTER last_known_addr { host: "127.20.8.129" port: 44639 } } peers { permanent_uuid: "a9f80e958eab49e7bde32c2c69c2b1e7" member_type: VOTER last_known_addr { host: "127.20.8.130" port: 46769 } } peers { permanent_uuid: "f10d6145b2dd49b68f416f1b5c9629bc" member_type: VOTER last_known_addr { host: "127.20.8.131" port: 45245 } }
I20260608 09:53:35.168058 25233 raft_consensus.cc:359] T c4908ed3f73e48da97993c442cdbbc1f P ccb82db722a84620968d36b643561cb2 [term 0 FOLLOWER]: Replica starting. Triggering 0 pending ops. Active config: opid_index: -1 OBSOLETE_local: false peers { permanent_uuid: "ccb82db722a84620968d36b643561cb2" member_type: VOTER last_known_addr { host: "127.20.8.129" port: 44639 } } peers { permanent_uuid: "a9f80e958eab49e7bde32c2c69c2b1e7" member_type: VOTER last_known_addr { host: "127.20.8.130" port: 46769 } } peers { permanent_uuid: "f10d6145b2dd49b68f416f1b5c9629bc" member_type: VOTER last_known_addr { host: "127.20.8.131" port: 45245 } }
I20260608 09:53:35.168882 25233 raft_consensus.cc:385] T c4908ed3f73e48da97993c442cdbbc1f P ccb82db722a84620968d36b643561cb2 [term 0 FOLLOWER]: Consensus starting up: Expiring failure detector timer to make a prompt election more likely
I20260608 09:53:35.169263 25233 raft_consensus.cc:740] T c4908ed3f73e48da97993c442cdbbc1f P ccb82db722a84620968d36b643561cb2 [term 0 FOLLOWER]: Becoming Follower/Learner. State: Replica: ccb82db722a84620968d36b643561cb2, State: Initialized, Role: FOLLOWER
I20260608 09:53:35.170213 25233 consensus_queue.cc:260] T c4908ed3f73e48da97993c442cdbbc1f P ccb82db722a84620968d36b643561cb2 [NON_LEADER]: Queue going to NON_LEADER mode. State: All replicated index: 0, Majority replicated index: 0, Committed index: 0, Last appended: 0.0, Last appended by leader: 0, Current term: 0, Majority size: -1, State: 0, Mode: NON_LEADER, active raft config: opid_index: -1 OBSOLETE_local: false peers { permanent_uuid: "ccb82db722a84620968d36b643561cb2" member_type: VOTER last_known_addr { host: "127.20.8.129" port: 44639 } } peers { permanent_uuid: "a9f80e958eab49e7bde32c2c69c2b1e7" member_type: VOTER last_known_addr { host: "127.20.8.130" port: 46769 } } peers { permanent_uuid: "f10d6145b2dd49b68f416f1b5c9629bc" member_type: VOTER last_known_addr { host: "127.20.8.131" port: 45245 } }
I20260608 09:53:35.182277 25232 tablet_bootstrap.cc:654] T 0ff4a05428c64e95a754489bf81b9f60 P a9f80e958eab49e7bde32c2c69c2b1e7: Neither blocks nor log segments found. Creating new log.
I20260608 09:53:35.184100 25238 raft_consensus.cc:515] T e69e7d3acffc4f73ba71610faba753ae P f10d6145b2dd49b68f416f1b5c9629bc [term 1 FOLLOWER]: Starting leader election with config: opid_index: -1 OBSOLETE_local: false peers { permanent_uuid: "ccb82db722a84620968d36b643561cb2" member_type: VOTER last_known_addr { host: "127.20.8.129" port: 44639 } } peers { permanent_uuid: "a9f80e958eab49e7bde32c2c69c2b1e7" member_type: VOTER last_known_addr { host: "127.20.8.130" port: 46769 } } peers { permanent_uuid: "f10d6145b2dd49b68f416f1b5c9629bc" member_type: VOTER last_known_addr { host: "127.20.8.131" port: 45245 } }
I20260608 09:53:35.187439 25233 ts_tablet_manager.cc:1434] T c4908ed3f73e48da97993c442cdbbc1f P ccb82db722a84620968d36b643561cb2: Time spent starting tablet: real 0.022s	user 0.007s	sys 0.001s
I20260608 09:53:35.203153 25233 tablet_bootstrap.cc:492] T 0ff4a05428c64e95a754489bf81b9f60 P ccb82db722a84620968d36b643561cb2: Bootstrap starting.
I20260608 09:53:35.209192 25038 tablet_service.cc:1917] Received RequestConsensusVote() RPC: tablet_id: "aa9d67c3b633410280b27eec15c9a40a" candidate_uuid: "a9f80e958eab49e7bde32c2c69c2b1e7" candidate_term: 1 candidate_status { last_received { term: 0 index: 0 } } ignore_live_leader: false dest_uuid: "ccb82db722a84620968d36b643561cb2" is_pre_election: true
I20260608 09:53:35.209952 25038 raft_consensus.cc:2468] T aa9d67c3b633410280b27eec15c9a40a P ccb82db722a84620968d36b643561cb2 [term 0 FOLLOWER]: Leader pre-election vote request: Granting yes vote for candidate a9f80e958eab49e7bde32c2c69c2b1e7 in term 0.
I20260608 09:53:35.212047 25038 tablet_service.cc:1917] Received RequestConsensusVote() RPC: tablet_id: "3fb2ddafcc7f4375a42714db8b965ab2" candidate_uuid: "a9f80e958eab49e7bde32c2c69c2b1e7" candidate_term: 1 candidate_status { last_received { term: 0 index: 0 } } ignore_live_leader: false dest_uuid: "ccb82db722a84620968d36b643561cb2" is_pre_election: true
I20260608 09:53:35.192780 25232 tablet_bootstrap.cc:492] T 0ff4a05428c64e95a754489bf81b9f60 P a9f80e958eab49e7bde32c2c69c2b1e7: No bootstrap required, opened a new log
I20260608 09:53:35.212744 25038 raft_consensus.cc:2468] T 3fb2ddafcc7f4375a42714db8b965ab2 P ccb82db722a84620968d36b643561cb2 [term 0 FOLLOWER]: Leader pre-election vote request: Granting yes vote for candidate a9f80e958eab49e7bde32c2c69c2b1e7 in term 0.
I20260608 09:53:35.193801 25255 leader_election.cc:290] T 3fb2ddafcc7f4375a42714db8b965ab2 P a9f80e958eab49e7bde32c2c69c2b1e7 [CANDIDATE]: Term 1 pre-election: Requested pre-vote from peers ccb82db722a84620968d36b643561cb2 (127.20.8.129:44639), f10d6145b2dd49b68f416f1b5c9629bc (127.20.8.131:45245)
I20260608 09:53:35.213456 25232 ts_tablet_manager.cc:1403] T 0ff4a05428c64e95a754489bf81b9f60 P a9f80e958eab49e7bde32c2c69c2b1e7: Time spent bootstrapping tablet: real 0.088s	user 0.013s	sys 0.005s
I20260608 09:53:35.215147 25113 tablet_service.cc:1917] Received RequestConsensusVote() RPC: tablet_id: "3fb2ddafcc7f4375a42714db8b965ab2" candidate_uuid: "ccb82db722a84620968d36b643561cb2" candidate_term: 1 candidate_status { last_received { term: 0 index: 0 } } ignore_live_leader: false dest_uuid: "a9f80e958eab49e7bde32c2c69c2b1e7" is_pre_election: true
I20260608 09:53:35.215337 25076 leader_election.cc:304] T aa9d67c3b633410280b27eec15c9a40a P a9f80e958eab49e7bde32c2c69c2b1e7 [CANDIDATE]: Term 1 pre-election: Election decided. Result: candidate won. Election summary: received 2 responses out of 3 voters: 2 yes votes; 0 no votes. yes voters: a9f80e958eab49e7bde32c2c69c2b1e7, ccb82db722a84620968d36b643561cb2; no voters: 
I20260608 09:53:35.215937 25113 raft_consensus.cc:2468] T 3fb2ddafcc7f4375a42714db8b965ab2 P a9f80e958eab49e7bde32c2c69c2b1e7 [term 0 FOLLOWER]: Leader pre-election vote request: Granting yes vote for candidate ccb82db722a84620968d36b643561cb2 in term 0.
I20260608 09:53:35.216358 25255 raft_consensus.cc:2804] T aa9d67c3b633410280b27eec15c9a40a P a9f80e958eab49e7bde32c2c69c2b1e7 [term 0 FOLLOWER]: Leader pre-election won for term 1
I20260608 09:53:35.199533 25239 raft_consensus.cc:493] T c4908ed3f73e48da97993c442cdbbc1f P a9f80e958eab49e7bde32c2c69c2b1e7 [term 0 FOLLOWER]: Starting pre-election (no leader contacted us within the election timeout)
I20260608 09:53:35.216753 25255 raft_consensus.cc:493] T aa9d67c3b633410280b27eec15c9a40a P a9f80e958eab49e7bde32c2c69c2b1e7 [term 0 FOLLOWER]: Starting leader election (no leader contacted us within the election timeout)
I20260608 09:53:35.217219 25255 raft_consensus.cc:3060] T aa9d67c3b633410280b27eec15c9a40a P a9f80e958eab49e7bde32c2c69c2b1e7 [term 0 FOLLOWER]: Advancing to term 1
I20260608 09:53:35.217478 25233 tablet_bootstrap.cc:654] T 0ff4a05428c64e95a754489bf81b9f60 P ccb82db722a84620968d36b643561cb2: Neither blocks nor log segments found. Creating new log.
I20260608 09:53:35.216962 25239 raft_consensus.cc:515] T c4908ed3f73e48da97993c442cdbbc1f P a9f80e958eab49e7bde32c2c69c2b1e7 [term 0 FOLLOWER]: Starting pre-election with config: opid_index: -1 OBSOLETE_local: false peers { permanent_uuid: "ccb82db722a84620968d36b643561cb2" member_type: VOTER last_known_addr { host: "127.20.8.129" port: 44639 } } peers { permanent_uuid: "a9f80e958eab49e7bde32c2c69c2b1e7" member_type: VOTER last_known_addr { host: "127.20.8.130" port: 46769 } } peers { permanent_uuid: "f10d6145b2dd49b68f416f1b5c9629bc" member_type: VOTER last_known_addr { host: "127.20.8.131" port: 45245 } }
I20260608 09:53:35.226162 25239 leader_election.cc:290] T c4908ed3f73e48da97993c442cdbbc1f P a9f80e958eab49e7bde32c2c69c2b1e7 [CANDIDATE]: Term 1 pre-election: Requested pre-vote from peers ccb82db722a84620968d36b643561cb2 (127.20.8.129:44639), f10d6145b2dd49b68f416f1b5c9629bc (127.20.8.131:45245)
I20260608 09:53:35.219704 25232 raft_consensus.cc:359] T 0ff4a05428c64e95a754489bf81b9f60 P a9f80e958eab49e7bde32c2c69c2b1e7 [term 0 FOLLOWER]: Replica starting. Triggering 0 pending ops. Active config: opid_index: -1 OBSOLETE_local: false peers { permanent_uuid: "ccb82db722a84620968d36b643561cb2" member_type: VOTER last_known_addr { host: "127.20.8.129" port: 44639 } } peers { permanent_uuid: "f10d6145b2dd49b68f416f1b5c9629bc" member_type: VOTER last_known_addr { host: "127.20.8.131" port: 45245 } } peers { permanent_uuid: "a9f80e958eab49e7bde32c2c69c2b1e7" member_type: VOTER last_known_addr { host: "127.20.8.130" port: 46769 } }
I20260608 09:53:35.220393 25187 tablet_service.cc:1917] Received RequestConsensusVote() RPC: tablet_id: "3fb2ddafcc7f4375a42714db8b965ab2" candidate_uuid: "ccb82db722a84620968d36b643561cb2" candidate_term: 1 candidate_status { last_received { term: 0 index: 0 } } ignore_live_leader: false dest_uuid: "f10d6145b2dd49b68f416f1b5c9629bc" is_pre_election: true
I20260608 09:53:35.221771 25076 leader_election.cc:304] T 3fb2ddafcc7f4375a42714db8b965ab2 P a9f80e958eab49e7bde32c2c69c2b1e7 [CANDIDATE]: Term 1 pre-election: Election decided. Result: candidate won. Election summary: received 2 responses out of 3 voters: 2 yes votes; 0 no votes. yes voters: a9f80e958eab49e7bde32c2c69c2b1e7, ccb82db722a84620968d36b643561cb2; no voters: 
I20260608 09:53:35.227425 25187 raft_consensus.cc:2468] T 3fb2ddafcc7f4375a42714db8b965ab2 P f10d6145b2dd49b68f416f1b5c9629bc [term 0 FOLLOWER]: Leader pre-election vote request: Granting yes vote for candidate ccb82db722a84620968d36b643561cb2 in term 0.
I20260608 09:53:35.229097 25239 raft_consensus.cc:2804] T 3fb2ddafcc7f4375a42714db8b965ab2 P a9f80e958eab49e7bde32c2c69c2b1e7 [term 0 FOLLOWER]: Leader pre-election won for term 1
I20260608 09:53:35.229648 25239 raft_consensus.cc:493] T 3fb2ddafcc7f4375a42714db8b965ab2 P a9f80e958eab49e7bde32c2c69c2b1e7 [term 0 FOLLOWER]: Starting leader election (no leader contacted us within the election timeout)
I20260608 09:53:35.230407 25239 raft_consensus.cc:3060] T 3fb2ddafcc7f4375a42714db8b965ab2 P a9f80e958eab49e7bde32c2c69c2b1e7 [term 0 FOLLOWER]: Advancing to term 1
I20260608 09:53:35.229696 25232 raft_consensus.cc:385] T 0ff4a05428c64e95a754489bf81b9f60 P a9f80e958eab49e7bde32c2c69c2b1e7 [term 0 FOLLOWER]: Consensus starting up: Expiring failure detector timer to make a prompt election more likely
I20260608 09:53:35.233762 25232 raft_consensus.cc:740] T 0ff4a05428c64e95a754489bf81b9f60 P a9f80e958eab49e7bde32c2c69c2b1e7 [term 0 FOLLOWER]: Becoming Follower/Learner. State: Replica: a9f80e958eab49e7bde32c2c69c2b1e7, State: Initialized, Role: FOLLOWER
I20260608 09:53:35.222745 25001 leader_election.cc:304] T 3fb2ddafcc7f4375a42714db8b965ab2 P ccb82db722a84620968d36b643561cb2 [CANDIDATE]: Term 1 pre-election: Election decided. Result: candidate won. Election summary: received 2 responses out of 3 voters: 2 yes votes; 0 no votes. yes voters: a9f80e958eab49e7bde32c2c69c2b1e7, ccb82db722a84620968d36b643561cb2; no voters: 
I20260608 09:53:35.242122 25232 consensus_queue.cc:260] T 0ff4a05428c64e95a754489bf81b9f60 P a9f80e958eab49e7bde32c2c69c2b1e7 [NON_LEADER]: Queue going to NON_LEADER mode. State: All replicated index: 0, Majority replicated index: 0, Committed index: 0, Last appended: 0.0, Last appended by leader: 0, Current term: 0, Majority size: -1, State: 0, Mode: NON_LEADER, active raft config: opid_index: -1 OBSOLETE_local: false peers { permanent_uuid: "ccb82db722a84620968d36b643561cb2" member_type: VOTER last_known_addr { host: "127.20.8.129" port: 44639 } } peers { permanent_uuid: "f10d6145b2dd49b68f416f1b5c9629bc" member_type: VOTER last_known_addr { host: "127.20.8.131" port: 45245 } } peers { permanent_uuid: "a9f80e958eab49e7bde32c2c69c2b1e7" member_type: VOTER last_known_addr { host: "127.20.8.130" port: 46769 } }
I20260608 09:53:35.245553 25037 tablet_service.cc:1917] Received RequestConsensusVote() RPC: tablet_id: "c4908ed3f73e48da97993c442cdbbc1f" candidate_uuid: "a9f80e958eab49e7bde32c2c69c2b1e7" candidate_term: 1 candidate_status { last_received { term: 0 index: 0 } } ignore_live_leader: false dest_uuid: "ccb82db722a84620968d36b643561cb2" is_pre_election: true
I20260608 09:53:35.222729 25238 leader_election.cc:290] T e69e7d3acffc4f73ba71610faba753ae P f10d6145b2dd49b68f416f1b5c9629bc [CANDIDATE]: Term 1 election: Requested vote from peers ccb82db722a84620968d36b643561cb2 (127.20.8.129:44639), a9f80e958eab49e7bde32c2c69c2b1e7 (127.20.8.130:46769)
I20260608 09:53:35.243513 25240 raft_consensus.cc:2804] T 3fb2ddafcc7f4375a42714db8b965ab2 P ccb82db722a84620968d36b643561cb2 [term 0 FOLLOWER]: Leader pre-election won for term 1
I20260608 09:53:35.246223 25240 raft_consensus.cc:493] T 3fb2ddafcc7f4375a42714db8b965ab2 P ccb82db722a84620968d36b643561cb2 [term 0 FOLLOWER]: Starting leader election (no leader contacted us within the election timeout)
I20260608 09:53:35.246625 25240 raft_consensus.cc:3060] T 3fb2ddafcc7f4375a42714db8b965ab2 P ccb82db722a84620968d36b643561cb2 [term 0 FOLLOWER]: Advancing to term 1
I20260608 09:53:35.248210 25233 tablet_bootstrap.cc:492] T 0ff4a05428c64e95a754489bf81b9f60 P ccb82db722a84620968d36b643561cb2: No bootstrap required, opened a new log
I20260608 09:53:35.248740 25233 ts_tablet_manager.cc:1403] T 0ff4a05428c64e95a754489bf81b9f60 P ccb82db722a84620968d36b643561cb2: Time spent bootstrapping tablet: real 0.046s	user 0.010s	sys 0.003s
I20260608 09:53:35.244508 25038 tablet_service.cc:1917] Received RequestConsensusVote() RPC: tablet_id: "e69e7d3acffc4f73ba71610faba753ae" candidate_uuid: "f10d6145b2dd49b68f416f1b5c9629bc" candidate_term: 1 candidate_status { last_received { term: 0 index: 0 } } ignore_live_leader: false dest_uuid: "ccb82db722a84620968d36b643561cb2"
I20260608 09:53:35.252014 25233 raft_consensus.cc:359] T 0ff4a05428c64e95a754489bf81b9f60 P ccb82db722a84620968d36b643561cb2 [term 0 FOLLOWER]: Replica starting. Triggering 0 pending ops. Active config: opid_index: -1 OBSOLETE_local: false peers { permanent_uuid: "ccb82db722a84620968d36b643561cb2" member_type: VOTER last_known_addr { host: "127.20.8.129" port: 44639 } } peers { permanent_uuid: "f10d6145b2dd49b68f416f1b5c9629bc" member_type: VOTER last_known_addr { host: "127.20.8.131" port: 45245 } } peers { permanent_uuid: "a9f80e958eab49e7bde32c2c69c2b1e7" member_type: VOTER last_known_addr { host: "127.20.8.130" port: 46769 } }
I20260608 09:53:35.246248 25037 raft_consensus.cc:2468] T c4908ed3f73e48da97993c442cdbbc1f P ccb82db722a84620968d36b643561cb2 [term 0 FOLLOWER]: Leader pre-election vote request: Granting yes vote for candidate a9f80e958eab49e7bde32c2c69c2b1e7 in term 0.
I20260608 09:53:35.252823 25258 raft_consensus.cc:493] T 3fb2ddafcc7f4375a42714db8b965ab2 P f10d6145b2dd49b68f416f1b5c9629bc [term 0 FOLLOWER]: Starting pre-election (no leader contacted us within the election timeout)
I20260608 09:53:35.253366 25258 raft_consensus.cc:515] T 3fb2ddafcc7f4375a42714db8b965ab2 P f10d6145b2dd49b68f416f1b5c9629bc [term 0 FOLLOWER]: Starting pre-election with config: opid_index: -1 OBSOLETE_local: false peers { permanent_uuid: "ccb82db722a84620968d36b643561cb2" member_type: VOTER last_known_addr { host: "127.20.8.129" port: 44639 } } peers { permanent_uuid: "a9f80e958eab49e7bde32c2c69c2b1e7" member_type: VOTER last_known_addr { host: "127.20.8.130" port: 46769 } } peers { permanent_uuid: "f10d6145b2dd49b68f416f1b5c9629bc" member_type: VOTER last_known_addr { host: "127.20.8.131" port: 45245 } }
I20260608 09:53:35.254101 25076 leader_election.cc:304] T c4908ed3f73e48da97993c442cdbbc1f P a9f80e958eab49e7bde32c2c69c2b1e7 [CANDIDATE]: Term 1 pre-election: Election decided. Result: candidate won. Election summary: received 2 responses out of 3 voters: 2 yes votes; 0 no votes. yes voters: a9f80e958eab49e7bde32c2c69c2b1e7, ccb82db722a84620968d36b643561cb2; no voters: 
I20260608 09:53:35.254443 25234 ts_tablet_manager.cc:1434] T c4908ed3f73e48da97993c442cdbbc1f P f10d6145b2dd49b68f416f1b5c9629bc: Time spent starting tablet: real 0.092s	user 0.024s	sys 0.056s
I20260608 09:53:35.255534 25234 tablet_bootstrap.cc:492] T aa9d67c3b633410280b27eec15c9a40a P f10d6145b2dd49b68f416f1b5c9629bc: Bootstrap starting.
I20260608 09:53:35.255262 25113 tablet_service.cc:1917] Received RequestConsensusVote() RPC: tablet_id: "e69e7d3acffc4f73ba71610faba753ae" candidate_uuid: "f10d6145b2dd49b68f416f1b5c9629bc" candidate_term: 1 candidate_status { last_received { term: 0 index: 0 } } ignore_live_leader: false dest_uuid: "a9f80e958eab49e7bde32c2c69c2b1e7"
I20260608 09:53:35.255795 25258 leader_election.cc:290] T 3fb2ddafcc7f4375a42714db8b965ab2 P f10d6145b2dd49b68f416f1b5c9629bc [CANDIDATE]: Term 1 pre-election: Requested pre-vote from peers ccb82db722a84620968d36b643561cb2 (127.20.8.129:44639), a9f80e958eab49e7bde32c2c69c2b1e7 (127.20.8.130:46769)
I20260608 09:53:35.256214 25113 raft_consensus.cc:3060] T e69e7d3acffc4f73ba71610faba753ae P a9f80e958eab49e7bde32c2c69c2b1e7 [term 0 FOLLOWER]: Advancing to term 1
I20260608 09:53:35.259862 25262 raft_consensus.cc:2804] T c4908ed3f73e48da97993c442cdbbc1f P a9f80e958eab49e7bde32c2c69c2b1e7 [term 0 FOLLOWER]: Leader pre-election won for term 1
I20260608 09:53:35.260339 25262 raft_consensus.cc:493] T c4908ed3f73e48da97993c442cdbbc1f P a9f80e958eab49e7bde32c2c69c2b1e7 [term 0 FOLLOWER]: Starting leader election (no leader contacted us within the election timeout)
I20260608 09:53:35.260615 25232 ts_tablet_manager.cc:1434] T 0ff4a05428c64e95a754489bf81b9f60 P a9f80e958eab49e7bde32c2c69c2b1e7: Time spent starting tablet: real 0.047s	user 0.006s	sys 0.005s
I20260608 09:53:35.261744 25232 tablet_bootstrap.cc:492] T 32544b2f5b094da0afdea6153e7b8baa P a9f80e958eab49e7bde32c2c69c2b1e7: Bootstrap starting.
I20260608 09:53:35.260800 25262 raft_consensus.cc:3060] T c4908ed3f73e48da97993c442cdbbc1f P a9f80e958eab49e7bde32c2c69c2b1e7 [term 0 FOLLOWER]: Advancing to term 1
I20260608 09:53:35.265547 25037 tablet_service.cc:1917] Received RequestConsensusVote() RPC: tablet_id: "3fb2ddafcc7f4375a42714db8b965ab2" candidate_uuid: "f10d6145b2dd49b68f416f1b5c9629bc" candidate_term: 1 candidate_status { last_received { term: 0 index: 0 } } ignore_live_leader: false dest_uuid: "ccb82db722a84620968d36b643561cb2" is_pre_election: true
I20260608 09:53:35.266777 25234 tablet_bootstrap.cc:654] T aa9d67c3b633410280b27eec15c9a40a P f10d6145b2dd49b68f416f1b5c9629bc: Neither blocks nor log segments found. Creating new log.
I20260608 09:53:35.268097 25112 tablet_service.cc:1917] Received RequestConsensusVote() RPC: tablet_id: "3fb2ddafcc7f4375a42714db8b965ab2" candidate_uuid: "f10d6145b2dd49b68f416f1b5c9629bc" candidate_term: 1 candidate_status { last_received { term: 0 index: 0 } } ignore_live_leader: false dest_uuid: "a9f80e958eab49e7bde32c2c69c2b1e7" is_pre_election: true
I20260608 09:53:35.252859 25233 raft_consensus.cc:385] T 0ff4a05428c64e95a754489bf81b9f60 P ccb82db722a84620968d36b643561cb2 [term 0 FOLLOWER]: Consensus starting up: Expiring failure detector timer to make a prompt election more likely
I20260608 09:53:35.269421 25233 raft_consensus.cc:740] T 0ff4a05428c64e95a754489bf81b9f60 P ccb82db722a84620968d36b643561cb2 [term 0 FOLLOWER]: Becoming Follower/Learner. State: Replica: ccb82db722a84620968d36b643561cb2, State: Initialized, Role: FOLLOWER
I20260608 09:53:35.270524 25233 consensus_queue.cc:260] T 0ff4a05428c64e95a754489bf81b9f60 P ccb82db722a84620968d36b643561cb2 [NON_LEADER]: Queue going to NON_LEADER mode. State: All replicated index: 0, Majority replicated index: 0, Committed index: 0, Last appended: 0.0, Last appended by leader: 0, Current term: 0, Majority size: -1, State: 0, Mode: NON_LEADER, active raft config: opid_index: -1 OBSOLETE_local: false peers { permanent_uuid: "ccb82db722a84620968d36b643561cb2" member_type: VOTER last_known_addr { host: "127.20.8.129" port: 44639 } } peers { permanent_uuid: "f10d6145b2dd49b68f416f1b5c9629bc" member_type: VOTER last_known_addr { host: "127.20.8.131" port: 45245 } } peers { permanent_uuid: "a9f80e958eab49e7bde32c2c69c2b1e7" member_type: VOTER last_known_addr { host: "127.20.8.130" port: 46769 } }
W20260608 09:53:35.271778 25150 leader_election.cc:343] T e69e7d3acffc4f73ba71610faba753ae P f10d6145b2dd49b68f416f1b5c9629bc [CANDIDATE]: Term 1 election: Tablet error from VoteRequest() call to peer ccb82db722a84620968d36b643561cb2 (127.20.8.129:44639): Illegal state: must be running to vote when last-logged opid is not known
I20260608 09:53:35.272709 25232 tablet_bootstrap.cc:654] T 32544b2f5b094da0afdea6153e7b8baa P a9f80e958eab49e7bde32c2c69c2b1e7: Neither blocks nor log segments found. Creating new log.
I20260608 09:53:35.273135 25187 tablet_service.cc:1917] Received RequestConsensusVote() RPC: tablet_id: "aa9d67c3b633410280b27eec15c9a40a" candidate_uuid: "a9f80e958eab49e7bde32c2c69c2b1e7" candidate_term: 1 candidate_status { last_received { term: 0 index: 0 } } ignore_live_leader: false dest_uuid: "f10d6145b2dd49b68f416f1b5c9629bc" is_pre_election: true
I20260608 09:53:35.258953 25240 raft_consensus.cc:515] T 3fb2ddafcc7f4375a42714db8b965ab2 P ccb82db722a84620968d36b643561cb2 [term 1 FOLLOWER]: Starting leader election with config: opid_index: -1 OBSOLETE_local: false peers { permanent_uuid: "ccb82db722a84620968d36b643561cb2" member_type: VOTER last_known_addr { host: "127.20.8.129" port: 44639 } } peers { permanent_uuid: "a9f80e958eab49e7bde32c2c69c2b1e7" member_type: VOTER last_known_addr { host: "127.20.8.130" port: 46769 } } peers { permanent_uuid: "f10d6145b2dd49b68f416f1b5c9629bc" member_type: VOTER last_known_addr { host: "127.20.8.131" port: 45245 } }
I20260608 09:53:35.274991 25187 tablet_service.cc:1917] Received RequestConsensusVote() RPC: tablet_id: "3fb2ddafcc7f4375a42714db8b965ab2" candidate_uuid: "a9f80e958eab49e7bde32c2c69c2b1e7" candidate_term: 1 candidate_status { last_received { term: 0 index: 0 } } ignore_live_leader: false dest_uuid: "f10d6145b2dd49b68f416f1b5c9629bc" is_pre_election: true
I20260608 09:53:35.275566 25187 raft_consensus.cc:2468] T 3fb2ddafcc7f4375a42714db8b965ab2 P f10d6145b2dd49b68f416f1b5c9629bc [term 0 FOLLOWER]: Leader pre-election vote request: Granting yes vote for candidate a9f80e958eab49e7bde32c2c69c2b1e7 in term 0.
I20260608 09:53:35.276585 25037 raft_consensus.cc:2393] T 3fb2ddafcc7f4375a42714db8b965ab2 P ccb82db722a84620968d36b643561cb2 [term 1 FOLLOWER]: Leader pre-election vote request: Denying vote to candidate f10d6145b2dd49b68f416f1b5c9629bc in current term 1: Already voted for candidate ccb82db722a84620968d36b643561cb2 in this term.
I20260608 09:53:35.278362 25233 ts_tablet_manager.cc:1434] T 0ff4a05428c64e95a754489bf81b9f60 P ccb82db722a84620968d36b643561cb2: Time spent starting tablet: real 0.029s	user 0.008s	sys 0.001s
I20260608 09:53:35.278924 25240 leader_election.cc:290] T 3fb2ddafcc7f4375a42714db8b965ab2 P ccb82db722a84620968d36b643561cb2 [CANDIDATE]: Term 1 election: Requested vote from peers a9f80e958eab49e7bde32c2c69c2b1e7 (127.20.8.130:46769), f10d6145b2dd49b68f416f1b5c9629bc (127.20.8.131:45245)
I20260608 09:53:35.279489 25233 tablet_bootstrap.cc:492] T e69e7d3acffc4f73ba71610faba753ae P ccb82db722a84620968d36b643561cb2: Bootstrap starting.
I20260608 09:53:35.285187 25187 tablet_service.cc:1917] Received RequestConsensusVote() RPC: tablet_id: "3fb2ddafcc7f4375a42714db8b965ab2" candidate_uuid: "ccb82db722a84620968d36b643561cb2" candidate_term: 1 candidate_status { last_received { term: 0 index: 0 } } ignore_live_leader: false dest_uuid: "f10d6145b2dd49b68f416f1b5c9629bc"
I20260608 09:53:35.285912 25187 raft_consensus.cc:3060] T 3fb2ddafcc7f4375a42714db8b965ab2 P f10d6145b2dd49b68f416f1b5c9629bc [term 0 FOLLOWER]: Advancing to term 1
I20260608 09:53:35.286392 25233 tablet_bootstrap.cc:654] T e69e7d3acffc4f73ba71610faba753ae P ccb82db722a84620968d36b643561cb2: Neither blocks nor log segments found. Creating new log.
I20260608 09:53:35.288579 25113 raft_consensus.cc:2468] T e69e7d3acffc4f73ba71610faba753ae P a9f80e958eab49e7bde32c2c69c2b1e7 [term 1 FOLLOWER]: Leader election vote request: Granting yes vote for candidate f10d6145b2dd49b68f416f1b5c9629bc in term 1.
I20260608 09:53:35.289615 25255 raft_consensus.cc:515] T aa9d67c3b633410280b27eec15c9a40a P a9f80e958eab49e7bde32c2c69c2b1e7 [term 1 FOLLOWER]: Starting leader election with config: opid_index: -1 OBSOLETE_local: false peers { permanent_uuid: "ccb82db722a84620968d36b643561cb2" member_type: VOTER last_known_addr { host: "127.20.8.129" port: 44639 } } peers { permanent_uuid: "a9f80e958eab49e7bde32c2c69c2b1e7" member_type: VOTER last_known_addr { host: "127.20.8.130" port: 46769 } } peers { permanent_uuid: "f10d6145b2dd49b68f416f1b5c9629bc" member_type: VOTER last_known_addr { host: "127.20.8.131" port: 45245 } }
I20260608 09:53:35.293516 25037 tablet_service.cc:1917] Received RequestConsensusVote() RPC: tablet_id: "aa9d67c3b633410280b27eec15c9a40a" candidate_uuid: "a9f80e958eab49e7bde32c2c69c2b1e7" candidate_term: 1 candidate_status { last_received { term: 0 index: 0 } } ignore_live_leader: false dest_uuid: "ccb82db722a84620968d36b643561cb2"
I20260608 09:53:35.293960 25113 tablet_service.cc:1917] Received RequestConsensusVote() RPC: tablet_id: "3fb2ddafcc7f4375a42714db8b965ab2" candidate_uuid: "ccb82db722a84620968d36b643561cb2" candidate_term: 1 candidate_status { last_received { term: 0 index: 0 } } ignore_live_leader: false dest_uuid: "a9f80e958eab49e7bde32c2c69c2b1e7"
I20260608 09:53:35.294170 25037 raft_consensus.cc:3060] T aa9d67c3b633410280b27eec15c9a40a P ccb82db722a84620968d36b643561cb2 [term 0 FOLLOWER]: Advancing to term 1
I20260608 09:53:35.294508 25255 leader_election.cc:290] T aa9d67c3b633410280b27eec15c9a40a P a9f80e958eab49e7bde32c2c69c2b1e7 [CANDIDATE]: Term 1 election: Requested vote from peers ccb82db722a84620968d36b643561cb2 (127.20.8.129:44639), f10d6145b2dd49b68f416f1b5c9629bc (127.20.8.131:45245)
I20260608 09:53:35.295233 25239 raft_consensus.cc:515] T 3fb2ddafcc7f4375a42714db8b965ab2 P a9f80e958eab49e7bde32c2c69c2b1e7 [term 1 FOLLOWER]: Starting leader election with config: opid_index: -1 OBSOLETE_local: false peers { permanent_uuid: "ccb82db722a84620968d36b643561cb2" member_type: VOTER last_known_addr { host: "127.20.8.129" port: 44639 } } peers { permanent_uuid: "a9f80e958eab49e7bde32c2c69c2b1e7" member_type: VOTER last_known_addr { host: "127.20.8.130" port: 46769 } } peers { permanent_uuid: "f10d6145b2dd49b68f416f1b5c9629bc" member_type: VOTER last_known_addr { host: "127.20.8.131" port: 45245 } }
I20260608 09:53:35.296559 25112 raft_consensus.cc:2393] T 3fb2ddafcc7f4375a42714db8b965ab2 P a9f80e958eab49e7bde32c2c69c2b1e7 [term 1 FOLLOWER]: Leader pre-election vote request: Denying vote to candidate f10d6145b2dd49b68f416f1b5c9629bc in current term 1: Already voted for candidate a9f80e958eab49e7bde32c2c69c2b1e7 in this term.
I20260608 09:53:35.300096 25038 tablet_service.cc:1917] Received RequestConsensusVote() RPC: tablet_id: "3fb2ddafcc7f4375a42714db8b965ab2" candidate_uuid: "a9f80e958eab49e7bde32c2c69c2b1e7" candidate_term: 1 candidate_status { last_received { term: 0 index: 0 } } ignore_live_leader: false dest_uuid: "ccb82db722a84620968d36b643561cb2"
I20260608 09:53:35.301048 25260 raft_consensus.cc:493] T 0ff4a05428c64e95a754489bf81b9f60 P f10d6145b2dd49b68f416f1b5c9629bc [term 0 FOLLOWER]: Starting pre-election (no leader contacted us within the election timeout)
