I20260608 09:53:00.024396 32172 raft_consensus.cc:359] T 8c5c1b560635419d9ec14077cb7842ed P 58293ef22427426b92678d52e69f1fb2 [term 0 FOLLOWER]: Replica starting. Triggering 0 pending ops. Active config: opid_index: -1 OBSOLETE_local: false peers { permanent_uuid: "dbe74006e913486183f1cbc58d0fcb7e" member_type: VOTER last_known_addr { host: "127.28.75.68" port: 42347 } } peers { permanent_uuid: "ca92938b2c9d4cdf95f30c4b301ee697" member_type: VOTER last_known_addr { host: "127.28.75.65" port: 36293 } } peers { permanent_uuid: "58293ef22427426b92678d52e69f1fb2" member_type: VOTER last_known_addr { host: "127.28.75.66" port: 45647 } }
I20260608 09:53:00.025157 32172 raft_consensus.cc:385] T 8c5c1b560635419d9ec14077cb7842ed P 58293ef22427426b92678d52e69f1fb2 [term 0 FOLLOWER]: Consensus starting up: Expiring failure detector timer to make a prompt election more likely
I20260608 09:53:00.025362 32259 data_dirs.cc:400] Could only allocate 1 dirs of requested 3 for tablet 8c5c1b560635419d9ec14077cb7842ed. 1 dirs total, 0 dirs full, 0 dirs failed
I20260608 09:53:00.025503 32172 raft_consensus.cc:740] T 8c5c1b560635419d9ec14077cb7842ed P 58293ef22427426b92678d52e69f1fb2 [term 0 FOLLOWER]: Becoming Follower/Learner. State: Replica: 58293ef22427426b92678d52e69f1fb2, State: Initialized, Role: FOLLOWER
I20260608 09:53:00.019310 32170 raft_consensus.cc:359] T a7514556acec4606b1f1db199b5125ed P 47d883f9e7d64df69d5121080fd3d57b [term 0 FOLLOWER]: Replica starting. Triggering 0 pending ops. Active config: opid_index: -1 OBSOLETE_local: false peers { permanent_uuid: "47d883f9e7d64df69d5121080fd3d57b" member_type: VOTER last_known_addr { host: "127.28.75.67" port: 39223 } } peers { permanent_uuid: "ca92938b2c9d4cdf95f30c4b301ee697" member_type: VOTER last_known_addr { host: "127.28.75.65" port: 36293 } } peers { permanent_uuid: "dbe74006e913486183f1cbc58d0fcb7e" member_type: VOTER last_known_addr { host: "127.28.75.68" port: 42347 } }
I20260608 09:53:00.026908 32170 raft_consensus.cc:385] T a7514556acec4606b1f1db199b5125ed P 47d883f9e7d64df69d5121080fd3d57b [term 0 FOLLOWER]: Consensus starting up: Expiring failure detector timer to make a prompt election more likely
I20260608 09:53:00.027220 32170 raft_consensus.cc:740] T a7514556acec4606b1f1db199b5125ed P 47d883f9e7d64df69d5121080fd3d57b [term 0 FOLLOWER]: Becoming Follower/Learner. State: Replica: 47d883f9e7d64df69d5121080fd3d57b, State: Initialized, Role: FOLLOWER
I20260608 09:53:00.026999 32168 raft_consensus.cc:359] T 8c5c1b560635419d9ec14077cb7842ed P ca92938b2c9d4cdf95f30c4b301ee697 [term 0 FOLLOWER]: Replica starting. Triggering 0 pending ops. Active config: opid_index: -1 OBSOLETE_local: false peers { permanent_uuid: "dbe74006e913486183f1cbc58d0fcb7e" member_type: VOTER last_known_addr { host: "127.28.75.68" port: 42347 } } peers { permanent_uuid: "ca92938b2c9d4cdf95f30c4b301ee697" member_type: VOTER last_known_addr { host: "127.28.75.65" port: 36293 } } peers { permanent_uuid: "58293ef22427426b92678d52e69f1fb2" member_type: VOTER last_known_addr { host: "127.28.75.66" port: 45647 } }
I20260608 09:53:00.027647 32168 raft_consensus.cc:385] T 8c5c1b560635419d9ec14077cb7842ed P ca92938b2c9d4cdf95f30c4b301ee697 [term 0 FOLLOWER]: Consensus starting up: Expiring failure detector timer to make a prompt election more likely
I20260608 09:53:00.027932 32168 raft_consensus.cc:740] T 8c5c1b560635419d9ec14077cb7842ed P ca92938b2c9d4cdf95f30c4b301ee697 [term 0 FOLLOWER]: Becoming Follower/Learner. State: Replica: ca92938b2c9d4cdf95f30c4b301ee697, State: Initialized, Role: FOLLOWER
I20260608 09:53:00.028039 32170 consensus_queue.cc:260] T a7514556acec4606b1f1db199b5125ed P 47d883f9e7d64df69d5121080fd3d57b [NON_LEADER]: Queue going to NON_LEADER mode. State: All replicated index: 0, Majority replicated index: 0, Committed index: 0, Last appended: 0.0, Last appended by leader: 0, Current term: 0, Majority size: -1, State: 0, Mode: NON_LEADER, active raft config: opid_index: -1 OBSOLETE_local: false peers { permanent_uuid: "47d883f9e7d64df69d5121080fd3d57b" member_type: VOTER last_known_addr { host: "127.28.75.67" port: 39223 } } peers { permanent_uuid: "ca92938b2c9d4cdf95f30c4b301ee697" member_type: VOTER last_known_addr { host: "127.28.75.65" port: 36293 } } peers { permanent_uuid: "dbe74006e913486183f1cbc58d0fcb7e" member_type: VOTER last_known_addr { host: "127.28.75.68" port: 42347 } }
I20260608 09:53:00.029160 32172 consensus_queue.cc:260] T 8c5c1b560635419d9ec14077cb7842ed P 58293ef22427426b92678d52e69f1fb2 [NON_LEADER]: Queue going to NON_LEADER mode. State: All replicated index: 0, Majority replicated index: 0, Committed index: 0, Last appended: 0.0, Last appended by leader: 0, Current term: 0, Majority size: -1, State: 0, Mode: NON_LEADER, active raft config: opid_index: -1 OBSOLETE_local: false peers { permanent_uuid: "dbe74006e913486183f1cbc58d0fcb7e" member_type: VOTER last_known_addr { host: "127.28.75.68" port: 42347 } } peers { permanent_uuid: "ca92938b2c9d4cdf95f30c4b301ee697" member_type: VOTER last_known_addr { host: "127.28.75.65" port: 36293 } } peers { permanent_uuid: "58293ef22427426b92678d52e69f1fb2" member_type: VOTER last_known_addr { host: "127.28.75.66" port: 45647 } }
I20260608 09:53:00.030778 32258 tablet_service.cc:1511] Processing CreateTablet for tablet a7514556acec4606b1f1db199b5125ed (DEFAULT_TABLE table=range_aware_rebalance_new_range [id=e469ea5612b74506a1f017a10087b611]), partition=HASH (key) PARTITION 1, RANGE (key) PARTITION 10 <= VALUES < 20
I20260608 09:53:00.040042 31957 tablet_service.cc:1511] Processing CreateTablet for tablet f7eea5a8d5cb4acdbbe69ff10f081ec0 (DEFAULT_TABLE table=range_aware_rebalance_new_range [id=e469ea5612b74506a1f017a10087b611]), partition=HASH (key) PARTITION 3, RANGE (key) PARTITION 10 <= VALUES < 20
I20260608 09:53:00.040874 32258 data_dirs.cc:400] Could only allocate 1 dirs of requested 3 for tablet a7514556acec4606b1f1db199b5125ed. 1 dirs total, 0 dirs full, 0 dirs failed
I20260608 09:53:00.041392 31957 data_dirs.cc:400] Could only allocate 1 dirs of requested 3 for tablet f7eea5a8d5cb4acdbbe69ff10f081ec0. 1 dirs total, 0 dirs full, 0 dirs failed
I20260608 09:53:00.042141 32034 tablet_service.cc:1511] Processing CreateTablet for tablet f7eea5a8d5cb4acdbbe69ff10f081ec0 (DEFAULT_TABLE table=range_aware_rebalance_new_range [id=e469ea5612b74506a1f017a10087b611]), partition=HASH (key) PARTITION 3, RANGE (key) PARTITION 10 <= VALUES < 20
I20260608 09:53:00.043481 32034 data_dirs.cc:400] Could only allocate 1 dirs of requested 3 for tablet f7eea5a8d5cb4acdbbe69ff10f081ec0. 1 dirs total, 0 dirs full, 0 dirs failed
I20260608 09:53:00.032683 32257 tablet_service.cc:1511] Processing CreateTablet for tablet 47dcbb9a124442a1a429d38fedccf188 (DEFAULT_TABLE table=range_aware_rebalance_new_range [id=e469ea5612b74506a1f017a10087b611]), partition=HASH (key) PARTITION 2, RANGE (key) PARTITION 10 <= VALUES < 20
I20260608 09:53:00.045465 32257 data_dirs.cc:400] Could only allocate 1 dirs of requested 3 for tablet 47dcbb9a124442a1a429d38fedccf188. 1 dirs total, 0 dirs full, 0 dirs failed
I20260608 09:53:00.033095 32168 consensus_queue.cc:260] T 8c5c1b560635419d9ec14077cb7842ed P ca92938b2c9d4cdf95f30c4b301ee697 [NON_LEADER]: Queue going to NON_LEADER mode. State: All replicated index: 0, Majority replicated index: 0, Committed index: 0, Last appended: 0.0, Last appended by leader: 0, Current term: 0, Majority size: -1, State: 0, Mode: NON_LEADER, active raft config: opid_index: -1 OBSOLETE_local: false peers { permanent_uuid: "dbe74006e913486183f1cbc58d0fcb7e" member_type: VOTER last_known_addr { host: "127.28.75.68" port: 42347 } } peers { permanent_uuid: "ca92938b2c9d4cdf95f30c4b301ee697" member_type: VOTER last_known_addr { host: "127.28.75.65" port: 36293 } } peers { permanent_uuid: "58293ef22427426b92678d52e69f1fb2" member_type: VOTER last_known_addr { host: "127.28.75.66" port: 45647 } }
I20260608 09:53:00.035931 32256 tablet_service.cc:1511] Processing CreateTablet for tablet f7eea5a8d5cb4acdbbe69ff10f081ec0 (DEFAULT_TABLE table=range_aware_rebalance_new_range [id=e469ea5612b74506a1f017a10087b611]), partition=HASH (key) PARTITION 3, RANGE (key) PARTITION 10 <= VALUES < 20
I20260608 09:53:00.050355 32256 data_dirs.cc:400] Could only allocate 1 dirs of requested 3 for tablet f7eea5a8d5cb4acdbbe69ff10f081ec0. 1 dirs total, 0 dirs full, 0 dirs failed
I20260608 09:53:00.053262 32255 tablet_service.cc:1511] Processing CreateTablet for tablet b91ccd4adc844f6981421532c8a6d170 (DEFAULT_TABLE table=range_aware_rebalance_new_range [id=e469ea5612b74506a1f017a10087b611]), partition=HASH (key) PARTITION 4, RANGE (key) PARTITION 10 <= VALUES < 20
I20260608 09:53:00.054837 32255 data_dirs.cc:400] Could only allocate 1 dirs of requested 3 for tablet b91ccd4adc844f6981421532c8a6d170. 1 dirs total, 0 dirs full, 0 dirs failed
I20260608 09:53:00.056391 31959 tablet_service.cc:1511] Processing CreateTablet for tablet b91ccd4adc844f6981421532c8a6d170 (DEFAULT_TABLE table=range_aware_rebalance_new_range [id=e469ea5612b74506a1f017a10087b611]), partition=HASH (key) PARTITION 4, RANGE (key) PARTITION 10 <= VALUES < 20
I20260608 09:53:00.057579 32192 raft_consensus.cc:493] T 8c5c1b560635419d9ec14077cb7842ed P ca92938b2c9d4cdf95f30c4b301ee697 [term 0 FOLLOWER]: Starting pre-election (no leader contacted us within the election timeout)
I20260608 09:53:00.058038 32192 raft_consensus.cc:515] T 8c5c1b560635419d9ec14077cb7842ed P ca92938b2c9d4cdf95f30c4b301ee697 [term 0 FOLLOWER]: Starting pre-election with config: opid_index: -1 OBSOLETE_local: false peers { permanent_uuid: "dbe74006e913486183f1cbc58d0fcb7e" member_type: VOTER last_known_addr { host: "127.28.75.68" port: 42347 } } peers { permanent_uuid: "ca92938b2c9d4cdf95f30c4b301ee697" member_type: VOTER last_known_addr { host: "127.28.75.65" port: 36293 } } peers { permanent_uuid: "58293ef22427426b92678d52e69f1fb2" member_type: VOTER last_known_addr { host: "127.28.75.66" port: 45647 } }
I20260608 09:53:00.058825 31959 data_dirs.cc:400] Could only allocate 1 dirs of requested 3 for tablet b91ccd4adc844f6981421532c8a6d170. 1 dirs total, 0 dirs full, 0 dirs failed
I20260608 09:53:00.060775 32106 tablet_service.cc:1511] Processing CreateTablet for tablet b91ccd4adc844f6981421532c8a6d170 (DEFAULT_TABLE table=range_aware_rebalance_new_range [id=e469ea5612b74506a1f017a10087b611]), partition=HASH (key) PARTITION 4, RANGE (key) PARTITION 10 <= VALUES < 20
I20260608 09:53:00.062114 32106 data_dirs.cc:400] Could only allocate 1 dirs of requested 3 for tablet b91ccd4adc844f6981421532c8a6d170. 1 dirs total, 0 dirs full, 0 dirs failed
I20260608 09:53:00.068972 32192 leader_election.cc:290] T 8c5c1b560635419d9ec14077cb7842ed P ca92938b2c9d4cdf95f30c4b301ee697 [CANDIDATE]: Term 1 pre-election: Requested pre-vote from peers dbe74006e913486183f1cbc58d0fcb7e (127.28.75.68:42347), 58293ef22427426b92678d52e69f1fb2 (127.28.75.66:45647)
I20260608 09:53:00.084072 32168 ts_tablet_manager.cc:1434] T 8c5c1b560635419d9ec14077cb7842ed P ca92938b2c9d4cdf95f30c4b301ee697: Time spent starting tablet: real 0.076s	user 0.008s	sys 0.000s
I20260608 09:53:00.085726 32255 tablet_service.cc:1511] Processing CreateTablet for tablet 075ac3128b2c4ae49227c7ccf8ac219a (DEFAULT_TABLE table=range_aware_rebalance_new_range [id=e469ea5612b74506a1f017a10087b611]), partition=HASH (key) PARTITION 5, RANGE (key) PARTITION 10 <= VALUES < 20
I20260608 09:53:00.086556 32168 tablet_bootstrap.cc:492] T a7514556acec4606b1f1db199b5125ed P ca92938b2c9d4cdf95f30c4b301ee697: Bootstrap starting.
I20260608 09:53:00.087272 32255 data_dirs.cc:400] Could only allocate 1 dirs of requested 3 for tablet 075ac3128b2c4ae49227c7ccf8ac219a. 1 dirs total, 0 dirs full, 0 dirs failed
I20260608 09:53:00.094734 32038 tablet_service.cc:1511] Processing CreateTablet for tablet 075ac3128b2c4ae49227c7ccf8ac219a (DEFAULT_TABLE table=range_aware_rebalance_new_range [id=e469ea5612b74506a1f017a10087b611]), partition=HASH (key) PARTITION 5, RANGE (key) PARTITION 10 <= VALUES < 20
I20260608 09:53:00.096115 32172 ts_tablet_manager.cc:1434] T 8c5c1b560635419d9ec14077cb7842ed P 58293ef22427426b92678d52e69f1fb2: Time spent starting tablet: real 0.074s	user 0.006s	sys 0.000s
I20260608 09:53:00.097210 32172 tablet_bootstrap.cc:492] T 47dcbb9a124442a1a429d38fedccf188 P 58293ef22427426b92678d52e69f1fb2: Bootstrap starting.
I20260608 09:53:00.096182 32038 data_dirs.cc:400] Could only allocate 1 dirs of requested 3 for tablet 075ac3128b2c4ae49227c7ccf8ac219a. 1 dirs total, 0 dirs full, 0 dirs failed
I20260608 09:53:00.106977 32254 tablet_service.cc:1511] Processing CreateTablet for tablet 0a84701d5c674609a22672b346a87417 (DEFAULT_TABLE table=range_aware_rebalance_new_range [id=e469ea5612b74506a1f017a10087b611]), partition=HASH (key) PARTITION 6, RANGE (key) PARTITION 10 <= VALUES < 20
I20260608 09:53:00.108824 32254 data_dirs.cc:400] Could only allocate 1 dirs of requested 3 for tablet 0a84701d5c674609a22672b346a87417. 1 dirs total, 0 dirs full, 0 dirs failed
I20260608 09:53:00.111532 31957 tablet_service.cc:1511] Processing CreateTablet for tablet 0a84701d5c674609a22672b346a87417 (DEFAULT_TABLE table=range_aware_rebalance_new_range [id=e469ea5612b74506a1f017a10087b611]), partition=HASH (key) PARTITION 6, RANGE (key) PARTITION 10 <= VALUES < 20
I20260608 09:53:00.113205 31957 data_dirs.cc:400] Could only allocate 1 dirs of requested 3 for tablet 0a84701d5c674609a22672b346a87417. 1 dirs total, 0 dirs full, 0 dirs failed
I20260608 09:53:00.114787 32172 tablet_bootstrap.cc:654] T 47dcbb9a124442a1a429d38fedccf188 P 58293ef22427426b92678d52e69f1fb2: Neither blocks nor log segments found. Creating new log.
I20260608 09:53:00.099810 32106 tablet_service.cc:1511] Processing CreateTablet for tablet 075ac3128b2c4ae49227c7ccf8ac219a (DEFAULT_TABLE table=range_aware_rebalance_new_range [id=e469ea5612b74506a1f017a10087b611]), partition=HASH (key) PARTITION 5, RANGE (key) PARTITION 10 <= VALUES < 20
I20260608 09:53:00.100512 32168 tablet_bootstrap.cc:654] T a7514556acec4606b1f1db199b5125ed P ca92938b2c9d4cdf95f30c4b301ee697: Neither blocks nor log segments found. Creating new log.
I20260608 09:53:00.039654 32170 ts_tablet_manager.cc:1434] T a7514556acec4606b1f1db199b5125ed P 47d883f9e7d64df69d5121080fd3d57b: Time spent starting tablet: real 0.030s	user 0.006s	sys 0.001s
I20260608 09:53:00.122140 32170 tablet_bootstrap.cc:492] T 47dcbb9a124442a1a429d38fedccf188 P 47d883f9e7d64df69d5121080fd3d57b: Bootstrap starting.
I20260608 09:53:00.118239 32106 data_dirs.cc:400] Could only allocate 1 dirs of requested 3 for tablet 075ac3128b2c4ae49227c7ccf8ac219a. 1 dirs total, 0 dirs full, 0 dirs failed
I20260608 09:53:00.140556 32033 tablet_service.cc:1511] Processing CreateTablet for tablet 0a84701d5c674609a22672b346a87417 (DEFAULT_TABLE table=range_aware_rebalance_new_range [id=e469ea5612b74506a1f017a10087b611]), partition=HASH (key) PARTITION 6, RANGE (key) PARTITION 10 <= VALUES < 20
I20260608 09:53:00.142095 32033 data_dirs.cc:400] Could only allocate 1 dirs of requested 3 for tablet 0a84701d5c674609a22672b346a87417. 1 dirs total, 0 dirs full, 0 dirs failed
I20260608 09:53:00.145792 32192 consensus_queue.cc:1048] T 86de2d216b5f4247af60f4a2bd053223 P ca92938b2c9d4cdf95f30c4b301ee697 [LEADER]: Connected to new peer: Peer: permanent_uuid: "47d883f9e7d64df69d5121080fd3d57b" member_type: VOTER last_known_addr { host: "127.28.75.67" port: 39223 }, Status: LMP_MISMATCH, Last received: 0.0, Next index: 1, Last known committed idx: 0, Time since last communication: 0.000s
I20260608 09:53:00.155436 32255 tablet_service.cc:1511] Processing CreateTablet for tablet 59ad679ca84048e88ed4fb2a75b8e955 (DEFAULT_TABLE table=range_aware_rebalance_new_range [id=e469ea5612b74506a1f017a10087b611]), partition=HASH (key) PARTITION 7, RANGE (key) PARTITION 10 <= VALUES < 20
I20260608 09:53:00.156585 32310 tablet_bootstrap.cc:492] T 8c5c1b560635419d9ec14077cb7842ed P dbe74006e913486183f1cbc58d0fcb7e: Bootstrap starting.
I20260608 09:53:00.156953 32255 data_dirs.cc:400] Could only allocate 1 dirs of requested 3 for tablet 59ad679ca84048e88ed4fb2a75b8e955. 1 dirs total, 0 dirs full, 0 dirs failed
I20260608 09:53:00.158695 32215 consensus_queue.cc:1048] T 0d4f32a611ee466289ef726dd0f02503 P 47d883f9e7d64df69d5121080fd3d57b [LEADER]: Connected to new peer: Peer: permanent_uuid: "ca92938b2c9d4cdf95f30c4b301ee697" member_type: VOTER last_known_addr { host: "127.28.75.65" port: 36293 }, Status: LMP_MISMATCH, Last received: 0.0, Next index: 1, Last known committed idx: 0, Time since last communication: 0.000s
I20260608 09:53:00.159231 32109 tablet_service.cc:1511] Processing CreateTablet for tablet 59ad679ca84048e88ed4fb2a75b8e955 (DEFAULT_TABLE table=range_aware_rebalance_new_range [id=e469ea5612b74506a1f017a10087b611]), partition=HASH (key) PARTITION 7, RANGE (key) PARTITION 10 <= VALUES < 20
I20260608 09:53:00.160710 32109 data_dirs.cc:400] Could only allocate 1 dirs of requested 3 for tablet 59ad679ca84048e88ed4fb2a75b8e955. 1 dirs total, 0 dirs full, 0 dirs failed
I20260608 09:53:00.162885 32048 tablet_service.cc:1917] Received RequestConsensusVote() RPC: tablet_id: "8c5c1b560635419d9ec14077cb7842ed" candidate_uuid: "ca92938b2c9d4cdf95f30c4b301ee697" candidate_term: 1 candidate_status { last_received { term: 0 index: 0 } } ignore_live_leader: false dest_uuid: "58293ef22427426b92678d52e69f1fb2" is_pre_election: true
I20260608 09:53:00.163542 32048 raft_consensus.cc:2468] T 8c5c1b560635419d9ec14077cb7842ed P 58293ef22427426b92678d52e69f1fb2 [term 0 FOLLOWER]: Leader pre-election vote request: Granting yes vote for candidate ca92938b2c9d4cdf95f30c4b301ee697 in term 0.
I20260608 09:53:00.169516 31938 leader_election.cc:304] T 8c5c1b560635419d9ec14077cb7842ed P ca92938b2c9d4cdf95f30c4b301ee697 [CANDIDATE]: Term 1 pre-election: Election decided. Result: candidate won. Election summary: received 2 responses out of 3 voters: 2 yes votes; 0 no votes. yes voters: 58293ef22427426b92678d52e69f1fb2, ca92938b2c9d4cdf95f30c4b301ee697; no voters: 
I20260608 09:53:00.170442 32174 raft_consensus.cc:2804] T 8c5c1b560635419d9ec14077cb7842ed P ca92938b2c9d4cdf95f30c4b301ee697 [term 0 FOLLOWER]: Leader pre-election won for term 1
I20260608 09:53:00.170835 32174 raft_consensus.cc:493] T 8c5c1b560635419d9ec14077cb7842ed P ca92938b2c9d4cdf95f30c4b301ee697 [term 0 FOLLOWER]: Starting leader election (no leader contacted us within the election timeout)
I20260608 09:53:00.171165 32174 raft_consensus.cc:3060] T 8c5c1b560635419d9ec14077cb7842ed P ca92938b2c9d4cdf95f30c4b301ee697 [term 0 FOLLOWER]: Advancing to term 1
I20260608 09:53:00.174422 31959 tablet_service.cc:1511] Processing CreateTablet for tablet 59ad679ca84048e88ed4fb2a75b8e955 (DEFAULT_TABLE table=range_aware_rebalance_new_range [id=e469ea5612b74506a1f017a10087b611]), partition=HASH (key) PARTITION 7, RANGE (key) PARTITION 10 <= VALUES < 20
I20260608 09:53:00.175872 31959 data_dirs.cc:400] Could only allocate 1 dirs of requested 3 for tablet 59ad679ca84048e88ed4fb2a75b8e955. 1 dirs total, 0 dirs full, 0 dirs failed
I20260608 09:53:00.175460 32170 tablet_bootstrap.cc:654] T 47dcbb9a124442a1a429d38fedccf188 P 47d883f9e7d64df69d5121080fd3d57b: Neither blocks nor log segments found. Creating new log.
I20260608 09:53:00.186113 32174 raft_consensus.cc:515] T 8c5c1b560635419d9ec14077cb7842ed P ca92938b2c9d4cdf95f30c4b301ee697 [term 1 FOLLOWER]: Starting leader election with config: opid_index: -1 OBSOLETE_local: false peers { permanent_uuid: "dbe74006e913486183f1cbc58d0fcb7e" member_type: VOTER last_known_addr { host: "127.28.75.68" port: 42347 } } peers { permanent_uuid: "ca92938b2c9d4cdf95f30c4b301ee697" member_type: VOTER last_known_addr { host: "127.28.75.65" port: 36293 } } peers { permanent_uuid: "58293ef22427426b92678d52e69f1fb2" member_type: VOTER last_known_addr { host: "127.28.75.66" port: 45647 } }
I20260608 09:53:00.188009 32215 consensus_queue.cc:1048] T 0d4f32a611ee466289ef726dd0f02503 P 47d883f9e7d64df69d5121080fd3d57b [LEADER]: Connected to new peer: Peer: permanent_uuid: "58293ef22427426b92678d52e69f1fb2" member_type: VOTER last_known_addr { host: "127.28.75.66" port: 45647 }, Status: LMP_MISMATCH, Last received: 0.0, Next index: 1, Last known committed idx: 0, Time since last communication: 0.000s
I20260608 09:53:00.188918 32192 consensus_queue.cc:1048] T 079f53f2656f4cf5bcbecf48b2d8fcde P ca92938b2c9d4cdf95f30c4b301ee697 [LEADER]: Connected to new peer: Peer: permanent_uuid: "47d883f9e7d64df69d5121080fd3d57b" member_type: VOTER last_known_addr { host: "127.28.75.67" port: 39223 }, Status: LMP_MISMATCH, Last received: 0.0, Next index: 1, Last known committed idx: 0, Time since last communication: 0.000s
I20260608 09:53:00.189102 32176 consensus_queue.cc:1048] T 8bf37220ca6c45b8a2b318da927b1fdc P 58293ef22427426b92678d52e69f1fb2 [LEADER]: Connected to new peer: Peer: permanent_uuid: "47d883f9e7d64df69d5121080fd3d57b" member_type: VOTER last_known_addr { host: "127.28.75.67" port: 39223 }, Status: LMP_MISMATCH, Last received: 0.0, Next index: 1, Last known committed idx: 0, Time since last communication: 0.000s
I20260608 09:53:00.196373 32168 tablet_bootstrap.cc:492] T a7514556acec4606b1f1db199b5125ed P ca92938b2c9d4cdf95f30c4b301ee697: No bootstrap required, opened a new log
I20260608 09:53:00.196925 32168 ts_tablet_manager.cc:1403] T a7514556acec4606b1f1db199b5125ed P ca92938b2c9d4cdf95f30c4b301ee697: Time spent bootstrapping tablet: real 0.111s	user 0.008s	sys 0.005s
I20260608 09:53:00.200596 32210 raft_consensus.cc:493] T a7514556acec4606b1f1db199b5125ed P 47d883f9e7d64df69d5121080fd3d57b [term 0 FOLLOWER]: Starting pre-election (no leader contacted us within the election timeout)
I20260608 09:53:00.201095 32210 raft_consensus.cc:515] T a7514556acec4606b1f1db199b5125ed P 47d883f9e7d64df69d5121080fd3d57b [term 0 FOLLOWER]: Starting pre-election with config: opid_index: -1 OBSOLETE_local: false peers { permanent_uuid: "47d883f9e7d64df69d5121080fd3d57b" member_type: VOTER last_known_addr { host: "127.28.75.67" port: 39223 } } peers { permanent_uuid: "ca92938b2c9d4cdf95f30c4b301ee697" member_type: VOTER last_known_addr { host: "127.28.75.65" port: 36293 } } peers { permanent_uuid: "dbe74006e913486183f1cbc58d0fcb7e" member_type: VOTER last_known_addr { host: "127.28.75.68" port: 42347 } }
I20260608 09:53:00.201727 32176 consensus_queue.cc:1048] T 8bf37220ca6c45b8a2b318da927b1fdc P 58293ef22427426b92678d52e69f1fb2 [LEADER]: Connected to new peer: Peer: permanent_uuid: "ca92938b2c9d4cdf95f30c4b301ee697" member_type: VOTER last_known_addr { host: "127.28.75.65" port: 36293 }, Status: LMP_MISMATCH, Last received: 0.0, Next index: 1, Last known committed idx: 0, Time since last communication: 0.001s
I20260608 09:53:00.210584 32172 tablet_bootstrap.cc:492] T 47dcbb9a124442a1a429d38fedccf188 P 58293ef22427426b92678d52e69f1fb2: No bootstrap required, opened a new log
I20260608 09:53:00.211179 32172 ts_tablet_manager.cc:1403] T 47dcbb9a124442a1a429d38fedccf188 P 58293ef22427426b92678d52e69f1fb2: Time spent bootstrapping tablet: real 0.114s	user 0.018s	sys 0.002s
I20260608 09:53:00.236303 32168 raft_consensus.cc:359] T a7514556acec4606b1f1db199b5125ed P ca92938b2c9d4cdf95f30c4b301ee697 [term 0 FOLLOWER]: Replica starting. Triggering 0 pending ops. Active config: opid_index: -1 OBSOLETE_local: false peers { permanent_uuid: "47d883f9e7d64df69d5121080fd3d57b" member_type: VOTER last_known_addr { host: "127.28.75.67" port: 39223 } } peers { permanent_uuid: "ca92938b2c9d4cdf95f30c4b301ee697" member_type: VOTER last_known_addr { host: "127.28.75.65" port: 36293 } } peers { permanent_uuid: "dbe74006e913486183f1cbc58d0fcb7e" member_type: VOTER last_known_addr { host: "127.28.75.68" port: 42347 } }
I20260608 09:53:00.236856 32168 raft_consensus.cc:385] T a7514556acec4606b1f1db199b5125ed P ca92938b2c9d4cdf95f30c4b301ee697 [term 0 FOLLOWER]: Consensus starting up: Expiring failure detector timer to make a prompt election more likely
I20260608 09:53:00.237152 32168 raft_consensus.cc:740] T a7514556acec4606b1f1db199b5125ed P ca92938b2c9d4cdf95f30c4b301ee697 [term 0 FOLLOWER]: Becoming Follower/Learner. State: Replica: ca92938b2c9d4cdf95f30c4b301ee697, State: Initialized, Role: FOLLOWER
I20260608 09:53:00.237834 32168 consensus_queue.cc:260] T a7514556acec4606b1f1db199b5125ed P ca92938b2c9d4cdf95f30c4b301ee697 [NON_LEADER]: Queue going to NON_LEADER mode. State: All replicated index: 0, Majority replicated index: 0, Committed index: 0, Last appended: 0.0, Last appended by leader: 0, Current term: 0, Majority size: -1, State: 0, Mode: NON_LEADER, active raft config: opid_index: -1 OBSOLETE_local: false peers { permanent_uuid: "47d883f9e7d64df69d5121080fd3d57b" member_type: VOTER last_known_addr { host: "127.28.75.67" port: 39223 } } peers { permanent_uuid: "ca92938b2c9d4cdf95f30c4b301ee697" member_type: VOTER last_known_addr { host: "127.28.75.65" port: 36293 } } peers { permanent_uuid: "dbe74006e913486183f1cbc58d0fcb7e" member_type: VOTER last_known_addr { host: "127.28.75.68" port: 42347 } }
I20260608 09:53:00.239296 32172 raft_consensus.cc:359] T 47dcbb9a124442a1a429d38fedccf188 P 58293ef22427426b92678d52e69f1fb2 [term 0 FOLLOWER]: Replica starting. Triggering 0 pending ops. Active config: opid_index: -1 OBSOLETE_local: false peers { permanent_uuid: "dbe74006e913486183f1cbc58d0fcb7e" member_type: VOTER last_known_addr { host: "127.28.75.68" port: 42347 } } peers { permanent_uuid: "58293ef22427426b92678d52e69f1fb2" member_type: VOTER last_known_addr { host: "127.28.75.66" port: 45647 } } peers { permanent_uuid: "47d883f9e7d64df69d5121080fd3d57b" member_type: VOTER last_known_addr { host: "127.28.75.67" port: 39223 } }
I20260608 09:53:00.239892 32168 ts_tablet_manager.cc:1434] T a7514556acec4606b1f1db199b5125ed P ca92938b2c9d4cdf95f30c4b301ee697: Time spent starting tablet: real 0.043s	user 0.006s	sys 0.007s
I20260608 09:53:00.239955 32172 raft_consensus.cc:385] T 47dcbb9a124442a1a429d38fedccf188 P 58293ef22427426b92678d52e69f1fb2 [term 0 FOLLOWER]: Consensus starting up: Expiring failure detector timer to make a prompt election more likely
I20260608 09:53:00.240331 32172 raft_consensus.cc:740] T 47dcbb9a124442a1a429d38fedccf188 P 58293ef22427426b92678d52e69f1fb2 [term 0 FOLLOWER]: Becoming Follower/Learner. State: Replica: 58293ef22427426b92678d52e69f1fb2, State: Initialized, Role: FOLLOWER
I20260608 09:53:00.240926 32168 tablet_bootstrap.cc:492] T f7eea5a8d5cb4acdbbe69ff10f081ec0 P ca92938b2c9d4cdf95f30c4b301ee697: Bootstrap starting.
I20260608 09:53:00.257519 32269 tablet_service.cc:1917] Received RequestConsensusVote() RPC: tablet_id: "8c5c1b560635419d9ec14077cb7842ed" candidate_uuid: "ca92938b2c9d4cdf95f30c4b301ee697" candidate_term: 1 candidate_status { last_received { term: 0 index: 0 } } ignore_live_leader: false dest_uuid: "dbe74006e913486183f1cbc58d0fcb7e" is_pre_election: true
I20260608 09:53:00.232590 32210 leader_election.cc:290] T a7514556acec4606b1f1db199b5125ed P 47d883f9e7d64df69d5121080fd3d57b [CANDIDATE]: Term 1 pre-election: Requested pre-vote from peers ca92938b2c9d4cdf95f30c4b301ee697 (127.28.75.65:36293), dbe74006e913486183f1cbc58d0fcb7e (127.28.75.68:42347)
I20260608 09:53:00.282142 32176 consensus_queue.cc:1048] T b2c894617c8148cfbf03d4143fd8b05f P 58293ef22427426b92678d52e69f1fb2 [LEADER]: Connected to new peer: Peer: permanent_uuid: "ca92938b2c9d4cdf95f30c4b301ee697" member_type: VOTER last_known_addr { host: "127.28.75.65" port: 36293 }, Status: LMP_MISMATCH, Last received: 0.0, Next index: 1, Last known committed idx: 0, Time since last communication: 0.000s
I20260608 09:53:00.282379 32174 leader_election.cc:290] T 8c5c1b560635419d9ec14077cb7842ed P ca92938b2c9d4cdf95f30c4b301ee697 [CANDIDATE]: Term 1 election: Requested vote from peers dbe74006e913486183f1cbc58d0fcb7e (127.28.75.68:42347), 58293ef22427426b92678d52e69f1fb2 (127.28.75.66:45647)
I20260608 09:53:00.282444 32172 consensus_queue.cc:260] T 47dcbb9a124442a1a429d38fedccf188 P 58293ef22427426b92678d52e69f1fb2 [NON_LEADER]: Queue going to NON_LEADER mode. State: All replicated index: 0, Majority replicated index: 0, Committed index: 0, Last appended: 0.0, Last appended by leader: 0, Current term: 0, Majority size: -1, State: 0, Mode: NON_LEADER, active raft config: opid_index: -1 OBSOLETE_local: false peers { permanent_uuid: "dbe74006e913486183f1cbc58d0fcb7e" member_type: VOTER last_known_addr { host: "127.28.75.68" port: 42347 } } peers { permanent_uuid: "58293ef22427426b92678d52e69f1fb2" member_type: VOTER last_known_addr { host: "127.28.75.66" port: 45647 } } peers { permanent_uuid: "47d883f9e7d64df69d5121080fd3d57b" member_type: VOTER last_known_addr { host: "127.28.75.67" port: 39223 } }
I20260608 09:53:00.284410 32172 ts_tablet_manager.cc:1434] T 47dcbb9a124442a1a429d38fedccf188 P 58293ef22427426b92678d52e69f1fb2: Time spent starting tablet: real 0.073s	user 0.006s	sys 0.001s
I20260608 09:53:00.285923 32172 tablet_bootstrap.cc:492] T f7eea5a8d5cb4acdbbe69ff10f081ec0 P 58293ef22427426b92678d52e69f1fb2: Bootstrap starting.
I20260608 09:53:00.290200 31974 tablet_service.cc:1917] Received RequestConsensusVote() RPC: tablet_id: "a7514556acec4606b1f1db199b5125ed" candidate_uuid: "47d883f9e7d64df69d5121080fd3d57b" candidate_term: 1 candidate_status { last_received { term: 0 index: 0 } } ignore_live_leader: false dest_uuid: "ca92938b2c9d4cdf95f30c4b301ee697" is_pre_election: true
I20260608 09:53:00.290865 31974 raft_consensus.cc:2468] T a7514556acec4606b1f1db199b5125ed P ca92938b2c9d4cdf95f30c4b301ee697 [term 0 FOLLOWER]: Leader pre-election vote request: Granting yes vote for candidate 47d883f9e7d64df69d5121080fd3d57b in term 0.
I20260608 09:53:00.298794 32170 tablet_bootstrap.cc:492] T 47dcbb9a124442a1a429d38fedccf188 P 47d883f9e7d64df69d5121080fd3d57b: No bootstrap required, opened a new log
I20260608 09:53:00.299223 32170 ts_tablet_manager.cc:1403] T 47dcbb9a124442a1a429d38fedccf188 P 47d883f9e7d64df69d5121080fd3d57b: Time spent bootstrapping tablet: real 0.177s	user 0.022s	sys 0.006s
W20260608 09:53:00.293820 31938 leader_election.cc:343] T 8c5c1b560635419d9ec14077cb7842ed P ca92938b2c9d4cdf95f30c4b301ee697 [CANDIDATE]: Term 1 pre-election: Tablet error from VoteRequest() call to peer dbe74006e913486183f1cbc58d0fcb7e (127.28.75.68:42347): Illegal state: must be running to vote when last-logged opid is not known
I20260608 09:53:00.301517 32269 tablet_service.cc:1917] Received RequestConsensusVote() RPC: tablet_id: "8c5c1b560635419d9ec14077cb7842ed" candidate_uuid: "ca92938b2c9d4cdf95f30c4b301ee697" candidate_term: 1 candidate_status { last_received { term: 0 index: 0 } } ignore_live_leader: false dest_uuid: "dbe74006e913486183f1cbc58d0fcb7e"
I20260608 09:53:00.310444 32086 leader_election.cc:304] T a7514556acec4606b1f1db199b5125ed P 47d883f9e7d64df69d5121080fd3d57b [CANDIDATE]: Term 1 pre-election: Election decided. Result: candidate won. Election summary: received 2 responses out of 3 voters: 2 yes votes; 0 no votes. yes voters: 47d883f9e7d64df69d5121080fd3d57b, ca92938b2c9d4cdf95f30c4b301ee697; no voters: 
I20260608 09:53:00.303726 32310 tablet_bootstrap.cc:654] T 8c5c1b560635419d9ec14077cb7842ed P dbe74006e913486183f1cbc58d0fcb7e: Neither blocks nor log segments found. Creating new log.
I20260608 09:53:00.313897 32173 raft_consensus.cc:2804] T a7514556acec4606b1f1db199b5125ed P 47d883f9e7d64df69d5121080fd3d57b [term 0 FOLLOWER]: Leader pre-election won for term 1
I20260608 09:53:00.317226 32047 tablet_service.cc:1917] Received RequestConsensusVote() RPC: tablet_id: "8c5c1b560635419d9ec14077cb7842ed" candidate_uuid: "ca92938b2c9d4cdf95f30c4b301ee697" candidate_term: 1 candidate_status { last_received { term: 0 index: 0 } } ignore_live_leader: false dest_uuid: "58293ef22427426b92678d52e69f1fb2"
I20260608 09:53:00.317987 32047 raft_consensus.cc:3060] T 8c5c1b560635419d9ec14077cb7842ed P 58293ef22427426b92678d52e69f1fb2 [term 0 FOLLOWER]: Advancing to term 1
I20260608 09:53:00.316463 32173 raft_consensus.cc:493] T a7514556acec4606b1f1db199b5125ed P 47d883f9e7d64df69d5121080fd3d57b [term 0 FOLLOWER]: Starting leader election (no leader contacted us within the election timeout)
I20260608 09:53:00.322702 32173 raft_consensus.cc:3060] T a7514556acec4606b1f1db199b5125ed P 47d883f9e7d64df69d5121080fd3d57b [term 0 FOLLOWER]: Advancing to term 1
I20260608 09:53:00.330884 32170 raft_consensus.cc:359] T 47dcbb9a124442a1a429d38fedccf188 P 47d883f9e7d64df69d5121080fd3d57b [term 0 FOLLOWER]: Replica starting. Triggering 0 pending ops. Active config: opid_index: -1 OBSOLETE_local: false peers { permanent_uuid: "dbe74006e913486183f1cbc58d0fcb7e" member_type: VOTER last_known_addr { host: "127.28.75.68" port: 42347 } } peers { permanent_uuid: "58293ef22427426b92678d52e69f1fb2" member_type: VOTER last_known_addr { host: "127.28.75.66" port: 45647 } } peers { permanent_uuid: "47d883f9e7d64df69d5121080fd3d57b" member_type: VOTER last_known_addr { host: "127.28.75.67" port: 39223 } }
I20260608 09:53:00.331465 32170 raft_consensus.cc:385] T 47dcbb9a124442a1a429d38fedccf188 P 47d883f9e7d64df69d5121080fd3d57b [term 0 FOLLOWER]: Consensus starting up: Expiring failure detector timer to make a prompt election more likely
I20260608 09:53:00.331718 32170 raft_consensus.cc:740] T 47dcbb9a124442a1a429d38fedccf188 P 47d883f9e7d64df69d5121080fd3d57b [term 0 FOLLOWER]: Becoming Follower/Learner. State: Replica: 47d883f9e7d64df69d5121080fd3d57b, State: Initialized, Role: FOLLOWER
I20260608 09:53:00.332262 32170 consensus_queue.cc:260] T 47dcbb9a124442a1a429d38fedccf188 P 47d883f9e7d64df69d5121080fd3d57b [NON_LEADER]: Queue going to NON_LEADER mode. State: All replicated index: 0, Majority replicated index: 0, Committed index: 0, Last appended: 0.0, Last appended by leader: 0, Current term: 0, Majority size: -1, State: 0, Mode: NON_LEADER, active raft config: opid_index: -1 OBSOLETE_local: false peers { permanent_uuid: "dbe74006e913486183f1cbc58d0fcb7e" member_type: VOTER last_known_addr { host: "127.28.75.68" port: 42347 } } peers { permanent_uuid: "58293ef22427426b92678d52e69f1fb2" member_type: VOTER last_known_addr { host: "127.28.75.66" port: 45647 } } peers { permanent_uuid: "47d883f9e7d64df69d5121080fd3d57b" member_type: VOTER last_known_addr { host: "127.28.75.67" port: 39223 } }
I20260608 09:53:00.340250 32215 consensus_queue.cc:1048] T 6cdbd5c3116549b58ae20fc727ccfaae P 47d883f9e7d64df69d5121080fd3d57b [LEADER]: Connected to new peer: Peer: permanent_uuid: "ca92938b2c9d4cdf95f30c4b301ee697" member_type: VOTER last_known_addr { host: "127.28.75.65" port: 36293 }, Status: LMP_MISMATCH, Last received: 0.0, Next index: 1, Last known committed idx: 0, Time since last communication: 0.006s
I20260608 09:53:00.350761 32173 raft_consensus.cc:515] T a7514556acec4606b1f1db199b5125ed P 47d883f9e7d64df69d5121080fd3d57b [term 1 FOLLOWER]: Starting leader election with config: opid_index: -1 OBSOLETE_local: false peers { permanent_uuid: "47d883f9e7d64df69d5121080fd3d57b" member_type: VOTER last_known_addr { host: "127.28.75.67" port: 39223 } } peers { permanent_uuid: "ca92938b2c9d4cdf95f30c4b301ee697" member_type: VOTER last_known_addr { host: "127.28.75.65" port: 36293 } } peers { permanent_uuid: "dbe74006e913486183f1cbc58d0fcb7e" member_type: VOTER last_known_addr { host: "127.28.75.68" port: 42347 } }
I20260608 09:53:00.360339 32173 leader_election.cc:290] T a7514556acec4606b1f1db199b5125ed P 47d883f9e7d64df69d5121080fd3d57b [CANDIDATE]: Term 1 election: Requested vote from peers ca92938b2c9d4cdf95f30c4b301ee697 (127.28.75.65:36293), dbe74006e913486183f1cbc58d0fcb7e (127.28.75.68:42347)
I20260608 09:53:00.368539 32168 tablet_bootstrap.cc:654] T f7eea5a8d5cb4acdbbe69ff10f081ec0 P ca92938b2c9d4cdf95f30c4b301ee697: Neither blocks nor log segments found. Creating new log.
I20260608 09:53:00.372376 32173 consensus_queue.cc:1048] T 6cdbd5c3116549b58ae20fc727ccfaae P 47d883f9e7d64df69d5121080fd3d57b [LEADER]: Connected to new peer: Peer: permanent_uuid: "58293ef22427426b92678d52e69f1fb2" member_type: VOTER last_known_addr { host: "127.28.75.66" port: 45647 }, Status: LMP_MISMATCH, Last received: 0.0, Next index: 1, Last known committed idx: 0, Time since last communication: 0.001s
I20260608 09:53:00.378471 32172 tablet_bootstrap.cc:654] T f7eea5a8d5cb4acdbbe69ff10f081ec0 P 58293ef22427426b92678d52e69f1fb2: Neither blocks nor log segments found. Creating new log.
I20260608 09:53:00.381908 32320 consensus_queue.cc:1048] T 079f53f2656f4cf5bcbecf48b2d8fcde P ca92938b2c9d4cdf95f30c4b301ee697 [LEADER]: Connected to new peer: Peer: permanent_uuid: "58293ef22427426b92678d52e69f1fb2" member_type: VOTER last_known_addr { host: "127.28.75.66" port: 45647 }, Status: LMP_MISMATCH, Last received: 0.0, Next index: 1, Last known committed idx: 0, Time since last communication: 0.005s
I20260608 09:53:00.385150 32310 tablet_bootstrap.cc:492] T 8c5c1b560635419d9ec14077cb7842ed P dbe74006e913486183f1cbc58d0fcb7e: No bootstrap required, opened a new log
I20260608 09:53:00.385717 31972 tablet_service.cc:1917] Received RequestConsensusVote() RPC: tablet_id: "a7514556acec4606b1f1db199b5125ed" candidate_uuid: "47d883f9e7d64df69d5121080fd3d57b" candidate_term: 1 candidate_status { last_received { term: 0 index: 0 } } ignore_live_leader: false dest_uuid: "ca92938b2c9d4cdf95f30c4b301ee697"
I20260608 09:53:00.385856 32176 consensus_queue.cc:1048] T b2c894617c8148cfbf03d4143fd8b05f P 58293ef22427426b92678d52e69f1fb2 [LEADER]: Connected to new peer: Peer: permanent_uuid: "47d883f9e7d64df69d5121080fd3d57b" member_type: VOTER last_known_addr { host: "127.28.75.67" port: 39223 }, Status: LMP_MISMATCH, Last received: 0.0, Next index: 1, Last known committed idx: 0, Time since last communication: 0.000s
I20260608 09:53:00.393630 32170 ts_tablet_manager.cc:1434] T 47dcbb9a124442a1a429d38fedccf188 P 47d883f9e7d64df69d5121080fd3d57b: Time spent starting tablet: real 0.094s	user 0.009s	sys 0.006s
I20260608 09:53:00.398347 32170 tablet_bootstrap.cc:492] T b91ccd4adc844f6981421532c8a6d170 P 47d883f9e7d64df69d5121080fd3d57b: Bootstrap starting.
I20260608 09:53:00.393819 32310 ts_tablet_manager.cc:1403] T 8c5c1b560635419d9ec14077cb7842ed P dbe74006e913486183f1cbc58d0fcb7e: Time spent bootstrapping tablet: real 0.244s	user 0.020s	sys 0.018s
W20260608 09:53:00.395110 31938 leader_election.cc:343] T 8c5c1b560635419d9ec14077cb7842ed P ca92938b2c9d4cdf95f30c4b301ee697 [CANDIDATE]: Term 1 election: Tablet error from VoteRequest() call to peer dbe74006e913486183f1cbc58d0fcb7e (127.28.75.68:42347): Illegal state: must be running to vote when last-logged opid is not known
I20260608 09:53:00.391507 32320 consensus_queue.cc:1048] T 86de2d216b5f4247af60f4a2bd053223 P ca92938b2c9d4cdf95f30c4b301ee697 [LEADER]: Connected to new peer: Peer: permanent_uuid: "58293ef22427426b92678d52e69f1fb2" member_type: VOTER last_known_addr { host: "127.28.75.66" port: 45647 }, Status: LMP_MISMATCH, Last received: 0.0, Next index: 1, Last known committed idx: 0, Time since last communication: 0.008s
I20260608 09:53:00.405524 32310 raft_consensus.cc:359] T 8c5c1b560635419d9ec14077cb7842ed P dbe74006e913486183f1cbc58d0fcb7e [term 0 FOLLOWER]: Replica starting. Triggering 0 pending ops. Active config: opid_index: -1 OBSOLETE_local: false peers { permanent_uuid: "dbe74006e913486183f1cbc58d0fcb7e" member_type: VOTER last_known_addr { host: "127.28.75.68" port: 42347 } } peers { permanent_uuid: "ca92938b2c9d4cdf95f30c4b301ee697" member_type: VOTER last_known_addr { host: "127.28.75.65" port: 36293 } } peers { permanent_uuid: "58293ef22427426b92678d52e69f1fb2" member_type: VOTER last_known_addr { host: "127.28.75.66" port: 45647 } }
I20260608 09:53:00.412046 32047 raft_consensus.cc:2468] T 8c5c1b560635419d9ec14077cb7842ed P 58293ef22427426b92678d52e69f1fb2 [term 1 FOLLOWER]: Leader election vote request: Granting yes vote for candidate ca92938b2c9d4cdf95f30c4b301ee697 in term 1.
I20260608 09:53:00.414481 32310 raft_consensus.cc:385] T 8c5c1b560635419d9ec14077cb7842ed P dbe74006e913486183f1cbc58d0fcb7e [term 0 FOLLOWER]: Consensus starting up: Expiring failure detector timer to make a prompt election more likely
I20260608 09:53:00.415527 32310 raft_consensus.cc:740] T 8c5c1b560635419d9ec14077cb7842ed P dbe74006e913486183f1cbc58d0fcb7e [term 0 FOLLOWER]: Becoming Follower/Learner. State: Replica: dbe74006e913486183f1cbc58d0fcb7e, State: Initialized, Role: FOLLOWER
I20260608 09:53:00.416312 32310 consensus_queue.cc:260] T 8c5c1b560635419d9ec14077cb7842ed P dbe74006e913486183f1cbc58d0fcb7e [NON_LEADER]: Queue going to NON_LEADER mode. State: All replicated index: 0, Majority replicated index: 0, Committed index: 0, Last appended: 0.0, Last appended by leader: 0, Current term: 0, Majority size: -1, State: 0, Mode: NON_LEADER, active raft config: opid_index: -1 OBSOLETE_local: false peers { permanent_uuid: "dbe74006e913486183f1cbc58d0fcb7e" member_type: VOTER last_known_addr { host: "127.28.75.68" port: 42347 } } peers { permanent_uuid: "ca92938b2c9d4cdf95f30c4b301ee697" member_type: VOTER last_known_addr { host: "127.28.75.65" port: 36293 } } peers { permanent_uuid: "58293ef22427426b92678d52e69f1fb2" member_type: VOTER last_known_addr { host: "127.28.75.66" port: 45647 } }
W20260608 09:53:00.413628 31919 auto_rebalancer.cc:259] Could not retrieve cluster info: Service unavailable: Tablet not running
I20260608 09:53:00.397861 31972 raft_consensus.cc:3060] T a7514556acec4606b1f1db199b5125ed P ca92938b2c9d4cdf95f30c4b301ee697 [term 0 FOLLOWER]: Advancing to term 1
I20260608 09:53:00.432216 31938 leader_election.cc:304] T 8c5c1b560635419d9ec14077cb7842ed P ca92938b2c9d4cdf95f30c4b301ee697 [CANDIDATE]: Term 1 election: Election decided. Result: candidate won. Election summary: received 3 responses out of 3 voters: 2 yes votes; 1 no votes. yes voters: 58293ef22427426b92678d52e69f1fb2, ca92938b2c9d4cdf95f30c4b301ee697; no voters: dbe74006e913486183f1cbc58d0fcb7e
I20260608 09:53:00.443703 32219 raft_consensus.cc:493] T 47dcbb9a124442a1a429d38fedccf188 P 58293ef22427426b92678d52e69f1fb2 [term 0 FOLLOWER]: Starting pre-election (no leader contacted us within the election timeout)
I20260608 09:53:00.446750 32320 raft_consensus.cc:2804] T 8c5c1b560635419d9ec14077cb7842ed P ca92938b2c9d4cdf95f30c4b301ee697 [term 1 FOLLOWER]: Leader election won for term 1
I20260608 09:53:00.454708 32310 ts_tablet_manager.cc:1434] T 8c5c1b560635419d9ec14077cb7842ed P dbe74006e913486183f1cbc58d0fcb7e: Time spent starting tablet: real 0.053s	user 0.016s	sys 0.016s
I20260608 09:53:00.456998 32219 raft_consensus.cc:515] T 47dcbb9a124442a1a429d38fedccf188 P 58293ef22427426b92678d52e69f1fb2 [term 0 FOLLOWER]: Starting pre-election with config: opid_index: -1 OBSOLETE_local: false peers { permanent_uuid: "dbe74006e913486183f1cbc58d0fcb7e" member_type: VOTER last_known_addr { host: "127.28.75.68" port: 42347 } } peers { permanent_uuid: "58293ef22427426b92678d52e69f1fb2" member_type: VOTER last_known_addr { host: "127.28.75.66" port: 45647 } } peers { permanent_uuid: "47d883f9e7d64df69d5121080fd3d57b" member_type: VOTER last_known_addr { host: "127.28.75.67" port: 39223 } }
I20260608 09:53:00.463636 32294 heartbeater.cc:499] Master 127.28.75.126:38789 was elected leader, sending a full tablet report...
I20260608 09:53:00.462507 32320 raft_consensus.cc:697] T 8c5c1b560635419d9ec14077cb7842ed P ca92938b2c9d4cdf95f30c4b301ee697 [term 1 LEADER]: Becoming Leader. State: Replica: ca92938b2c9d4cdf95f30c4b301ee697, State: Running, Role: LEADER
I20260608 09:53:00.468480 32320 consensus_queue.cc:237] T 8c5c1b560635419d9ec14077cb7842ed P ca92938b2c9d4cdf95f30c4b301ee697 [LEADER]: Queue going to LEADER mode. State: All replicated index: 0, Majority replicated index: 0, Committed index: 0, Last appended: 0.0, Last appended by leader: 0, Current term: 1, Majority size: 2, State: 0, Mode: LEADER, active raft config: opid_index: -1 OBSOLETE_local: false peers { permanent_uuid: "dbe74006e913486183f1cbc58d0fcb7e" member_type: VOTER last_known_addr { host: "127.28.75.68" port: 42347 } } peers { permanent_uuid: "ca92938b2c9d4cdf95f30c4b301ee697" member_type: VOTER last_known_addr { host: "127.28.75.65" port: 36293 } } peers { permanent_uuid: "58293ef22427426b92678d52e69f1fb2" member_type: VOTER last_known_addr { host: "127.28.75.66" port: 45647 } }
W20260608 09:53:00.470690 32322 log.cc:927] Time spent T 0d4f32a611ee466289ef726dd0f02503 P 58293ef22427426b92678d52e69f1fb2: Append to log took a long time: real 0.065s	user 0.001s	sys 0.000s
I20260608 09:53:00.492930 32268 tablet_service.cc:1917] Received RequestConsensusVote() RPC: tablet_id: "a7514556acec4606b1f1db199b5125ed" candidate_uuid: "47d883f9e7d64df69d5121080fd3d57b" candidate_term: 1 candidate_status { last_received { term: 0 index: 0 } } ignore_live_leader: false dest_uuid: "dbe74006e913486183f1cbc58d0fcb7e"
I20260608 09:53:00.493757 32310 tablet_bootstrap.cc:492] T b91ccd4adc844f6981421532c8a6d170 P dbe74006e913486183f1cbc58d0fcb7e: Bootstrap starting.
W20260608 09:53:00.494706 32088 leader_election.cc:343] T a7514556acec4606b1f1db199b5125ed P 47d883f9e7d64df69d5121080fd3d57b [CANDIDATE]: Term 1 election: Tablet error from VoteRequest() call to peer dbe74006e913486183f1cbc58d0fcb7e (127.28.75.68:42347): Illegal state: must be running to vote when last-logged opid is not known
I20260608 09:53:00.500738 32168 tablet_bootstrap.cc:492] T f7eea5a8d5cb4acdbbe69ff10f081ec0 P ca92938b2c9d4cdf95f30c4b301ee697: No bootstrap required, opened a new log
I20260608 09:53:00.501462 32168 ts_tablet_manager.cc:1403] T f7eea5a8d5cb4acdbbe69ff10f081ec0 P ca92938b2c9d4cdf95f30c4b301ee697: Time spent bootstrapping tablet: real 0.261s	user 0.011s	sys 0.008s
I20260608 09:53:00.512141 32168 raft_consensus.cc:359] T f7eea5a8d5cb4acdbbe69ff10f081ec0 P ca92938b2c9d4cdf95f30c4b301ee697 [term 0 FOLLOWER]: Replica starting. Triggering 0 pending ops. Active config: opid_index: -1 OBSOLETE_local: false peers { permanent_uuid: "dbe74006e913486183f1cbc58d0fcb7e" member_type: VOTER last_known_addr { host: "127.28.75.68" port: 42347 } } peers { permanent_uuid: "ca92938b2c9d4cdf95f30c4b301ee697" member_type: VOTER last_known_addr { host: "127.28.75.65" port: 36293 } } peers { permanent_uuid: "58293ef22427426b92678d52e69f1fb2" member_type: VOTER last_known_addr { host: "127.28.75.66" port: 45647 } }
I20260608 09:53:00.512862 32168 raft_consensus.cc:385] T f7eea5a8d5cb4acdbbe69ff10f081ec0 P ca92938b2c9d4cdf95f30c4b301ee697 [term 0 FOLLOWER]: Consensus starting up: Expiring failure detector timer to make a prompt election more likely
I20260608 09:53:00.513135 32168 raft_consensus.cc:740] T f7eea5a8d5cb4acdbbe69ff10f081ec0 P ca92938b2c9d4cdf95f30c4b301ee697 [term 0 FOLLOWER]: Becoming Follower/Learner. State: Replica: ca92938b2c9d4cdf95f30c4b301ee697, State: Initialized, Role: FOLLOWER
I20260608 09:53:00.513548 32219 leader_election.cc:290] T 47dcbb9a124442a1a429d38fedccf188 P 58293ef22427426b92678d52e69f1fb2 [CANDIDATE]: Term 1 pre-election: Requested pre-vote from peers dbe74006e913486183f1cbc58d0fcb7e (127.28.75.68:42347), 47d883f9e7d64df69d5121080fd3d57b (127.28.75.67:39223)
I20260608 09:53:00.515388 32269 tablet_service.cc:1917] Received RequestConsensusVote() RPC: tablet_id: "a7514556acec4606b1f1db199b5125ed" candidate_uuid: "47d883f9e7d64df69d5121080fd3d57b" candidate_term: 1 candidate_status { last_received { term: 0 index: 0 } } ignore_live_leader: false dest_uuid: "dbe74006e913486183f1cbc58d0fcb7e" is_pre_election: true
I20260608 09:53:00.524235 32168 consensus_queue.cc:260] T f7eea5a8d5cb4acdbbe69ff10f081ec0 P ca92938b2c9d4cdf95f30c4b301ee697 [NON_LEADER]: Queue going to NON_LEADER mode. State: All replicated index: 0, Majority replicated index: 0, Committed index: 0, Last appended: 0.0, Last appended by leader: 0, Current term: 0, Majority size: -1, State: 0, Mode: NON_LEADER, active raft config: opid_index: -1 OBSOLETE_local: false peers { permanent_uuid: "dbe74006e913486183f1cbc58d0fcb7e" member_type: VOTER last_known_addr { host: "127.28.75.68" port: 42347 } } peers { permanent_uuid: "ca92938b2c9d4cdf95f30c4b301ee697" member_type: VOTER last_known_addr { host: "127.28.75.65" port: 36293 } } peers { permanent_uuid: "58293ef22427426b92678d52e69f1fb2" member_type: VOTER last_known_addr { host: "127.28.75.66" port: 45647 } }
I20260608 09:53:00.530194 32168 ts_tablet_manager.cc:1434] T f7eea5a8d5cb4acdbbe69ff10f081ec0 P ca92938b2c9d4cdf95f30c4b301ee697: Time spent starting tablet: real 0.028s	user 0.002s	sys 0.004s
I20260608 09:53:00.531183 32168 tablet_bootstrap.cc:492] T b91ccd4adc844f6981421532c8a6d170 P ca92938b2c9d4cdf95f30c4b301ee697: Bootstrap starting.
I20260608 09:53:00.532836 32120 tablet_service.cc:1917] Received RequestConsensusVote() RPC: tablet_id: "47dcbb9a124442a1a429d38fedccf188" candidate_uuid: "58293ef22427426b92678d52e69f1fb2" candidate_term: 1 candidate_status { last_received { term: 0 index: 0 } } ignore_live_leader: false dest_uuid: "47d883f9e7d64df69d5121080fd3d57b" is_pre_election: true
I20260608 09:53:00.533586 32120 raft_consensus.cc:2468] T 47dcbb9a124442a1a429d38fedccf188 P 47d883f9e7d64df69d5121080fd3d57b [term 0 FOLLOWER]: Leader pre-election vote request: Granting yes vote for candidate 58293ef22427426b92678d52e69f1fb2 in term 0.
I20260608 09:53:00.535262 32172 tablet_bootstrap.cc:492] T f7eea5a8d5cb4acdbbe69ff10f081ec0 P 58293ef22427426b92678d52e69f1fb2: No bootstrap required, opened a new log
I20260608 09:53:00.535708 32172 ts_tablet_manager.cc:1403] T f7eea5a8d5cb4acdbbe69ff10f081ec0 P 58293ef22427426b92678d52e69f1fb2: Time spent bootstrapping tablet: real 0.250s	user 0.011s	sys 0.007s
I20260608 09:53:00.540748 32015 leader_election.cc:304] T 47dcbb9a124442a1a429d38fedccf188 P 58293ef22427426b92678d52e69f1fb2 [CANDIDATE]: Term 1 pre-election: Election decided. Result: candidate won. Election summary: received 2 responses out of 3 voters: 2 yes votes; 0 no votes. yes voters: 47d883f9e7d64df69d5121080fd3d57b, 58293ef22427426b92678d52e69f1fb2; no voters: 
